000
CDUS43 KGLD 300740
CLIMCK

CLIMATE REPORT
NATIONAL WEATHER SERVICE GOODLAND
137 AM MDT SAT JUL 30 2016

...................................

...THE MCCOOK NE CLIMATE SUMMARY FOR JULY 29 2016...

CLIMATE NORMAL PERIOD 1981 TO 2010
CLIMATE RECORD PERIOD 1896 TO 2016


WEATHER ITEM   OBSERVED TIME   RECORD YEAR NORMAL DEPARTURE LAST
                VALUE   (LST)  VALUE       VALUE  FROM      YEAR
                                                  NORMAL
..................................................................
TEMPERATURE (F)
 YESTERDAY
  MAXIMUM         86    526 PM 106    1978  89     -3       85
  MINIMUM         57    535 AM  52    1994  62     -5       54
  AVERAGE         72                        76     -4       70

PRECIPITATION (IN)
  YESTERDAY        0.00                      0.11  -0.11     0.00
  MONTH TO DATE    2.38                      3.03  -0.65     1.92
  SINCE JUN 1      5.23                      6.41  -1.18     6.44
  SINCE JAN 1     15.43                     14.35   1.08    12.60

..................................................................


THE MCCOOK NE CLIMATE NORMALS FOR TODAY
                         NORMAL    RECORD    YEAR
 MAXIMUM TEMPERATURE (F)   89       108      1980
 MINIMUM TEMPERATURE (F)   62        50      2009



-  INDICATES NEGATIVE NUMBERS.
R  INDICATES RECORD WAS SET OR TIED.
MM INDICATES DATA IS MISSING.
T  INDICATES TRACE AMOUNT.

$$
