000
CDUS43 KGLD 010753
CLIMCK

CLIMATE REPORT
NATIONAL WEATHER SERVICE GOODLAND
148 AM MDT TUE SEP 1 2015
...................................

...THE MCCOOK NE CLIMATE SUMMARY FOR AUGUST 31 2015...

CLIMATE NORMAL PERIOD 1981 TO 2010
CLIMATE RECORD PERIOD 1896 TO 2015

WEATHER ITEM   OBSERVED TIME   RECORD YEAR NORMAL DEPARTURE LAST
                VALUE   (LST)  VALUE       VALUE  FROM      YEAR
                                                  NORMAL
..................................................................
TEMPERATURE (F)
 YESTERDAY
  MAXIMUM         98    429 PM 104    1929  85     13       83
  MINIMUM         58    559 AM  41    1955  56      2       61
  AVERAGE         78                        71      7       72

PRECIPITATION (IN)
  YESTERDAY        0.00                      0.07  -0.07      T
  MONTH TO DATE    2.48                      3.14  -0.66     5.82
  SINCE JUN 1      8.92                      9.77  -0.85    15.99
  SINCE JAN 1     15.08                     17.71  -2.63    20.95

..................................................................

THE MCCOOK NE CLIMATE NORMALS FOR TODAY
                         NORMAL    RECORD    YEAR
 MAXIMUM TEMPERATURE (F)   85       107      1929
 MINIMUM TEMPERATURE (F)   56        39      1956

-  INDICATES NEGATIVE NUMBERS.
R  INDICATES RECORD WAS SET OR TIED.
MM INDICATES DATA IS MISSING.
T  INDICATES TRACE AMOUNT.

$$
