000
CDUS42 KFFC 260022
CLIMCN


CLIMATE REPORT
NATIONAL WEATHER SERVICE PEACHTREE CITY GA
822 PM EDT SAT OCT 25 2014


...................................

...THE MACON CLIMATE SUMMARY FOR OCTOBER 25 2014...
VALID AS OF 0800 PM LOCAL TIME.

CLIMATE NORMAL PERIOD 1981 TO 2010
CLIMATE RECORD PERIOD 1899 TO 2014


WEATHER ITEM   OBSERVED TIME   RECORD YEAR NORMAL DEPARTURE LAST
                VALUE   (LST)  VALUE       VALUE  FROM      YEAR
                                                  NORMAL
..................................................................
TEMPERATURE (F)
 TODAY
  MAXIMUM         77    415 PM  86    2012  75      2       62
                                      1984
                                      1949
  MINIMUM         39    620 AM  29    1965  49    -10       36
  AVERAGE         58                        62     -4       49

PRECIPITATION (IN)
  TODAY            0.00          2.14 1918   0.09  -0.09     0.00
  MONTH TO DATE    1.57                      2.29  -0.72     0.54
  SINCE SEP 1      4.36                      5.88  -1.52     2.31
  SINCE JAN 1     38.29                     37.82   0.47    60.44

SNOWFALL (IN)
  TODAY            0.0           0.0  2002   0.0    0.0      0.0
                                      2001
  MONTH TO DATE    0.0                       0.0    0.0      0.0
  SINCE SEP 1      0.0                       0.0    0.0      0.0
  SINCE JUL 1      0.0                       0.0    0.0      0.0
  SNOW DEPTH       0

DEGREE DAYS
 HEATING
  TODAY            7                         5      2       16
  MONTH TO DATE   70                        64      6       38
  SINCE SEP 1     71                        70      1       38
  SINCE JUL 1     71                        70      1       38

 COOLING
  TODAY            0                         2     -2        0
  MONTH TO DATE   96                        86     10       75
  SINCE SEP 1    435                       392     43      365
  SINCE JAN 1   2033                      2136   -103     1840
..................................................................


WIND (MPH)
  HIGHEST WIND SPEED     9   HIGHEST WIND DIRECTION     N (10)
  HIGHEST GUST SPEED    12   HIGHEST GUST DIRECTION    NW (300)
  AVERAGE WIND SPEED     2.4


SKY COVER
  AVERAGE SKY COVER 0.0


WEATHER CONDITIONS
 THE FOLLOWING WEATHER WAS RECORDED TODAY.
  FOG


RELATIVE HUMIDITY (PERCENT)
 HIGHEST   100           200 AM
 LOWEST     29           300 PM

..........................................................


THE MACON CLIMATE NORMALS FOR TOMORROW
                         NORMAL    RECORD
 MAXIMUM TEMPERATURE (F)   75        88
 MINIMUM TEMPERATURE (F)   49        29


SUNRISE AND SUNSET
OCTOBER 25 2014.......SUNRISE   746 AM EDT   SUNSET   650 PM EDT
OCTOBER 26 2014.......SUNRISE   747 AM EDT   SUNSET   649 PM EDT


-  INDICATES NEGATIVE NUMBERS.
R  INDICATES RECORD WAS SET OR TIED.
MM INDICATES DATA IS MISSING.
T  INDICATES TRACE AMOUNT.




$$
