000
CDUS42 KFFC 230924
CLIMCN


CLIMATE REPORT
NATIONAL WEATHER SERVICE PEACHTREE CITY GA
424 AM EST MON JAN 23 2017


...................................

...THE MACON CLIMATE SUMMARY FOR JANUARY 22 2017...

CLIMATE NORMAL PERIOD 1981 TO 2010
CLIMATE RECORD PERIOD 1899 TO 2017


WEATHER ITEM   OBSERVED TIME   RECORD YEAR NORMAL DEPARTURE LAST
                VALUE   (LST)  VALUE       VALUE  FROM      YEAR
                                                  NORMAL
..................................................................
TEMPERATURE (F)
 YESTERDAY
  MAXIMUM         65    544 PM  78    1999  58      7       64
  MINIMUM         51   1159 PM  13    1985  35     16       36
  AVERAGE         58                        46     12       50

PRECIPITATION (IN)
  YESTERDAY        1.72          2.34 1906   0.15   1.57     0.80
  MONTH TO DATE   10.98                      2.94   8.04     2.27
  SINCE DEC 1     16.93                      6.98   9.95    14.89
  SINCE JAN 1     10.98                      2.94   8.04     2.27

SNOWFALL (IN)
  YESTERDAY        0.0           0.0  2002   0.0    0.0     MM
  MONTH TO DATE    0.0                       0.3   -0.3      0.0
  SINCE DEC 1      0.0                       0.4   -0.4      0.0
  SINCE JUL 1      0.0                       0.4   -0.4      0.0
  SNOW DEPTH       0

DEGREE DAYS
 HEATING
  YESTERDAY        7                        19    -12       15
  MONTH TO DATE  217                       418   -201      444
  SINCE DEC 1    608                       948   -340      675
  SINCE JUL 1    850                      1343   -493      947

 COOLING
  YESTERDAY        0                         0      0        0
  MONTH TO DATE    4                         0      4        0
  SINCE DEC 1      6                         3      3       42
  SINCE JAN 1      4                         0      4        0
..................................................................


WIND (MPH)
  RESULTANT WIND SPEED   3   RESULTANT WIND DIRECTION   S (200)
  HIGHEST WIND SPEED    28   HIGHEST WIND DIRECTION    SW (230)
  HIGHEST GUST SPEED    37   HIGHEST GUST DIRECTION    SW (240)
  AVERAGE WIND SPEED     9.4


SKY COVER
  AVERAGE SKY COVER 0.8


WEATHER CONDITIONS
 THE FOLLOWING WEATHER WAS RECORDED YESTERDAY.
  THUNDERSTORM
  HEAVY RAIN
  RAIN
  LIGHT RAIN
  FOG


RELATIVE HUMIDITY (PERCENT)
 HIGHEST    97          1200 AM
 LOWEST     77          1000 PM
 AVERAGE    87

..........................................................


THE MACON CLIMATE NORMALS FOR TODAY
                         NORMAL    RECORD    YEAR
 MAXIMUM TEMPERATURE (F)   58        79      1937
 MINIMUM TEMPERATURE (F)   35        15      1960


SUNRISE AND SUNSET
JANUARY 23 2017.......SUNRISE   734 AM EST   SUNSET   559 PM EST
JANUARY 24 2017.......SUNRISE   734 AM EST   SUNSET   600 PM EST


-  INDICATES NEGATIVE NUMBERS.
R  INDICATES RECORD WAS SET OR TIED.
MM INDICATES DATA IS MISSING.
T  INDICATES TRACE AMOUNT.




$$
