475
CDUS42 KFFC 110059
CLIMCN


CLIMATE REPORT
NATIONAL WEATHER SERVICE PEACHTREE CITY GA
749 PM EST WED FEB 10 2016


...................................

...THE MACON CLIMATE SUMMARY FOR FEBRUARY 10 2016...
VALID AS OF 0700 PM LOCAL TIME.

CLIMATE NORMAL PERIOD 1981 TO 2010
CLIMATE RECORD PERIOD 1899 TO 2016


WEATHER ITEM   OBSERVED TIME   RECORD YEAR NORMAL DEPARTURE LAST
                VALUE   (LST)  VALUE       VALUE  FROM      YEAR
                                                  NORMAL
..................................................................
TEMPERATURE (F)
 TODAY
  MAXIMUM         44    435 PM  81    1932  61    -17       59
  MINIMUM         26    419 AM  16    1971  37    -11       40
  AVERAGE         35                        49    -14       50

PRECIPITATION (IN)
  TODAY            0.00          3.98 1981   0.15  -0.15     0.00
  MONTH TO DATE    2.21                      1.53   0.68     0.74
  SINCE DEC 1     17.35                      9.81   7.54     9.07
  SINCE JAN 1      4.73                      5.77  -1.04     3.18

SNOWFALL (IN)
  TODAY            0.0           0.0  2002   0.0    0.0      0.0
  MONTH TO DATE    T                         0.0    0.0      0.0
  SINCE DEC 1      T                         0.5   -0.5      0.0
  SINCE JUL 1      T                         0.5   -0.5      0.0
  SNOW DEPTH       0

DEGREE DAYS
 HEATING
  TODAY           30                        16     14       15
  MONTH TO DATE  172                       167      5      187
  SINCE DEC 1   1019                      1277   -258     1251
  SINCE JUL 1   1291                      1672   -381     1811
..................................................................


WIND (MPH)
  HIGHEST WIND SPEED    24   HIGHEST WIND DIRECTION     W (270)
  HIGHEST GUST SPEED    32   HIGHEST GUST DIRECTION     W (270)
  AVERAGE WIND SPEED    12.1


SKY COVER
  AVERAGE SKY COVER 0.2


WEATHER CONDITIONS
 THE FOLLOWING WEATHER WAS RECORDED TODAY.
  NO SIGNIFICANT WEATHER WAS OBSERVED.


RELATIVE HUMIDITY (PERCENT)
 HIGHEST    75          1200 AM
 LOWEST     27           500 PM

..........................................................


THE MACON CLIMATE NORMALS FOR TOMORROW
                         NORMAL    RECORD
 MAXIMUM TEMPERATURE (F)   61        80
 MINIMUM TEMPERATURE (F)   37         9


SUNRISE AND SUNSET
FEBRUARY 10 2016......SUNRISE   723 AM EST   SUNSET   615 PM EST
FEBRUARY 11 2016......SUNRISE   722 AM EST   SUNSET   616 PM EST


-  INDICATES NEGATIVE NUMBERS.
R  INDICATES RECORD WAS SET OR TIED.
MM INDICATES DATA IS MISSING.
T  INDICATES TRACE AMOUNT.




$$
