000
CDUS42 KFFC 230020
CLIMCN


CLIMATE REPORT
NATIONAL WEATHER SERVICE PEACHTREE CITY GA
820 PM EDT TUE APR 22 2014


...................................

...THE MACON CLIMATE SUMMARY FOR APRIL 22 2014...
VALID AS OF 0800 PM LOCAL TIME.

CLIMATE NORMAL PERIOD 1981 TO 2010
CLIMATE RECORD PERIOD 1899 TO 2014


WEATHER ITEM   OBSERVED TIME   RECORD YEAR NORMAL DEPARTURE LAST
                VALUE   (LST)  VALUE       VALUE  FROM      YEAR
                                                  NORMAL
..................................................................
TEMPERATURE (F)
 TODAY
  MAXIMUM         81   1202 PM  92    1987  78      3       71
  MINIMUM         50    625 AM  38    1978  52     -2       51
  AVERAGE         66                        65      1       61

PRECIPITATION (IN)
  TODAY            0.36          1.66 1928   0.09   0.27     0.00
  MONTH TO DATE    6.48                      2.30   4.18     5.18
  SINCE MAR 1     10.41                      6.85   3.56     8.97
  SINCE JAN 1     18.24                     15.45   2.79    23.89

SNOWFALL (IN)
  TODAY            0.0           0.0  2002   0.0    0.0      0.0
                                      2001
                                      2000
  MONTH TO DATE    0.0                       0.0    0.0      0.0
  SINCE MAR 1      0.0                       0.2   -0.2      0.0
  SINCE JUL 1      2.1                       0.7    1.4      0.0
  SNOW DEPTH       0

DEGREE DAYS
 HEATING
  TODAY            0                         3     -3        4
  MONTH TO DATE  104                        95      9      109
  SINCE MAR 1    475                       367    108      547
  SINCE JUL 1   2608                      2292    316     2221

 COOLING
  TODAY            1                         3     -2        0
  MONTH TO DATE   22                        37    -15       27
  SINCE MAR 1     22                        55    -33       31
  SINCE JAN 1     23                        58    -35       49
..................................................................


WIND (MPH)
  HIGHEST WIND SPEED    20   HIGHEST WIND DIRECTION    NW (320)
  HIGHEST GUST SPEED    26   HIGHEST GUST DIRECTION    NW (330)
  AVERAGE WIND SPEED     4.4


SKY COVER
  AVERAGE SKY COVER 0.4


WEATHER CONDITIONS
 THE FOLLOWING WEATHER WAS RECORDED TODAY.
  THUNDERSTORM
  HEAVY RAIN
  RAIN
  LIGHT RAIN
  FOG


RELATIVE HUMIDITY (PERCENT)
 HIGHEST   100           400 AM
 LOWEST     45          1200 PM

..........................................................


THE MACON CLIMATE NORMALS FOR TOMORROW
                         NORMAL    RECORD
 MAXIMUM TEMPERATURE (F)   79        94
 MINIMUM TEMPERATURE (F)   52        34


SUNRISE AND SUNSET
APRIL 22 2014.........SUNRISE   657 AM EDT   SUNSET   810 PM EDT
APRIL 23 2014.........SUNRISE   656 AM EDT   SUNSET   810 PM EDT


-  INDICATES NEGATIVE NUMBERS.
R  INDICATES RECORD WAS SET OR TIED.
MM INDICATES DATA IS MISSING.
T  INDICATES TRACE AMOUNT.




$$
