968
CDUS42 KFFC 220817
CLIMCN


CLIMATE REPORT
NATIONAL WEATHER SERVICE PEACHTREE CITY GA
417 AM EDT FRI SEP 22 2017


...................................

...THE MACON CLIMATE SUMMARY FOR SEPTEMBER 21 2017...

CLIMATE NORMAL PERIOD 1981 TO 2010
CLIMATE RECORD PERIOD 1899 TO 2017


WEATHER ITEM   OBSERVED TIME   RECORD YEAR NORMAL DEPARTURE LAST
                VALUE   (LST)  VALUE       VALUE  FROM      YEAR
                                                  NORMAL
..................................................................
TEMPERATURE (F)
 YESTERDAY
  MAXIMUM         93    341 PM 100    1925  85      8       92
  MINIMUM         67    648 AM  47    2006  62      5       67
                                      1918
  AVERAGE         80                        74      6       80

PRECIPITATION (IN)
  YESTERDAY        0.00          5.18 2009   0.11  -0.11     0.00
  MONTH TO DATE    3.84                      2.62   1.22     2.18
  SINCE SEP 1      3.84                      2.62   1.22     2.18
  SINCE JAN 1     41.37                     34.56   6.81    26.40

DEGREE DAYS
 HEATING
  YESTERDAY        0                         0      0        0
  MONTH TO DATE    1                         0      1        0
  SINCE SEP 1      1                         0      1        0
  SINCE JUL 1      1                         0      1        0

 COOLING
  YESTERDAY       15                         9      6       15
  MONTH TO DATE  189                       241    -52      304
  SINCE SEP 1    189                       241    -52      304
  SINCE JAN 1   2051                      1985     66     2331
..................................................................


WIND (MPH)
  RESULTANT WIND SPEED   1   RESULTANT WIND DIRECTION   E (90)
  HIGHEST WIND SPEED    12   HIGHEST WIND DIRECTION    SE (140)
  HIGHEST GUST SPEED    17   HIGHEST GUST DIRECTION    SE (140)
  AVERAGE WIND SPEED     2.4


SKY COVER
  AVERAGE SKY COVER 0.1


WEATHER CONDITIONS
 THE FOLLOWING WEATHER WAS RECORDED YESTERDAY.
  THUNDERSTORM
  FOG
  HAZE


RELATIVE HUMIDITY (PERCENT)
 HIGHEST   100          1200 AM
 LOWEST     41           300 PM
 AVERAGE    71

..........................................................


THE MACON CLIMATE NORMALS FOR TODAY
                         NORMAL    RECORD    YEAR
 MAXIMUM TEMPERATURE (F)   85       100      1925
 MINIMUM TEMPERATURE (F)   62        45      1913


SUNRISE AND SUNSET
SEPTEMBER 22 2017.....SUNRISE   723 AM EDT   SUNSET   731 PM EDT
SEPTEMBER 23 2017.....SUNRISE   724 AM EDT   SUNSET   730 PM EDT


-  INDICATES NEGATIVE NUMBERS.
R  INDICATES RECORD WAS SET OR TIED.
MM INDICATES DATA IS MISSING.
T  INDICATES TRACE AMOUNT.




$$
