510
CDUS42 KFFC 220918
CLIMCN


CLIMATE REPORT
NATIONAL WEATHER SERVICE PEACHTREE CITY GA
418 AM EST WED FEB 22 2017


...................................

...THE MACON CLIMATE SUMMARY FOR FEBRUARY 21 2017...

CLIMATE NORMAL PERIOD 1981 TO 2010
CLIMATE RECORD PERIOD 1899 TO 2017


WEATHER ITEM   OBSERVED TIME   RECORD YEAR NORMAL DEPARTURE LAST
                VALUE   (LST)  VALUE       VALUE  FROM      YEAR
                                                  NORMAL
..................................................................
TEMPERATURE (F)
 YESTERDAY
  MAXIMUM         73    219 PM  81    1976  64      9       69
  MINIMUM         49    649 AM  23    1958  39     10       53
  AVERAGE         61                        51     10       61

PRECIPITATION (IN)
  YESTERDAY        0.00          3.76 1989   0.15  -0.15     0.00
  MONTH TO DATE    1.51                      3.27  -1.76     2.66
  SINCE DEC 1     18.72                     11.55   7.17    17.80
  SINCE JAN 1     12.77                      7.51   5.26     5.18

SNOWFALL (IN)
  YESTERDAY        0.0           0.0  2002   0.0    0.0      0.0
  MONTH TO DATE    0.0                       0.0    0.0       T
  SINCE DEC 1      0.0                       0.5   -0.5       T
  SINCE JUL 1      0.0                       0.5   -0.5       T
  SNOW DEPTH       0

DEGREE DAYS
 HEATING
  YESTERDAY        4                        14    -10        4
  MONTH TO DATE  182                       330   -148      331
  SINCE DEC 1    915                      1440   -525     1178
  SINCE JUL 1   1157                      1835   -678     1450

 COOLING
  YESTERDAY        0                         0      0        0
  MONTH TO DATE    4                         0      4        0
  SINCE DEC 1     10                         4      6       42
  SINCE JAN 1      8                         1      7        0
..................................................................


WIND (MPH)
  RESULTANT WIND SPEED   6   RESULTANT WIND DIRECTION  SE (120)
  HIGHEST WIND SPEED    20   HIGHEST WIND DIRECTION    SE (150)
  HIGHEST GUST SPEED    24   HIGHEST GUST DIRECTION    SE (150)
  AVERAGE WIND SPEED     6.8


SKY COVER
  AVERAGE SKY COVER 0.5


WEATHER CONDITIONS
 THE FOLLOWING WEATHER WAS RECORDED YESTERDAY.
  NO SIGNIFICANT WEATHER WAS OBSERVED.


RELATIVE HUMIDITY (PERCENT)
 HIGHEST    89           400 AM
 LOWEST     61           200 PM
 AVERAGE    75

..........................................................


THE MACON CLIMATE NORMALS FOR TODAY
                         NORMAL    RECORD    YEAR
 MAXIMUM TEMPERATURE (F)   64        83      1962
 MINIMUM TEMPERATURE (F)   39        17      1963


SUNRISE AND SUNSET
FEBRUARY 22 2017......SUNRISE   710 AM EST   SUNSET   626 PM EST
FEBRUARY 23 2017......SUNRISE   709 AM EST   SUNSET   627 PM EST


-  INDICATES NEGATIVE NUMBERS.
R  INDICATES RECORD WAS SET OR TIED.
MM INDICATES DATA IS MISSING.
T  INDICATES TRACE AMOUNT.




$$
