000
CDUS42 KFFC 250818
CLIMCN


CLIMATE REPORT
NATIONAL WEATHER SERVICE PEACHTREE CITY GA
418 AM EDT TUE JUL 25 2017


...................................

...THE MACON CLIMATE SUMMARY FOR JULY 24 2017...

CLIMATE NORMAL PERIOD 1981 TO 2010
CLIMATE RECORD PERIOD 1899 TO 2017


WEATHER ITEM   OBSERVED TIME   RECORD YEAR NORMAL DEPARTURE LAST
                VALUE   (LST)  VALUE       VALUE  FROM      YEAR
                                                  NORMAL
..................................................................
TEMPERATURE (F)
 YESTERDAY
  MAXIMUM         94    203 PM 105    1952  93      1       97
  MINIMUM         74   1159 PM  63    1947  71      3       73
  AVERAGE         84                        82      2       85

PRECIPITATION (IN)
  YESTERDAY        0.23          2.03 1939   0.16   0.07     0.17
  MONTH TO DATE    3.11                      3.89  -0.78     1.69
  SINCE JUN 1      8.37                      7.95   0.42     3.58
  SINCE JAN 1     32.10                     26.78   5.32    21.54

DEGREE DAYS
 HEATING
  YESTERDAY        0                         0      0        0
  MONTH TO DATE    0                         0      0        0
  SINCE JUN 1      0                         0      0        0
  SINCE JUL 1      0                         0      0        0

 COOLING
  YESTERDAY       19                        17      2       20
  MONTH TO DATE  430                       402     28      467
  SINCE JUN 1    824                       821      3      962
  SINCE JAN 1   1269                      1134    135     1314
..................................................................


WIND (MPH)
  RESULTANT WIND SPEED   5   RESULTANT WIND DIRECTION  SW (240)
  HIGHEST WIND SPEED    22   HIGHEST WIND DIRECTION    SW (240)
  HIGHEST GUST SPEED    26   HIGHEST GUST DIRECTION    SW (240)
  AVERAGE WIND SPEED     6.9


SKY COVER
  AVERAGE SKY COVER 0.4


WEATHER CONDITIONS
 THE FOLLOWING WEATHER WAS RECORDED YESTERDAY.
  THUNDERSTORM
  RAIN
  LIGHT RAIN
  FOG


RELATIVE HUMIDITY (PERCENT)
 HIGHEST    94           300 AM
 LOWEST     49           200 PM
 AVERAGE    72

..........................................................


THE MACON CLIMATE NORMALS FOR TODAY
                         NORMAL    RECORD    YEAR
 MAXIMUM TEMPERATURE (F)   93       103      1952
 MINIMUM TEMPERATURE (F)   71        64      2009
                                             1909
                                             1902


SUNRISE AND SUNSET
JULY 25 2017..........SUNRISE   644 AM EDT   SUNSET   838 PM EDT
JULY 26 2017..........SUNRISE   645 AM EDT   SUNSET   837 PM EDT


-  INDICATES NEGATIVE NUMBERS.
R  INDICATES RECORD WAS SET OR TIED.
MM INDICATES DATA IS MISSING.
T  INDICATES TRACE AMOUNT.




$$
