000
CDUS42 KFFC 290022
CLIMCN


CLIMATE REPORT
NATIONAL WEATHER SERVICE PEACHTREE CITY GA
821 PM EDT FRI AUG 28 2015


...................................

...THE MACON CLIMATE SUMMARY FOR AUGUST 28 2015...
VALID AS OF 0800 PM LOCAL TIME.

CLIMATE NORMAL PERIOD 1981 TO 2010
CLIMATE RECORD PERIOD 1899 TO 2015


WEATHER ITEM   OBSERVED TIME   RECORD YEAR NORMAL DEPARTURE LAST
                VALUE   (LST)  VALUE       VALUE  FROM      YEAR
                                                  NORMAL
..................................................................
TEMPERATURE (F)
 TODAY
  MAXIMUM         87    122 PM 102    1954  90     -3       94
  MINIMUM         68    416 AM  55    1952  69     -1       58
  AVERAGE         78                        80     -2       76

PRECIPITATION (IN)
  TODAY            0.00          2.38 1935   0.13  -0.13     0.00
  MONTH TO DATE    4.02                      3.71   0.31     0.92
  SINCE JUN 1      9.36                     12.72  -3.36    11.61
  SINCE JAN 1     25.86                     31.55  -5.69    33.80

DEGREE DAYS
 COOLING
  TODAY           13                        15     -2       11
  MONTH TO DATE  453                       450      3      414
  SINCE JUN 1   1525                      1390    135     1268
  SINCE JAN 1   1910                      1703    207     1546
..................................................................


WIND (MPH)
  HIGHEST WIND SPEED    16   HIGHEST WIND DIRECTION    NE (40)
  HIGHEST GUST SPEED    21   HIGHEST GUST DIRECTION    NE (50)
  AVERAGE WIND SPEED     6.2


SKY COVER
  AVERAGE SKY COVER 0.4


WEATHER CONDITIONS
 THE FOLLOWING WEATHER WAS RECORDED TODAY.
  FOG


RELATIVE HUMIDITY (PERCENT)
 HIGHEST   100           600 AM
 LOWEST     61          1200 PM

..........................................................


THE MACON CLIMATE NORMALS FOR TOMORROW
                         NORMAL    RECORD
 MAXIMUM TEMPERATURE (F)   90       102
 MINIMUM TEMPERATURE (F)   69        57


SUNRISE AND SUNSET
AUGUST 28 2015........SUNRISE   707 AM EDT   SUNSET   805 PM EDT
AUGUST 29 2015........SUNRISE   707 AM EDT   SUNSET   803 PM EDT


-  INDICATES NEGATIVE NUMBERS.
R  INDICATES RECORD WAS SET OR TIED.
MM INDICATES DATA IS MISSING.
T  INDICATES TRACE AMOUNT.




$$
