000
CDUS42 KFFC 290923
CLIMCN


CLIMATE REPORT
NATIONAL WEATHER SERVICE PEACHTREE CITY GA
422 AM EST SAT NOV 29 2014


...................................

...THE MACON CLIMATE SUMMARY FOR NOVEMBER 28 2014...

CLIMATE NORMAL PERIOD 1981 TO 2010
CLIMATE RECORD PERIOD 1899 TO 2014


WEATHER ITEM   OBSERVED TIME   RECORD YEAR NORMAL DEPARTURE LAST
                VALUE   (LST)  VALUE       VALUE  FROM      YEAR
                                                  NORMAL
..................................................................
TEMPERATURE (F)
 YESTERDAY
  MAXIMUM         51    452 PM  83    1990  65    -14       49
  MINIMUM         25    724 AM  21    2013  40    -15       21
  AVERAGE         38                        52    -14       35

PRECIPITATION (IN)
  YESTERDAY        0.00          1.96 1948   0.13  -0.13     0.00
  MONTH TO DATE    4.31                      3.05   1.26     3.37
  SINCE SEP 1      8.67                      9.43  -0.76     5.74
  SINCE JAN 1     42.60                     41.37   1.23    63.87

SNOWFALL (IN)
  YESTERDAY        0.0           0.0  2001   0.0    0.0      0.0
  MONTH TO DATE    0.0                       0.0    0.0      0.0
  SINCE SEP 1      0.0                       0.0    0.0      0.0
  SINCE JUL 1      0.0                       0.0    0.0      0.0
  SNOW DEPTH       0

DEGREE DAYS
 HEATING
  YESTERDAY       27                        13     14       30
  MONTH TO DATE  439                       265    174      334
  SINCE SEP 1    525                       368    157      401
  SINCE JUL 1    525                       368    157      401

 COOLING
  YESTERDAY        0                         0      0        0
  MONTH TO DATE    7                        16     -9        7
  SINCE SEP 1    450                       416     34      374
  SINCE JAN 1   2048                      2160   -112     1849
..................................................................


WIND (MPH)
  RESULTANT WIND SPEED   1   RESULTANT WIND DIRECTION  NW (330)
  HIGHEST WIND SPEED    10   HIGHEST WIND DIRECTION     N (20)
  HIGHEST GUST SPEED    13   HIGHEST GUST DIRECTION     N (20)
  AVERAGE WIND SPEED     2.5


SKY COVER
  AVERAGE SKY COVER 0.0


WEATHER CONDITIONS
 THE FOLLOWING WEATHER WAS RECORDED YESTERDAY.
  FOG


RELATIVE HUMIDITY (PERCENT)
 HIGHEST   100           600 AM
 LOWEST     30           400 PM
 AVERAGE    65

..........................................................


THE MACON CLIMATE NORMALS FOR TODAY
                         NORMAL    RECORD    YEAR
 MAXIMUM TEMPERATURE (F)   64        80      1991
 MINIMUM TEMPERATURE (F)   40        21      1955


SUNRISE AND SUNSET
NOVEMBER 29 2014......SUNRISE   717 AM EST   SUNSET   529 PM EST
NOVEMBER 30 2014......SUNRISE   718 AM EST   SUNSET   528 PM EST


-  INDICATES NEGATIVE NUMBERS.
R  INDICATES RECORD WAS SET OR TIED.
MM INDICATES DATA IS MISSING.
T  INDICATES TRACE AMOUNT.




$$
