000
CDUS42 KMLB 170626
CLIMCO


CLIMATE REPORT
NATIONAL WEATHER SERVICE MELBOURNE FL
125 AM EST TUE JAN 17 2017


...................................

...THE ORLANDO  CLIMATE SUMMARY FOR JANUARY 16 2017...

CLIMATE NORMAL PERIOD 1981 TO 2010
CLIMATE RECORD PERIOD 1892 TO 2017


WEATHER ITEM   OBSERVED TIME   RECORD YEAR NORMAL DEPARTURE LAST
                VALUE   (LST)  VALUE       VALUE  FROM      YEAR
                                                  NORMAL
..................................................................
TEMPERATURE (F)
 YESTERDAY
  MAXIMUM         81    237 PM  86    1947  71     10       78
  MINIMUM         57    414 AM  25    1927  49      8       50
  AVERAGE         69                        60      9       64

PRECIPITATION (IN)
  YESTERDAY        0.00          1.25 1902   0.07  -0.07      T
  MONTH TO DATE    1.14                      1.22  -0.08     1.69
  SINCE DEC 1      3.66                      3.80  -0.14     2.41
  SINCE JAN 1      1.14                      1.22  -0.08     1.69

SNOWFALL (IN)
  YESTERDAY        0.0
  MONTH TO DATE    0.0
  SINCE DEC 1      0.0
  SINCE JUL 1      0.0

DEGREE DAYS
 HEATING
  YESTERDAY        0                         6     -6        1
  MONTH TO DATE   42                       103    -61       68
  SINCE DEC 1     74                       247   -173       77
  SINCE JUL 1     97                       294   -197       86

 COOLING
  YESTERDAY        4                         1      3        0
  MONTH TO DATE   46                        19     27       15
  SINCE DEC 1    205                        89    116      238
  SINCE JAN 1     46                        19     27       15
..................................................................


WIND (MPH)
  HIGHEST WIND SPEED    13   HIGHEST WIND DIRECTION     E (90)
  HIGHEST GUST SPEED    20   HIGHEST GUST DIRECTION    SE (120)
  AVERAGE WIND SPEED     5.4


SKY COVER
  AVERAGE SKY COVER 0.5


WEATHER CONDITIONS
 THE FOLLOWING WEATHER WAS RECORDED YESTERDAY.
  NO SIGNIFICANT WEATHER WAS OBSERVED.


RELATIVE HUMIDITY (PERCENT)
 HIGHEST    90          1200 AM
 LOWEST     39           300 PM
 AVERAGE    65

..........................................................


THE ORLANDO  CLIMATE NORMALS FOR TODAY
                         NORMAL    RECORD    YEAR
 MAXIMUM TEMPERATURE (F)   71        87      1943
 MINIMUM TEMPERATURE (F)   49        28      1959


SUNRISE AND SUNSET
JANUARY 17 2017.......SUNRISE   718 AM EST   SUNSET   553 PM EST
JANUARY 18 2017.......SUNRISE   718 AM EST   SUNSET   554 PM EST


-  INDICATES NEGATIVE NUMBERS.
R  INDICATES RECORD WAS SET OR TIED.
MM INDICATES DATA IS MISSING.
T  INDICATES TRACE AMOUNT.




$$
