000
CDUS42 KMLB 050628
CLIMCO


CLIMATE REPORT
NATIONAL WEATHER SERVICE MELBOURNE FL
227 AM EDT THU MAY 5 2016


...................................

...THE ORLANDO  CLIMATE SUMMARY FOR MAY 4 2016...

CLIMATE NORMAL PERIOD 1981 TO 2010
CLIMATE RECORD PERIOD 1892 TO 2016


WEATHER ITEM   OBSERVED TIME   RECORD YEAR NORMAL DEPARTURE LAST
                VALUE   (LST)  VALUE       VALUE  FROM      YEAR
                                                  NORMAL
..................................................................
TEMPERATURE (F)
 YESTERDAY
  MAXIMUM         75    542 AM  98    1915  86    -11       83
  MINIMUM         67   1159 PM  49    1929  64      3       65
                                      1921
  AVERAGE         71                        75     -4       74

PRECIPITATION (IN)
  YESTERDAY        0.77          1.64 1917   0.07   0.70      T
  MONTH TO DATE    2.64                      0.27   2.37      T
  SINCE MAR 1      9.22                      6.72   2.50     4.96
  SINCE JAN 1     16.56                     11.45   5.11    13.06

SNOWFALL (IN)
  YESTERDAY        0.0
  MONTH TO DATE    0.0
  SINCE MAR 1      0.0
  SINCE JUL 1      0.0

DEGREE DAYS
 HEATING
  YESTERDAY        0                         0      0        0
  MONTH TO DATE    0                         0      0        0
  SINCE MAR 1     16                        71    -55       16
  SINCE JUL 1    370                       570   -200      486

 COOLING
  YESTERDAY        6                        10     -4        9
  MONTH TO DATE   52                        38     14       30
  SINCE MAR 1    511                       355    156      682
  SINCE JAN 1    573                       459    114      756
..................................................................


WIND (MPH)
  HIGHEST WIND SPEED    18   HIGHEST WIND DIRECTION     S (180)
  HIGHEST GUST SPEED    23   HIGHEST GUST DIRECTION     S (180)
  AVERAGE WIND SPEED     9.0


SKY COVER
  AVERAGE SKY COVER 0.9


WEATHER CONDITIONS
 THE FOLLOWING WEATHER WAS RECORDED YESTERDAY.
  THUNDERSTORM
  HEAVY RAIN
  RAIN
  LIGHT RAIN
  FOG


RELATIVE HUMIDITY (PERCENT)
 HIGHEST    93           300 AM
 LOWEST     84          1100 AM
 AVERAGE    89

..........................................................


THE ORLANDO  CLIMATE NORMALS FOR TODAY
                         NORMAL    RECORD    YEAR
 MAXIMUM TEMPERATURE (F)   86        96      1915
 MINIMUM TEMPERATURE (F)   64        50      1921


SUNRISE AND SUNSET
MAY  5 2016...........SUNRISE   641 AM EDT   SUNSET   803 PM EDT
MAY  6 2016...........SUNRISE   640 AM EDT   SUNSET   804 PM EDT


-  INDICATES NEGATIVE NUMBERS.
R  INDICATES RECORD WAS SET OR TIED.
MM INDICATES DATA IS MISSING.
T  INDICATES TRACE AMOUNT.




$$
