000
CDUS42 KMLB 200627
CLIMCO


CLIMATE REPORT
NATIONAL WEATHER SERVICE MELBOURNE
227 AM EDT SUN APR 20 2014


...................................

...THE ORLANDO  CLIMATE SUMMARY FOR APRIL 19 2014...

CLIMATE NORMAL PERIOD 1981 TO 2010
CLIMATE RECORD PERIOD 1892 TO 2014


WEATHER ITEM   OBSERVED TIME   RECORD YEAR NORMAL DEPARTURE LAST
                VALUE   (LST)  VALUE       VALUE  FROM      YEAR
                                                  NORMAL
..................................................................
TEMPERATURE (F)
 YESTERDAY
  MAXIMUM         79    152 PM  94    1922  83     -4       92
  MINIMUM         65   1159 PM  42    1923  61      4       71
  AVERAGE         72                        72      0       82

PRECIPITATION (IN)
  YESTERDAY        0.00          2.20 1901   0.08  -0.08      T
  MONTH TO DATE    2.35                      1.82   0.53     1.13
  SINCE MAR 1      6.87                      5.59   1.28     2.40
  SINCE JAN 1     11.91                     10.32   1.59     3.31

SNOWFALL (IN)
  YESTERDAY        0.0
  MONTH TO DATE    0.0
  SINCE MAR 1      0.0
  SINCE JUL 1      0.0

DEGREE DAYS
 HEATING
  YESTERDAY        0                         0      0        0
  MONTH TO DATE    0                        11    -11        0
  SINCE MAR 1     42                        70    -28      149
  SINCE JUL 1    406                       569   -163      461

 COOLING
  YESTERDAY        7                         7      0       17
  MONTH TO DATE  144                       111     33      191
  SINCE MAR 1    251                       229     22      242
  SINCE JAN 1    401                       333     68      442
..................................................................


WIND (MPH)
  HIGHEST WIND SPEED    21   HIGHEST WIND DIRECTION    SW (240)
  HIGHEST GUST SPEED    25   HIGHEST GUST DIRECTION     W (280)
  AVERAGE WIND SPEED    11.2


SKY COVER
  AVERAGE SKY COVER 0.7


WEATHER CONDITIONS
 THE FOLLOWING WEATHER WAS RECORDED YESTERDAY.
  NO SIGNIFICANT WEATHER WAS OBSERVED.


RELATIVE HUMIDITY (PERCENT)
 HIGHEST    93          1200 AM
 LOWEST     48           200 PM
 AVERAGE    71

..........................................................


THE ORLANDO  CLIMATE NORMALS FOR TODAY
                         NORMAL    RECORD    YEAR
 MAXIMUM TEMPERATURE (F)   83        96      1908
 MINIMUM TEMPERATURE (F)   61        39      1936


SUNRISE AND SUNSET
APRIL 20 2014.........SUNRISE   655 AM EDT   SUNSET   754 PM EDT
APRIL 21 2014.........SUNRISE   654 AM EDT   SUNSET   754 PM EDT


-  INDICATES NEGATIVE NUMBERS.
R  INDICATES RECORD WAS SET OR TIED.
MM INDICATES DATA IS MISSING.
T  INDICATES TRACE AMOUNT.




$$
