000
CDUS42 KMLB 160632
CLIMCO


CLIMATE REPORT
NATIONAL WEATHER SERVICE MELBOURNE FL
230 AM EDT TUE SEP 16 2014


...................................

...THE ORLANDO  CLIMATE SUMMARY FOR SEPTEMBER 15 2014...

CLIMATE NORMAL PERIOD 1981 TO 2010
CLIMATE RECORD PERIOD 1892 TO 2014


WEATHER ITEM   OBSERVED TIME   RECORD YEAR NORMAL DEPARTURE LAST
                VALUE   (LST)  VALUE       VALUE  FROM      YEAR
                                                  NORMAL
..................................................................
TEMPERATURE (F)
 YESTERDAY
  MAXIMUM         92    423 PM  99    1920  90      2       92
  MINIMUM         72    636 AM  63    1956  73     -1       75
  AVERAGE         82                        81      1       84

PRECIPITATION (IN)
  YESTERDAY        T             1.67 1957   0.21  -0.21      T
  MONTH TO DATE    2.31                      3.19  -0.88     2.87
  SINCE SEP 1      2.31                      3.19  -0.88     2.87
  SINCE JAN 1     40.10                     39.80   0.30    38.46

SNOWFALL (IN)
  YESTERDAY        0.0
  MONTH TO DATE    0.0
  SINCE SEP 1      0.0
  SINCE JUL 1      0.0

DEGREE DAYS
 HEATING
  YESTERDAY        0                         0      0        0
  MONTH TO DATE    0                         0      0        0
  SINCE SEP 1      0                         0      0        0
  SINCE JUL 1      0                         0      0        0

 COOLING
  YESTERDAY       17                        16      1       19
  MONTH TO DATE  264                       253     11      265
  SINCE SEP 1    264                       253     11      265
  SINCE JAN 1   2862                      2646    216     2756
..................................................................


WIND (MPH)
  HIGHEST WIND SPEED    18   HIGHEST WIND DIRECTION     N (350)
  HIGHEST GUST SPEED    22   HIGHEST GUST DIRECTION     N (350)
  AVERAGE WIND SPEED     3.3


SKY COVER
  AVERAGE SKY COVER 0.6


WEATHER CONDITIONS
 THE FOLLOWING WEATHER WAS RECORDED YESTERDAY.
  NO SIGNIFICANT WEATHER WAS OBSERVED.


RELATIVE HUMIDITY (PERCENT)
 HIGHEST   100          1200 AM
 LOWEST     44           400 PM
 AVERAGE    72

..........................................................


THE ORLANDO  CLIMATE NORMALS FOR TODAY
                         NORMAL    RECORD    YEAR
 MAXIMUM TEMPERATURE (F)   90        97      1929
 MINIMUM TEMPERATURE (F)   73        64      1932


SUNRISE AND SUNSET
SEPTEMBER 16 2014.....SUNRISE   711 AM EDT   SUNSET   729 PM EDT
SEPTEMBER 17 2014.....SUNRISE   711 AM EDT   SUNSET   728 PM EDT


-  INDICATES NEGATIVE NUMBERS.
R  INDICATES RECORD WAS SET OR TIED.
MM INDICATES DATA IS MISSING.
T  INDICATES TRACE AMOUNT.




$$
