000
CDUS42 KMLB 232019
CLIMCO


CLIMATE REPORT
NATIONAL WEATHER SERVICE MELBOURNE FL
418 PM EDT SUN APR 23 2017


...................................

...THE ORLANDO  CLIMATE SUMMARY FOR APRIL 23 2017...
VALID TODAY AS OF 0400 PM LOCAL TIME.

CLIMATE NORMAL PERIOD 1981 TO 2010
CLIMATE RECORD PERIOD 1892 TO 2017


WEATHER ITEM   OBSERVED TIME   RECORD YEAR NORMAL DEPARTURE LAST
                VALUE   (LST)  VALUE       VALUE  FROM      YEAR
                                                  NORMAL
..................................................................
TEMPERATURE (F)
 TODAY
  MAXIMUM         87    228 PM  96    1968  84      3       85
  MINIMUM         69    154 AM  48    1993  61      8       67
  AVERAGE         78                        72      6       76

PRECIPITATION (IN)
  TODAY            0.00          3.75 1991   0.08  -0.08      T
  MONTH TO DATE    T                         2.16  -2.16     0.63
  SINCE MAR 1      0.10                      5.93  -5.83     5.94
  SINCE JAN 1      3.03                     10.66  -7.63    13.28

SNOWFALL (IN)
  TODAY            0.0
  MONTH TO DATE    0.0
  SINCE MAR 1      0.0
  SINCE JUL 1      0.0

DEGREE DAYS
 HEATING
  TODAY            0                         0      0        0
  MONTH TO DATE    3                        11     -8        0
  SINCE MAR 1     40                        70    -30       16
  SINCE JUL 1    209                       569   -360      370

 COOLING
  TODAY           13                         8      5       11
  MONTH TO DATE  209                       141     68      160
  SINCE MAR 1    372                       259    113      377
  SINCE JAN 1    573                       363    210      439
..................................................................


WIND (MPH)
  HIGHEST WIND SPEED    14   HIGHEST WIND DIRECTION     E (100)
  HIGHEST GUST SPEED    18   HIGHEST GUST DIRECTION     E (100)
  AVERAGE WIND SPEED     5.5


SKY COVER
  AVERAGE SKY COVER 0.9


WEATHER CONDITIONS
 THE FOLLOWING WEATHER WAS RECORDED TODAY.
  NO SIGNIFICANT WEATHER WAS OBSERVED.


RELATIVE HUMIDITY (PERCENT)
 HIGHEST    90           200 AM
 LOWEST     44           300 PM
 AVERAGE    67

..........................................................


THE ORLANDO  CLIMATE NORMALS FOR TOMORROW
                         NORMAL    RECORD    YEAR
 MAXIMUM TEMPERATURE (F)   84        99      1923
 MINIMUM TEMPERATURE (F)   61        45      1903


SUNRISE AND SUNSET
APRIL 23 2017.........SUNRISE   652 AM EDT   SUNSET   756 PM EDT
APRIL 24 2017.........SUNRISE   651 AM EDT   SUNSET   756 PM EDT


-  INDICATES NEGATIVE NUMBERS.
R  INDICATES RECORD WAS SET OR TIED.
MM INDICATES DATA IS MISSING.
T  INDICATES TRACE AMOUNT.




$$
