000
CDUS42 KMLB 250635
CLIMCO


CLIMATE REPORT
NATIONAL WEATHER SERVICE MELBOURNE FL
135 AM EST SAT NOV 25 2017


...................................

...THE ORLANDO INTL CLIMATE SUMMARY FOR NOVEMBER 24 2017...

CLIMATE NORMAL PERIOD 1981 TO 2010
CLIMATE RECORD PERIOD 1892 TO 2017


WEATHER ITEM   OBSERVED TIME   RECORD YEAR NORMAL DEPARTURE LAST
                VALUE   (LST)  VALUE       VALUE  FROM      YEAR
                                                  NORMAL
..................................................................
TEMPERATURE (F)
 YESTERDAY
  MAXIMUM         68    335 AM  87    2014  77     -9       83
  MINIMUM         56   1149 PM  31    1970  57     -1       59
  AVERAGE         62                        67     -5       71

PRECIPITATION (IN)
  YESTERDAY        T             2.47 1953   0.07  -0.07     0.00
  MONTH TO DATE    0.17                      1.70  -1.53     0.02
  SINCE SEP 1     17.85                     11.07   6.78    10.05
  SINCE JAN 1     46.27                     47.68  -1.41    51.74

SNOWFALL (IN)
  YESTERDAY        0.0
  MONTH TO DATE    0.0
  SINCE JUL 1      0.0

DEGREE DAYS
 HEATING
  YESTERDAY        3                         2      1        0
  MONTH TO DATE    4                        31    -27       23
  SINCE SEP 1     22                        36    -14       23
  SINCE JUL 1     22                        36    -14       23

 COOLING
  YESTERDAY        0                         4     -4        6
  MONTH TO DATE  139                       127     12      104
  SINCE SEP 1    983                       941     42      993
  SINCE JAN 1   3581                      3334    247     3666
..................................................................


WIND (MPH)
  HIGHEST WIND SPEED    17   HIGHEST WIND DIRECTION     N (340)
  HIGHEST GUST SPEED    20   HIGHEST GUST DIRECTION     N (350)
  AVERAGE WIND SPEED     7.1


SKY COVER
  AVERAGE SKY COVER 0.9


WEATHER CONDITIONS
 THE FOLLOWING WEATHER WAS RECORDED YESTERDAY.
  LIGHT RAIN
  FOG


RELATIVE HUMIDITY (PERCENT)
 HIGHEST   100           100 AM
 LOWEST     87           200 PM
 AVERAGE    94

..........................................................


THE ORLANDO INTL CLIMATE NORMALS FOR TODAY
                         NORMAL    RECORD    YEAR
 MAXIMUM TEMPERATURE (F)   77        87      1992
                                             1921
 MINIMUM TEMPERATURE (F)   57        29      1917


SUNRISE AND SUNSET
NOVEMBER 25 2017......SUNRISE   656 AM EST   SUNSET   529 PM EST
NOVEMBER 26 2017......SUNRISE   656 AM EST   SUNSET   529 PM EST


-  INDICATES NEGATIVE NUMBERS.
R  INDICATES RECORD WAS SET OR TIED.
MM INDICATES DATA IS MISSING.
T  INDICATES TRACE AMOUNT.




$$
