000
CDUS42 KMLB 042017
CLIMCO


CLIMATE REPORT
NATIONAL WEATHER SERVICE MELBOURNE FL
416 PM EDT SAT JUL 4 2015


...................................

...THE ORLANDO  CLIMATE SUMMARY FOR JULY 4 2015...
VALID TODAY AS OF 0400 PM LOCAL TIME.

CLIMATE NORMAL PERIOD 1981 TO 2010
CLIMATE RECORD PERIOD 1892 TO 2015


WEATHER ITEM   OBSERVED TIME   RECORD YEAR NORMAL DEPARTURE LAST
                VALUE   (LST)  VALUE       VALUE  FROM      YEAR
                                                  NORMAL
..................................................................
TEMPERATURE (F)
 TODAY
  MAXIMUM         95    232 PM  98    1936  91      4       90
                                      1927
  MINIMUM         73    421 AM  65    1975  73      0       75
  AVERAGE         84                        82      2       83

PRECIPITATION (IN)
  TODAY            0.00          1.38 1996   0.24  -0.24     0.03
  MONTH TO DATE    0.92                      0.93  -0.01     0.46
  SINCE JUN 1      7.71                      8.51  -0.80     5.10
  SINCE JAN 1     21.70                     23.14  -1.44    22.45

SNOWFALL (IN)
  TODAY            0.0
  MONTH TO DATE    0.0
  SINCE JUN 1      0.0
  SINCE JUL 1      0.0

DEGREE DAYS
 HEATING
  TODAY            0                         0      0        0
  MONTH TO DATE    0                         0      0        0
  SINCE JUN 1      0                         0      0        0
  SINCE JUL 1      0                         0      0        0

 COOLING
  TODAY           19                        17      2       18
  MONTH TO DATE   77                        68      9       77
  SINCE JUN 1    623                       558     65      580
  SINCE JAN 1   1803                      1359    444     1514
..................................................................


WIND (MPH)
  HIGHEST WIND SPEED    26   HIGHEST WIND DIRECTION    SE (130)
  HIGHEST GUST SPEED    33   HIGHEST GUST DIRECTION    SE (140)
  AVERAGE WIND SPEED     4.2


SKY COVER
  AVERAGE SKY COVER 0.7


WEATHER CONDITIONS
 THE FOLLOWING WEATHER WAS RECORDED TODAY.
  NO SIGNIFICANT WEATHER WAS OBSERVED.


RELATIVE HUMIDITY (PERCENT)
 HIGHEST    88           700 AM
 LOWEST     46           200 PM
 AVERAGE    67

..........................................................


THE ORLANDO  CLIMATE NORMALS FOR TOMORROW
                         NORMAL    RECORD    YEAR
 MAXIMUM TEMPERATURE (F)   91        99      1927
 MINIMUM TEMPERATURE (F)   73        64      1893


SUNRISE AND SUNSET
JULY  4 2015..........SUNRISE   633 AM EDT   SUNSET   827 PM EDT
JULY  5 2015..........SUNRISE   633 AM EDT   SUNSET   827 PM EDT


-  INDICATES NEGATIVE NUMBERS.
R  INDICATES RECORD WAS SET OR TIED.
MM INDICATES DATA IS MISSING.
T  INDICATES TRACE AMOUNT.




$$
