000
CDUS42 KMLB 042039
CLIMCO


CLIMATE REPORT
NATIONAL WEATHER SERVICE MELBOURNE FL
439 PM EDT FRI SEP 4 2015


...................................

...THE ORLANDO  CLIMATE SUMMARY FOR SEPTEMBER 4 2015...
VALID TODAY AS OF 0400 PM LOCAL TIME.

CLIMATE NORMAL PERIOD 1981 TO 2010
CLIMATE RECORD PERIOD 1892 TO 2015


WEATHER ITEM   OBSERVED TIME   RECORD YEAR NORMAL DEPARTURE LAST
                VALUE   (LST)  VALUE       VALUE  FROM      YEAR
                                                  NORMAL
..................................................................
TEMPERATURE (F)
 TODAY
  MAXIMUM         91   1210 PM  97    1944  91      0       90
                                      1921
                                      1904
  MINIMUM         72    239 PM  65    1909  74     -2       73
  AVERAGE         82                        82      0       82

PRECIPITATION (IN)
  TODAY            1.31          1.95 1905   0.21   1.10     0.30
  MONTH TO DATE    1.47                      0.86   0.61     0.30
  SINCE SEP 1      1.47                      0.86   0.61     0.30
  SINCE JAN 1     45.53                     37.47   8.06    38.09

SNOWFALL (IN)
  TODAY            0.0
  MONTH TO DATE    0.0
  SINCE SEP 1      0.0
  SINCE JUL 1      0.0

DEGREE DAYS
 HEATING
  TODAY            0                         0      0        0
  MONTH TO DATE    0                         0      0        0
  SINCE SEP 1      0                         0      0        0
  SINCE JUL 1      0                         0      0        0

 COOLING
  TODAY           17                        17      0       17
  MONTH TO DATE   77                        68      9       73
  SINCE SEP 1     77                        68      9       73
  SINCE JAN 1   2948                      2461    487     2671
..................................................................


WIND (MPH)
  HIGHEST WIND SPEED    20   HIGHEST WIND DIRECTION    SE (150)
  HIGHEST GUST SPEED    29   HIGHEST GUST DIRECTION    NW (300)
  AVERAGE WIND SPEED     4.7


SKY COVER
  AVERAGE SKY COVER 0.7


WEATHER CONDITIONS
 THE FOLLOWING WEATHER WAS RECORDED TODAY.
  THUNDERSTORM
  HEAVY RAIN
  RAIN
  LIGHT RAIN
  FOG


RELATIVE HUMIDITY (PERCENT)
 HIGHEST    93           300 PM
 LOWEST     59          1100 AM
 AVERAGE    76

..........................................................


THE ORLANDO  CLIMATE NORMALS FOR TOMORROW
                         NORMAL    RECORD    YEAR
 MAXIMUM TEMPERATURE (F)   91        99      1921
                                             1917
 MINIMUM TEMPERATURE (F)   74        64      1909
                                             1893


SUNRISE AND SUNSET
SEPTEMBER  4 2015.....SUNRISE   705 AM EDT   SUNSET   743 PM EDT
SEPTEMBER  5 2015.....SUNRISE   705 AM EDT   SUNSET   742 PM EDT


-  INDICATES NEGATIVE NUMBERS.
R  INDICATES RECORD WAS SET OR TIED.
MM INDICATES DATA IS MISSING.
T  INDICATES TRACE AMOUNT.




$$
