000
CDUS41 KCTP 072219
CLIMDT


CLIMATE REPORT
NATIONAL WEATHER SERVICE STATE COLLEGE PA
519 PM EST SUN FEB 7 2016


...................................

...THE HARRISBURG PA CLIMATE SUMMARY FOR FEBRUARY 7 2016...
VALID TODAY AS OF 0500 PM LOCAL TIME.

CLIMATE NORMAL PERIOD 1981 TO 2010
CLIMATE RECORD PERIOD 1888 TO 2016


WEATHER ITEM   OBSERVED TIME   RECORD YEAR NORMAL DEPARTURE LAST
                VALUE   (LST)  VALUE       VALUE  FROM      YEAR
                                                  NORMAL
..................................................................
TEMPERATURE (F)
 TODAY
  MAXIMUM         45    404 PM  57    2009  39      6       42
  MINIMUM         18    525 AM  -4    1935  23     -5       14
  AVERAGE         32                        31      1       28

PRECIPITATION (IN)
  TODAY            0.00          1.92 1965   0.09  -0.09     0.00
  MONTH TO DATE    1.16                      0.60   0.56     0.38
  SINCE DEC 1     10.08                      6.71   3.37     6.14
  SINCE JAN 1      5.79                      3.48   2.31     2.88

SNOWFALL (IN)
  TODAY            0.0          11.3  1967   0.4   -0.4      0.0
  MONTH TO DATE    T                         2.8   -2.8      1.6
  SINCE DEC 1     30.6                      16.7   13.9     15.4
  SINCE JUL 1     30.6                      17.3   13.3     17.8
  SNOW DEPTH       0

DEGREE DAYS
 HEATING
  TODAY           33                        34     -1       37
  MONTH TO DATE  202                       241    -39      278
  SINCE DEC 1   1895                      2291   -396     2339
  SINCE JUL 1   2670                      3330   -660     3352

 COOLING
  TODAY            0                         0      0        0
  MONTH TO DATE    0                         0      0        0
  SINCE DEC 1      0                         0      0        0
  SINCE JAN 1      0                         0      0        0
..................................................................


WIND (MPH)
  HIGHEST WIND SPEED     8   HIGHEST WIND DIRECTION    SE (130)
  HIGHEST GUST SPEED    14   HIGHEST GUST DIRECTION     N (10)
  AVERAGE WIND SPEED     2.9


SKY COVER
  POSSIBLE SUNSHINE  MM
  AVERAGE SKY COVER 0.3


WEATHER CONDITIONS
 THE FOLLOWING WEATHER WAS RECORDED TODAY.
  FOG
  HAZE


RELATIVE HUMIDITY (PERCENT)
 HIGHEST    92           700 AM
 LOWEST     33           200 PM
 AVERAGE    63

..........................................................


THE HARRISBURG PA CLIMATE NORMALS FOR TOMORROW
                         NORMAL    RECORD    YEAR
 MAXIMUM TEMPERATURE (F)   39        65      1965
 MINIMUM TEMPERATURE (F)   24        -3      1934


SUNRISE AND SUNSET
FEBRUARY  7 2016......SUNRISE   710 AM EST   SUNSET   533 PM EST
FEBRUARY  8 2016......SUNRISE   709 AM EST   SUNSET   534 PM EST


-  INDICATES NEGATIVE NUMBERS.
R  INDICATES RECORD WAS SET OR TIED.
MM INDICATES DATA IS MISSING.
T  INDICATES TRACE AMOUNT.




$$
