000
CDUS41 KCTP 250611
CLIMDT


CLIMATE REPORT
NATIONAL WEATHER SERVICE STATE COLLEGE PA
211 AM EDT SAT MAR 25 2017


...................................

...THE HARRISBURG PA CLIMATE SUMMARY FOR MARCH 24 2017...

CLIMATE NORMAL PERIOD 1981 TO 2010
CLIMATE RECORD PERIOD 1888 TO 2017


WEATHER ITEM   OBSERVED TIME   RECORD YEAR NORMAL DEPARTURE LAST
                VALUE   (LST)  VALUE       VALUE  FROM      YEAR
                                                  NORMAL
..................................................................
TEMPERATURE (F)
 YESTERDAY
  MAXIMUM         58    603 PM  79    1939  53      5       74
  MINIMUM         34    511 AM  13    1896  35     -1       39
  AVERAGE         46                        44      2       57

PRECIPITATION (IN)
  YESTERDAY        0.01          1.51 1969   0.11  -0.10     0.00
  MONTH TO DATE    3.26                      2.56   0.70     0.75
  SINCE MAR 1      3.26                      2.56   0.70     0.75
  SINCE JAN 1      7.64                      7.83  -0.19    10.67

SNOWFALL (IN)
  YESTERDAY        0.0           1.2  1990   0.1   -0.1      0.0
  MONTH TO DATE   18.4                       4.6   13.8      0.2
  SINCE MAR 1     18.4                       4.6   13.8      0.2
  SINCE JUL 1     23.9                      29.6   -5.7     37.9
  SNOW DEPTH       0

DEGREE DAYS
 HEATING
  YESTERDAY       19                        21     -2        8
  MONTH TO DATE  655                       588     67      421
  SINCE MAR 1    655                       588     67      421
  SINCE JUL 1   3893                      4576   -683     3793

 COOLING
  YESTERDAY        0                         0      0        0
  MONTH TO DATE    0                         0      0        1
  SINCE MAR 1      0                         0      0        1
  SINCE JAN 1      0                         0      0        1
..................................................................


WIND (MPH)
  HIGHEST WIND SPEED    15   HIGHEST WIND DIRECTION     S (200)
  HIGHEST GUST SPEED    24   HIGHEST GUST DIRECTION    SW (220)
  AVERAGE WIND SPEED     6.5


SKY COVER
  POSSIBLE SUNSHINE  MM
  AVERAGE SKY COVER 0.8


WEATHER CONDITIONS
 THE FOLLOWING WEATHER WAS RECORDED YESTERDAY.
  LIGHT RAIN


RELATIVE HUMIDITY (PERCENT)
 HIGHEST    71          1100 PM
 LOWEST     51           400 PM
 AVERAGE    61

..........................................................


THE HARRISBURG PA CLIMATE NORMALS FOR TODAY
                         NORMAL    RECORD    YEAR
 MAXIMUM TEMPERATURE (F)   54        81      1939
 MINIMUM TEMPERATURE (F)   36        16      1940


SUNRISE AND SUNSET
MARCH 25 2017.........SUNRISE   702 AM EDT   SUNSET   725 PM EDT
MARCH 26 2017.........SUNRISE   700 AM EDT   SUNSET   726 PM EDT


-  INDICATES NEGATIVE NUMBERS.
R  INDICATES RECORD WAS SET OR TIED.
MM INDICATES DATA IS MISSING.
T  INDICATES TRACE AMOUNT.




$$
