690
CDUS41 KCTP 040719
CLIMDT


CLIMATE REPORT
NATIONAL WEATHER SERVICE STATE COLLEGE PA
219 AM EST SUN DEC 4 2016


...................................

...THE HARRISBURG PA CLIMATE SUMMARY FOR DECEMBER 3 2016...

CLIMATE NORMAL PERIOD 1981 TO 2010
CLIMATE RECORD PERIOD 1888 TO 2016


WEATHER ITEM   OBSERVED TIME   RECORD YEAR NORMAL DEPARTURE LAST
                VALUE   (LST)  VALUE       VALUE  FROM      YEAR
                                                  NORMAL
..................................................................
TEMPERATURE (F)
 YESTERDAY
  MAXIMUM         49   1257 PM  72    1998  45      4       47
  MINIMUM         42    704 AM  12    1976  30     12       40
  AVERAGE         46                        38      8       44

PRECIPITATION (IN)
  YESTERDAY        0.00          1.60 1990   0.12  -0.12      T
  MONTH TO DATE    0.14                      0.35  -0.21     1.04
  SINCE DEC 1      0.14                      0.35  -0.21     1.04
  SINCE JAN 1     38.75                     37.86   0.89    38.80

SNOWFALL (IN)
  YESTERDAY        0.0           4.5  1907   0.1   -0.1      0.0
  MONTH TO DATE    0.0                       0.3   -0.3      0.0
  SINCE DEC 1      0.0                       0.3   -0.3      0.0
  SINCE JUL 1      T                         0.9   -0.9      0.0
  SNOW DEPTH       0

DEGREE DAYS
 HEATING
  YESTERDAY       19                        28     -9       21
  MONTH TO DATE   54                        82    -28       59
  SINCE DEC 1     54                        82    -28       59
  SINCE JUL 1    840                      1121   -281      834

 COOLING
  YESTERDAY        0                         0      0        0
  MONTH TO DATE    0                         0      0        0
  SINCE DEC 1      0                         0      0        0
  SINCE JAN 1   1515                      1002    513     1334
..................................................................


WIND (MPH)
  HIGHEST WIND SPEED    21   HIGHEST WIND DIRECTION     W (290)
  HIGHEST GUST SPEED    27   HIGHEST GUST DIRECTION    NW (310)
  AVERAGE WIND SPEED    12.7


SKY COVER
  POSSIBLE SUNSHINE  MM
  AVERAGE SKY COVER 0.8


WEATHER CONDITIONS
 THE FOLLOWING WEATHER WAS RECORDED YESTERDAY.
  NO SIGNIFICANT WEATHER WAS OBSERVED.


RELATIVE HUMIDITY (PERCENT)
 HIGHEST    67           500 AM
 LOWEST     53           300 PM
 AVERAGE    60

..........................................................


THE HARRISBURG PA CLIMATE NORMALS FOR TODAY
                         NORMAL    RECORD    YEAR
 MAXIMUM TEMPERATURE (F)   45        74      1998
 MINIMUM TEMPERATURE (F)   29        11      1940


SUNRISE AND SUNSET
DECEMBER  4 2016......SUNRISE   714 AM EST   SUNSET   441 PM EST
DECEMBER  5 2016......SUNRISE   715 AM EST   SUNSET   441 PM EST


-  INDICATES NEGATIVE NUMBERS.
R  INDICATES RECORD WAS SET OR TIED.
MM INDICATES DATA IS MISSING.
T  INDICATES TRACE AMOUNT.




$$
