000
CDUS41 KCTP 280633
CLIMDT


CLIMATE REPORT
NATIONAL WEATHER SERVICE STATE COLLEGE PA
133 AM EST WED JAN 28 2015


...................................

...THE HARRISBURG PA CLIMATE SUMMARY FOR JANUARY 27 2015...

CLIMATE NORMAL PERIOD 1981 TO 2010
CLIMATE RECORD PERIOD 1888 TO 2015


WEATHER ITEM   OBSERVED TIME   RECORD YEAR NORMAL DEPARTURE LAST
                VALUE   (LST)  VALUE       VALUE  FROM      YEAR
                                                  NORMAL
..................................................................
TEMPERATURE (F)
 YESTERDAY
  MAXIMUM         32    248 PM  69    1974  37     -5       33
  MINIMUM         19   1159 PM   2    1936  22     -3       14
                                      1927
  AVERAGE         26                        30     -4       24

PRECIPITATION (IN)
  YESTERDAY        T             1.30 1967   0.09  -0.09     0.00
  MONTH TO DATE    2.43                      2.52  -0.09     2.44
  SINCE DEC 1      5.69                      5.75  -0.06     6.18
  SINCE JAN 1      2.43                      2.52  -0.09     2.44

SNOWFALL (IN)
  YESTERDAY        T             5.0  1941   0.3   -0.3      0.0
  MONTH TO DATE   11.1                       7.4    3.7     11.8
  SINCE DEC 1     13.2                      12.5    0.7     21.0
  SINCE JUL 1     15.6                      13.1    2.5     21.0
  SNOW DEPTH       4

DEGREE DAYS
 HEATING
  YESTERDAY       39                        35      4       41
  MONTH TO DATE 1010                       942     68     1094
  SINCE DEC 1   1890                      1904    -14     2042
  SINCE JUL 1   2903                      2943    -40     3095

 COOLING
  YESTERDAY        0                         0      0        0
  MONTH TO DATE    0                         0      0        0
  SINCE DEC 1      0                         0      0        0
  SINCE JAN 1      0                         0      0        0
..................................................................


WIND (MPH)
  HIGHEST WIND SPEED    23   HIGHEST WIND DIRECTION    NW (310)
  HIGHEST GUST SPEED    27   HIGHEST GUST DIRECTION    NW (330)
  AVERAGE WIND SPEED    13.8


SKY COVER
  POSSIBLE SUNSHINE  MM
  AVERAGE SKY COVER 0.6


WEATHER CONDITIONS
 THE FOLLOWING WEATHER WAS RECORDED YESTERDAY.
  LIGHT SNOW


RELATIVE HUMIDITY (PERCENT)
 HIGHEST    81           300 AM
 LOWEST     37           900 PM
 AVERAGE    59

..........................................................


THE HARRISBURG PA CLIMATE NORMALS FOR TODAY
                         NORMAL    RECORD    YEAR
 MAXIMUM TEMPERATURE (F)   37        65      1944
 MINIMUM TEMPERATURE (F)   23        -1      1935
                                             1925


SUNRISE AND SUNSET
JANUARY 28 2015.......SUNRISE   720 AM EST   SUNSET   521 PM EST
JANUARY 29 2015.......SUNRISE   719 AM EST   SUNSET   522 PM EST


-  INDICATES NEGATIVE NUMBERS.
R  INDICATES RECORD WAS SET OR TIED.
MM INDICATES DATA IS MISSING.
T  INDICATES TRACE AMOUNT.




$$
