000
CDUS41 KCTP 242141
CLIMDT


CLIMATE REPORT
NATIONAL WEATHER SERVICE STATE COLLEGE PA
541 PM EDT SAT JUN 24 2017


...................................

...THE HARRISBURG PA CLIMATE SUMMARY FOR JUNE 24 2017...
VALID TODAY AS OF 0500 PM LOCAL TIME.

CLIMATE NORMAL PERIOD 1981 TO 2010
CLIMATE RECORD PERIOD 1888 TO 2017


WEATHER ITEM   OBSERVED TIME   RECORD YEAR NORMAL DEPARTURE LAST
                VALUE   (LST)  VALUE       VALUE  FROM      YEAR
                                                  NORMAL
..................................................................
TEMPERATURE (F)
 TODAY
  MAXIMUM         85    306 PM  98    1966  84      1       86
  MINIMUM         70    513 AM  49    1902  64      6       67
  AVERAGE         78                        74      4       77

PRECIPITATION (IN)
  TODAY            1.72R         1.40 1984   0.13   1.59     1.10
  MONTH TO DATE    3.48                      2.88   0.60     3.06
  SINCE JUN 1      3.48                      2.88   0.60     3.06
  SINCE JAN 1     19.93                     18.41   1.52    20.25

DEGREE DAYS
 HEATING
  TODAY            0                         0      0        0
  MONTH TO DATE    7                        17    -10        5
  SINCE JUN 1      7                        17    -10        5
  SINCE JUL 1   4370                      5268   -898     4461

 COOLING
  TODAY           13                         9      4       12
  MONTH TO DATE  214                       155     59      206
  SINCE JUN 1    214                       155     59      206
  SINCE JAN 1    291                       220     71      303
..................................................................


WIND (MPH)
  HIGHEST WIND SPEED    22   HIGHEST WIND DIRECTION    NW (300)
  HIGHEST GUST SPEED    26   HIGHEST GUST DIRECTION     W (290)
  AVERAGE WIND SPEED    10.6


SKY COVER
  POSSIBLE SUNSHINE  MM
  AVERAGE SKY COVER 0.5


WEATHER CONDITIONS
 THE FOLLOWING WEATHER WAS RECORDED TODAY.
  THUNDERSTORM
  RAIN
  LIGHT RAIN
  FOG


RELATIVE HUMIDITY (PERCENT)
 HIGHEST   100           500 AM
 LOWEST     43           400 PM
 AVERAGE    72

..........................................................


THE HARRISBURG PA CLIMATE NORMALS FOR TOMORROW
                         NORMAL    RECORD    YEAR
 MAXIMUM TEMPERATURE (F)   84        98      1997
                                             1966
                                             1943
 MINIMUM TEMPERATURE (F)   65        45      1979


SUNRISE AND SUNSET
JUNE 24 2017..........SUNRISE   539 AM EDT   SUNSET   841 PM EDT
JUNE 25 2017..........SUNRISE   539 AM EDT   SUNSET   841 PM EDT


-  INDICATES NEGATIVE NUMBERS.
R  INDICATES RECORD WAS SET OR TIED.
MM INDICATES DATA IS MISSING.
T  INDICATES TRACE AMOUNT.




$$
