000
CDUS41 KCTP 032219
CLIMDT


CLIMATE REPORT
NATIONAL WEATHER SERVICE STATE COLLEGE PA
518 PM EST TUE MAR 3 2015


...................................

...THE HARRISBURG PA CLIMATE SUMMARY FOR MARCH 3 2015...
VALID TODAY AS OF 0500 PM LOCAL TIME.

CLIMATE NORMAL PERIOD 1981 TO 2010
CLIMATE RECORD PERIOD 1888 TO 2015


WEATHER ITEM   OBSERVED TIME   RECORD YEAR NORMAL DEPARTURE LAST
                VALUE   (LST)  VALUE       VALUE  FROM      YEAR
                                                  NORMAL
..................................................................
TEMPERATURE (F)
 TODAY
  MAXIMUM         31    114 PM  70    1923  46    -15       30
  MINIMUM         17    252 AM   9    1925  29    -12       14
  AVERAGE         24                        38    -14       22

PRECIPITATION (IN)
  TODAY            0.07          1.53 1906   0.09  -0.02      T
  MONTH TO DATE    0.41                      0.27   0.14     0.11
  SINCE MAR 1      0.41                      0.27   0.14     0.11
  SINCE JAN 1      4.00                      5.54  -1.54     6.82

SNOWFALL (IN)
  TODAY            T            10.5  1960   0.3   -0.3      0.1
  MONTH TO DATE    3.3                       0.8    2.5      0.3
  SINCE MAR 1      3.3                       0.8    2.5      0.3
  SINCE JUL 1     30.7                      25.8    4.9     42.9
  SNOW DEPTH       T

DEGREE DAYS
 HEATING
  TODAY           41                        28     13       43
  MONTH TO DATE  120                        84     36      114
  SINCE MAR 1    120                        84     36      114
  SINCE JUL 1   4423                      4072    351     4458

 COOLING
  TODAY            0                         0      0        0
  MONTH TO DATE    0                         0      0        0
  SINCE MAR 1      0                         0      0        0
  SINCE JAN 1      0                         0      0        0
..................................................................


WIND (MPH)
  HIGHEST WIND SPEED    17   HIGHEST WIND DIRECTION    SE (150)
  HIGHEST GUST SPEED    22   HIGHEST GUST DIRECTION     S (160)
  AVERAGE WIND SPEED     5.4


SKY COVER
  POSSIBLE SUNSHINE  MM
  AVERAGE SKY COVER 0.8


WEATHER CONDITIONS
 THE FOLLOWING WEATHER WAS RECORDED TODAY.
  LT FREEZING RAIN
  LIGHT SNOW
  SLEET


RELATIVE HUMIDITY (PERCENT)
 HIGHEST    75           300 PM
 LOWEST     53          1100 AM
 AVERAGE    64

..........................................................


THE HARRISBURG PA CLIMATE NORMALS FOR TOMORROW
                         NORMAL    RECORD    YEAR
 MAXIMUM TEMPERATURE (F)   46        79      1974
 MINIMUM TEMPERATURE (F)   30         8      1943


SUNRISE AND SUNSET
MARCH  3 2015.........SUNRISE   638 AM EST   SUNSET   601 PM EST
MARCH  4 2015.........SUNRISE   636 AM EST   SUNSET   602 PM EST


-  INDICATES NEGATIVE NUMBERS.
R  INDICATES RECORD WAS SET OR TIED.
MM INDICATES DATA IS MISSING.
T  INDICATES TRACE AMOUNT.




$$
