000
CDUS43 KLOT 040631
CLIMDW


CLIMATE REPORT
NATIONAL WEATHER SERVICE CHICAGO IL
131 AM CDT SAT JUL 4 2015


...................................

...THE CHICAGO-MIDWAY CLIMATE SUMMARY FOR JULY 3 2015...

CLIMATE NORMAL PERIOD 1981 TO 2010
CLIMATE RECORD PERIOD 1928 TO 2015


WEATHER ITEM   OBSERVED TIME   RECORD YEAR NORMAL DEPARTURE LAST
                VALUE   (LST)  VALUE       VALUE  FROM      YEAR
                                                  NORMAL
..................................................................
TEMPERATURE (F)
 YESTERDAY
  MAXIMUM         77    249 PM 102    1949  84     -7       75
  MINIMUM         61    318 AM  50    1940  67     -6       57
                                      1930
  AVERAGE         69                        76     -7       66

PRECIPITATION (IN)
  YESTERDAY        0.00          1.38 1942   0.11  -0.11     0.05
  MONTH TO DATE    0.00                      0.32  -0.32     0.21
  SINCE JUN 1      2.96                      4.38  -1.42     7.93
  SINCE JAN 1     11.85                     18.87  -7.02    19.22

DEGREE DAYS
 HEATING
  YESTERDAY        0                         0      0        0
  MONTH TO DATE    3                         0      3        0
  SINCE JUN 1     23                        31     -8        2
  SINCE JUL 1      3                         0      3        0

 COOLING
  YESTERDAY        4                        11     -7        1
  MONTH TO DATE    4                        31    -27       13
  SINCE JUN 1    186                       241    -55      264
  SINCE JAN 1    292                       315    -23      375
..................................................................


WIND (MPH)
  RESULTANT WIND SPEED   5   RESULTANT WIND DIRECTION   E (70)
  HIGHEST WIND SPEED    13   HIGHEST WIND DIRECTION     E (90)
  HIGHEST GUST SPEED    18   HIGHEST GUST DIRECTION     E (70)
  AVERAGE WIND SPEED     5.9



WEATHER CONDITIONS
 THE FOLLOWING WEATHER WAS RECORDED YESTERDAY.
  NO SIGNIFICANT WEATHER WAS OBSERVED.


..........................................................


THE CHICAGO-MIDWAY CLIMATE NORMALS FOR TODAY
                         NORMAL    RECORD    YEAR
 MAXIMUM TEMPERATURE (F)   84       101      2012
 MINIMUM TEMPERATURE (F)   67        49      1940


SUNRISE AND SUNSET
JULY  4 2015..........SUNRISE   521 AM CDT   SUNSET   829 PM CDT
JULY  5 2015..........SUNRISE   522 AM CDT   SUNSET   829 PM CDT


-  INDICATES NEGATIVE NUMBERS.
R  INDICATES RECORD WAS SET OR TIED.
MM INDICATES DATA IS MISSING.
T  INDICATES TRACE AMOUNT.




$$
