000
CDUS43 KLOT 030649
CLIMDW


CLIMATE REPORT
NATIONAL WEATHER SERVICE CHICAGO IL
1248 AM CST SAT DEC 3 2016


...................................

...THE CHICAGO-MIDWAY CLIMATE SUMMARY FOR DECEMBER 2 2016...

CLIMATE NORMAL PERIOD 1981 TO 2010
CLIMATE RECORD PERIOD 1928 TO 2016


WEATHER ITEM   OBSERVED TIME   RECORD YEAR NORMAL DEPARTURE LAST
                VALUE   (LST)  VALUE       VALUE  FROM      YEAR
                                                  NORMAL
..................................................................
TEMPERATURE (F)
 YESTERDAY
  MAXIMUM         41    213 PM  69    1982  40      1       39
  MINIMUM         35   1159 PM  -1    1942  27      8       33
                                      1940
  AVERAGE         38                        34      4       36

PRECIPITATION (IN)
  YESTERDAY        0.02          2.78 1982   0.10  -0.08     0.13
  MONTH TO DATE    0.02                      0.20  -0.18     0.28
  SINCE DEC 1      0.02                      0.20  -0.18     0.28
  SINCE JAN 1     31.38                     36.72  -5.34    28.64

DEGREE DAYS
 HEATING
  YESTERDAY       27                        31     -4       29
  MONTH TO DATE   52                        62    -10       52
  SINCE DEC 1     52                        62    -10       52
  SINCE JUL 1    764                      1197   -433      862

 COOLING
  YESTERDAY        0                         0      0        0
  MONTH TO DATE    0                         0      0        0
  SINCE DEC 1      0                         0      0        0
  SINCE JAN 1   1465                      1045    420     1152
..................................................................


WIND (MPH)
  RESULTANT WIND SPEED   9   RESULTANT WIND DIRECTION   W (280)
  HIGHEST WIND SPEED    15   HIGHEST WIND DIRECTION    NW (300)
  HIGHEST GUST SPEED    18   HIGHEST GUST DIRECTION     W (290)
  AVERAGE WIND SPEED     8.5



WEATHER CONDITIONS
 THE FOLLOWING WEATHER WAS RECORDED YESTERDAY.
  RAIN
  LIGHT RAIN
  FOG


..........................................................


THE CHICAGO-MIDWAY CLIMATE NORMALS FOR TODAY
                         NORMAL    RECORD    YEAR
 MAXIMUM TEMPERATURE (F)   40        72      2012
 MINIMUM TEMPERATURE (F)   27        -8      1940


SUNRISE AND SUNSET
DECEMBER  3 2016......SUNRISE   701 AM CST   SUNSET   421 PM CST
DECEMBER  4 2016......SUNRISE   702 AM CST   SUNSET   420 PM CST


-  INDICATES NEGATIVE NUMBERS.
R  INDICATES RECORD WAS SET OR TIED.
MM INDICATES DATA IS MISSING.
T  INDICATES TRACE AMOUNT.




$$
