000
CDUS43 KLOT 092143
CLIMDW


CLIMATE REPORT
NATIONAL WEATHER SERVICE CHICAGO IL
439 PM CDT WED JUL 9 2014


...................................

...THE CHICAGO-MIDWAY CLIMATE SUMMARY FOR JULY 9 2014...
VALID TODAY AS OF 0400 PM LOCAL TIME.

CLIMATE NORMAL PERIOD 1981 TO 2010
CLIMATE RECORD PERIOD 1928 TO 2014


WEATHER ITEM   OBSERVED TIME   RECORD YEAR NORMAL DEPARTURE
                VALUE   (LST)  VALUE       VALUE  FROM
                                                  NORMAL
...............................................................
TEMPERATURE (F)
 TODAY
  MAXIMUM         81    259 PM 100    1936  85     -4
  MINIMUM         64    433 AM  51    1941  68     -4
  AVERAGE         73                        76     -3

PRECIPITATION (IN)
  TODAY            0.00          2.43 1946   0.12  -0.12
  MONTH TO DATE    1.18                      1.06   0.12
  SINCE JUN 1      8.90                      5.12   3.78
  SINCE JAN 1     20.19                     19.61   0.58

DEGREE DAYS
 HEATING
  TODAY            0                         0      0
  MONTH TO DATE    0                         0      0
  SINCE JUN 1      2                        31    -29
  SINCE JUL 1      0                         0      0

 COOLING
  TODAY            8                        11     -3
  MONTH TO DATE   73                        97    -24
  SINCE JUN 1    324                       307     17
  SINCE JAN 1    435                       381     54
...............................................................


WIND (MPH)
  RESULTANT WIND SPEED   3   RESULTANT WIND DIRECTION  NW (320)
  HIGHEST WIND SPEED    17   HIGHEST WIND DIRECTION    NW (320)
  HIGHEST GUST SPEED    22   HIGHEST GUST DIRECTION     W (280)
  AVERAGE WIND SPEED     5.6


SKY COVER
  POSSIBLE SUNSHINE  MM
  AVERAGE SKY COVER 0.4


WEATHER CONDITIONS
 THE FOLLOWING WEATHER WAS RECORDED TODAY.
  NO SIGNIFICANT WEATHER WAS OBSERVED.


..........................................................


THE CHICAGO-MIDWAY CLIMATE NORMALS FOR TOMORROW
                         NORMAL    RECORD    YEAR
 MAXIMUM TEMPERATURE (F)   85       106      1936
 MINIMUM TEMPERATURE (F)   68        51      1941


SUNRISE AND SUNSET
JULY  9 2014..........SUNRISE   525 AM CDT   SUNSET   827 PM CDT
JULY 10 2014..........SUNRISE   526 AM CDT   SUNSET   827 PM CDT


-  INDICATES NEGATIVE NUMBERS.
R  INDICATES RECORD WAS SET OR TIED.
MM INDICATES DATA IS MISSING.
T  INDICATES TRACE AMOUNT.




$$
