000
CDUS43 KLOT 210634
CLIMDW


CLIMATE REPORT
NATIONAL WEATHER SERVICE CHICAGO IL
1233 AM CST SUN DEC 21 2014


...................................

...THE CHICAGO-MIDWAY CLIMATE SUMMARY FOR DECEMBER 20 2014...

CLIMATE NORMAL PERIOD 1981 TO 2010
CLIMATE RECORD PERIOD 1928 TO 2014


WEATHER ITEM   OBSERVED TIME   RECORD YEAR NORMAL DEPARTURE LAST
                VALUE   (LST)  VALUE       VALUE  FROM      YEAR
                                                  NORMAL
..................................................................
TEMPERATURE (F)
 YESTERDAY
  MAXIMUM         35    152 PM  59    1988  34      1       37
                                      1949
  MINIMUM         32    947 AM  -9    1963  21     11       34
  AVERAGE         34                        28      6       36

PRECIPITATION (IN)
  YESTERDAY        T             1.12 2012   0.08  -0.08     0.13
  MONTH TO DATE    0.26                      1.75  -1.49     0.52
  SINCE DEC 1      0.26                      1.75  -1.49     0.52
  SINCE JAN 1     41.18                     38.27   2.91    34.09

DEGREE DAYS
 HEATING
  YESTERDAY       31                        37     -6       29
  MONTH TO DATE  599                       691    -92      787
  SINCE DEC 1    599                       691    -92      787
  SINCE JUL 1   1856                      1826     30     1985

 COOLING
  YESTERDAY        0                         0      0        0
  MONTH TO DATE    0                         0      0        0
  SINCE DEC 1      0                         0      0        0
  SINCE JAN 1   1066                      1045     21     1091
..................................................................


WIND (MPH)
  RESULTANT WIND SPEED   6   RESULTANT WIND DIRECTION   S (200)
  HIGHEST WIND SPEED    10   HIGHEST WIND DIRECTION    SW (240)
  HIGHEST GUST SPEED    17   HIGHEST GUST DIRECTION     S (180)
  AVERAGE WIND SPEED     5.9



WEATHER CONDITIONS
 THE FOLLOWING WEATHER WAS RECORDED YESTERDAY.
  LIGHT SNOW


..........................................................


THE CHICAGO-MIDWAY CLIMATE NORMALS FOR TODAY
                         NORMAL    RECORD    YEAR
 MAXIMUM TEMPERATURE (F)   34        62      1967
 MINIMUM TEMPERATURE (F)   21       -13      1989


SUNRISE AND SUNSET
DECEMBER 21 2014......SUNRISE   715 AM CST   SUNSET   423 PM CST
DECEMBER 22 2014......SUNRISE   715 AM CST   SUNSET   424 PM CST


-  INDICATES NEGATIVE NUMBERS.
R  INDICATES RECORD WAS SET OR TIED.
MM INDICATES DATA IS MISSING.
T  INDICATES TRACE AMOUNT.




$$
