000
CDUS43 KLOT 260632
CLIMDW


CLIMATE REPORT
NATIONAL WEATHER SERVICE CHICAGO IL
132 AM CDT MON SEP 26 2016


...................................

...THE CHICAGO-MIDWAY CLIMATE SUMMARY FOR SEPTEMBER 25 2016...

CLIMATE NORMAL PERIOD 1981 TO 2010
CLIMATE RECORD PERIOD 1928 TO 2016


WEATHER ITEM   OBSERVED TIME   RECORD YEAR NORMAL DEPARTURE LAST
                VALUE   (LST)  VALUE       VALUE  FROM      YEAR
                                                  NORMAL
..................................................................
TEMPERATURE (F)
 YESTERDAY
  MAXIMUM         86    356 PM  91    1986  72     14       76
                                      1933
  MINIMUM         65    650 AM  30    1942  53     12       64
  AVERAGE         76                        62     14       70

PRECIPITATION (IN)
  YESTERDAY        0.01          2.00 1931   0.12  -0.11     0.00
  MONTH TO DATE    0.59                      2.82  -2.23     5.07
  SINCE SEP 1      0.59                      2.82  -2.23     5.07
  SINCE JAN 1     25.24                     29.37  -4.13    22.63

DEGREE DAYS
 HEATING
  YESTERDAY        0                         5     -5        0
  MONTH TO DATE    0                        52    -52       14
  SINCE SEP 1      0                        52    -52       14
  SINCE JUL 1      0                        57    -57       20

 COOLING
  YESTERDAY       11                         2      9        5
  MONTH TO DATE  229                       111    118      207
  SINCE SEP 1    229                       111    118      207
  SINCE JAN 1   1421                      1021    400     1120
..................................................................


WIND (MPH)
  RESULTANT WIND SPEED   6   RESULTANT WIND DIRECTION   S (180)
  HIGHEST WIND SPEED    25   HIGHEST WIND DIRECTION     W (290)
  HIGHEST GUST SPEED    33   HIGHEST GUST DIRECTION     W (280)
  AVERAGE WIND SPEED    10.2



WEATHER CONDITIONS
 THE FOLLOWING WEATHER WAS RECORDED YESTERDAY.
  THUNDERSTORM


..........................................................


THE CHICAGO-MIDWAY CLIMATE NORMALS FOR TODAY
                         NORMAL    RECORD    YEAR
 MAXIMUM TEMPERATURE (F)   71        93      1998
 MINIMUM TEMPERATURE (F)   53        30      1928


SUNRISE AND SUNSET
SEPTEMBER 26 2016.....SUNRISE   643 AM CDT   SUNSET   640 PM CDT
SEPTEMBER 27 2016.....SUNRISE   644 AM CDT   SUNSET   639 PM CDT


-  INDICATES NEGATIVE NUMBERS.
R  INDICATES RECORD WAS SET OR TIED.
MM INDICATES DATA IS MISSING.
T  INDICATES TRACE AMOUNT.




$$
