000
CDUS44 KMEG 240733
CLIMEG


CLIMATE REPORT
NATIONAL WEATHER SERVICE MEMPHIS TN
132 AM CST MON NOV 24 2014


...................................

...THE MEMPHIS/GERMANTOWN WFO CLIMATE SUMMARY FOR NOVEMBER 23 2014...

CLIMATE NORMAL PERIOD 1981 TO 2010
CLIMATE RECORD PERIOD 1988 TO 2014


WEATHER ITEM   OBSERVED TIME   RECORD YEAR NORMAL DEPARTURE LAST
                VALUE   (LST)  VALUE       VALUE  FROM      YEAR
                                                  NORMAL
..................................................................
TEMPERATURE (F)
 YESTERDAY
  MAXIMUM         62    350 PM  72    2003  59      3       45
  MINIMUM         58   1050 AM  28    2006  38     20       29
  AVERAGE         60                        49     11       37

PRECIPITATION (IN)
  YESTERDAY        0.59          1.26 2010   0.19   0.40     0.01
  MONTH TO DATE    2.67                      3.94  -1.27     2.57
  SINCE SEP 1     12.16                     11.52   0.64     9.93
  SINCE JAN 1     55.12                     47.53   7.59    58.29

SNOWFALL (IN)
  YESTERDAY        0.0          MM      MM   0.0    0.0      0.0
  MONTH TO DATE    0.3                       0.0    0.3      0.0
  SINCE SEP 1      0.3                       0.0    0.3      0.0
  SINCE JUL 1      0.3                       0.0    0.3      0.0
  SNOW DEPTH       0

DEGREE DAYS
 HEATING
  YESTERDAY        5                        16    -11       28
  MONTH TO DATE  428                       289    139      311
  SINCE SEP 1    545                       473     72      451
  SINCE JUL 1    545                       473     72      451

 COOLING
  YESTERDAY        0                         0      0        0
  MONTH TO DATE    0                         7     -7        2
  SINCE SEP 1    384                       329     55      416
  SINCE JAN 1   1965                      1924     41     1964
..................................................................







THE MEMPHIS/GERMANTOWN WFO CLIMATE NORMALS FOR TODAY
                         NORMAL    RECORD    YEAR
 MAXIMUM TEMPERATURE (F)   59        76      2010
 MINIMUM TEMPERATURE (F)   38        22      2013


SUNRISE AND SUNSET
NOVEMBER 24 2014......SUNRISE   643 AM CST   SUNSET   449 PM CST
NOVEMBER 25 2014......SUNRISE   644 AM CST   SUNSET   449 PM CST


-  INDICATES NEGATIVE NUMBERS.
R  INDICATES RECORD WAS SET OR TIED.
MM INDICATES DATA IS MISSING.
T  INDICATES TRACE AMOUNT.




$$
