000
CDUS44 KMEG 312147
CLIMEG


CLIMATE REPORT
NATIONAL WEATHER SERVICE MEMPHIS TN
447 PM CDT WED AUG 31 2016


...................................

...THE MEMPHIS/GERMANTOWN WFO CLIMATE SUMMARY FOR AUGUST 31 2016...
VALID TODAY AS OF 0400 PM LOCAL TIME.

CLIMATE NORMAL PERIOD 1981 TO 2010
CLIMATE RECORD PERIOD 1988 TO 2016


WEATHER ITEM   OBSERVED TIME   RECORD YEAR NORMAL DEPARTURE LAST
                VALUE   (LST)  VALUE       VALUE  FROM      YEAR
                                                  NORMAL
..................................................................
TEMPERATURE (F)
 TODAY
  MAXIMUM         93        MM 101    2011  89      4       91
                                      2000
  MINIMUM         72        MM  55    1988  67      5       67
  AVERAGE         83                        78      5       79

PRECIPITATION (IN)
  TODAY            0.00          T    1989   0.10  -0.10     0.00
  MONTH TO DATE    4.70                      3.30   1.40     4.27
  SINCE JUN 1     14.79                     11.52   3.27    12.04
  SINCE JAN 1     51.24                     36.01  15.23    33.72

SNOWFALL (IN)
  TODAY            0.0

DEGREE DAYS
 HEATING
  TODAY            0                         0      0        0
  MONTH TO DATE    0                         0      0        0
  SINCE JUN 1      0                         2     -2        0
  SINCE JUL 1      0                         0      0        0

 COOLING
  TODAY           18                        13      5       14
  MONTH TO DATE  543                       467     76      421
  SINCE JUN 1   1591                      1344    247     1439
  SINCE JAN 1   1836                      1595    241     1739
..................................................................







THE MEMPHIS/GERMANTOWN WFO CLIMATE NORMALS FOR TOMORROW
                         NORMAL    RECORD    YEAR
 MAXIMUM TEMPERATURE (F)   89       100      2011
 MINIMUM TEMPERATURE (F)   67        56      2009


SUNRISE AND SUNSET
AUGUST 31 2016........SUNRISE   631 AM CDT   SUNSET   727 PM CDT
SEPTEMBER  1 2016.....SUNRISE   632 AM CDT   SUNSET   725 PM CDT


-  INDICATES NEGATIVE NUMBERS.
R  INDICATES RECORD WAS SET OR TIED.
MM INDICATES DATA IS MISSING.
T  INDICATES TRACE AMOUNT.




$$
