000
CDUS44 KMEG 190800
CLIMEG


CLIMATE REPORT
NATIONAL WEATHER SERVICE MEMPHIS TN
159 AM CST FRI JAN 19 2018


...................................

...THE MEMPHIS/GERMANTOWN WFO CLIMATE SUMMARY FOR JANUARY 18 2018...

CLIMATE NORMAL PERIOD 1981 TO 2010
CLIMATE RECORD PERIOD 1988 TO 2018


WEATHER ITEM   OBSERVED TIME   RECORD YEAR NORMAL DEPARTURE LAST
                VALUE   (LST)  VALUE       VALUE  FROM      YEAR
                                                  NORMAL
..................................................................
TEMPERATURE (F)
 YESTERDAY
  MAXIMUM         37    937 AM  71    1996  48    -11       54
  MINIMUM         10   1201 AM   9    1997  29    -19       43
  AVERAGE         24                        39    -15       49

PRECIPITATION (IN)
  YESTERDAY        0.00          1.01 2001   0.13  -0.13     0.01
  MONTH TO DATE    2.72                      2.31   0.41     2.63
  SINCE DEC 1      9.68                      8.25   1.43     9.94
  SINCE JAN 1      2.72                      2.31   0.41     2.63

SNOWFALL (IN)
  YESTERDAY        0.0           T    2016                   0.0
                                      2003
  MONTH TO DATE    3.8                                       1.0
  SINCE DEC 1      3.8                                       1.0
  SINCE JUL 1      3.8                                       1.0
  SNOW DEPTH       2

DEGREE DAYS
 HEATING
  YESTERDAY       41                        26     15       16
  MONTH TO DATE  629                       468    161      346
  SINCE DEC 1   1347                      1193    154     1021
  SINCE JUL 1   1852                      1792     60     1343

 COOLING
  YESTERDAY        0                         0      0        0
  MONTH TO DATE    0                         0      0        0
  SINCE DEC 1      0                         1     -1        5
  SINCE JAN 1      0                         0      0        0
..................................................................







THE MEMPHIS/GERMANTOWN WFO CLIMATE NORMALS FOR TODAY
                         NORMAL    RECORD    YEAR
 MAXIMUM TEMPERATURE (F)   48        65      1996
 MINIMUM TEMPERATURE (F)   29         7      1994


SUNRISE AND SUNSET
JANUARY 19 2018.......SUNRISE   706 AM CST   SUNSET   515 PM CST
JANUARY 20 2018.......SUNRISE   705 AM CST   SUNSET   516 PM CST


-  INDICATES NEGATIVE NUMBERS.
R  INDICATES RECORD WAS SET OR TIED.
MM INDICATES DATA IS MISSING.
T  INDICATES TRACE AMOUNT.




$$
