000
CDUS44 KMEG 230632
CLIMEG


CLIMATE REPORT
NATIONAL WEATHER SERVICE MEMPHIS TN
132 AM CDT SUN JUL 23 2017


...................................

...THE MEMPHIS/GERMANTOWN WFO CLIMATE SUMMARY FOR JULY 22 2017...

CLIMATE NORMAL PERIOD 1981 TO 2010
CLIMATE RECORD PERIOD 1988 TO 2017


WEATHER ITEM   OBSERVED TIME   RECORD YEAR NORMAL DEPARTURE LAST
                VALUE   (LST)  VALUE       VALUE  FROM      YEAR
                                                  NORMAL
..................................................................
TEMPERATURE (F)
 YESTERDAY
  MAXIMUM         98        MM  99    2016  91      7       99
  MINIMUM         77        MM  63    2007  71      6       76
  AVERAGE         88                        81      7       88

PRECIPITATION (IN)
  YESTERDAY        0.00          2.73 2013   0.16  -0.16     0.03
  MONTH TO DATE    3.97                      3.25   0.72     2.99
  SINCE JUN 1      8.05                      6.93   1.12     7.10
  SINCE JAN 1     28.96                     31.42  -2.46    43.55

SNOWFALL (IN)
  YESTERDAY        0.0          MM      MM                   0.0
  MONTH TO DATE    0.0                                       0.0
  SINCE JUN 1      0.0                                       0.0
  SINCE JUL 1      0.0                                       0.0
  SNOW DEPTH       0

DEGREE DAYS
 HEATING
  YESTERDAY        0                         0      0        0
  MONTH TO DATE    0                         0      0        0
  SINCE JUN 1      0                         2     -2        0
  SINCE JUL 1      0                         0      0        0

 COOLING
  YESTERDAY       23                        16      7       23
  MONTH TO DATE  387                       350     37      410
  SINCE JUN 1    772                       731     41      885
  SINCE JAN 1   1117                       982    135     1130
..................................................................







THE MEMPHIS/GERMANTOWN WFO CLIMATE NORMALS FOR TODAY
                         NORMAL    RECORD    YEAR
 MAXIMUM TEMPERATURE (F)   91        99      2005
 MINIMUM TEMPERATURE (F)   71        62      2009
                                             2006


SUNRISE AND SUNSET
JULY 23 2017..........SUNRISE   602 AM CDT   SUNSET   809 PM CDT
JULY 24 2017..........SUNRISE   603 AM CDT   SUNSET   808 PM CDT


-  INDICATES NEGATIVE NUMBERS.
R  INDICATES RECORD WAS SET OR TIED.
MM INDICATES DATA IS MISSING.
T  INDICATES TRACE AMOUNT.




$$
