000
CDUS44 KMEG 250640
CLIMEG


CLIMATE REPORT
NATIONAL WEATHER SERVICE MEMPHIS TN
140 AM CDT THU MAY 25 2017


...................................

...THE MEMPHIS/GERMANTOWN WFO CLIMATE SUMMARY FOR MAY 24 2017...

CLIMATE NORMAL PERIOD 1981 TO 2010
CLIMATE RECORD PERIOD 1988 TO 2017


WEATHER ITEM   OBSERVED TIME   RECORD YEAR NORMAL DEPARTURE LAST
                VALUE   (LST)  VALUE       VALUE  FROM      YEAR
                                                  NORMAL
..................................................................
TEMPERATURE (F)
 YESTERDAY
  MAXIMUM         70        MM  93    2006  83    -13       89
  MINIMUM         52        MM  48    1990  62    -10       62
  AVERAGE         61                        72    -11       76

PRECIPITATION (IN)
  YESTERDAY        0.42          1.73 2010   0.16   0.26     0.18
  MONTH TO DATE    2.27                      4.54  -2.27     2.87
  SINCE MAR 1     12.56                     14.81  -2.25    25.64
  SINCE JAN 1     17.77                     23.44  -5.67    34.59

SNOWFALL (IN)
  YESTERDAY        0.0          MM      MM                   0.0
  MONTH TO DATE    0.0                                       0.0
  SINCE MAR 1      0.4                                        T
  SINCE JUL 1      1.4                                       0.9
  SNOW DEPTH       0

DEGREE DAYS
 HEATING
  YESTERDAY        4                         1      3        0
  MONTH TO DATE   29                        38     -9       38
  SINCE MAR 1    398                       665   -267      398
  SINCE JUL 1   2239                      3411  -1172     2485

 COOLING
  YESTERDAY        0                         8     -8       11
  MONTH TO DATE   69                       125    -56       86
  SINCE MAR 1    215                       190     25      159
  SINCE JAN 1    229                       191     38      159
..................................................................







THE MEMPHIS/GERMANTOWN WFO CLIMATE NORMALS FOR TODAY
                         NORMAL    RECORD    YEAR
 MAXIMUM TEMPERATURE (F)   83        93      2012
                                             2006
 MINIMUM TEMPERATURE (F)   62        48      2001


SUNRISE AND SUNSET
MAY 25 2017...........SUNRISE   549 AM CDT   SUNSET   804 PM CDT
MAY 26 2017...........SUNRISE   548 AM CDT   SUNSET   805 PM CDT


-  INDICATES NEGATIVE NUMBERS.
R  INDICATES RECORD WAS SET OR TIED.
MM INDICATES DATA IS MISSING.
T  INDICATES TRACE AMOUNT.




$$
