000
CDUS44 KMEG 270638
CLIMEG


CLIMATE REPORT
NATIONAL WEATHER SERVICE MEMPHIS TN
138 AM CDT TUE SEP 27 2016


...................................

...THE MEMPHIS/GERMANTOWN WFO CLIMATE SUMMARY FOR SEPTEMBER 26 2016...

CLIMATE NORMAL PERIOD 1981 TO 2010
CLIMATE RECORD PERIOD 1988 TO 2016


WEATHER ITEM   OBSERVED TIME   RECORD YEAR NORMAL DEPARTURE LAST
                VALUE   (LST)  VALUE       VALUE  FROM      YEAR
                                                  NORMAL
..................................................................
TEMPERATURE (F)
 YESTERDAY
  MAXIMUM         76        MM  93    1998  81     -5       77
  MINIMUM         57        MM  41    2001  57      0       61
  AVERAGE         67                        69     -2       69

PRECIPITATION (IN)
  YESTERDAY        0.00          0.39 1993   0.13  -0.13     0.07
  MONTH TO DATE    0.56                      2.77  -2.21     1.32
  SINCE SEP 1      0.56                      2.77  -2.21     1.32
  SINCE JAN 1     51.80                     38.78  13.02    35.04

SNOWFALL (IN)
  YESTERDAY        0.0          MM      MM   0.0    0.0      0.0
  MONTH TO DATE    0.0                       0.0    0.0      0.0
  SINCE SEP 1      0.0                       0.0    0.0      0.0
  SINCE JUL 1      0.0                       0.0    0.0      0.0
  SNOW DEPTH       0

DEGREE DAYS
 HEATING
  YESTERDAY        0                         1     -1        0
  MONTH TO DATE    0                         9     -9        2
  SINCE SEP 1      0                         9     -9        2
  SINCE JUL 1      0                         9     -9        2

 COOLING
  YESTERDAY        2                         5     -3        4
  MONTH TO DATE  383                       239    144      278
  SINCE SEP 1    383                       239    144      278
  SINCE JAN 1   2219                      1834    385     2017
..................................................................







THE MEMPHIS/GERMANTOWN WFO CLIMATE NORMALS FOR TODAY
                         NORMAL    RECORD    YEAR
 MAXIMUM TEMPERATURE (F)   81        93      1998
 MINIMUM TEMPERATURE (F)   57        40      1991


SUNRISE AND SUNSET
SEPTEMBER 27 2016.....SUNRISE   651 AM CDT   SUNSET   648 PM CDT
SEPTEMBER 28 2016.....SUNRISE   652 AM CDT   SUNSET   647 PM CDT


-  INDICATES NEGATIVE NUMBERS.
R  INDICATES RECORD WAS SET OR TIED.
MM INDICATES DATA IS MISSING.
T  INDICATES TRACE AMOUNT.




$$
