000
CDUS44 KMEG 210742
CLIMEG


CLIMATE REPORT
NATIONAL WEATHER SERVICE MEMPHIS TN
142 AM CST SAT JAN 21 2017


...................................

...THE MEMPHIS/GERMANTOWN WFO CLIMATE SUMMARY FOR JANUARY 20 2017...

CLIMATE NORMAL PERIOD 1981 TO 2010
CLIMATE RECORD PERIOD 1988 TO 2017


WEATHER ITEM   OBSERVED TIME   RECORD YEAR NORMAL DEPARTURE LAST
                VALUE   (LST)  VALUE       VALUE  FROM      YEAR
                                                  NORMAL
..................................................................
TEMPERATURE (F)
 YESTERDAY
  MAXIMUM         67R   200 PM  67    1999  49     18       36
  MINIMUM         56    545 AM   7    1994  30     26       31
  AVERAGE         62                        39     23       34

PRECIPITATION (IN)
  YESTERDAY        0.00          0.57 2010   0.13  -0.13     0.29
  MONTH TO DATE    3.27                      2.57   0.70     2.07
  SINCE DEC 1     10.58                      8.51   2.07     7.62
  SINCE JAN 1      3.27                      2.57   0.70     2.07

SNOWFALL (IN)
  YESTERDAY        0.0           2.0  2011                   0.0
  MONTH TO DATE    1.0                                        T
  SINCE DEC 1      1.0                                        T
  SINCE JUL 1      1.0                                        T
  SNOW DEPTH       0

DEGREE DAYS
 HEATING
  YESTERDAY        3                        26    -23       31
  MONTH TO DATE  363                       520   -157      537
  SINCE DEC 1   1038                      1245   -207      934
  SINCE JUL 1   1360                      1844   -484     1315

 COOLING
  YESTERDAY        0                         0      0        0
  MONTH TO DATE    0                         0      0        0
  SINCE DEC 1      5                         1      4       13
  SINCE JAN 1      0                         0      0        0
..................................................................







THE MEMPHIS/GERMANTOWN WFO CLIMATE NORMALS FOR TODAY
                         NORMAL    RECORD    YEAR
 MAXIMUM TEMPERATURE (F)   49        66      1997
 MINIMUM TEMPERATURE (F)   30        15      2011
                                             1994


SUNRISE AND SUNSET
JANUARY 21 2017.......SUNRISE   705 AM CST   SUNSET   517 PM CST
JANUARY 22 2017.......SUNRISE   704 AM CST   SUNSET   518 PM CST


-  INDICATES NEGATIVE NUMBERS.
R  INDICATES RECORD WAS SET OR TIED.
MM INDICATES DATA IS MISSING.
T  INDICATES TRACE AMOUNT.




$$
