000
CDUS44 KMEG 190630
CLIMEG


CLIMATE REPORT
NATIONAL WEATHER SERVICE MEMPHIS TN
1229 AM CST SUN NOV 19 2017


...................................

...THE MEMPHIS/GERMANTOWN WFO CLIMATE SUMMARY FOR NOVEMBER 18 2017...

CLIMATE NORMAL PERIOD 1981 TO 2010
CLIMATE RECORD PERIOD 1988 TO 2017


WEATHER ITEM   OBSERVED TIME   RECORD YEAR NORMAL DEPARTURE LAST
                VALUE   (LST)  VALUE       VALUE  FROM      YEAR
                                                  NORMAL
..................................................................
TEMPERATURE (F)
 YESTERDAY
  MAXIMUM         75    230 PM  78    2016  61     14       78
  MINIMUM         45   1158 PM  18    2014  40      5       44
  AVERAGE         60                        51      9       61

PRECIPITATION (IN)
  YESTERDAY        0.16          1.02 2015   0.19  -0.03     0.57
  MONTH TO DATE    1.91                      2.97  -1.06     1.03
  SINCE SEP 1      6.89                     10.55  -3.66     3.23
  SINCE JAN 1     46.08                     46.56  -0.48    54.47

SNOWFALL (IN)
  YESTERDAY        0.0          MM      MM                   0.0
  MONTH TO DATE    0.0                                       0.0
  SINCE SEP 1      0.0                                       0.0
  SINCE JUL 1      0.0                                       0.0
  SNOW DEPTH       0

DEGREE DAYS
 HEATING
  YESTERDAY        5                        15    -10        4
  MONTH TO DATE  158                       211    -53      103
  SINCE SEP 1    312                       395    -83      132
  SINCE JUL 1    312                       395    -83      132

 COOLING
  YESTERDAY        0                         0      0        0
  MONTH TO DATE   18                         7     11       26
  SINCE SEP 1    432                       329    103      587
  SINCE JAN 1   2124                      1924    200     2423
..................................................................







THE MEMPHIS/GERMANTOWN WFO CLIMATE NORMALS FOR TODAY
                         NORMAL    RECORD    YEAR
 MAXIMUM TEMPERATURE (F)   61        75      2007
 MINIMUM TEMPERATURE (F)   39        28      2008


SUNRISE AND SUNSET
NOVEMBER 19 2017......SUNRISE   638 AM CST   SUNSET   451 PM CST
NOVEMBER 20 2017......SUNRISE   639 AM CST   SUNSET   450 PM CST


-  INDICATES NEGATIVE NUMBERS.
R  INDICATES RECORD WAS SET OR TIED.
MM INDICATES DATA IS MISSING.
T  INDICATES TRACE AMOUNT.




$$
