000
CDUS44 KMEG 280736
CLIMEG


CLIMATE REPORT
NATIONAL WEATHER SERVICE MEMPHIS TN
136 AM CST SUN DEC 28 2014


...................................

...THE MEMPHIS/GERMANTOWN WFO CLIMATE SUMMARY FOR DECEMBER 27 2014...

CLIMATE NORMAL PERIOD 1981 TO 2010
CLIMATE RECORD PERIOD 1988 TO 2014


WEATHER ITEM   OBSERVED TIME   RECORD YEAR NORMAL DEPARTURE LAST
                VALUE   (LST)  VALUE       VALUE  FROM      YEAR
                                                  NORMAL
..................................................................
TEMPERATURE (F)
 YESTERDAY
  MAXIMUM         55        MM  76    2008  49      6       57
  MINIMUM         47        MM  19    1995  30     17       25
  AVERAGE         51                        40     11       41

PRECIPITATION (IN)
  YESTERDAY        0.33          0.95 1990   0.17   0.16     0.00
  MONTH TO DATE    2.48                      5.26  -2.78     5.35
  SINCE DEC 1      2.48                      5.26  -2.78     5.35
  SINCE JAN 1     57.63                     54.21   3.42    63.92

SNOWFALL (IN)
  YESTERDAY        0.0          MM      MM   0.0    0.0      0.0
  MONTH TO DATE    T                         0.1   -0.1       T
  SINCE DEC 1      T                         0.1   -0.1       T
  SINCE JUL 1      0.3                       0.1    0.2       T
  SNOW DEPTH       0

DEGREE DAYS
 HEATING
  YESTERDAY       14                        26    -12       24
  MONTH TO DATE  499                       621   -122      612
  SINCE DEC 1    499                       621   -122      612
  SINCE JUL 1   1178                      1220    -42     1272

 COOLING
  YESTERDAY        0                         0      0        0
  MONTH TO DATE    0                         0      0        1
  SINCE DEC 1      0                         0      0        1
  SINCE JAN 1   1967                      1926     41     1965
..................................................................







THE MEMPHIS/GERMANTOWN WFO CLIMATE NORMALS FOR TODAY
                         NORMAL    RECORD    YEAR
 MAXIMUM TEMPERATURE (F)   49        68      1988
 MINIMUM TEMPERATURE (F)   30        21      2010


SUNRISE AND SUNSET
DECEMBER 28 2014......SUNRISE   706 AM CST   SUNSET   455 PM CST
DECEMBER 29 2014......SUNRISE   707 AM CST   SUNSET   456 PM CST


-  INDICATES NEGATIVE NUMBERS.
R  INDICATES RECORD WAS SET OR TIED.
MM INDICATES DATA IS MISSING.
T  INDICATES TRACE AMOUNT.




$$
