000
CDUS44 KMEG 010635
CLIMEG


CLIMATE REPORT
NATIONAL WEATHER SERVICE MEMPHIS TN
135 AM CDT TUE SEP 1 2015


...................................

...THE MEMPHIS/GERMANTOWN WFO CLIMATE SUMMARY FOR AUGUST 31 2015...

CLIMATE NORMAL PERIOD 1981 TO 2010
CLIMATE RECORD PERIOD 1988 TO 2015


WEATHER ITEM   OBSERVED TIME   RECORD YEAR NORMAL DEPARTURE LAST
                VALUE   (LST)  VALUE       VALUE  FROM      YEAR
                                                  NORMAL
..................................................................
TEMPERATURE (F)
 YESTERDAY
  MAXIMUM         91    250 PM 101    2011  89      2       89
                                      2000
  MINIMUM         67    650 AM  55    1988  67      0       72
  AVERAGE         79                        78      1       81

PRECIPITATION (IN)
  YESTERDAY        0.00          T    1989   0.10  -0.10     0.28
  MONTH TO DATE    4.27                      3.30   0.97     1.34
  SINCE JUN 1     12.04                     11.52   0.52    17.38
  SINCE JAN 1     33.72                     36.01  -2.29    42.96

SNOWFALL (IN)
  YESTERDAY        0.0          MM      MM   0.0    0.0      0.0
  MONTH TO DATE    0.0                       0.0    0.0      0.0
  SINCE JUN 1      0.0                       0.0    0.0      0.0
  SINCE JUL 1      0.0                       0.0    0.0      0.0
  SNOW DEPTH       0

DEGREE DAYS
 HEATING
  YESTERDAY        0                         0      0        0
  MONTH TO DATE    0                         0      0        0
  SINCE JUN 1      0                         2     -2        0
  SINCE JUL 1      0                         0      0        0

 COOLING
  YESTERDAY       14                        13      1       16
  MONTH TO DATE  421                       467    -46      508
  SINCE JUN 1   1439                      1344     95     1282
  SINCE JAN 1   1739                      1595    144     1581
..................................................................







THE MEMPHIS/GERMANTOWN WFO CLIMATE NORMALS FOR TODAY
                         NORMAL    RECORD    YEAR
 MAXIMUM TEMPERATURE (F)   89       100      2011
 MINIMUM TEMPERATURE (F)   67        56      2009


SUNRISE AND SUNSET
SEPTEMBER  1 2015.....SUNRISE   632 AM CDT   SUNSET   726 PM CDT
SEPTEMBER  2 2015.....SUNRISE   632 AM CDT   SUNSET   725 PM CDT


-  INDICATES NEGATIVE NUMBERS.
R  INDICATES RECORD WAS SET OR TIED.
MM INDICATES DATA IS MISSING.
T  INDICATES TRACE AMOUNT.




$$
