000
CDUS44 KJAN 282130
CLIMEI


CLIMATE REPORT
NATIONAL WEATHER SERVICE JACKSON MS
427 PM CDT FRI APR 28 2017


...................................

...THE MERIDIAN CLIMATE SUMMARY FOR APRIL 28 2017...
VALID TODAY AS OF 0400 PM LOCAL TIME.

CLIMATE NORMAL PERIOD 1981 TO 2010
CLIMATE RECORD PERIOD 1889 TO 2017


WEATHER ITEM   OBSERVED TIME   RECORD YEAR NORMAL DEPARTURE LAST
                VALUE   (LST)  VALUE       VALUE  FROM      YEAR
                                                  NORMAL
..................................................................
TEMPERATURE (F)
 TODAY
  MAXIMUM         89    247 PM  90    2002  79     10       87
                                      1970
                                      1899
  MINIMUM         59    215 AM  39    2010  53      6       62
                                      1978
  AVERAGE         74                        66      8       75

PRECIPITATION (IN)
  TODAY            0.00          3.96 1945   0.15  -0.15     0.00
  MONTH TO DATE    7.28                      4.50   2.78     3.85
  SINCE MAR 1     13.05                      9.92   3.13    16.23
  SINCE JAN 1     22.62                     20.65   1.97    23.72

SNOWFALL (IN)
  TODAY            0.0           0.0    MM   0.0    0.0      0.0
  MONTH TO DATE    0.0                       0.1   -0.1      0.0
  SINCE MAR 1      0.0                       0.3   -0.3      0.0
  SINCE JUL 1      0.8                       0.6    0.2       T

DEGREE DAYS
 HEATING
  TODAY            0                         2     -2        0
  MONTH TO DATE   31                       126    -95       63
  SINCE MAR 1    221                       433   -212      245
  SINCE JUL 1   1349                      2530  -1181     1807

 COOLING
  TODAY            9                         3      6       10
  MONTH TO DATE  121                        52     69       49
  SINCE MAR 1    195                        69    126       81
  SINCE JAN 1    241                        76    165       86
..................................................................


WIND (MPH)
  HIGHEST WIND SPEED    29   HIGHEST WIND DIRECTION     S (190)
  HIGHEST GUST SPEED    37   HIGHEST GUST DIRECTION     S (190)
  AVERAGE WIND SPEED    11.4


SKY COVER
  POSSIBLE SUNSHINE  MM
  AVERAGE SKY COVER 0.6


WEATHER CONDITIONS
 THE FOLLOWING WEATHER WAS RECORDED TODAY.
  FOG


RELATIVE HUMIDITY (PERCENT)
 HIGHEST   100           400 AM
 LOWEST     55          1200 PM
 AVERAGE    78

..........................................................


THE MERIDIAN CLIMATE NORMALS FOR TOMORROW
                         NORMAL    RECORD    YEAR
 MAXIMUM TEMPERATURE (F)   79        91      1970
 MINIMUM TEMPERATURE (F)   53        39      1992


SUNRISE AND SUNSET
APRIL 28 2017.........SUNRISE   611 AM CDT   SUNSET   734 PM CDT
APRIL 29 2017.........SUNRISE   610 AM CDT   SUNSET   735 PM CDT


-  INDICATES NEGATIVE NUMBERS.
R  INDICATES RECORD WAS SET OR TIED.
MM INDICATES DATA IS MISSING.
T  INDICATES TRACE AMOUNT.




$$
