000
CDUS44 KJAN 110628
CLIMEI


CLIMATE REPORT
NATIONAL WEATHER SERVICE JACKSON MS
1226 AM CST MON DEC 11 2017


...................................

...THE MERIDIAN CLIMATE SUMMARY FOR DECEMBER 10 2017...

CLIMATE NORMAL PERIOD 1981 TO 2010
CLIMATE RECORD PERIOD 1889 TO 2017


WEATHER ITEM   OBSERVED TIME   RECORD YEAR NORMAL DEPARTURE LAST
                VALUE   (LST)  VALUE       VALUE  FROM      YEAR
                                                  NORMAL
..................................................................
TEMPERATURE (F)
 YESTERDAY
  MAXIMUM         56    304 PM  81    2007  60     -4       54
  MINIMUM         25    707 AM  16    1995  36    -11       26
  AVERAGE         41                        48     -7       40

PRECIPITATION (IN)
  YESTERDAY        0.00          2.57 2008   0.18  -0.18     0.00
  MONTH TO DATE    1.81                      1.81   0.00     1.43
  SINCE DEC 1      1.81                      1.81   0.00     1.43
  SINCE JAN 1     59.58                     52.91   6.67    43.26

SNOWFALL (IN)
  YESTERDAY        0.0           0.0  2001   0.0    0.0      0.0
  MONTH TO DATE    5.0                       0.0    5.0      0.0
  SINCE DEC 1      5.0                       0.0    5.0      0.0
  SINCE JUL 1      5.0                       0.0    5.0      0.0

DEGREE DAYS
 HEATING
  YESTERDAY       24                        17      7       25
  MONTH TO DATE  167                       161      6      164
  SINCE DEC 1    167                       161      6      164
  SINCE JUL 1    508                       611   -103      373

 COOLING
  YESTERDAY        0                         0      0        0
  MONTH TO DATE    0                         0      0        0
  SINCE DEC 1      0                         0      0        0
  SINCE JAN 1   2542                      2029    513     2856
..................................................................


WIND (MPH)
  HIGHEST WIND SPEED    13   HIGHEST WIND DIRECTION    SW (240)
  HIGHEST GUST SPEED    19   HIGHEST GUST DIRECTION    SW (230)
  AVERAGE WIND SPEED     4.3


SKY COVER
  POSSIBLE SUNSHINE  MM
  AVERAGE SKY COVER 0.0


WEATHER CONDITIONS
 THE FOLLOWING WEATHER WAS RECORDED YESTERDAY.
  NO SIGNIFICANT WEATHER WAS OBSERVED.


RELATIVE HUMIDITY (PERCENT)
 HIGHEST    92          1200 AM
 LOWEST     32           200 PM
 AVERAGE    62

..........................................................


THE MERIDIAN CLIMATE NORMALS FOR TODAY
                         NORMAL    RECORD    YEAR
 MAXIMUM TEMPERATURE (F)   60        81      1931
 MINIMUM TEMPERATURE (F)   36        16      1898


SUNRISE AND SUNSET
DECEMBER 11 2017......SUNRISE   646 AM CST   SUNSET   450 PM CST
DECEMBER 12 2017......SUNRISE   647 AM CST   SUNSET   451 PM CST


-  INDICATES NEGATIVE NUMBERS.
R  INDICATES RECORD WAS SET OR TIED.
MM INDICATES DATA IS MISSING.
T  INDICATES TRACE AMOUNT.




$$
