000
CDUS44 KJAN 270645
CLIMEI


CLIMATE REPORT
NATIONAL WEATHER SERVICE JACKSON MS
144 AM CDT WED JUL 27 2016


...................................

...THE MERIDIAN CLIMATE SUMMARY FOR JULY 26 2016...

CLIMATE NORMAL PERIOD 1981 TO 2010
CLIMATE RECORD PERIOD 1889 TO 2016


WEATHER ITEM   OBSERVED TIME   RECORD YEAR NORMAL DEPARTURE LAST
                VALUE   (LST)  VALUE       VALUE  FROM      YEAR
                                                  NORMAL
..................................................................
TEMPERATURE (F)
 YESTERDAY
  MAXIMUM         96    127 PM  99    1987  92      4       95
                                      1960
                                      1944
  MINIMUM         74    527 AM  59    1911  70      4       72
  AVERAGE         85                        81      4       84

PRECIPITATION (IN)
  YESTERDAY        0.08          1.09 1958   0.16  -0.08     0.00
  MONTH TO DATE    1.70                      4.34  -2.64     3.57
  SINCE JUN 1      6.61                      8.74  -2.13     8.54
  SINCE JAN 1     31.60                     34.17  -2.57    31.60

SNOWFALL (IN)
  YESTERDAY        0.0           0.0    MM   0.0    0.0      0.0
  MONTH TO DATE    0.0                       0.0    0.0      0.0
  SINCE JUN 1      0.0                       0.0    0.0      0.0
  SINCE JUL 1      0.0                       0.0    0.0      0.0

DEGREE DAYS
 HEATING
  YESTERDAY        0                         0      0        0
  MONTH TO DATE    0                         0      0        0
  SINCE JUN 1      0                         0      0        0
  SINCE JUL 1      0                         0      0        0

 COOLING
  YESTERDAY       20                        16      4       19
  MONTH TO DATE  536                       407    129      450
  SINCE JUN 1   1080                       787    293      866
  SINCE JAN 1   1392                      1070    322     1231
..................................................................


WIND (MPH)
  HIGHEST WIND SPEED    15   HIGHEST WIND DIRECTION    SE (140)
  HIGHEST GUST SPEED    20   HIGHEST GUST DIRECTION    SE (140)
  AVERAGE WIND SPEED     5.7


SKY COVER
  POSSIBLE SUNSHINE  MM
  AVERAGE SKY COVER 0.4


WEATHER CONDITIONS
 THE FOLLOWING WEATHER WAS RECORDED YESTERDAY.
  THUNDERSTORM
  LIGHT RAIN


RELATIVE HUMIDITY (PERCENT)
 HIGHEST    87          1200 AM
 LOWEST     49          1200 PM
 AVERAGE    68

..........................................................


THE MERIDIAN CLIMATE NORMALS FOR TODAY
                         NORMAL    RECORD    YEAR
 MAXIMUM TEMPERATURE (F)   92       102      1952
 MINIMUM TEMPERATURE (F)   70        59      1911


SUNRISE AND SUNSET
JULY 27 2016..........SUNRISE   607 AM CDT   SUNSET   756 PM CDT
JULY 28 2016..........SUNRISE   607 AM CDT   SUNSET   755 PM CDT


-  INDICATES NEGATIVE NUMBERS.
R  INDICATES RECORD WAS SET OR TIED.
MM INDICATES DATA IS MISSING.
T  INDICATES TRACE AMOUNT.




$$
