000
CDUS44 KJAN 080816
CLIMEI


CLIMATE REPORT
NATIONAL WEATHER SERVICE JACKSON MS
214 AM CST MON FEB 8 2016


...................................

...THE MERIDIAN CLIMATE SUMMARY FOR FEBRUARY 7 2016...

CLIMATE NORMAL PERIOD 1981 TO 2010
CLIMATE RECORD PERIOD 1889 TO 2016


WEATHER ITEM   OBSERVED TIME   RECORD YEAR NORMAL DEPARTURE LAST
                VALUE   (LST)  VALUE       VALUE  FROM      YEAR
                                                  NORMAL
..................................................................
TEMPERATURE (F)
 YESTERDAY
  MAXIMUM         60    338 PM  80    1999  59      1       68
  MINIMUM         25    712 AM  12    1895  35    -10       27
  AVERAGE         43                        47     -4       48

PRECIPITATION (IN)
  YESTERDAY        0.00          2.13 1890   0.21  -0.21     0.00
  MONTH TO DATE    0.70                      1.44  -0.74     0.37
  SINCE DEC 1     10.02                     11.63  -1.61    15.76
  SINCE JAN 1      3.94                      6.57  -2.63     7.08

SNOWFALL (IN)
  YESTERDAY        0.0           T    2002   0.0    0.0      0.0
                                      1899
                                      1895
  MONTH TO DATE    0.0                       0.0    0.0      0.0
  SINCE DEC 1      T                         0.3   -0.3      0.0
  SINCE JUL 1      T                         0.3   -0.3      0.0

DEGREE DAYS
 HEATING
  YESTERDAY       22                        18      4       17
  MONTH TO DATE  106                       131    -25      154
  SINCE DEC 1   1012                      1318   -306     1229
  SINCE JUL 1   1263                      1768   -505     1778

 COOLING
  YESTERDAY        0                         0      0        0
  MONTH TO DATE    4                         0      4        0
  SINCE DEC 1     47                         9     38        0
  SINCE JAN 1      4                         3      1        0
..................................................................


WIND (MPH)
  HIGHEST WIND SPEED    14   HIGHEST WIND DIRECTION     W (290)
  HIGHEST GUST SPEED    18   HIGHEST GUST DIRECTION     W (290)
  AVERAGE WIND SPEED     3.3


SKY COVER
  POSSIBLE SUNSHINE  MM
  AVERAGE SKY COVER 0.0


WEATHER CONDITIONS
 THE FOLLOWING WEATHER WAS RECORDED YESTERDAY.
  LIGHT RAIN


RELATIVE HUMIDITY (PERCENT)
 HIGHEST    92           300 AM
 LOWEST     21           400 PM
 AVERAGE    57

..........................................................


THE MERIDIAN CLIMATE NORMALS FOR TODAY
                         NORMAL    RECORD    YEAR
 MAXIMUM TEMPERATURE (F)   59        84      1957
 MINIMUM TEMPERATURE (F)   35         6      1895


SUNRISE AND SUNSET
FEBRUARY  8 2016......SUNRISE   644 AM CST   SUNSET   534 PM CST
FEBRUARY  9 2016......SUNRISE   643 AM CST   SUNSET   535 PM CST


-  INDICATES NEGATIVE NUMBERS.
R  INDICATES RECORD WAS SET OR TIED.
MM INDICATES DATA IS MISSING.
T  INDICATES TRACE AMOUNT.




$$
