000
CDUS44 KJAN 250826
CLIMEI


CLIMATE REPORT
NATIONAL WEATHER SERVICE JACKSON MS
316 AM CDT MON MAY 25 2015


...................................

...THE MERIDIAN CLIMATE SUMMARY FOR MAY 24 2015...

CLIMATE NORMAL PERIOD 1981 TO 2010
CLIMATE RECORD PERIOD 1889 TO 2015


WEATHER ITEM   OBSERVED TIME   RECORD YEAR NORMAL DEPARTURE LAST
                VALUE   (LST)  VALUE       VALUE  FROM      YEAR
                                                  NORMAL
..................................................................
TEMPERATURE (F)
 YESTERDAY
  MAXIMUM         86   1229 PM  95    1996  85      1       84
  MINIMUM         65    413 AM  45    1892  61      4       64
  AVERAGE         76                        73      3       74

PRECIPITATION (IN)
  YESTERDAY        0.45          1.92 1909   0.14   0.31     0.00
  MONTH TO DATE    1.06                      3.49  -2.43     1.47
  SINCE MAR 1     11.12                     13.69  -2.57    21.24
  SINCE JAN 1     21.96                     24.42  -2.46    30.59

SNOWFALL (IN)
  YESTERDAY        0.0           0.0    MM   0.0    0.0      0.0
  MONTH TO DATE    0.0                       0.0    0.0      0.0
  SINCE MAR 1      T                         0.3   -0.3      0.0
  SINCE JUL 1      T                         0.6   -0.6      2.5

DEGREE DAYS
 HEATING
  YESTERDAY        0                         0      0        0
  MONTH TO DATE    6                        16    -10       21
  SINCE MAR 1    263                       453   -190      489
  SINCE JUL 1   2504                      2550    -46     2865

 COOLING
  YESTERDAY       11                         8      3        9
  MONTH TO DATE  154                       137     17      131
  SINCE MAR 1    294                       213     81      192
  SINCE JAN 1    294                       220     74      199
..................................................................


WIND (MPH)
  HIGHEST WIND SPEED    28   HIGHEST WIND DIRECTION    SE (140)
  HIGHEST GUST SPEED    40   HIGHEST GUST DIRECTION     S (170)
  AVERAGE WIND SPEED     7.5


SKY COVER
  POSSIBLE SUNSHINE  MM
  AVERAGE SKY COVER 0.4


WEATHER CONDITIONS
 THE FOLLOWING WEATHER WAS RECORDED YESTERDAY.
  THUNDERSTORM
  RAIN
  LIGHT RAIN
  FOG
  HAZE


RELATIVE HUMIDITY (PERCENT)
 HIGHEST    93           300 AM
 LOWEST     59          1200 PM
 AVERAGE    76

..........................................................


THE MERIDIAN CLIMATE NORMALS FOR TODAY
                         NORMAL    RECORD    YEAR
 MAXIMUM TEMPERATURE (F)   85        95      1953
 MINIMUM TEMPERATURE (F)   61        47      1979


SUNRISE AND SUNSET
MAY 25 2015...........SUNRISE   552 AM CDT   SUNSET   753 PM CDT
MAY 26 2015...........SUNRISE   551 AM CDT   SUNSET   753 PM CDT


-  INDICATES NEGATIVE NUMBERS.
R  INDICATES RECORD WAS SET OR TIED.
MM INDICATES DATA IS MISSING.
T  INDICATES TRACE AMOUNT.




$$
