000
CDUS44 KJAN 290838
CLIMEI


CLIMATE REPORT
NATIONAL WEATHER SERVICE JACKSON MS
337 AM CDT SUN MAY 29 2016


...................................

...THE MERIDIAN CLIMATE SUMMARY FOR MAY 28 2016...

CLIMATE NORMAL PERIOD 1981 TO 2010
CLIMATE RECORD PERIOD 1889 TO 2016


WEATHER ITEM   OBSERVED TIME   RECORD YEAR NORMAL DEPARTURE LAST
                VALUE   (LST)  VALUE       VALUE  FROM      YEAR
                                                  NORMAL
..................................................................
TEMPERATURE (F)
 YESTERDAY
  MAXIMUM         89   1215 PM  96    1962  86      3       85
  MINIMUM         68   1159 PM  42    1961  62      6       68
  AVERAGE         79                        74      5       77

PRECIPITATION (IN)
  YESTERDAY        0.00          3.05 1996   0.14  -0.14      T
  MONTH TO DATE    0.96                      4.06  -3.10     1.47
  SINCE MAR 1     17.49                     14.26   3.23    11.53
  SINCE JAN 1     24.98                     24.99  -0.01    22.37

SNOWFALL (IN)
  YESTERDAY        0.0           0.0    MM   0.0    0.0      0.0
  MONTH TO DATE    0.0                       0.0    0.0      0.0
  SINCE MAR 1      0.0                       0.3   -0.3       T
  SINCE JUL 1      T                         0.6   -0.6       T

DEGREE DAYS
 HEATING
  YESTERDAY        0                         0      0        0
  MONTH TO DATE    8                        16     -8        6
  SINCE MAR 1    253                       453   -200      263
  SINCE JUL 1   1815                      2550   -735     2504

 COOLING
  YESTERDAY       14                         9      5       12
  MONTH TO DATE  162                       172    -10      194
  SINCE MAR 1    258                       248     10      334
  SINCE JAN 1    263                       255      8      334
..................................................................


WIND (MPH)
  HIGHEST WIND SPEED    17   HIGHEST WIND DIRECTION     S (160)
  HIGHEST GUST SPEED    22   HIGHEST GUST DIRECTION    SE (140)
  AVERAGE WIND SPEED     5.7


SKY COVER
  POSSIBLE SUNSHINE  MM
  AVERAGE SKY COVER 0.0


WEATHER CONDITIONS
 THE FOLLOWING WEATHER WAS RECORDED YESTERDAY.
  NO SIGNIFICANT WEATHER WAS OBSERVED.


RELATIVE HUMIDITY (PERCENT)
 HIGHEST    84           300 AM
 LOWEST     42          1000 AM
 AVERAGE    63

..........................................................


THE MERIDIAN CLIMATE NORMALS FOR TODAY
                         NORMAL    RECORD    YEAR
 MAXIMUM TEMPERATURE (F)   86        98      1911
 MINIMUM TEMPERATURE (F)   62        48      1984
                                             1901


SUNRISE AND SUNSET
MAY 29 2016...........SUNRISE   550 AM CDT   SUNSET   756 PM CDT
MAY 30 2016...........SUNRISE   549 AM CDT   SUNSET   756 PM CDT


-  INDICATES NEGATIVE NUMBERS.
R  INDICATES RECORD WAS SET OR TIED.
MM INDICATES DATA IS MISSING.
T  INDICATES TRACE AMOUNT.




$$
