000
CDUS44 KJAN 030652
CLIMEI


CLIMATE REPORT
NATIONAL WEATHER SERVICE JACKSON MS
148 AM CDT MON AUG 3 2015


...................................

...THE MERIDIAN CLIMATE SUMMARY FOR AUGUST 2 2015...

CLIMATE NORMAL PERIOD 1981 TO 2010
CLIMATE RECORD PERIOD 1889 TO 2015


WEATHER ITEM   OBSERVED TIME   RECORD YEAR NORMAL DEPARTURE LAST
                VALUE   (LST)  VALUE       VALUE  FROM      YEAR
                                                  NORMAL
..................................................................
TEMPERATURE (F)
 YESTERDAY
  MAXIMUM         96    324 PM 102    2010  92      4       88
                                      1999
  MINIMUM         66    540 AM  60    1965  70     -4       71
  AVERAGE         81                        81      0       80

PRECIPITATION (IN)
  YESTERDAY        0.00          1.85 1908   0.15  -0.15     0.00
  MONTH TO DATE    0.00                      0.30  -0.30      T
  SINCE JUN 1      8.54                      9.84  -1.30     4.34
  SINCE JAN 1     31.60                     35.27  -3.67    36.06

SNOWFALL (IN)
  YESTERDAY        0.0           0.0  2002   0.0    0.0      0.0
                                      2001
  MONTH TO DATE    0.0                       0.0    0.0      0.0
  SINCE JUN 1      0.0                       0.0    0.0      0.0
  SINCE JUL 1      0.0                       0.0    0.0      0.0

DEGREE DAYS
 HEATING
  YESTERDAY        0                         0      0        0
  MONTH TO DATE    0                         0      0        0
  SINCE JUN 1      0                         0      0        0
  SINCE JUL 1      0                         0      0        0

 COOLING
  YESTERDAY       16                        16      0       15
  MONTH TO DATE   31                        32     -1       25
  SINCE JUN 1    994                       896     98      860
  SINCE JAN 1   1359                      1179    180     1130
..................................................................


WIND (MPH)
  HIGHEST WIND SPEED    14   HIGHEST WIND DIRECTION    NE (40)
  HIGHEST GUST SPEED    17   HIGHEST GUST DIRECTION     N (20)
  AVERAGE WIND SPEED     3.8


SKY COVER
  POSSIBLE SUNSHINE  MM
  AVERAGE SKY COVER 0.0


WEATHER CONDITIONS
 THE FOLLOWING WEATHER WAS RECORDED YESTERDAY.
  NO SIGNIFICANT WEATHER WAS OBSERVED.


RELATIVE HUMIDITY (PERCENT)
 HIGHEST    93           200 AM
 LOWEST     27           300 PM
 AVERAGE    60

..........................................................


THE MERIDIAN CLIMATE NORMALS FOR TODAY
                         NORMAL    RECORD    YEAR
 MAXIMUM TEMPERATURE (F)   92       102      2010
 MINIMUM TEMPERATURE (F)   70        60      1965


SUNRISE AND SUNSET
AUGUST  3 2015........SUNRISE   611 AM CDT   SUNSET   751 PM CDT
AUGUST  4 2015........SUNRISE   612 AM CDT   SUNSET   750 PM CDT


-  INDICATES NEGATIVE NUMBERS.
R  INDICATES RECORD WAS SET OR TIED.
MM INDICATES DATA IS MISSING.
T  INDICATES TRACE AMOUNT.




$$
