000
CDUS44 KJAN 270657
CLIMEI


CLIMATE REPORT
NATIONAL WEATHER SERVICE JACKSON MS
1254 AM CST THU NOV 27 2014


...................................

...THE MERIDIAN CLIMATE SUMMARY FOR NOVEMBER 26 2014...

CLIMATE NORMAL PERIOD 1981 TO 2010
CLIMATE RECORD PERIOD 1889 TO 2014


WEATHER ITEM   OBSERVED TIME   RECORD YEAR NORMAL DEPARTURE LAST
                VALUE   (LST)  VALUE       VALUE  FROM      YEAR
                                                  NORMAL
..................................................................
TEMPERATURE (F)
 YESTERDAY
  MAXIMUM         63    315 PM  85    1973  64     -1       47
  MINIMUM         27    649 AM  20    1950  39    -12       38
  AVERAGE         45                        52     -7       43

PRECIPITATION (IN)
  YESTERDAY        0.00          2.93 1948   0.18  -0.18     1.64
  MONTH TO DATE    3.18                      4.19  -1.01     4.77
  SINCE SEP 1      7.16                     11.38  -4.22    10.40
  SINCE JAN 1     45.52                     50.34  -4.82    59.92

SNOWFALL (IN)
  YESTERDAY        0.0           0.0  2001   0.0    0.0      0.0
  MONTH TO DATE    0.0                       0.0    0.0      0.0
  SINCE SEP 1      0.0                       0.0    0.0      0.0
  SINCE JUL 1      0.0                       0.0    0.0      0.0

DEGREE DAYS
 HEATING
  YESTERDAY       20                        14      6       22
  MONTH TO DATE  408                       268    140      310
  SINCE SEP 1    491                       392     99      398
  SINCE JUL 1    491                       392     99      398

 COOLING
  YESTERDAY        0                         0      0        0
  MONTH TO DATE    0                        13    -13        5
  SINCE SEP 1    492                       406     86      461
  SINCE JAN 1   2085                      2026     59     2041
..................................................................


WIND (MPH)
  HIGHEST WIND SPEED    20   HIGHEST WIND DIRECTION    SW (220)
  HIGHEST GUST SPEED    26   HIGHEST GUST DIRECTION     S (200)
  AVERAGE WIND SPEED     5.9


SKY COVER
  POSSIBLE SUNSHINE  MM
  AVERAGE SKY COVER 0.0


WEATHER CONDITIONS
 THE FOLLOWING WEATHER WAS RECORDED YESTERDAY.
  NO SIGNIFICANT WEATHER WAS OBSERVED.


RELATIVE HUMIDITY (PERCENT)
 HIGHEST    92           300 AM
 LOWEST     27           100 PM
 AVERAGE    60

..........................................................


THE MERIDIAN CLIMATE NORMALS FOR TODAY
                         NORMAL    RECORD    YEAR
 MAXIMUM TEMPERATURE (F)   64        84      1973
 MINIMUM TEMPERATURE (F)   39        21      1903


SUNRISE AND SUNSET
NOVEMBER 27 2014......SUNRISE   635 AM CST   SUNSET   450 PM CST
NOVEMBER 28 2014......SUNRISE   636 AM CST   SUNSET   450 PM CST


-  INDICATES NEGATIVE NUMBERS.
R  INDICATES RECORD WAS SET OR TIED.
MM INDICATES DATA IS MISSING.
T  INDICATES TRACE AMOUNT.




$$
