000
CDUS44 KMEG 220733
CLIMEM


CLIMATE REPORT
NATIONAL WEATHER SERVICE MEMPHIS TN
133 AM CST WED FEB 22 2017


...................................

...THE MEMPHIS CLIMATE SUMMARY FOR FEBRUARY 21 2017...

CLIMATE NORMAL PERIOD 1981 TO 2010
CLIMATE RECORD PERIOD 1872 TO 2017


WEATHER ITEM   OBSERVED TIME   RECORD YEAR NORMAL DEPARTURE LAST
                VALUE   (LST)  VALUE       VALUE  FROM      YEAR
                                                  NORMAL
..................................................................
TEMPERATURE (F)
 YESTERDAY
  MAXIMUM         70   1231 AM  78    1922  57     13       71
  MINIMUM         59    813 AM  15    1963  38     21       59
  AVERAGE         65                        47     18       65

PRECIPITATION (IN)
  YESTERDAY        0.14          3.24 1971   0.16  -0.02     0.04
  MONTH TO DATE    1.14                      3.25  -2.11     3.55
  SINCE DEC 1     12.73                     12.97  -0.24    10.59
  SINCE JAN 1      5.40                      7.23  -1.83     5.82

SNOWFALL (IN)
  YESTERDAY        0.0           1.1  1968   0.1   -0.1      0.0
  MONTH TO DATE    0.0                       1.1   -1.1      0.0
  SINCE DEC 1      2.0                       3.2   -1.2      0.3
  SINCE JUL 1      2.0                       3.2   -1.2      0.3
  SNOW DEPTH       0

DEGREE DAYS
 HEATING
  YESTERDAY        0                        18    -18        0
  MONTH TO DATE  242                       430   -188      367
  SINCE DEC 1   1375                      1833   -458     1451
  SINCE JUL 1   1645                      2332   -687     1752

 COOLING
  YESTERDAY        0                         0      0        0
  MONTH TO DATE   14                         0     14        1
  SINCE DEC 1     19                         3     16       22
  SINCE JAN 1     16                         1     15        3
..................................................................


WIND (MPH)
  HIGHEST WIND SPEED    17   HIGHEST WIND DIRECTION    SE (120)
  HIGHEST GUST SPEED    23   HIGHEST GUST DIRECTION     W (250)
  AVERAGE WIND SPEED     8.8


SKY COVER
  POSSIBLE SUNSHINE  MM
  AVERAGE SKY COVER 1.0


WEATHER CONDITIONS
 THE FOLLOWING WEATHER WAS RECORDED YESTERDAY.
  RAIN
  LIGHT RAIN
  FOG
  HAZE


RELATIVE HUMIDITY (PERCENT)
 HIGHEST    97           400 AM
 LOWEST     51          1200 AM
 AVERAGE    74

..........................................................


THE MEMPHIS CLIMATE NORMALS FOR TODAY
                         NORMAL    RECORD    YEAR
 MAXIMUM TEMPERATURE (F)   57        75      1922
                                             1909
 MINIMUM TEMPERATURE (F)   38        10      1963


SUNRISE AND SUNSET
FEBRUARY 22 2017......SUNRISE   638 AM CST   SUNSET   549 PM CST
FEBRUARY 23 2017......SUNRISE   637 AM CST   SUNSET   550 PM CST


-  INDICATES NEGATIVE NUMBERS.
R  INDICATES RECORD WAS SET OR TIED.
MM INDICATES DATA IS MISSING.
T  INDICATES TRACE AMOUNT.


$$
