000
CDUS44 KMEG 252200
CLIMEM


CLIMATE REPORT
NATIONAL WEATHER SERVICE MEMPHIS TN
459 PM CDT THU AUG 25 2016


...................................

...THE MEMPHIS CLIMATE SUMMARY FOR AUGUST 25 2016...
VALID TODAY AS OF 0400 PM LOCAL TIME.

CLIMATE NORMAL PERIOD 1981 TO 2010
CLIMATE RECORD PERIOD 1872 TO 2016


WEATHER ITEM   OBSERVED TIME   RECORD YEAR NORMAL DEPARTURE LAST
                VALUE   (LST)  VALUE       VALUE  FROM      YEAR
                                                  NORMAL
..................................................................
TEMPERATURE (F)
 TODAY
  MAXIMUM         97    142 PM 101    1943  91      6       85
  MINIMUM         76    345 PM  56    1891  72      4       61
  AVERAGE         87                        81      6       73

PRECIPITATION (IN)
  TODAY            0.93          1.93 2008   0.08   0.85     0.00
  MONTH TO DATE    5.05                      2.43   2.62     4.11
  SINCE JUN 1     14.24                     10.65   3.59    13.75
  SINCE JAN 1     49.33                     34.93  14.40    33.97

SNOWFALL (IN)
  TODAY            0.0

DEGREE DAYS
 HEATING
  TODAY            0                         0      0        0
  MONTH TO DATE    0                         0      0        0
  SINCE JUN 1      0                         0      0        0
  SINCE JUL 1      0                         0      0        0

 COOLING
  TODAY           22                        16      6        8
  MONTH TO DATE  488                       435     53      414
  SINCE JUN 1   1669                      1422    247     1504
  SINCE JAN 1   1974                      1743    231     1858
..................................................................


WIND (MPH)
  HIGHEST WIND SPEED    35   HIGHEST WIND DIRECTION    NW (320)
  HIGHEST GUST SPEED    45   HIGHEST GUST DIRECTION     S (200)
  AVERAGE WIND SPEED     4.3


SKY COVER
  POSSIBLE SUNSHINE  MM
  AVERAGE SKY COVER 0.3


WEATHER CONDITIONS
 THE FOLLOWING WEATHER WAS RECORDED TODAY.
  THUNDERSTORM
  HEAVY RAIN
  RAIN
  LIGHT RAIN


RELATIVE HUMIDITY (PERCENT)
 HIGHEST    85          1200 AM
 LOWEST     51           200 PM
 AVERAGE    68

..........................................................


THE MEMPHIS CLIMATE NORMALS FOR TOMORROW
                         NORMAL    RECORD    YEAR
 MAXIMUM TEMPERATURE (F)   91       103      1943
 MINIMUM TEMPERATURE (F)   72        55      1958


SUNRISE AND SUNSET
AUGUST 25 2016........SUNRISE   628 AM CDT   SUNSET   735 PM CDT
AUGUST 26 2016........SUNRISE   629 AM CDT   SUNSET   734 PM CDT


-  INDICATES NEGATIVE NUMBERS.
R  INDICATES RECORD WAS SET OR TIED.
MM INDICATES DATA IS MISSING.
T  INDICATES TRACE AMOUNT.




$$
