000
CDUS44 KMEG 290646
CLIMEM


CLIMATE REPORT
NATIONAL WEATHER SERVICE MEMPHIS TN
145 AM CDT FRI MAY 29 2015


...................................

...THE MEMPHIS CLIMATE SUMMARY FOR MAY 28 2015...

CLIMATE NORMAL PERIOD 1981 TO 2010
CLIMATE RECORD PERIOD 1872 TO 2015


WEATHER ITEM   OBSERVED TIME   RECORD YEAR NORMAL DEPARTURE LAST
                VALUE   (LST)  VALUE       VALUE  FROM      YEAR
                                                  NORMAL
..................................................................
TEMPERATURE (F)
 YESTERDAY
  MAXIMUM         84    304 PM  97    1911  85     -1       81
  MINIMUM         69    234 AM  44    1961  66      3       68
  AVERAGE         77                        75      2       75

PRECIPITATION (IN)
  YESTERDAY        0.00          3.86 1893   0.16  -0.16     0.25
  MONTH TO DATE    4.10                      4.79  -0.69     3.77
  SINCE MAR 1     12.65                     15.45  -2.80    17.29
  SINCE JAN 1     18.30                     23.82  -5.52    25.41

SNOWFALL (IN)
  YESTERDAY        0.0          MM      MM   0.0    0.0      0.0
  MONTH TO DATE    0.0                       0.0    0.0      0.0
  SINCE MAR 1      3.6                       0.4    3.2      0.5
  SINCE JUL 1      6.1                       3.8    2.3      0.8
  SNOW DEPTH       0

DEGREE DAYS
 HEATING
  YESTERDAY        0                         0      0        0
  MONTH TO DATE   13                        17     -4       49
  SINCE MAR 1    461                       512    -51      658
  SINCE JUL 1   3184                      2962    222     3484

 COOLING
  YESTERDAY       12                        10      2       10
  MONTH TO DATE  232                       194     38      221
  SINCE MAR 1    322                       286     36      277
  SINCE JAN 1    322                       289     33      277
..................................................................


WIND (MPH)
  HIGHEST WIND SPEED    10   HIGHEST WIND DIRECTION    SE (150)
  HIGHEST GUST SPEED    16   HIGHEST GUST DIRECTION    SE (140)
  AVERAGE WIND SPEED     5.4


SKY COVER
  POSSIBLE SUNSHINE  MM
  AVERAGE SKY COVER 0.8


WEATHER CONDITIONS
 THE FOLLOWING WEATHER WAS RECORDED YESTERDAY.
  NO SIGNIFICANT WEATHER WAS OBSERVED.


RELATIVE HUMIDITY (PERCENT)
 HIGHEST    90           100 AM
 LOWEST     55           500 PM
 AVERAGE    73

..........................................................


THE MEMPHIS CLIMATE NORMALS FOR TODAY
                         NORMAL    RECORD    YEAR
 MAXIMUM TEMPERATURE (F)   85        96      1977
                                             1879
 MINIMUM TEMPERATURE (F)   66        50      1964


SUNRISE AND SUNSET
MAY 29 2015...........SUNRISE   548 AM CDT   SUNSET   807 PM CDT
MAY 30 2015...........SUNRISE   548 AM CDT   SUNSET   807 PM CDT


-  INDICATES NEGATIVE NUMBERS.
R  INDICATES RECORD WAS SET OR TIED.
MM INDICATES DATA IS MISSING.
T  INDICATES TRACE AMOUNT.




$$
