000
CDUS44 KMEG 140734
CLIMEM


CLIMATE REPORT
NATIONAL WEATHER SERVICE MEMPHIS TN
133 AM CST SUN FEB 14 2016


...................................

...THE MEMPHIS CLIMATE SUMMARY FOR FEBRUARY 13 2016...

CLIMATE NORMAL PERIOD 1981 TO 2010
CLIMATE RECORD PERIOD 1872 TO 2016


WEATHER ITEM   OBSERVED TIME   RECORD YEAR NORMAL DEPARTURE LAST
                VALUE   (LST)  VALUE       VALUE  FROM      YEAR
                                                  NORMAL
..................................................................
TEMPERATURE (F)
 YESTERDAY
  MAXIMUM         40    241 PM  81    1962  54    -14       43
  MINIMUM         28    816 AM  -6    1899  36     -8       24
  AVERAGE         34                        45    -11       34

PRECIPITATION (IN)
  YESTERDAY        0.00          2.04 1950   0.15  -0.15     0.00
  MONTH TO DATE    1.74                      1.98  -0.24     0.72
  SINCE DEC 1      8.78                     11.70  -2.92     4.62
  SINCE JAN 1      4.01                      5.96  -1.95     2.02

SNOWFALL (IN)
  YESTERDAY        0.0           2.2  1905   0.0    0.0      0.0
  MONTH TO DATE    0.0                       0.7   -0.7      0.0
  SINCE DEC 1      0.3                       2.8   -2.5      0.0
  SINCE JUL 1      0.3                       2.8   -2.5      0.2
  SNOW DEPTH       0

DEGREE DAYS
 HEATING
  YESTERDAY       31                        20     11       31
  MONTH TO DATE  274                       279     -5      300
  SINCE DEC 1   1358                      1682   -324     1612
  SINCE JUL 1   1659                      2181   -522     2221

 COOLING
  YESTERDAY        0                         0      0        0
  MONTH TO DATE    1                         0      1        0
  SINCE DEC 1     22                         3     19        0
  SINCE JAN 1      3                         1      2        0
..................................................................


WIND (MPH)
  HIGHEST WIND SPEED    21   HIGHEST WIND DIRECTION     N (20)
  HIGHEST GUST SPEED    28   HIGHEST GUST DIRECTION    NW (330)
  AVERAGE WIND SPEED    10.7


SKY COVER
  POSSIBLE SUNSHINE  MM
  AVERAGE SKY COVER 0.4


WEATHER CONDITIONS
 THE FOLLOWING WEATHER WAS RECORDED YESTERDAY.
  NO SIGNIFICANT WEATHER WAS OBSERVED.


RELATIVE HUMIDITY (PERCENT)
 HIGHEST    59          1200 AM
 LOWEST     25           300 PM
 AVERAGE    42

..........................................................


THE MEMPHIS CLIMATE NORMALS FOR TODAY
                         NORMAL    RECORD    YEAR
 MAXIMUM TEMPERATURE (F)   54        77      1976
                                             1949
 MINIMUM TEMPERATURE (F)   36         5      1905


SUNRISE AND SUNSET
FEBRUARY 14 2016......SUNRISE   647 AM CST   SUNSET   541 PM CST
FEBRUARY 15 2016......SUNRISE   646 AM CST   SUNSET   542 PM CST


-  INDICATES NEGATIVE NUMBERS.
R  INDICATES RECORD WAS SET OR TIED.
MM INDICATES DATA IS MISSING.
T  INDICATES TRACE AMOUNT.




$$
