002
CDUS44 KMEG 290641
CLIMEM


CLIMATE REPORT
NATIONAL WEATHER SERVICE MEMPHIS TN
140 AM CDT FRI APR 29 2016


...................................

...THE MEMPHIS CLIMATE SUMMARY FOR APRIL 28 2016...

CLIMATE NORMAL PERIOD 1981 TO 2010
CLIMATE RECORD PERIOD 1872 TO 2016


WEATHER ITEM   OBSERVED TIME   RECORD YEAR NORMAL DEPARTURE LAST
                VALUE   (LST)  VALUE       VALUE  FROM      YEAR
                                                  NORMAL
..................................................................
TEMPERATURE (F)
 YESTERDAY
  MAXIMUM         85    354 PM  87    2002  76      9       63
                                      1981
                                      1899
  MINIMUM         65    533 AM  39    1992  57      8       54
  AVERAGE         75                        67      8       59

PRECIPITATION (IN)
  YESTERDAY        0.00          2.58 1991   0.18  -0.18      T
  MONTH TO DATE    3.80                      5.13  -1.33     3.07
  SINCE MAR 1     20.00                     10.29   9.71     8.55
  SINCE JAN 1     27.85                     18.66   9.19    14.20

SNOWFALL (IN)
  YESTERDAY        0.0          MM      MM   0.0    0.0      0.0
  MONTH TO DATE    0.0                       0.0    0.0      0.0
  SINCE MAR 1      0.0                       0.4   -0.4      3.6
  SINCE JUL 1      0.3                       3.8   -3.5      6.1
  SNOW DEPTH       0

DEGREE DAYS
 HEATING
  YESTERDAY        0                         2     -2        6
  MONTH TO DATE   80                       133    -53       67
  SINCE MAR 1    293                       491   -198      445
  SINCE JUL 1   2164                      2941   -777     3168

 COOLING
  YESTERDAY       10                         4      6        0
  MONTH TO DATE   74                        68      6       84
  SINCE MAR 1     95                        85     10       90
  SINCE JAN 1     98                        88     10       90
..................................................................


WIND (MPH)
  HIGHEST WIND SPEED    14   HIGHEST WIND DIRECTION     S (200)
  HIGHEST GUST SPEED    21   HIGHEST GUST DIRECTION    SW (230)
  AVERAGE WIND SPEED     4.6


SKY COVER
  POSSIBLE SUNSHINE  MM
  AVERAGE SKY COVER 0.2


WEATHER CONDITIONS
 THE FOLLOWING WEATHER WAS RECORDED YESTERDAY.
  NO SIGNIFICANT WEATHER WAS OBSERVED.


RELATIVE HUMIDITY (PERCENT)
 HIGHEST    90          1200 AM
 LOWEST     31           500 PM
 AVERAGE    61

..........................................................


THE MEMPHIS CLIMATE NORMALS FOR TODAY
                         NORMAL    RECORD    YEAR
 MAXIMUM TEMPERATURE (F)   77        91      1952
 MINIMUM TEMPERATURE (F)   57        39      1908


SUNRISE AND SUNSET
APRIL 29 2016.........SUNRISE   611 AM CDT   SUNSET   744 PM CDT
APRIL 30 2016.........SUNRISE   610 AM CDT   SUNSET   745 PM CDT


-  INDICATES NEGATIVE NUMBERS.
R  INDICATES RECORD WAS SET OR TIED.
MM INDICATES DATA IS MISSING.
T  INDICATES TRACE AMOUNT.




$$
