000
CDUS44 KMEG 302153
CLIMEM


CLIMATE REPORT
NATIONAL WEATHER SERVICE MEMPHIS TN
453 PM CDT SUN AUG 30 2015


...................................

...THE MEMPHIS CLIMATE SUMMARY FOR AUGUST 30 2015...
VALID TODAY AS OF 0400 PM LOCAL TIME.

CLIMATE NORMAL PERIOD 1981 TO 2010
CLIMATE RECORD PERIOD 1872 TO 2015


WEATHER ITEM   OBSERVED TIME   RECORD YEAR NORMAL DEPARTURE LAST
                VALUE   (LST)  VALUE       VALUE  FROM      YEAR
                                                  NORMAL
..................................................................
TEMPERATURE (F)
 TODAY
  MAXIMUM         91    255 PM 107    2000  90      1       81
  MINIMUM         74    617 AM  54    1946  71      3       74
  AVERAGE         83                        80      3       78

PRECIPITATION (IN)
  TODAY            T             2.56 1962   0.07  -0.07     0.68
  MONTH TO DATE    4.11                      2.80   1.31     1.63
  SINCE JUN 1     13.75                     11.02   2.73    17.59
  SINCE JAN 1     33.97                     35.30  -1.33    43.55

SNOWFALL (IN)
  TODAY            0.0

DEGREE DAYS
 HEATING
  TODAY            0                         0      0        0
  MONTH TO DATE    0                         0      0        0
  SINCE JUN 1      0                         0      0        0
  SINCE JUL 1      0                         0      0        0

 COOLING
  TODAY           18                        15      3       13
  MONTH TO DATE  479                       514    -35      535
  SINCE JUN 1   1569                      1501     68     1379
  SINCE JAN 1   1923                      1822    101     1690
..................................................................


WIND (MPH)
  HIGHEST WIND SPEED    12   HIGHEST WIND DIRECTION     S (160)
  HIGHEST GUST SPEED    16   HIGHEST GUST DIRECTION    SE (150)
  AVERAGE WIND SPEED     5.1


SKY COVER
  POSSIBLE SUNSHINE  MM
  AVERAGE SKY COVER 0.9


WEATHER CONDITIONS
 THE FOLLOWING WEATHER WAS RECORDED TODAY.
  THUNDERSTORM


RELATIVE HUMIDITY (PERCENT)
 HIGHEST    87           500 AM
 LOWEST     41           100 PM
 AVERAGE    64

..........................................................


THE MEMPHIS CLIMATE NORMALS FOR TOMORROW
                         NORMAL    RECORD    YEAR
 MAXIMUM TEMPERATURE (F)   90       103      2000
                                             1951
 MINIMUM TEMPERATURE (F)   71        48      1946


SUNRISE AND SUNSET
AUGUST 30 2015........SUNRISE   631 AM CDT   SUNSET   730 PM CDT
AUGUST 31 2015........SUNRISE   632 AM CDT   SUNSET   728 PM CDT


-  INDICATES NEGATIVE NUMBERS.
R  INDICATES RECORD WAS SET OR TIED.
MM INDICATES DATA IS MISSING.
T  INDICATES TRACE AMOUNT.




$$
