000
CDUS44 KBRO 300628
CLIMFE


CLIMATE REPORT
NATIONAL WEATHER SERVICE BROWNSVILLE TX
128 AM CDT TUE JUN 30 2015


...................................

...THE MCALLEN CLIMATE SUMMARY FOR JUNE 29 2015...

CLIMATE NORMAL PERIOD 1981 TO 2010
CLIMATE RECORD PERIOD 1941 TO 2015


WEATHER ITEM   OBSERVED TIME   RECORD YEAR NORMAL DEPARTURE LAST
                VALUE   (LST)  VALUE       VALUE  FROM      YEAR
                                                  NORMAL
..................................................................
TEMPERATURE (F)
 YESTERDAY
  MAXIMUM         96    324 PM 104    2013  97     -1       99
  MINIMUM         77    538 AM  64    1974  76      1       80
  AVERAGE         87                        86      1

PRECIPITATION (IN)
  YESTERDAY        T             1.49 1991   0.08  -0.08     0.00
  MONTH TO DATE    5.38                      2.51   2.87     0.30
  SINCE JUN 1      5.38                      2.51   2.87     0.30
  SINCE JAN 1     16.85                      9.29   7.56     3.18

SNOWFALL (IN)
  YESTERDAY        0.0
  MONTH TO DATE    0.0
  SINCE JUN 1      0.0
  SINCE JUL 1      0.0

DEGREE DAYS
 HEATING
  YESTERDAY        0                         0      0        0
  MONTH TO DATE    0                         0      0        0
  SINCE JUN 1      0                         0      0        0
  SINCE JUL 1    756                       579    177      883

 COOLING
  YESTERDAY       22                        21      1       25
  MONTH TO DATE  621                       603     18      647
  SINCE JUN 1    621                       603     18      647
  SINCE JAN 1   1866                      1858      8     1703
..................................................................


WIND (MPH)
  HIGHEST WIND SPEED    28   HIGHEST WIND DIRECTION    SE (140)
  HIGHEST GUST SPEED    35   HIGHEST GUST DIRECTION    SE (150)
  AVERAGE WIND SPEED    12.1



WEATHER CONDITIONS
 THE FOLLOWING WEATHER WAS RECORDED YESTERDAY.
  THUNDERSTORM
  LIGHT RAIN
  FOG
  HAZE


RELATIVE HUMIDITY (PERCENT)
 HIGHEST    91
 LOWEST     43
 AVERAGE    67

..........................................................


THE MCALLEN CLIMATE NORMALS FOR TODAY
                         NORMAL    RECORD    YEAR
 MAXIMUM TEMPERATURE (F)   97       103      2009
 MINIMUM TEMPERATURE (F)   76        65      1974


SUNRISE AND SUNSET
JUNE 30 2015..........SUNRISE   644 AM CDT   SUNSET   829 PM CDT
JULY  1 2015..........SUNRISE   644 AM CDT   SUNSET   829 PM CDT


-  INDICATES NEGATIVE NUMBERS.
R  INDICATES RECORD WAS SET OR TIED.
MM INDICATES DATA IS MISSING.
T  INDICATES TRACE AMOUNT.




$$
