000
CDUS44 KBRO 022128
CLIMFE


CLIMATE REPORT
NATIONAL WEATHER SERVICE BROWNSVILLE TX
427 PM CDT WED SEP 2 2015


...................................

...THE MCALLEN CLIMATE SUMMARY FOR SEPTEMBER 2 2015...
VALID TODAY AS OF 0400 PM LOCAL TIME.

CLIMATE NORMAL PERIOD 1981 TO 2010
CLIMATE RECORD PERIOD 1941 TO 2015


WEATHER ITEM   OBSERVED TIME   RECORD YEAR NORMAL DEPARTURE LAST
                VALUE   (LST)  VALUE       VALUE  FROM      YEAR
                                                  NORMAL
..................................................................
TEMPERATURE (F)
 TODAY
  MAXIMUM         96    254 PM 102    2011  96      0       95
  MINIMUM         79    503 AM  69    1950  76      3       79
                                      1990
  AVERAGE         88                        86      2       87

PRECIPITATION (IN)
  TODAY            0.00          2.15 1990   0.15  -0.15     0.04
  MONTH TO DATE    0.71                      0.29   0.42     0.04
  SINCE SEP 1      0.71                      0.29   0.42     0.04
  SINCE JAN 1     20.47                     13.86   6.61     6.90

SNOWFALL (IN)
  TODAY            0.0
  MONTH TO DATE    0.0
  SINCE SEP 1      0.0
  SINCE JUL 1      0.0
  SNOW DEPTH       0

DEGREE DAYS
 HEATING
  TODAY            0                         0      0        0
  MONTH TO DATE    0                         0      0        0
  SINCE SEP 1      0                         0      0        0
  SINCE JUL 1      0                         0      0        0

 COOLING
  TODAY           23                        21      2       22
  MONTH TO DATE   43                        42      1       45
  SINCE SEP 1     43                        42      1       45
  SINCE JAN 1   3470                      3293    177     3240
..................................................................


WIND (MPH)
  HIGHEST WIND SPEED    20   HIGHEST WIND DIRECTION     E (110)
  HIGHEST GUST SPEED    23   HIGHEST GUST DIRECTION     E (110)
  AVERAGE WIND SPEED     6.8



WEATHER CONDITIONS
 THE FOLLOWING WEATHER WAS RECORDED TODAY.
  NO SIGNIFICANT WEATHER WAS OBSERVED.


..........................................................


THE MCALLEN CLIMATE NORMALS FOR TOMORROW
                         NORMAL    RECORD    YEAR
 MAXIMUM TEMPERATURE (F)   96       106      2011
 MINIMUM TEMPERATURE (F)   76        67      1950


SUNRISE AND SUNSET
SEPTEMBER  2 2015.....SUNRISE   713 AM CDT   SUNSET   752 PM CDT
SEPTEMBER  3 2015.....SUNRISE   714 AM CDT   SUNSET   751 PM CDT


-  INDICATES NEGATIVE NUMBERS.
R  INDICATES RECORD WAS SET OR TIED.
MM INDICATES DATA IS MISSING.
T  INDICATES TRACE AMOUNT.




$$
