000
CDUS44 KBRO 260629
CLIMFE


CLIMATE REPORT
NATIONAL WEATHER SERVICE BROWNSVILLE TX
128 AM CDT TUE SEP 26 2017


...................................

...THE MCALLEN CLIMATE SUMMARY FOR SEPTEMBER 25 2017...

CLIMATE NORMAL PERIOD 1981 TO 2010
CLIMATE RECORD PERIOD 1961 TO 2017


WEATHER ITEM   OBSERVED TIME   RECORD YEAR NORMAL DEPARTURE LAST
                VALUE   (LST)  VALUE       VALUE  FROM      YEAR
                                                  NORMAL
..................................................................
TEMPERATURE (F)
 YESTERDAY
  MAXIMUM         99    312 PM 104    2011  91      8      102
                                      2005
  MINIMUM         78    659 AM  59    1989  72      6       81
                                      1975
  AVERAGE         89                        81      8

PRECIPITATION (IN)
  YESTERDAY        0.00          2.83 1965   0.12  -0.12     0.00
  MONTH TO DATE    0.84                      3.88  -3.04     0.68
  SINCE SEP 1      0.84                      3.88  -3.04     0.68
  SINCE JAN 1      7.63                     17.45  -9.82     9.98

SNOWFALL (IN)
  YESTERDAY        0.0
  MONTH TO DATE    0.0
  SINCE SEP 1      0.0
  SINCE JUL 1      0.0

DEGREE DAYS
 HEATING
  YESTERDAY        0                         0      0        0
  MONTH TO DATE    0                         0      0        0
  SINCE SEP 1      0                         0      0        0
  SINCE JUL 1      0                         0      0        0

 COOLING
  YESTERDAY       24                        16      8       27
  MONTH TO DATE  553                       470     83      631
  SINCE SEP 1    553                       470     83      631
  SINCE JAN 1   4819                      3721   1098     4533
..................................................................


WIND (MPH)
  HIGHEST WIND SPEED    28   HIGHEST WIND DIRECTION    SE (130)
  HIGHEST GUST SPEED    35   HIGHEST GUST DIRECTION    SE (120)
  AVERAGE WIND SPEED    14.5



WEATHER CONDITIONS
 THE FOLLOWING WEATHER WAS RECORDED YESTERDAY.
  NO SIGNIFICANT WEATHER WAS OBSERVED.


RELATIVE HUMIDITY (PERCENT)
 HIGHEST    91
 LOWEST     39
 AVERAGE    65

..........................................................


THE MCALLEN CLIMATE NORMALS FOR TODAY
                         NORMAL    RECORD    YEAR
 MAXIMUM TEMPERATURE (F)   91       103      2011
 MINIMUM TEMPERATURE (F)   71        58      1991


SUNRISE AND SUNSET
SEPTEMBER 26 2017.....SUNRISE   723 AM CDT   SUNSET   725 PM CDT
SEPTEMBER 27 2017.....SUNRISE   724 AM CDT   SUNSET   723 PM CDT


-  INDICATES NEGATIVE NUMBERS.
R  INDICATES RECORD WAS SET OR TIED.
MM INDICATES DATA IS MISSING.
T  INDICATES TRACE AMOUNT.




$$
