000
CDUS44 KBRO 220645
CLIMFE


CLIMATE REPORT
NATIONAL WEATHER SERVICE BROWNSVILLE TX
145 AM CDT FRI AUG 22 2014


...................................

...THE MCALLEN CLIMATE SUMMARY FOR AUGUST 21 2014...

CLIMATE NORMAL PERIOD 1981 TO 2010
CLIMATE RECORD PERIOD 1941 TO 2014


WEATHER ITEM   OBSERVED TIME   RECORD YEAR NORMAL DEPARTURE LAST
                VALUE   (LST)  VALUE       VALUE  FROM      YEAR
                                                  NORMAL
..................................................................
TEMPERATURE (F)
 YESTERDAY
  MAXIMUM        101    249 PM 103    1997  98      3       95
  MINIMUM         80    638 AM  69    1961  77      3       76
  AVERAGE         91                        87      4

PRECIPITATION (IN)
  YESTERDAY        0.00          1.45 2000   0.09  -0.09     0.04
  MONTH TO DATE    1.11                      1.17  -0.06     0.32
  SINCE JUN 1      2.01                      5.75  -3.74     2.36
  SINCE JAN 1      4.89                     12.53  -7.64     5.78

SNOWFALL (IN)
  YESTERDAY        0.0
  MONTH TO DATE    0.0
  SINCE JUN 1      0.0
  SINCE JUL 1      0.0

DEGREE DAYS
 HEATING
  YESTERDAY        0                         0      0        0
  MONTH TO DATE    0                         0      0        0
  SINCE JUN 1      0                         0      0        0
  SINCE JUL 1      0                         0      0        0

 COOLING
  YESTERDAY       26                        22      4       21
  MONTH TO DATE  521                       480     41      503
  SINCE JUN 1   1903                      1782    121     1878
  SINCE JAN 1   2959                      3037    -78     3174
..................................................................


WIND (MPH)
  HIGHEST WIND SPEED    26   HIGHEST WIND DIRECTION    SE (140)
  HIGHEST GUST SPEED    37   HIGHEST GUST DIRECTION    SE (130)
  AVERAGE WIND SPEED    17.2



WEATHER CONDITIONS
 THE FOLLOWING WEATHER WAS RECORDED YESTERDAY.
  FOG
  HAZE


RELATIVE HUMIDITY (PERCENT)
 HIGHEST    85
 LOWEST     42
 AVERAGE    64

..........................................................


THE MCALLEN CLIMATE NORMALS FOR TODAY
                         NORMAL    RECORD    YEAR
 MAXIMUM TEMPERATURE (F)   98       104      2009
                                             1997
 MINIMUM TEMPERATURE (F)   77        64      1946


SUNRISE AND SUNSET
AUGUST 22 2014........SUNRISE   709 AM CDT   SUNSET   803 PM CDT
AUGUST 23 2014........SUNRISE   709 AM CDT   SUNSET   802 PM CDT


-  INDICATES NEGATIVE NUMBERS.
R  INDICATES RECORD WAS SET OR TIED.
MM INDICATES DATA IS MISSING.
T  INDICATES TRACE AMOUNT.




$$
