000
CDUS44 KBRO 220629
CLIMFE


CLIMATE REPORT
NATIONAL WEATHER SERVICE BROWNSVILLE TX
129 AM CDT TUE JUL 22 2014


...................................

...THE MCALLEN CLIMATE SUMMARY FOR JULY 21 2014...

CLIMATE NORMAL PERIOD 1981 TO 2010
CLIMATE RECORD PERIOD 1941 TO 2014


WEATHER ITEM   OBSERVED TIME   RECORD YEAR NORMAL DEPARTURE LAST
                VALUE   (LST)  VALUE       VALUE  FROM      YEAR
                                                  NORMAL
..................................................................
TEMPERATURE (F)
 YESTERDAY
  MAXIMUM        100    254 PM 104    2009  97      3       99
  MINIMUM         80    627 AM  70    1941  76      4       81
                                      1974
  AVERAGE         90                        87      3

PRECIPITATION (IN)
  YESTERDAY        0.00          0.22 1972   0.05  -0.05     0.00
  MONTH TO DATE    0.60                      1.50  -0.90     1.16
  SINCE JUN 1      0.90                      4.08  -3.18     2.04
  SINCE JAN 1      3.78                     10.86  -7.08     5.46

SNOWFALL (IN)
  YESTERDAY        0.0
  MONTH TO DATE    0.0
  SINCE JUN 1      0.0
  SINCE JUL 1      0.0

DEGREE DAYS
 HEATING
  YESTERDAY        0                         0      0        0
  MONTH TO DATE    0                         0      0        0
  SINCE JUN 1      0                         0      0        0
  SINCE JUL 1      0                         0      0        0

 COOLING
  YESTERDAY       25                        22      3       25
  MONTH TO DATE  457                       452      5      443
  SINCE JUN 1   1127                      1080     47     1120
  SINCE JAN 1   2183                      2335   -152     2416
..................................................................


WIND (MPH)
  HIGHEST WIND SPEED    23   HIGHEST WIND DIRECTION    SE (130)
  HIGHEST GUST SPEED    31   HIGHEST GUST DIRECTION    SE (130)
  AVERAGE WIND SPEED    14.7



WEATHER CONDITIONS
 THE FOLLOWING WEATHER WAS RECORDED YESTERDAY.
  NO SIGNIFICANT WEATHER WAS OBSERVED.


RELATIVE HUMIDITY (PERCENT)
 HIGHEST    91
 LOWEST     37
 AVERAGE    64

..........................................................


THE MCALLEN CLIMATE NORMALS FOR TODAY
                         NORMAL    RECORD    YEAR
 MAXIMUM TEMPERATURE (F)   97       105      2009
 MINIMUM TEMPERATURE (F)   76        68      1976


SUNRISE AND SUNSET
JULY 22 2014..........SUNRISE   654 AM CDT   SUNSET   825 PM CDT
JULY 23 2014..........SUNRISE   654 AM CDT   SUNSET   824 PM CDT


-  INDICATES NEGATIVE NUMBERS.
R  INDICATES RECORD WAS SET OR TIED.
MM INDICATES DATA IS MISSING.
T  INDICATES TRACE AMOUNT.




$$
