000
CDUS44 KBRO 160626
CLIMFE


CLIMATE REPORT
NATIONAL WEATHER SERVICE BROWNSVILLE TX
126 AM CDT WED APR 16 2014


...................................

...THE MCALLEN CLIMATE SUMMARY FOR APRIL 15 2014...

CLIMATE NORMAL PERIOD 1981 TO 2010
CLIMATE RECORD PERIOD 1941 TO 2014


WEATHER ITEM   OBSERVED TIME   RECORD YEAR NORMAL DEPARTURE LAST
                VALUE   (LST)  VALUE       VALUE  FROM      YEAR
                                                  NORMAL
..................................................................
TEMPERATURE (F)
 YESTERDAY
  MAXIMUM         72    414 PM  98    1972  87    -15       93
  MINIMUM         48   1159 PM  45    1980  66    -18       72
  AVERAGE         60                        76    -16

PRECIPITATION (IN)
  YESTERDAY        0.00          1.74 1950   0.04  -0.04     0.00
  MONTH TO DATE    0.03                      0.51  -0.48      T
  SINCE MAR 1      1.20                      1.54  -0.34      T
  SINCE JAN 1      2.08                      3.70  -1.62     0.99

SNOWFALL (IN)
  YESTERDAY        0.0
  MONTH TO DATE    0.0
  SINCE MAR 1      0.0
  SINCE JUL 1      0.0

DEGREE DAYS
 HEATING
  YESTERDAY        5                         0      5        0
  MONTH TO DATE    5                         3      2        0
  SINCE MAR 1    103                        41     62       16
  SINCE JUL 1    879                       574    305      312

 COOLING
  YESTERDAY        0                        12    -12       18
  MONTH TO DATE  151                       161    -10      172
  SINCE MAR 1    287                       379    -92      391
  SINCE JAN 1    415                       538   -123      640
..................................................................


WIND (MPH)
  HIGHEST WIND SPEED    24   HIGHEST WIND DIRECTION     N (10)
  HIGHEST GUST SPEED    31   HIGHEST GUST DIRECTION     N (20)
  AVERAGE WIND SPEED    11.5



WEATHER CONDITIONS
 THE FOLLOWING WEATHER WAS RECORDED YESTERDAY.
  NO SIGNIFICANT WEATHER WAS OBSERVED.


RELATIVE HUMIDITY (PERCENT)
 HIGHEST    61
 LOWEST     16
 AVERAGE    39

..........................................................


THE MCALLEN CLIMATE NORMALS FOR TODAY
                         NORMAL    RECORD    YEAR
 MAXIMUM TEMPERATURE (F)   87        96      1943
                                             1972
                                             1998
 MINIMUM TEMPERATURE (F)   66        46      1961


SUNRISE AND SUNSET
APRIL 16 2014.........SUNRISE   709 AM CDT   SUNSET   757 PM CDT
APRIL 17 2014.........SUNRISE   708 AM CDT   SUNSET   758 PM CDT


-  INDICATES NEGATIVE NUMBERS.
R  INDICATES RECORD WAS SET OR TIED.
MM INDICATES DATA IS MISSING.
T  INDICATES TRACE AMOUNT.




$$
