681
CDUS46 KMFR 140049
CLIMFR


CLIMATE REPORT
NATIONAL WEATHER SERVICE MEDFORD, OR
446 PM PST WED DEC 13 2017


...................................

...THE MEDFORD OR CLIMATE SUMMARY FOR DECEMBER 13 2017...
VALID TODAY AS OF 0400 PM LOCAL TIME.

CLIMATE NORMAL PERIOD 1981 TO 2010
CLIMATE RECORD PERIOD 1911 TO 2017


WEATHER ITEM   OBSERVED TIME   RECORD YEAR NORMAL DEPARTURE LAST
                VALUE   (LST)  VALUE       VALUE  FROM      YEAR
                                                  NORMAL
..................................................................
TEMPERATURE (F)
 TODAY
  MAXIMUM         47    359 PM  71    1929  46      1       41
  MINIMUM         23    556 AM -10    1919  33    -10       34
  AVERAGE         35                        39     -4       38

PRECIPITATION (IN)
  TODAY            0.00          1.68 2015   0.11  -0.11     0.16
  MONTH TO DATE    0.20                      1.51  -1.31     1.23
  SINCE OCT 1      3.96                      5.66  -1.70     8.36
  SINCE JAN 1     17.48                     16.37   1.11    18.38

SNOWFALL (IN)
  TODAY            0.0                       0.0    0.0      0.0
  MONTH TO DATE    0.0                       0.4   -0.4      0.4
  SINCE JUL 1      0.0                       0.6   -0.6      0.4
  SNOW DEPTH       0

DEGREE DAYS
 HEATING
  TODAY           30                        26      4       27
  MONTH TO DATE  365                       326     39      327
  SINCE DEC 1    365                       326     39      327
  SINCE JUL 1   1300                      1295      5     1100

 COOLING
  TODAY            0                         0      0        0
  MONTH TO DATE    0                         0      0        0
  SINCE DEC 1      0                         0      0        0
  SINCE JAN 1   1281                       829    452     1058
..................................................................


WIND (MPH)
  HIGHEST WIND SPEED     7   HIGHEST WIND DIRECTION     E (80)
  HIGHEST GUST SPEED     8   HIGHEST GUST DIRECTION    NW (330)
  AVERAGE WIND SPEED     1.0


SKY COVER
  POSSIBLE SUNSHINE  MM
  AVERAGE SKY COVER 0.2


WEATHER CONDITIONS
 THE FOLLOWING WEATHER WAS RECORDED TODAY.
  FOG
  FOG W/VISIBILITY <= 1/4 MILE
  HAZE


RELATIVE HUMIDITY (PERCENT)
 HIGHEST   100           300 AM
 LOWEST     58           300 PM
 AVERAGE    79

..........................................................


THE MEDFORD OR CLIMATE NORMALS FOR TOMORROW
                         NORMAL    RECORD    YEAR
 MAXIMUM TEMPERATURE (F)   46        72      1962
 MINIMUM TEMPERATURE (F)   33        -6      1919


SUNRISE AND SUNSET
DECEMBER 13 2017......SUNRISE   732 AM PST   SUNSET   439 PM PST
DECEMBER 14 2017......SUNRISE   733 AM PST   SUNSET   439 PM PST


-  INDICATES NEGATIVE NUMBERS.
R  INDICATES RECORD WAS SET OR TIED.
MM INDICATES DATA IS MISSING.
T  INDICATES TRACE AMOUNT.




$$
