164
CDUS46 KMFR 051827 RRA
CLIMFR

CLIMATE REPORT
NATIONAL WEATHER SERVICE MEDFORD, OR
1000 AM PST FRI FEB 5 2016


...................................

...THE MEDFORD OR CLIMATE SUMMARY FOR FEBRUARY 4 2016...

CLIMATE NORMAL PERIOD 1981 TO 2010
CLIMATE RECORD PERIOD 1911 TO 2016


WEATHER ITEM   OBSERVED TIME   RECORD YEAR NORMAL DEPARTURE LAST
                VALUE   (LST)  VALUE       VALUE  FROM      YEAR
                                                  NORMAL
..................................................................
TEMPERATURE (F)
 YESTERDAY
  MAXIMUM         51    403 PM  74    1984  52     -1       60
  MINIMUM         34   1133 PM  16    1989  34      0       44
  AVERAGE         43                        43      0       52

PRECIPITATION (IN)
  YESTERDAY        0.00          1.25 1937   0.07  -0.07     0.00
  MONTH TO DATE    0.25                      0.28  -0.03     1.33
  SINCE OCT 1     14.23                     10.35   3.88     9.43
  SINCE JAN 1      4.47                      2.71   1.76     2.58

SNOWFALL (IN)
  YESTERDAY        0.0                       0.0    0.0      0.0
  MONTH TO DATE    1.2                       0.1    1.1      0.0
  SINCE JUL 1      1.9                       3.1   -1.2       T
  SNOW DEPTH       0

DEGREE DAYS
 HEATING
  YESTERDAY       22                        22      0       13
  MONTH TO DATE  100                        90     10       67
  SINCE DEC 1   1473                      1653   -180     1362
  SINCE JUL 1   2277                      2622   -345     2036

 COOLING
  YESTERDAY        0                         0      0        0
  MONTH TO DATE    0                         0      0        0
  SINCE DEC 1      0                         0      0        0
  SINCE JAN 1      0                         0      0        0
..................................................................


WIND (MPH)
  HIGHEST WIND SPEED     8   HIGHEST WIND DIRECTION     N (350)
  HIGHEST GUST SPEED     9   HIGHEST GUST DIRECTION     N (360)
  AVERAGE WIND SPEED     2.0


SKY COVER
  POSSIBLE SUNSHINE  MM
  AVERAGE SKY COVER 0.6


WEATHER CONDITIONS
 THE FOLLOWING WEATHER WAS RECORDED YESTERDAY.
  FOG
  FOG W/VISIBILITY <= 1/4 MILE


RELATIVE HUMIDITY (PERCENT)
 HIGHEST   100           300 AM
 LOWEST     61           300 PM
 AVERAGE    81

..........................................................


THE MEDFORD OR CLIMATE NORMALS FOR TODAY
                         NORMAL    RECORD    YEAR
 MAXIMUM TEMPERATURE (F)   52        70      1963
 MINIMUM TEMPERATURE (F)   34         9      1989


SUNRISE AND SUNSET
FEBRUARY  5 2016......SUNRISE   721 AM PST   SUNSET   530 PM PST
FEBRUARY  6 2016......SUNRISE   720 AM PST   SUNSET   532 PM PST


-  INDICATES NEGATIVE NUMBERS.
R  INDICATES RECORD WAS SET OR TIED.
MM INDICATES DATA IS MISSING.
T  INDICATES TRACE AMOUNT.

&&

LOW TEMPERATURE THIS MORNING....29 DEGREES
24-HOUR PRECIPITATION...........NONE

$$
