000
CDUS46 KMFR 301209
CLIMFR

CLIMATE REPORT
NATIONAL WEATHER SERVICE MEDFORD, OR
508 AM PDT SAT JUL 30 2016


...................................

...THE MEDFORD OR CLIMATE SUMMARY FOR JULY 29 2016...

CLIMATE NORMAL PERIOD 1981 TO 2010
CLIMATE RECORD PERIOD 1911 TO 2016


WEATHER ITEM   OBSERVED TIME   RECORD YEAR NORMAL DEPARTURE LAST
                VALUE   (LST)  VALUE       VALUE  FROM      YEAR
                                                  NORMAL
..................................................................
TEMPERATURE (F)
 YESTERDAY
  MAXIMUM        104    439 PM 109    2009  93     11      104
  MINIMUM         68    519 AM  44    1950  59      9       59
                                      1917
  AVERAGE         86                        76     10       82

PRECIPITATION (IN)
  YESTERDAY        0.00          0.22 1964   0.00   0.00     0.00
  MONTH TO DATE    0.45                      0.26   0.19     0.29
  SINCE OCT 1     19.77                     17.36   2.41    14.28
  SINCE JAN 1     10.01                      9.72   0.29     7.43

SNOWFALL (IN)
  YESTERDAY        0.0                       0.0    0.0      0.0
  MONTH TO DATE    0.0                       0.0    0.0      0.0
  SINCE JUL 1      0.0                       0.0    0.0      0.0
  SNOW DEPTH       0

DEGREE DAYS
 HEATING
  YESTERDAY        0                         0      0        0
  MONTH TO DATE    2                         1      1        0
  SINCE JUN 1     42                        55    -13       10
  SINCE JUL 1      2                         1      1        0

 COOLING
  YESTERDAY       21                        11     10       17
  MONTH TO DATE  265                       266     -1      379
  SINCE JUN 1    466                       374     92      690
  SINCE JAN 1    527                       412    115      735
..................................................................


WIND (MPH)
  HIGHEST WIND SPEED    20   HIGHEST WIND DIRECTION     N (350)
  HIGHEST GUST SPEED    25   HIGHEST GUST DIRECTION     N (350)
  AVERAGE WIND SPEED     3.8


SKY COVER
  POSSIBLE SUNSHINE  MM
  AVERAGE SKY COVER 0.0


WEATHER CONDITIONS
 THE FOLLOWING WEATHER WAS RECORDED YESTERDAY.
  NO SIGNIFICANT WEATHER WAS OBSERVED.


RELATIVE HUMIDITY (PERCENT)
 HIGHEST    61           500 AM
 LOWEST     17           700 PM
 AVERAGE    39

..........................................................


THE MEDFORD OR CLIMATE NORMALS FOR TODAY
                         NORMAL    RECORD    YEAR
 MAXIMUM TEMPERATURE (F)   93       108      2015
 MINIMUM TEMPERATURE (F)   59        44      1963


SUNRISE AND SUNSET
JULY 30 2016..........SUNRISE   603 AM PDT   SUNSET   832 PM PDT
JULY 31 2016..........SUNRISE   604 AM PDT   SUNSET   831 PM PDT


-  INDICATES NEGATIVE NUMBERS.
R  INDICATES RECORD WAS SET OR TIED.
MM INDICATES DATA IS MISSING.
T  INDICATES TRACE AMOUNT.

&&

LOW TEMPERATURE THIS MORNING....68 DEGREES
24-HOUR PRECIPITATION...........NONE

$$
