000
CDUS46 KMFR 230035
CLIMFR


CLIMATE REPORT
NATIONAL WEATHER SERVICE MEDFORD, OR
535 PM PDT MON MAY 22 2017


...................................

...THE MEDFORD OR CLIMATE SUMMARY FOR MAY 22 2017...
VALID TODAY AS OF 0500 PM LOCAL TIME.

CLIMATE NORMAL PERIOD 1981 TO 2010
CLIMATE RECORD PERIOD 1911 TO 2017


WEATHER ITEM   OBSERVED TIME   RECORD YEAR NORMAL DEPARTURE LAST
                VALUE   (LST)  VALUE       VALUE  FROM      YEAR
                                                  NORMAL
..................................................................
TEMPERATURE (F)
 TODAY
  MAXIMUM         97    253 PM 100    2001  75     22       64
                                      1941
  MINIMUM         56    513 AM  33    1964  47      9       49
                                      1920
  AVERAGE         77                        61     16       57

PRECIPITATION (IN)
  TODAY            0.00          0.71 1990   0.05  -0.05      T
  MONTH TO DATE    0.58                      0.95  -0.37     0.33
  SINCE OCT 1     24.27                     16.12   8.15    18.75
  SINCE JAN 1     12.58                      8.48   4.10     8.99

SNOWFALL (IN)
  TODAY            0.0                       0.0    0.0      0.0
  MONTH TO DATE    0.0                       0.0    0.0      0.0
  SINCE JUL 1     11.8                       4.1    7.7      1.9
  SNOW DEPTH       0

DEGREE DAYS
 HEATING
  TODAY            0                         5     -5        8
  MONTH TO DATE  128                       157    -29       66
  SINCE MAR 1    971                      1042    -71      721
  SINCE JUL 1   4016                      4156   -140     3395

 COOLING
  TODAY           12                         1     11        0
  MONTH TO DATE   38                        21     17       31
  SINCE MAR 1     38                        24     14       48
  SINCE JAN 1     38                        24     14       48
..................................................................


WIND (MPH)
  HIGHEST WIND SPEED     9   HIGHEST WIND DIRECTION    NW (310)
  HIGHEST GUST SPEED    13   HIGHEST GUST DIRECTION     N (20)
  AVERAGE WIND SPEED     1.7


SKY COVER
  POSSIBLE SUNSHINE  MM
  AVERAGE SKY COVER 0.0


WEATHER CONDITIONS
 THE FOLLOWING WEATHER WAS RECORDED TODAY.
  NO SIGNIFICANT WEATHER WAS OBSERVED.


RELATIVE HUMIDITY (PERCENT)
 HIGHEST    83           500 AM
 LOWEST     14           400 PM
 AVERAGE    49

..........................................................


THE MEDFORD OR CLIMATE NORMALS FOR TOMORROW
                         NORMAL    RECORD    YEAR
 MAXIMUM TEMPERATURE (F)   75        95      2001
 MINIMUM TEMPERATURE (F)   48        35      1980
                                             1944


SUNRISE AND SUNSET
MAY 22 2017...........SUNRISE   543 AM PDT   SUNSET   834 PM PDT
MAY 23 2017...........SUNRISE   543 AM PDT   SUNSET   834 PM PDT


-  INDICATES NEGATIVE NUMBERS.
R  INDICATES RECORD WAS SET OR TIED.
MM INDICATES DATA IS MISSING.
T  INDICATES TRACE AMOUNT.




$$
