000
CDUS46 KMFR 220037
CLIMFR


CLIMATE REPORT
NATIONAL WEATHER SERVICE MEDFORD, OR
537 PM PDT SAT OCT 21 2017


...................................

...THE MEDFORD OR CLIMATE SUMMARY FOR OCTOBER 21 2017...
VALID TODAY AS OF 0500 PM LOCAL TIME.

CLIMATE NORMAL PERIOD 1981 TO 2010
CLIMATE RECORD PERIOD 1911 TO 2017


WEATHER ITEM   OBSERVED TIME   RECORD YEAR NORMAL DEPARTURE LAST
                VALUE   (LST)  VALUE       VALUE  FROM      YEAR
                                                  NORMAL
..................................................................
TEMPERATURE (F)
 TODAY
  MAXIMUM         49    359 PM  83    2003  67    -18       65
  MINIMUM         42    750 AM  26    1933  41      1       44
  AVERAGE         46                        54     -8       55

PRECIPITATION (IN)
  TODAY            0.26          1.22 1973   0.04   0.22     0.00
  MONTH TO DATE    0.88                      0.60   0.28     4.21
  SINCE OCT 1      0.88                      0.60   0.28     4.21
  SINCE JAN 1     14.40                     11.31   3.09    14.23

SNOWFALL (IN)
  TODAY           MM                         0.0   MM        0.0
  MONTH TO DATE    0.0                       0.0    0.0      0.0
  SINCE JUL 1      0.0                       0.0    0.0      0.0
  SNOW DEPTH       0

DEGREE DAYS
 HEATING
  TODAY           19                        11      8       10
  MONTH TO DATE  237                       157     80      158
  SINCE SEP 1    310                       216     94      197
  SINCE JUL 1    310                       226     84      199

 COOLING
  TODAY            0                         0      0        0
  MONTH TO DATE    0                         8     -8        4
  SINCE SEP 1    156                       120     36      113
  SINCE JAN 1   1281                       827    454     1058
..................................................................


WIND (MPH)
  HIGHEST WIND SPEED     9   HIGHEST WIND DIRECTION     N (20)
  HIGHEST GUST SPEED    11   HIGHEST GUST DIRECTION     N (20)
  AVERAGE WIND SPEED     4.7


SKY COVER
  POSSIBLE SUNSHINE  MM
  AVERAGE SKY COVER 1.0


WEATHER CONDITIONS
 THE FOLLOWING WEATHER WAS RECORDED TODAY.
  LIGHT RAIN
  FOG


RELATIVE HUMIDITY (PERCENT)
 HIGHEST   100           300 AM
 LOWEST     89          1200 AM
 AVERAGE    95

..........................................................


THE MEDFORD OR CLIMATE NORMALS FOR TOMORROW
                         NORMAL    RECORD    YEAR
 MAXIMUM TEMPERATURE (F)   66        81      2008
                                             1965
 MINIMUM TEMPERATURE (F)   41        28      1953


SUNRISE AND SUNSET
OCTOBER 21 2017.......SUNRISE   732 AM PDT   SUNSET   620 PM PDT
OCTOBER 22 2017.......SUNRISE   733 AM PDT   SUNSET   618 PM PDT


-  INDICATES NEGATIVE NUMBERS.
R  INDICATES RECORD WAS SET OR TIED.
MM INDICATES DATA IS MISSING.
T  INDICATES TRACE AMOUNT.




$$
