000
CDUS46 KMFR 051210
CLIMFR

CLIMATE REPORT
NATIONAL WEATHER SERVICE MEDFORD, OR
510 AM PDT THU MAY 5 2016


...................................

...THE MEDFORD OR CLIMATE SUMMARY FOR MAY 4 2016...

CLIMATE NORMAL PERIOD 1981 TO 2010
CLIMATE RECORD PERIOD 1911 TO 2016


WEATHER ITEM   OBSERVED TIME   RECORD YEAR NORMAL DEPARTURE LAST
                VALUE   (LST)  VALUE       VALUE  FROM      YEAR
                                                  NORMAL
..................................................................
TEMPERATURE (F)
 YESTERDAY
  MAXIMUM         72    307 PM  98    1992  70      2       80
  MINIMUM         53    515 AM  28    1996  44      9       46
  AVERAGE         63                        57      6       63

PRECIPITATION (IN)
  YESTERDAY        0.10          0.80 1956   0.04   0.06     0.00
  MONTH TO DATE    0.10                      0.17  -0.07     0.00
  SINCE OCT 1     18.52                     15.34   3.18    13.35
  SINCE JAN 1      8.76                      7.70   1.06     6.50

SNOWFALL (IN)
  YESTERDAY        0.0                       0.0    0.0      0.0
  MONTH TO DATE    0.0                       0.0    0.0      0.0
  SINCE JUL 1      1.9                       4.1   -2.2       T
  SNOW DEPTH       0

DEGREE DAYS
 HEATING
  YESTERDAY        2                         9     -7        2
  MONTH TO DATE   11                        36    -25        4
  SINCE MAR 1    666                       921   -255      693
  SINCE JUL 1   3340                      4035   -695     3133

 COOLING
  YESTERDAY        0                         1     -1        0
  MONTH TO DATE    3                         3      0        1
  SINCE MAR 1     20                         6     14        1
  SINCE JAN 1     20                         6     14        1
..................................................................


WIND (MPH)
  HIGHEST WIND SPEED    17   HIGHEST WIND DIRECTION     W (280)
  HIGHEST GUST SPEED    22   HIGHEST GUST DIRECTION    NW (310)
  AVERAGE WIND SPEED     4.9


SKY COVER
  POSSIBLE SUNSHINE  MM
  AVERAGE SKY COVER 0.6


WEATHER CONDITIONS
 THE FOLLOWING WEATHER WAS RECORDED YESTERDAY.
  THUNDERSTORM
  LIGHT RAIN
  FOG


RELATIVE HUMIDITY (PERCENT)
 HIGHEST    93           400 AM
 LOWEST     49           300 PM
 AVERAGE    71

..........................................................


THE MEDFORD OR CLIMATE NORMALS FOR TODAY
                         NORMAL    RECORD    YEAR
 MAXIMUM TEMPERATURE (F)   70        97      1992
 MINIMUM TEMPERATURE (F)   44        28      1924


SUNRISE AND SUNSET
MAY  5 2016...........SUNRISE   601 AM PDT   SUNSET   816 PM PDT
MAY  6 2016...........SUNRISE   559 AM PDT   SUNSET   817 PM PDT


-  INDICATES NEGATIVE NUMBERS.
R  INDICATES RECORD WAS SET OR TIED.
MM INDICATES DATA IS MISSING.
T  INDICATES TRACE AMOUNT.

&&

LOW TEMPERATURE THIS MORNING....52 DEGREES
24-HOUR PRECIPITATION.........0.10 INCHES

$$
