851
CDUS46 KMFR 250035
CLIMFR


CLIMATE REPORT
NATIONAL WEATHER SERVICE MEDFORD, OR
535 PM PDT SAT JUN 24 2017


...................................

...THE MEDFORD OR CLIMATE SUMMARY FOR JUNE 24 2017...
VALID TODAY AS OF 0500 PM LOCAL TIME.

CLIMATE NORMAL PERIOD 1981 TO 2010
CLIMATE RECORD PERIOD 1911 TO 2017


WEATHER ITEM   OBSERVED TIME   RECORD YEAR NORMAL DEPARTURE LAST
                VALUE   (LST)  VALUE       VALUE  FROM      YEAR
                                                  NORMAL
..................................................................
TEMPERATURE (F)
 TODAY
  MAXIMUM        107    351 PM 109    1925  84     23       80
  MINIMUM         64    413 AM  38    1920  54     10       57
  AVERAGE         86                        69     17       69

PRECIPITATION (IN)
  TODAY            0.00          0.31 1941   0.02  -0.02     0.00
  MONTH TO DATE    0.37                      0.55  -0.18     0.57
  SINCE OCT 1     24.64                     17.03   7.61    19.32
  SINCE JAN 1     12.95                      9.39   3.56     9.56

SNOWFALL (IN)
  TODAY            0.0                       0.0    0.0      0.0
  MONTH TO DATE    0.0                       0.0    0.0      0.0
  SINCE JUL 1     11.8                       4.1    7.7      1.9
  SNOW DEPTH       0

DEGREE DAYS
 HEATING
  TODAY            0                         1     -1        0
  MONTH TO DATE   45                        49     -4       40
  SINCE JUN 1     45                        49     -4       40
  SINCE JUL 1   4063                      4246   -183     3460

 COOLING
  TODAY           21                         5     16        4
  MONTH TO DATE  140                        73     67      135
  SINCE JUN 1    140                        73     67      135
  SINCE JAN 1    227                       111    116      196
..................................................................


WIND (MPH)
  HIGHEST WIND SPEED    10   HIGHEST WIND DIRECTION    NW (320)
  HIGHEST GUST SPEED    14   HIGHEST GUST DIRECTION    NW (310)
  AVERAGE WIND SPEED     2.0


SKY COVER
  POSSIBLE SUNSHINE  MM
  AVERAGE SKY COVER 0.0


WEATHER CONDITIONS
 THE FOLLOWING WEATHER WAS RECORDED TODAY.
  NO SIGNIFICANT WEATHER WAS OBSERVED.


RELATIVE HUMIDITY (PERCENT)
 HIGHEST    67           300 AM
 LOWEST      9           400 PM
 AVERAGE    38

..........................................................


THE MEDFORD OR CLIMATE NORMALS FOR TOMORROW
                         NORMAL    RECORD    YEAR
 MAXIMUM TEMPERATURE (F)   85       107      1987
                                             1968
 MINIMUM TEMPERATURE (F)   54        41      1985
                                             1966


SUNRISE AND SUNSET
JUNE 24 2017..........SUNRISE   536 AM PDT   SUNSET   852 PM PDT
JUNE 25 2017..........SUNRISE   536 AM PDT   SUNSET   852 PM PDT


-  INDICATES NEGATIVE NUMBERS.
R  INDICATES RECORD WAS SET OR TIED.
MM INDICATES DATA IS MISSING.
T  INDICATES TRACE AMOUNT.




$$
