000
CDUS46 KMFR 220835
CLIMFR


CLIMATE REPORT
NATIONAL WEATHER SERVICE MEDFORD, OR
135 AM PDT TUE AUG 22 2017


...................................

...THE MEDFORD OR CLIMATE SUMMARY FOR AUGUST 21 2017...

CLIMATE NORMAL PERIOD 1981 TO 2010
CLIMATE RECORD PERIOD 1911 TO 2017


WEATHER ITEM   OBSERVED TIME   RECORD YEAR NORMAL DEPARTURE LAST
                VALUE   (LST)  VALUE       VALUE  FROM      YEAR
                                                  NORMAL
..................................................................
TEMPERATURE (F)
 YESTERDAY
  MAXIMUM         82    301 PM 104    1961  90     -8       99
  MINIMUM         59    617 AM  44    1947  56      3       64
                                      1918
                                      1911
  AVERAGE         71                        73     -2       82

PRECIPITATION (IN)
  YESTERDAY        0.00          0.74 1923   0.01  -0.01     0.00
  MONTH TO DATE    0.14                      0.25  -0.11     0.00
  SINCE OCT 1     24.91                     17.63   7.28    19.77
  SINCE JAN 1     13.22                      9.99   3.23    10.01

SNOWFALL (IN)
  YESTERDAY        0.0                       0.0    0.0      0.0
  MONTH TO DATE    0.0                       0.0    0.0      0.0
  SINCE JUL 1      0.0                       0.0    0.0      0.0
  SNOW DEPTH       0

DEGREE DAYS
 HEATING
  YESTERDAY        0                         0      0        0
  MONTH TO DATE    0                         0      0        0
  SINCE JUN 1     45                        60    -15       42
  SINCE JUL 1      0                         6     -6        2

 COOLING
  YESTERDAY        6                         8     -2       17
  MONTH TO DATE  310                       205    105      291
  SINCE JUN 1    935                       599    336      785
  SINCE JAN 1   1022                       637    385      846
..................................................................


WIND (MPH)
  HIGHEST WIND SPEED    10   HIGHEST WIND DIRECTION    NW (300)
  HIGHEST GUST SPEED    12   HIGHEST GUST DIRECTION    NW (300)
  AVERAGE WIND SPEED     3.8


SKY COVER
  POSSIBLE SUNSHINE  MM
  AVERAGE SKY COVER 0.4


WEATHER CONDITIONS
 THE FOLLOWING WEATHER WAS RECORDED YESTERDAY.
  HAZE


RELATIVE HUMIDITY (PERCENT)
 HIGHEST    69           400 AM
 LOWEST     33           200 PM
 AVERAGE    51

..........................................................


THE MEDFORD OR CLIMATE NORMALS FOR TODAY
                         NORMAL    RECORD    YEAR
 MAXIMUM TEMPERATURE (F)   90       104      1988
                                             1942
 MINIMUM TEMPERATURE (F)   56        43      1943


SUNRISE AND SUNSET
AUGUST 22 2017........SUNRISE   626 AM PDT   SUNSET   801 PM PDT
AUGUST 23 2017........SUNRISE   628 AM PDT   SUNSET   800 PM PDT


-  INDICATES NEGATIVE NUMBERS.
R  INDICATES RECORD WAS SET OR TIED.
MM INDICATES DATA IS MISSING.
T  INDICATES TRACE AMOUNT.




$$
