195
CDUS46 KMFR 240045
CLIMFR


CLIMATE REPORT
NATIONAL WEATHER SERVICE MEDFORD, OR
444 PM PST FRI FEB 23 2018


...................................

...THE MEDFORD OR CLIMATE SUMMARY FOR FEBRUARY 23 2018...
VALID TODAY AS OF 0400 PM LOCAL TIME.

CLIMATE NORMAL PERIOD 1981 TO 2010
CLIMATE RECORD PERIOD 1911 TO 2018


WEATHER ITEM   OBSERVED TIME   RECORD YEAR NORMAL DEPARTURE LAST
                VALUE   (LST)  VALUE       VALUE  FROM      YEAR
                                                  NORMAL
..................................................................
TEMPERATURE (F)
 TODAY
  MAXIMUM         43    331 PM  73    1995  56    -13       46
  MINIMUM         20    609 AM  19    1920  35    -15       31
  AVERAGE         32                        46    -14       39

PRECIPITATION (IN)
  TODAY            0.00          0.57 1972   0.07  -0.07      T
  MONTH TO DATE    0.38                      1.66  -1.28     4.04
  SINCE OCT 1      6.59                     11.73  -5.14    20.62
  SINCE JAN 1      1.98                      4.09  -2.11     8.93

SNOWFALL (IN)
  TODAY            0.0                       0.0    0.0       T
  MONTH TO DATE    0.3                       0.5   -0.2       T
  SINCE JUL 1      0.3                       3.5   -3.2     11.8
  SNOW DEPTH       0

DEGREE DAYS
 HEATING
  TODAY           33                        20     13       26
  MONTH TO DATE  522                       487     35      418
  SINCE DEC 1   2021                      2050    -29     2143
  SINCE JUL 1   2956                      3019    -63     2916

 COOLING
  TODAY            0                         0      0        0
  MONTH TO DATE    0                         0      0        0
  SINCE DEC 1      0                         0      0        0
  SINCE JAN 1      0                         0      0        0
..................................................................


WIND (MPH)
  HIGHEST WIND SPEED     8   HIGHEST WIND DIRECTION    NW (300)
  HIGHEST GUST SPEED    12   HIGHEST GUST DIRECTION    NW (330)
  AVERAGE WIND SPEED     3.0


SKY COVER
  POSSIBLE SUNSHINE  MM
  AVERAGE SKY COVER 0.3


WEATHER CONDITIONS
 THE FOLLOWING WEATHER WAS RECORDED TODAY.
  NO SIGNIFICANT WEATHER WAS OBSERVED.


RELATIVE HUMIDITY (PERCENT)
 HIGHEST    96           500 AM
 LOWEST     40           100 PM
 AVERAGE    68

..........................................................


THE MEDFORD OR CLIMATE NORMALS FOR TOMORROW
                         NORMAL    RECORD    YEAR
 MAXIMUM TEMPERATURE (F)   57        72      1995
                                             1991
 MINIMUM TEMPERATURE (F)   35        18      1920


SUNRISE AND SUNSET
FEBRUARY 23 2018......SUNRISE   656 AM PST   SUNSET   554 PM PST
FEBRUARY 24 2018......SUNRISE   654 AM PST   SUNSET   555 PM PST


-  INDICATES NEGATIVE NUMBERS.
R  INDICATES RECORD WAS SET OR TIED.
MM INDICATES DATA IS MISSING.
T  INDICATES TRACE AMOUNT.




$$
