000
CDUS46 KMFR 080550
CLIMFR

CLIMATE REPORT
NATIONAL WEATHER SERVICE MEDFORD, OR
1050 PM PDT TUE JUL 7 2015


...................................

...THE MEDFORD OR CLIMATE SUMMARY FOR JULY 7 2015...
VALID TODAY AS OF 0500 PM LOCAL TIME.

CLIMATE NORMAL PERIOD 1981 TO 2010
CLIMATE RECORD PERIOD 1911 TO 2015


WEATHER ITEM   OBSERVED TIME   RECORD YEAR NORMAL DEPARTURE LAST
                VALUE   (LST)  VALUE       VALUE  FROM      YEAR
                                                  NORMAL
..................................................................
TEMPERATURE (F)
 TODAY
  MAXIMUM         97    155 PM 102    2014  89      8      102
  MINIMUM         68    842 PM  42    1993  56     12       60
                                      1981
                                      1919
  AVERAGE         83                        72     11       81

PRECIPITATION (IN)
  TODAY            0.04          0.40 2000   0.01  0.03     0.00
  MONTH TO DATE    0.04                      0.07  -0.03    0.00

 SINCE OCT 1     14.03                      17.17  -3.14    12.34
 SINCE JAN 1      7.18                       9.53  -2.35    10.66

SNOWFALL (IN)
  TODAY            0.0                       0.0    0.0      0.0
  MONTH TO DATE    0.0                       0.0    0.0      0.0
  SINCE JUL 1      0.0                       0.0    0.0      0.0
  SNOW DEPTH       0

DEGREE DAYS
 HEATING
  TODAY            0                         0      0        0
  MONTH TO DATE    0                         1     -1        0
  SINCE JUN 1     10                        55    -45       22
  SINCE JUL 1      0                         1     -1        0

 COOLING
  TODAY           18                         8     10       16
  MONTH TO DATE  150                        50    100      102
  SINCE JUN 1    461                       158    303      213
  SINCE JAN 1    506                       196    310      269
..................................................................


WIND (MPH)
  HIGHEST WIND SPEED    39   HIGHEST WIND DIRECTION  SE (160)
HIGHEST GUST SPEED    48   HIGHEST GUST DIRECTION  SE (140)
AVERAGE WIND SPEED     3.2


SKY COVER
  POSSIBLE SUNSHINE  MM
  AVERAGE SKY COVER 0.2


WEATHER CONDITIONS
 THE FOLLOWING WEATHER WAS RECORDED TODAY.
  THUNDERSTORM
  HAZE


RELATIVE HUMIDITY (PERCENT)
 HIGHEST    66           600 AM
 LOWEST     24           200 PM
 AVERAGE    45

..........................................................


THE MEDFORD OR CLIMATE NORMALS FOR TOMORROW
                         NORMAL    RECORD    YEAR
 MAXIMUM TEMPERATURE (F)   89       104      1952
 MINIMUM TEMPERATURE (F)   56        41      1911


SUNRISE AND SUNSET
JULY  7 2015..........SUNRISE   542 AM PDT   SUNSET   851 PM PDT
JULY  8 2015..........SUNRISE   543 AM PDT   SUNSET   850 PM PDT


-  INDICATES NEGATIVE NUMBERS.
R  INDICATES RECORD WAS SET OR TIED.
MM INDICATES DATA IS MISSING.
T  INDICATES TRACE AMOUNT.




$$
