000
CDUS46 KMFR 281238
CLIMFR

CLIMATE REPORT
NATIONAL WEATHER SERVICE MEDFORD, OR
500 AM PDT TUE MAR 28 2017


...................................

...THE MEDFORD OR CLIMATE SUMMARY FOR MARCH 27 2017...

CLIMATE NORMAL PERIOD 1981 TO 2010
CLIMATE RECORD PERIOD 1911 TO 2017


WEATHER ITEM   OBSERVED TIME   RECORD YEAR NORMAL DEPARTURE LAST
                VALUE   (LST)  VALUE       VALUE  FROM      YEAR
                                                  NORMAL
..................................................................
TEMPERATURE (F)
 YESTERDAY
  MAXIMUM         58    329 PM  83    1994  61     -3       57
  MINIMUM         40    256 AM  24    1944  38      2       40
  AVERAGE         49                        50     -1       49

PRECIPITATION (IN)
  YESTERDAY        0.02          0.92 1996   0.05  -0.03      T
  MONTH TO DATE    1.58                      1.50   0.08     2.45
  SINCE OCT 1     22.28                     13.58   8.70    17.46
  SINCE JAN 1     10.59                      5.94   4.65     7.70

SNOWFALL (IN)
  YESTERDAY        0.0                       0.0    0.0      0.0
  MONTH TO DATE    T                         0.5   -0.5      0.0
  SINCE JUL 1     11.8                       4.1    7.7      1.9
  SNOW DEPTH       0

DEGREE DAYS
 HEATING
  YESTERDAY       16                        15      1       16
  MONTH TO DATE  413                       458    -45      390
  SINCE MAR 1    413                       458    -45      390
  SINCE JUL 1   3458                      3572   -114     3064

 COOLING
  YESTERDAY        0                         0      0        0
  MONTH TO DATE    0                         0      0        0
  SINCE MAR 1      0                         0      0        0
  SINCE JAN 1      0                         0      0        0
..................................................................


WIND (MPH)
  HIGHEST WIND SPEED    15   HIGHEST WIND DIRECTION    NW (310)
  HIGHEST GUST SPEED    19   HIGHEST GUST DIRECTION    NW (300)
  AVERAGE WIND SPEED     4.2


SKY COVER
  POSSIBLE SUNSHINE  MM
  AVERAGE SKY COVER 0.7


WEATHER CONDITIONS
 THE FOLLOWING WEATHER WAS RECORDED YESTERDAY.
  LIGHT RAIN
  FOG


RELATIVE HUMIDITY (PERCENT)
 HIGHEST   100           300 AM
 LOWEST     40           400 PM
 AVERAGE    70

..........................................................


THE MEDFORD OR CLIMATE NORMALS FOR TODAY
                         NORMAL    RECORD    YEAR
 MAXIMUM TEMPERATURE (F)   61        86      1930
 MINIMUM TEMPERATURE (F)   39        25      1975


SUNRISE AND SUNSET
MARCH 28 2017.........SUNRISE   700 AM PDT   SUNSET   733 PM PDT
MARCH 29 2017.........SUNRISE   658 AM PDT   SUNSET   734 PM PDT


-  INDICATES NEGATIVE NUMBERS.
R  INDICATES RECORD WAS SET OR TIED.
MM INDICATES DATA IS MISSING.
T  INDICATES TRACE AMOUNT.

&&

LOW TEMPERATURE THIS MORNING........  42 DEGREES
24 HOUR PRECIPITATION...............0.02 INCHES

$$
