000
CDUS44 KBMX 220836
CLIMGM


CLIMATE REPORT
NATIONAL WEATHER SERVICE BIRMINGHAM, AL
236 AM CST WED FEB 22 2017


...................................

...THE MONTGOMERY CLIMATE SUMMARY FOR FEBRUARY 21 2017...

CLIMATE NORMAL PERIOD 1981 TO 2010
CLIMATE RECORD PERIOD 1872 TO 2017


WEATHER ITEM   OBSERVED TIME   RECORD YEAR NORMAL DEPARTURE LAST
                VALUE   (LST)  VALUE       VALUE  FROM      YEAR
                                                  NORMAL
..................................................................
TEMPERATURE (F)
 YESTERDAY
  MAXIMUM         63    638 AM  81    2011  63      0       75
  MINIMUM         57    214 AM  21    1958  41     16       57
  AVERAGE         60                        52      8       66

PRECIPITATION (IN)
  YESTERDAY        0.98          3.07 1932   0.19   0.79      T
  MONTH TO DATE    2.86                      3.96  -1.10     2.83
  SINCE DEC 1     18.14                     13.47   4.67    22.21
  SINCE JAN 1     14.03                      8.61   5.42     8.08

SNOWFALL (IN)
  YESTERDAY        0.0                       0.0    0.0      0.0
  MONTH TO DATE    0.0                       0.0    0.0      0.0
  SINCE DEC 1      0.0                       0.1   -0.1       T
  SINCE JUL 1      0.0                       0.1   -0.1       T
  SNOW DEPTH       0

DEGREE DAYS
 HEATING
  YESTERDAY        5                        13     -8        0
  MONTH TO DATE  144                       324   -180      277
  SINCE DEC 1    792                      1415   -623     1065
  SINCE JUL 1    967                      1786   -819     1252
..................................................................


WIND (MPH)
  HIGHEST WIND SPEED    18   HIGHEST WIND DIRECTION     W (250)
  HIGHEST GUST SPEED    25   HIGHEST GUST DIRECTION     W (260)
  AVERAGE WIND SPEED     7.1


SKY COVER
  AVERAGE SKY COVER 0.8


WEATHER CONDITIONS
 THE FOLLOWING WEATHER WAS RECORDED YESTERDAY.
  HEAVY RAIN
  RAIN
  LIGHT RAIN
  FOG


RELATIVE HUMIDITY (PERCENT)
 HIGHEST    90           100 PM
 LOWEST     72          1200 AM
 AVERAGE    81

..........................................................


THE MONTGOMERY CLIMATE NORMALS FOR TODAY
                         NORMAL    RECORD    YEAR
 MAXIMUM TEMPERATURE (F)   64        80      1897
 MINIMUM TEMPERATURE (F)   41        17      1963


SUNRISE AND SUNSET
FEBRUARY 22 2017......SUNRISE   621 AM CST   SUNSET   538 PM CST
FEBRUARY 23 2017......SUNRISE   620 AM CST   SUNSET   539 PM CST


-  INDICATES NEGATIVE NUMBERS.
R  INDICATES RECORD WAS SET OR TIED.
MM INDICATES DATA IS MISSING.
T  INDICATES TRACE AMOUNT.




$$
