000
CDUS44 KBMX 290833
CLIMGM


CLIMATE REPORT
NATIONAL WEATHER SERVICE BIRMINGHAM, AL
333 AM CDT WED MAR 29 2017


...................................

...THE MONTGOMERY CLIMATE SUMMARY FOR MARCH 28 2017...

CLIMATE NORMAL PERIOD 1981 TO 2010
CLIMATE RECORD PERIOD 1872 TO 2017


WEATHER ITEM   OBSERVED TIME   RECORD YEAR NORMAL DEPARTURE LAST
                VALUE   (LST)  VALUE       VALUE  FROM      YEAR
                                                  NORMAL
..................................................................
TEMPERATURE (F)
 YESTERDAY
  MAXIMUM         86    255 PM  87    1989  73     13       77
  MINIMUM         67   1049 PM  30    1894  47     20       52
  AVERAGE         77                        60     17       65

PRECIPITATION (IN)
  YESTERDAY        T             2.66 1956   0.19  -0.19     0.00
  MONTH TO DATE    3.46                      5.41  -1.95     3.31
  SINCE MAR 1      3.46                      5.41  -1.95     3.31
  SINCE JAN 1     18.16                     15.34   2.82    13.97

SNOWFALL (IN)
  YESTERDAY        0.0                       0.0    0.0      0.0
  MONTH TO DATE    0.0                       0.3   -0.3      0.0
  SINCE MAR 1      0.0                       0.3   -0.3      0.0
  SINCE JUL 1      0.0                       0.4   -0.4       T
  SNOW DEPTH       0

DEGREE DAYS
 HEATING
  YESTERDAY        0                         6     -6        0
  MONTH TO DATE  169                       238    -69      117
  SINCE MAR 1    169                       238    -69      117
  SINCE JUL 1   1166                      2110   -944     1442

 COOLING
  YESTERDAY       12                         1     11        0
  MONTH TO DATE   62                        23     39       68
  SINCE MAR 1     62                        23     39       68
  SINCE JAN 1    108                        29     79       81
..................................................................


WIND (MPH)
  HIGHEST WIND SPEED    13   HIGHEST WIND DIRECTION     N (340)
  HIGHEST GUST SPEED    19   HIGHEST GUST DIRECTION     W (260)
  AVERAGE WIND SPEED     5.9


SKY COVER
  AVERAGE SKY COVER 0.6


WEATHER CONDITIONS
 THE FOLLOWING WEATHER WAS RECORDED YESTERDAY.
  LIGHT RAIN


RELATIVE HUMIDITY (PERCENT)
 HIGHEST    78           100 AM
 LOWEST     40           300 PM
 AVERAGE    59

..........................................................


THE MONTGOMERY CLIMATE NORMALS FOR TODAY
                         NORMAL    RECORD    YEAR
 MAXIMUM TEMPERATURE (F)   73        89      2007
 MINIMUM TEMPERATURE (F)   48        30      1955


SUNRISE AND SUNSET
MARCH 29 2017.........SUNRISE   637 AM CDT   SUNSET   704 PM CDT
MARCH 30 2017.........SUNRISE   636 AM CDT   SUNSET   704 PM CDT


-  INDICATES NEGATIVE NUMBERS.
R  INDICATES RECORD WAS SET OR TIED.
MM INDICATES DATA IS MISSING.
T  INDICATES TRACE AMOUNT.




$$
