000
CDUS44 KBMX 100138
CLIMGM


CLIMATE REPORT
NATIONAL WEATHER SERVICE BIRMINGHAM, AL
737 PM CST FRI DEC 9 2016


...................................

...THE MONTGOMERY CLIMATE SUMMARY FOR DECEMBER 9 2016...
VALID TODAY AS OF 0700 PM LOCAL TIME.

CLIMATE NORMAL PERIOD 1981 TO 2010
CLIMATE RECORD PERIOD 1872 TO 2016


WEATHER ITEM   OBSERVED TIME   RECORD YEAR NORMAL DEPARTURE LAST
                VALUE   (LST)  VALUE       VALUE  FROM      YEAR
                                                  NORMAL
..................................................................
TEMPERATURE (F)
 TODAY
  MAXIMUM         50    219 PM  79    1943  61    -11       73
  MINIMUM         31    703 AM  15    1917  38     -7       38
  AVERAGE         41                        50     -9       56

PRECIPITATION (IN)
  TODAY            0.00          4.78 1919   0.16  -0.16     0.00
  MONTH TO DATE    1.90                      1.49   0.41     0.21
  SINCE DEC 1      1.90                      1.49   0.41     0.21
  SINCE JAN 1     39.29                     49.70 -10.41    42.76

SNOWFALL (IN)
  TODAY            0.0                       0.0    0.0      0.0
  MONTH TO DATE    0.0                       0.0    0.0      0.0
  SINCE DEC 1      0.0                       0.0    0.0      0.0
  SINCE JUL 1      0.0                       0.0    0.0      0.0
  SNOW DEPTH       0

..................................................................


WIND (MPH)
  HIGHEST WIND SPEED    16   HIGHEST WIND DIRECTION     N (10)
  HIGHEST GUST SPEED    21   HIGHEST GUST DIRECTION     N (350)
  AVERAGE WIND SPEED     9.3


SKY COVER
  AVERAGE SKY COVER 0.0


WEATHER CONDITIONS
 THE FOLLOWING WEATHER WAS RECORDED TODAY.
  NO SIGNIFICANT WEATHER WAS OBSERVED.


RELATIVE HUMIDITY (PERCENT)
 HIGHEST    58           700 AM
 LOWEST     24           100 PM
 AVERAGE    41

..........................................................


THE MONTGOMERY CLIMATE NORMALS FOR TOMORROW
                         NORMAL    RECORD    YEAR
 MAXIMUM TEMPERATURE (F)   61        82      2007
 MINIMUM TEMPERATURE (F)   38        19      1995


SUNRISE AND SUNSET
DECEMBER  9 2016......SUNRISE   636 AM CST   SUNSET   441 PM CST
DECEMBER 10 2016......SUNRISE   636 AM CST   SUNSET   441 PM CST


-  INDICATES NEGATIVE NUMBERS.
R  INDICATES RECORD WAS SET OR TIED.
MM INDICATES DATA IS MISSING.
T  INDICATES TRACE AMOUNT.




$$
