000
CDUS44 KBMX 210939
CLIMGM


CLIMATE REPORT
NATIONAL WEATHER SERVICE BIRMINGHAM, AL
438 AM CDT MON APR 21 2014


...................................

...THE MONTGOMERY CLIMATE SUMMARY FOR APRIL 20 2014...

CLIMATE NORMAL PERIOD 1981 TO 2010
CLIMATE RECORD PERIOD 1872 TO 2014


WEATHER ITEM   OBSERVED TIME   RECORD YEAR NORMAL DEPARTURE LAST
                VALUE   (LST)  VALUE       VALUE  FROM      YEAR
                                                  NORMAL
..................................................................
TEMPERATURE (F)
 YESTERDAY
  MAXIMUM         77    404 PM  90    1994  78     -1       70
  MINIMUM         56   1159 PM  38    2013  53      3       38
                                      1953
  AVERAGE         67                        65      2       54

PRECIPITATION (IN)
  YESTERDAY        0.00          3.25 1912   0.12  -0.12     0.00
  MONTH TO DATE    7.94                      2.90   5.04     3.88
  SINCE MAR 1     13.46                      8.85   4.61     7.25
  SINCE JAN 1     21.13                     18.78   2.35    24.02

SNOWFALL (IN)
  YESTERDAY        0.0                       0.0    0.0      0.0
  MONTH TO DATE    0.0                       0.0    0.0      0.0
  SINCE MAR 1      0.0                       0.3   -0.3      0.0
  SINCE JUL 1      0.5                       0.4    0.1      0.0
  SNOW DEPTH       0

DEGREE DAYS
 HEATING
  YESTERDAY        0                         3     -3       11
  MONTH TO DATE   59                        81    -22       60
  SINCE MAR 1    339                       336      3      430
  SINCE JUL 1   2297                      2208     89     1908

 COOLING
  YESTERDAY        2                         3     -1        0
  MONTH TO DATE   29                        38     -9       69
  SINCE MAR 1     32                        61    -29       80
  SINCE JAN 1     39                        67    -28      102
..................................................................


WIND (MPH)
  HIGHEST WIND SPEED    17   HIGHEST WIND DIRECTION    NE (50)
  HIGHEST GUST SPEED    23   HIGHEST GUST DIRECTION    NE (60)
  AVERAGE WIND SPEED     6.1


SKY COVER
  AVERAGE SKY COVER 0.4


WEATHER CONDITIONS
 THE FOLLOWING WEATHER WAS RECORDED YESTERDAY.
  NO SIGNIFICANT WEATHER WAS OBSERVED.


RELATIVE HUMIDITY (PERCENT)
 HIGHEST    86          1100 PM
 LOWEST     40           400 PM
 AVERAGE    63

..........................................................


THE MONTGOMERY CLIMATE NORMALS FOR TODAY
                         NORMAL    RECORD    YEAR
 MAXIMUM TEMPERATURE (F)   78        91      1987
 MINIMUM TEMPERATURE (F)   53        35      1953


SUNRISE AND SUNSET
APRIL 21 2014.........SUNRISE   610 AM CDT   SUNSET   719 PM CDT
APRIL 22 2014.........SUNRISE   609 AM CDT   SUNSET   720 PM CDT


-  INDICATES NEGATIVE NUMBERS.
R  INDICATES RECORD WAS SET OR TIED.
MM INDICATES DATA IS MISSING.
T  INDICATES TRACE AMOUNT.




$$
