000
CDUS44 KBMX 270744
CLIMGM


CLIMATE REPORT
NATIONAL WEATHER SERVICE BIRMINGHAM, AL
141 AM CST TUE JAN 27 2015


...................................

...THE MONTGOMERY CLIMATE SUMMARY FOR JANUARY 26 2015...

CLIMATE NORMAL PERIOD 1981 TO 2010
CLIMATE RECORD PERIOD 1872 TO 2015


WEATHER ITEM   OBSERVED TIME   RECORD YEAR NORMAL DEPARTURE LAST
                VALUE   (LST)  VALUE       VALUE  FROM      YEAR
                                                  NORMAL
..................................................................
TEMPERATURE (F)
 YESTERDAY
  MAXIMUM         51    356 PM  80    1950  58     -7       64
  MINIMUM         37   1159 PM  11    1940  36      1       27
  AVERAGE         44                        47     -3       46

PRECIPITATION (IN)
  YESTERDAY        T             2.88 1996   0.17  -0.17     0.00
  MONTH TO DATE    2.82                      3.79  -0.97     2.29
  SINCE DEC 1      7.71                      8.65  -0.94    11.25
  SINCE JAN 1      2.82                      3.79  -0.97     2.29

SNOWFALL (IN)
  YESTERDAY        0.0                       0.0    0.0      0.0
  MONTH TO DATE    0.0                       0.0    0.0      0.0
  SINCE DEC 1      0.0                       0.1   -0.1      0.0
  SINCE JUL 1      0.0                       0.1   -0.1      0.0
  SNOW DEPTH       0

DEGREE DAYS
 HEATING
  YESTERDAY       21                        18      3       19
  MONTH TO DATE  476                       488    -12      622
  SINCE DEC 1    861                      1005   -144     1048
  SINCE JUL 1   1324                      1376    -52     1416
..................................................................


WIND (MPH)
  HIGHEST WIND SPEED    22   HIGHEST WIND DIRECTION    NW (300)
  HIGHEST GUST SPEED    29   HIGHEST GUST DIRECTION    NW (310)
  AVERAGE WIND SPEED    10.6


SKY COVER
  AVERAGE SKY COVER 0.6


WEATHER CONDITIONS
 THE FOLLOWING WEATHER WAS RECORDED YESTERDAY.
  LIGHT RAIN


RELATIVE HUMIDITY (PERCENT)
 HIGHEST    76           100 AM
 LOWEST     48           400 PM
 AVERAGE    62

..........................................................


THE MONTGOMERY CLIMATE NORMALS FOR TODAY
                         NORMAL    RECORD    YEAR
 MAXIMUM TEMPERATURE (F)   58        79      1999
 MINIMUM TEMPERATURE (F)   36        10      1940


SUNRISE AND SUNSET
JANUARY 27 2015.......SUNRISE   643 AM CST   SUNSET   514 PM CST
JANUARY 28 2015.......SUNRISE   642 AM CST   SUNSET   515 PM CST


-  INDICATES NEGATIVE NUMBERS.
R  INDICATES RECORD WAS SET OR TIED.
MM INDICATES DATA IS MISSING.
T  INDICATES TRACE AMOUNT.




$$
