000
CDUS44 KBMX 070746
CLIMGM


CLIMATE REPORT
NATIONAL WEATHER SERVICE BIRMINGHAM, AL
244 AM CDT TUE JUL 7 2015


...................................

...THE MONTGOMERY CLIMATE SUMMARY FOR JULY 6 2015...

CLIMATE NORMAL PERIOD 1981 TO 2010
CLIMATE RECORD PERIOD 1994 TO 2015


WEATHER ITEM   OBSERVED TIME   RECORD YEAR NORMAL DEPARTURE LAST
                VALUE   (LST)  VALUE       VALUE  FROM      YEAR
                                                  NORMAL
..................................................................
TEMPERATURE (F)
 YESTERDAY
  MAXIMUM         89    344 PM 102    1881  92     -3       92
  MINIMUM         70    647 AM  61    1970  71     -1       70
                                      1882
  AVERAGE         80                        82     -2       81

PRECIPITATION (IN)
  YESTERDAY        0.00          5.66 1916   0.17  -0.17     0.00
  MONTH TO DATE    1.99                      1.06   0.93      T
  SINCE JUN 1      5.98                      5.13   0.85     5.17
  SINCE JAN 1     26.48                     28.57  -2.09    34.06

DEGREE DAYS
 COOLING
  YESTERDAY       15                        16     -1       16
  MONTH TO DATE   96                        96      0       95
  SINCE JUN 1    593                       515     78      567
  SINCE JAN 1   1131                       854    277      933
..................................................................


WIND (MPH)
  HIGHEST WIND SPEED    12   HIGHEST WIND DIRECTION    NW (300)
  HIGHEST GUST SPEED    14   HIGHEST GUST DIRECTION    SW (240)
  AVERAGE WIND SPEED     3.8


SKY COVER
  AVERAGE SKY COVER 0.2


WEATHER CONDITIONS
 THE FOLLOWING WEATHER WAS RECORDED YESTERDAY.
  NO SIGNIFICANT WEATHER WAS OBSERVED.


RELATIVE HUMIDITY (PERCENT)
 HIGHEST    97           300 AM
 LOWEST     55           200 PM
 AVERAGE    76

..........................................................


THE MONTGOMERY CLIMATE NORMALS FOR TODAY
                         NORMAL    RECORD    YEAR
 MAXIMUM TEMPERATURE (F)   92       107      1881
 MINIMUM TEMPERATURE (F)   71        62      1972


SUNRISE AND SUNSET
JULY  7 2015..........SUNRISE   545 AM CDT   SUNSET   756 PM CDT
JULY  8 2015..........SUNRISE   546 AM CDT   SUNSET   756 PM CDT


-  INDICATES NEGATIVE NUMBERS.
R  INDICATES RECORD WAS SET OR TIED.
MM INDICATES DATA IS MISSING.
T  INDICATES TRACE AMOUNT.




$$
