000
CDUS41 KPBZ 242134
CLIMGW


CLIMATE REPORT
NATIONAL WEATHER SERVICE PITTSBURGH PA
533 PM EDT SUN MAY 24 2015


...................................

...THE MORGANTOWN WV CLIMATE SUMMARY FOR MAY 24 2015...
VALID TODAY AS OF 0500 PM LOCAL TIME.

CLIMATE NORMAL PERIOD 1981 TO 2010
CLIMATE RECORD PERIOD 1948 TO 2015


WEATHER ITEM   OBSERVED TIME   RECORD YEAR NORMAL DEPARTURE LAST
                VALUE   (LST)  VALUE       VALUE  FROM      YEAR
                                                  NORMAL
..................................................................
TEMPERATURE (F)
 TODAY
  MAXIMUM         83    251 PM  87    1952  74      9       76
  MINIMUM         45    447 AM  33    1956  52     -7       48
  AVERAGE         64                        63      1       62

PRECIPITATION (IN)
  TODAY            0.00         MM      MM   0.16  -0.16     0.00
  MONTH TO DATE    0.99                      3.53  -2.54     3.89
  SINCE JUN 1     43.25                     40.75   2.50    43.28
  SINCE JAN 1     17.02                     16.11   0.91    14.85

DEGREE DAYS
 HEATING
  TODAY            1                         4     -3        3
  MONTH TO DATE   84                       146    -62      117
  SINCE MAR 1   1158                      1240    -82     1278
  SINCE JUL 1   5282                      5129    153     5404

 COOLING
  TODAY            0                         2     -2        0
  MONTH TO DATE  107                        34     73       58
  SINCE MAR 1    115                        50     65       76
  SINCE JAN 1    115                        50     65       76
..................................................................


WIND (MPH)
  RESULTANT WIND SPEED   2   RESULTANT WIND DIRECTION   S (200)
  HIGHEST WIND SPEED    10   HIGHEST WIND DIRECTION    SW (230)
  HIGHEST GUST SPEED    16   HIGHEST GUST DIRECTION    SW (220)
  AVERAGE WIND SPEED     2.8


SKY COVER
  POSSIBLE SUNSHINE  MM
  AVERAGE SKY COVER 0.0


WEATHER CONDITIONS
 THE FOLLOWING WEATHER WAS RECORDED TODAY.
  NO SIGNIFICANT WEATHER WAS OBSERVED.


RELATIVE HUMIDITY (PERCENT)
 HIGHEST    82           500 AM
 LOWEST     24           300 PM
 AVERAGE    53

..........................................................


THE MORGANTOWN WV CLIMATE NORMALS FOR TOMORROW
                         NORMAL    RECORD    YEAR
 MAXIMUM TEMPERATURE (F)   74        89      1991
 MINIMUM TEMPERATURE (F)   53        32      2013


SUNRISE AND SUNSET
MAY 24 2015...........SUNRISE   558 AM EDT   SUNSET   835 PM EDT
MAY 25 2015...........SUNRISE   558 AM EDT   SUNSET   836 PM EDT


-  INDICATES NEGATIVE NUMBERS.
R  INDICATES RECORD WAS SET OR TIED.
MM INDICATES DATA IS MISSING.
T  INDICATES TRACE AMOUNT.




$$
