477
CDUS41 KPBZ 252217
CLIMGW


CLIMATE REPORT
NATIONAL WEATHER SERVICE PITTSBURGH PA
516 PM EST SAT FEB 25 2017


...................................

...THE MORGANTOWN WV CLIMATE SUMMARY FOR FEBRUARY 25 2017...
VALID TODAY AS OF 0500 PM LOCAL TIME.

CLIMATE NORMAL PERIOD 1981 TO 2010
CLIMATE RECORD PERIOD 1948 TO 2017


WEATHER ITEM   OBSERVED TIME   RECORD YEAR NORMAL DEPARTURE LAST
                VALUE   (LST)  VALUE       VALUE  FROM      YEAR
                                                  NORMAL
..................................................................
TEMPERATURE (F)
 TODAY
  MAXIMUM         66    413 AM  74    2000  46     20       46
  MINIMUM         46    353 PM  -1    1967  27     19       32
  AVERAGE         56                        36     20       39

PRECIPITATION (IN)
  TODAY            0.41         MM      MM   0.10   0.31     0.10
  MONTH TO DATE    2.16                      2.30  -0.14     1.94
  SINCE JUN 1     35.62                     29.75   5.87    27.52
  SINCE JAN 1      6.21                      5.11   1.10     3.98

DEGREE DAYS
 HEATING
  TODAY            9                        29    -20       26
  MONTH TO DATE  528                       778   -250      646
  SINCE DEC 1   2247                      2757   -510     2281
  SINCE JUL 1   2933                      3805   -872     3000

 COOLING
  TODAY            0                         0      0        0
  MONTH TO DATE    3                         0      3        0
  SINCE DEC 1      3                         0      3        0
  SINCE JAN 1      3                         0      3        0
..................................................................


WIND (MPH)
  RESULTANT WIND SPEED   5   RESULTANT WIND DIRECTION  SW (220)
  HIGHEST WIND SPEED    16   HIGHEST WIND DIRECTION     W (260)
  HIGHEST GUST SPEED    28   HIGHEST GUST DIRECTION    SW (230)
  AVERAGE WIND SPEED     8.9


SKY COVER
  POSSIBLE SUNSHINE  MM
  AVERAGE SKY COVER 0.7


WEATHER CONDITIONS
 THE FOLLOWING WEATHER WAS RECORDED TODAY.
  RAIN
  LIGHT RAIN
  FOG


RELATIVE HUMIDITY (PERCENT)
 HIGHEST    86           800 AM
 LOWEST     46           300 PM
 AVERAGE    66

..........................................................


THE MORGANTOWN WV CLIMATE NORMALS FOR TOMORROW
                         NORMAL    RECORD    YEAR
 MAXIMUM TEMPERATURE (F)   46        77      2000
 MINIMUM TEMPERATURE (F)   27        -5      1963


SUNRISE AND SUNSET
FEBRUARY 25 2017......SUNRISE   658 AM EST   SUNSET   608 PM EST
FEBRUARY 26 2017......SUNRISE   657 AM EST   SUNSET   609 PM EST


-  INDICATES NEGATIVE NUMBERS.
R  INDICATES RECORD WAS SET OR TIED.
MM INDICATES DATA IS MISSING.
T  INDICATES TRACE AMOUNT.




$$
