000
CDUS41 KPBZ 262115
CLIMGW


CLIMATE REPORT
NATIONAL WEATHER SERVICE PITTSBURGH PA
515 PM EDT MON SEP 26 2016


...................................

...THE MORGANTOWN WV CLIMATE SUMMARY FOR SEPTEMBER 26 2016...
VALID TODAY AS OF 0500 PM LOCAL TIME.

CLIMATE NORMAL PERIOD 1981 TO 2010
CLIMATE RECORD PERIOD 1948 TO 2016


WEATHER ITEM   OBSERVED TIME   RECORD YEAR NORMAL DEPARTURE LAST
                VALUE   (LST)  VALUE       VALUE  FROM      YEAR
                                                  NORMAL
..................................................................
TEMPERATURE (F)
 TODAY
  MAXIMUM         85    124 PM  89    1959  72     13       76
  MINIMUM         56    613 AM  37    1965  51      5       61
  AVERAGE         71                        61     10       69

PRECIPITATION (IN)
  TODAY            0.48         MM      MM   0.11   0.37     0.00
  MONTH TO DATE    1.23                      2.78  -1.55     1.71
  SINCE JUN 1     16.63                     15.06   1.57    13.55
  SINCE JAN 1     32.67                     32.25   0.42    30.80

DEGREE DAYS
 HEATING
  TODAY            0                         5     -5        0
  MONTH TO DATE    0                        63    -63       13
  SINCE SEP 1      0                        63    -63       13
  SINCE JUL 1      0                        74    -74       14

 COOLING
  TODAY            6                         1      5        4
  MONTH TO DATE  218                        87    131      180
  SINCE SEP 1    218                        87    131      180
  SINCE JAN 1   1229                       796    433     1184
..................................................................


WIND (MPH)
  RESULTANT WIND SPEED   1   RESULTANT WIND DIRECTION   S (170)
  HIGHEST WIND SPEED    10   HIGHEST WIND DIRECTION    SW (210)
  HIGHEST GUST SPEED    16   HIGHEST GUST DIRECTION    SW (220)
  AVERAGE WIND SPEED     2.2


SKY COVER
  POSSIBLE SUNSHINE  MM
  AVERAGE SKY COVER 0.3


WEATHER CONDITIONS
 THE FOLLOWING WEATHER WAS RECORDED TODAY.
  THUNDERSTORM
  HEAVY RAIN
  LIGHT RAIN


RELATIVE HUMIDITY (PERCENT)
 HIGHEST    84           400 PM
 LOWEST     51           100 PM
 AVERAGE    68

..........................................................


THE MORGANTOWN WV CLIMATE NORMALS FOR TOMORROW
                         NORMAL    RECORD    YEAR
 MAXIMUM TEMPERATURE (F)   71        88      1998
 MINIMUM TEMPERATURE (F)   50        35      1991


SUNRISE AND SUNSET
SEPTEMBER 26 2016.....SUNRISE   711 AM EDT   SUNSET   709 PM EDT
SEPTEMBER 27 2016.....SUNRISE   712 AM EDT   SUNSET   708 PM EDT


-  INDICATES NEGATIVE NUMBERS.
R  INDICATES RECORD WAS SET OR TIED.
MM INDICATES DATA IS MISSING.
T  INDICATES TRACE AMOUNT.




$$
