000
CDUS41 KPBZ 022125
CLIMGW


CLIMATE REPORT
NATIONAL WEATHER SERVICE PITTSBURGH PA
524 PM EDT SUN AUG 2 2015


...................................

...THE MORGANTOWN WV CLIMATE SUMMARY FOR AUGUST 2 2015...
VALID TODAY AS OF 0500 PM LOCAL TIME.

CLIMATE NORMAL PERIOD 1981 TO 2010
CLIMATE RECORD PERIOD 1948 TO 2015


WEATHER ITEM   OBSERVED TIME   RECORD YEAR NORMAL DEPARTURE LAST
                VALUE   (LST)  VALUE       VALUE  FROM      YEAR
                                                  NORMAL
..................................................................
TEMPERATURE (F)
 TODAY
  MAXIMUM         86    355 PM  97    1991  83      3       85
  MINIMUM         60    532 AM  52    1992  63     -3       65
  AVERAGE         73                        73      0       75

PRECIPITATION (IN)
  TODAY            0.00         MM      MM   0.12  -0.12     0.44
  MONTH TO DATE    0.00                      0.25  -0.25     0.44
  SINCE JUN 1      9.75                      8.98   0.77    10.40
  SINCE JAN 1     27.00                     26.17   0.83    25.89

DEGREE DAYS
 HEATING
  TODAY            0                         0      0        0
  MONTH TO DATE    0                         0      0        0
  SINCE JUN 1     13                        34    -21        5
  SINCE JUL 1      0                         3     -3        3

 COOLING
  TODAY            8                         8      0       10
  MONTH TO DATE   19                        16      3       16
  SINCE JUN 1    573                       433    140      494
  SINCE JAN 1    757                       500    257      603
..................................................................


WIND (MPH)
  RESULTANT WIND SPEED   3   RESULTANT WIND DIRECTION  SW (210)
  HIGHEST WIND SPEED    13   HIGHEST WIND DIRECTION    SW (210)
  HIGHEST GUST SPEED    19   HIGHEST GUST DIRECTION     S (190)
  AVERAGE WIND SPEED     4.1


SKY COVER
  POSSIBLE SUNSHINE  MM
  AVERAGE SKY COVER 0.4


WEATHER CONDITIONS
 THE FOLLOWING WEATHER WAS RECORDED TODAY.
  NO SIGNIFICANT WEATHER WAS OBSERVED.


RELATIVE HUMIDITY (PERCENT)
 HIGHEST    78           200 AM
 LOWEST     37           300 PM
 AVERAGE    58

..........................................................


THE MORGANTOWN WV CLIMATE NORMALS FOR TOMORROW
                         NORMAL    RECORD    YEAR
 MAXIMUM TEMPERATURE (F)   83        97      1995
 MINIMUM TEMPERATURE (F)   63        52      1985


SUNRISE AND SUNSET
AUGUST  2 2015........SUNRISE   620 AM EDT   SUNSET   832 PM EDT
AUGUST  3 2015........SUNRISE   620 AM EDT   SUNSET   831 PM EDT


-  INDICATES NEGATIVE NUMBERS.
R  INDICATES RECORD WAS SET OR TIED.
MM INDICATES DATA IS MISSING.
T  INDICATES TRACE AMOUNT.




$$
