000
CDUS41 KPBZ 280832
CLIMGW


CLIMATE REPORT
NATIONAL WEATHER SERVICE PITTSBURGH PA
331 AM EST FRI NOV 28 2014


...................................

...THE MORGANTOWN WV CLIMATE SUMMARY FOR NOVEMBER 27 2014...

CLIMATE NORMAL PERIOD 1981 TO 2010
CLIMATE RECORD PERIOD 1948 TO 2014


WEATHER ITEM   OBSERVED TIME   RECORD YEAR NORMAL DEPARTURE LAST
                VALUE   (LST)  VALUE       VALUE  FROM      YEAR
                                                  NORMAL
..................................................................
TEMPERATURE (F)
 YESTERDAY
  MAXIMUM         37    114 PM  77    1990  49    -12       34
  MINIMUM         29   1159 PM  15    1977  33     -4       24
  AVERAGE         33                        41     -8       29

PRECIPITATION (IN)
  YESTERDAY        0.01         MM      MM   0.12  -0.11     0.14
  MONTH TO DATE    1.87                      3.11  -1.24     3.56
  SINCE JUN 1     23.32                     21.38   1.94    23.90
  SINCE JAN 1     38.81                     38.57   0.24    36.54

DEGREE DAYS
 HEATING
  YESTERDAY       32                        24      8       36
  MONTH TO DATE  626                       530     96      616
  SINCE SEP 1    957                       961     -4     1007
  SINCE JUL 1    963                       972     -9     1016

 COOLING
  YESTERDAY        0                         0      0        0
  MONTH TO DATE    0                         0      0        0
  SINCE SEP 1    148                       104     44      120
  SINCE JAN 1    981                       813    168      906
..................................................................


WIND (MPH)
  HIGHEST WIND SPEED    13   HIGHEST WIND DIRECTION     W (280)
  HIGHEST GUST SPEED    20   HIGHEST GUST DIRECTION     W (280)
  AVERAGE WIND SPEED     4.2


SKY COVER
  POSSIBLE SUNSHINE  MM
  AVERAGE SKY COVER 1.0


WEATHER CONDITIONS
 THE FOLLOWING WEATHER WAS RECORDED YESTERDAY.
  LIGHT SNOW
  FOG
  HAZE


RELATIVE HUMIDITY (PERCENT)
 HIGHEST    89           100 AM
 LOWEST     54           100 PM
 AVERAGE    72

..........................................................


THE MORGANTOWN WV CLIMATE NORMALS FOR TODAY
                         NORMAL    RECORD    YEAR
 MAXIMUM TEMPERATURE (F)   48        80      1990
 MINIMUM TEMPERATURE (F)   32        11      1955


SUNRISE AND SUNSET
NOVEMBER 28 2014......SUNRISE   718 AM EST   SUNSET   457 PM EST
NOVEMBER 29 2014......SUNRISE   719 AM EST   SUNSET   456 PM EST


-  INDICATES NEGATIVE NUMBERS.
R  INDICATES RECORD WAS SET OR TIED.
MM INDICATES DATA IS MISSING.
T  INDICATES TRACE AMOUNT.




$$
