000
CDUS43 KFSD 062243
CLIMHE


CLIMATE REPORT
NATIONAL WEATHER SERVICE SIOUX FALLS SD
442 PM CST FRI MAR 6 2015


...................................

...THE MITCHELL SD CLIMATE SUMMARY FOR MARCH 6 2015...
VALID TODAY AS OF 0400 PM LOCAL TIME.

CLIMATE NORMAL PERIOD 1981 TO 2010
CLIMATE RECORD PERIOD 1893 TO 2015


WEATHER ITEM   OBSERVED TIME   RECORD YEAR NORMAL DEPARTURE LAST
                VALUE   (LST)  VALUE       VALUE  FROM      YEAR
                                                  NORMAL
..................................................................
TEMPERATURE (F)
 TODAY
  MAXIMUM         49    359 PM  82    1987  40      9       47
  MINIMUM         17    101 AM -15    1989  20     -3       19
  AVERAGE         33                        30      3       33

PRECIPITATION (IN)
  TODAY            0.00          1.30 1983   0.03  -0.03     0.00
  MONTH TO DATE    0.04                      0.15  -0.11     0.21
  SINCE MAR 1      0.04                      0.15  -0.11     0.21
  SINCE JAN 1      0.81                      0.71   0.10     0.71

SNOWFALL (IN)
  TODAY            0.0          14.0  1908  MM     MM        0.0
  MONTH TO DATE    0.7                      MM     MM        2.8
  SINCE MAR 1      0.7                      MM     MM        2.8
  SINCE JUL 1     22.6                      MM     MM       25.0
  SNOW DEPTH       0

DEGREE DAYS
 HEATING
  TODAY           32                        35     -3       32
  MONTH TO DATE  274                       214     60      334
  SINCE MAR 1    274                       214     60      334
  SINCE JUL 1   5764                      5736     28     6284

 COOLING
  TODAY            0                         0      0        0
  MONTH TO DATE    0                         0      0        0
  SINCE MAR 1      0                         0      0        0
  SINCE JAN 1      0                         0      0        0
..................................................................


WIND (MPH)
  HIGHEST WIND SPEED    17   HIGHEST WIND DIRECTION    NW (310)
  HIGHEST GUST SPEED    25   HIGHEST GUST DIRECTION    NW (330)
  AVERAGE WIND SPEED     8.3


SKY COVER
  POSSIBLE SUNSHINE  MM
  AVERAGE SKY COVER 0.3


WEATHER CONDITIONS
 THE FOLLOWING WEATHER WAS RECORDED TODAY.
  NO SIGNIFICANT WEATHER WAS OBSERVED.


RELATIVE HUMIDITY (PERCENT)
 HIGHEST    MM
 LOWEST     MM
 AVERAGE    MM

..........................................................


THE MITCHELL SD CLIMATE NORMALS FOR TOMORROW
                         NORMAL    RECORD    YEAR
 MAXIMUM TEMPERATURE (F)   41        81      1987
 MINIMUM TEMPERATURE (F)   21       -17      1920


SUNRISE AND SUNSET
MARCH  6 2015.........SUNRISE   701 AM CST   SUNSET   627 PM CST
MARCH  7 2015.........SUNRISE   659 AM CST   SUNSET   628 PM CST


-  INDICATES NEGATIVE NUMBERS.
R  INDICATES RECORD WAS SET OR TIED.
MM INDICATES DATA IS MISSING.
T  INDICATES TRACE AMOUNT.




$$
