000
CDUS43 KFSD 180615
CLIMHE


CLIMATE REPORT
NATIONAL WEATHER SERVICE SIOUX FALLS SD
1213 AM CST SAT NOV 18 2017


...................................

...THE MITCHELL SD CLIMATE SUMMARY FOR NOVEMBER 17 2017...

CLIMATE NORMAL PERIOD 1981 TO 2010
CLIMATE RECORD PERIOD 1893 TO 2017


WEATHER ITEM   OBSERVED TIME   RECORD YEAR NORMAL DEPARTURE LAST
                VALUE   (LST)  VALUE       VALUE  FROM      YEAR
                                                  NORMAL
..................................................................
TEMPERATURE (F)
 YESTERDAY
  MAXIMUM         49        MM  73    1953  43      6       49
  MINIMUM         34        MM  -6    1959  23     11       34
  AVERAGE         42                        33      9       42

PRECIPITATION (IN)
  YESTERDAY        T             0.61 1952   0.02  -0.02     0.06
  MONTH TO DATE    0.10                      0.55  -0.45     0.06
  SINCE SEP 1      5.78                      4.49   1.29     4.16
  SINCE JAN 1     19.60                     20.84  -1.24    23.57

SNOWFALL (IN)
  YESTERDAY        0.0           3.5  1958  MM     MM         T
  MONTH TO DATE    1.2                      MM     MM         T
  SINCE SEP 1      1.2                      MM     MM         T
  SINCE JUL 1      1.2                      MM     MM         T
  SNOW DEPTH       0

DEGREE DAYS
 HEATING
  YESTERDAY       23                        32     -9       23
  MONTH TO DATE  523                       460     63      234
  SINCE SEP 1   1061                      1084    -23      677
  SINCE JUL 1   1063                      1101    -38      685

 COOLING
  YESTERDAY        0                         0      0        0
  MONTH TO DATE    0                         0      0        0
  SINCE SEP 1    120                        79     41      104
  SINCE JAN 1    890                       824     66     1036
..................................................................


WIND (MPH)
  HIGHEST WIND SPEED    20   HIGHEST WIND DIRECTION    SE (150)
  HIGHEST GUST SPEED    31   HIGHEST GUST DIRECTION     S (160)
  AVERAGE WIND SPEED    11.9


SKY COVER
  POSSIBLE SUNSHINE  MM
  AVERAGE SKY COVER 0.4


WEATHER CONDITIONS
 THE FOLLOWING WEATHER WAS RECORDED YESTERDAY.
  LIGHT RAIN


RELATIVE HUMIDITY (PERCENT)
 HIGHEST    85           500 AM
 LOWEST     56           200 PM
 AVERAGE    71

..........................................................


THE MITCHELL SD CLIMATE NORMALS FOR TODAY
                         NORMAL    RECORD    YEAR
 MAXIMUM TEMPERATURE (F)   43        77      1904
 MINIMUM TEMPERATURE (F)   23        -1      1927


SUNRISE AND SUNSET
NOVEMBER 18 2017......SUNRISE   731 AM CST   SUNSET   504 PM CST
NOVEMBER 19 2017......SUNRISE   732 AM CST   SUNSET   503 PM CST


-  INDICATES NEGATIVE NUMBERS.
R  INDICATES RECORD WAS SET OR TIED.
MM INDICATES DATA IS MISSING.
T  INDICATES TRACE AMOUNT.




$$
