326
CDUS43 KTOP 210637
CLIMHK


CLIMATE REPORT
NATIONAL WEATHER SERVICE TOPEKA KS
1235 AM CST WED FEB 21 2018


...................................

...THE MANHATTAN KS CLIMATE SUMMARY FOR FEBRUARY 20 2018...

CLIMATE NORMAL PERIOD 1981 TO 2010
CLIMATE RECORD PERIOD 9999 TO 9999


WEATHER ITEM   OBSERVED NORMAL DEPARTURE LAST
                VALUE   VALUE  FROM      YEAR
                               NORMAL
...............................................
TEMPERATURE (F)
 YESTERDAY
  MAXIMUM         28     47    -19       64
  MINIMUM         19     22     -3       42
  AVERAGE         24     34    -10       53

PRECIPITATION (IN)
  YESTERDAY       MM      0.05  MM        0.39
  MONTH TO DATE    T      0.75  -0.75     0.41
  SINCE DEC 1      0.61   2.42  -1.81     2.73
  SINCE JAN 1      0.50   1.40  -0.90     1.79

DEGREE DAYS
 HEATING
  YESTERDAY       41     31     10       12
  MONTH TO DATE  678    661     17      456
  SINCE DEC 1   2699   2852   -153     2515
  SINCE JUL 1   3581   3927   -346     3125

 COOLING
  YESTERDAY        0      0      0        0
  MONTH TO DATE    0      0      0        0
  SINCE DEC 1      0      0      0        0
  SINCE JAN 1      0      0      0        0
...............................................


WIND (MPH)
  HIGHEST WIND SPEED    15   HIGHEST WIND DIRECTION     N (340)
  HIGHEST GUST SPEED    23   HIGHEST GUST DIRECTION     N (340)
  AVERAGE WIND SPEED     8.7


SKY COVER
  AVERAGE SKY COVER 0.7


WEATHER CONDITIONS
 THE FOLLOWING WEATHER WAS RECORDED YESTERDAY.
  THUNDERSTORM
  FREEZING RAIN
  LT FREEZING RAIN
  FOG
  HAZE


RELATIVE HUMIDITY (PERCENT)
 HIGHEST    88
 LOWEST     60
 AVERAGE    74

..........................................................


THE MANHATTAN KS CLIMATE NORMALS FOR TODAY
                         NORMAL
 MAXIMUM TEMPERATURE (F)   47
 MINIMUM TEMPERATURE (F)   22


SUNRISE AND SUNSET
FEBRUARY 21 2018......SUNRISE   710 AM CST   SUNSET   611 PM CST
FEBRUARY 22 2018......SUNRISE   709 AM CST   SUNSET   612 PM CST


-  INDICATES NEGATIVE NUMBERS.
R  INDICATES RECORD WAS SET OR TIED.
MM INDICATES DATA IS MISSING.
T  INDICATES TRACE AMOUNT.




$$
