000
CDUS43 KTOP 230633
CLIMHK


CLIMATE REPORT
NATIONAL WEATHER SERVICE TOPEKA KS
1232 AM CST SUN NOV 23 2014


...................................

...THE MANHATTAN KS CLIMATE SUMMARY FOR NOVEMBER 22 2014...

CLIMATE NORMAL PERIOD 1981 TO 2010
CLIMATE RECORD PERIOD 9999 TO 9999


WEATHER ITEM   OBSERVED NORMAL DEPARTURE LAST
                VALUE   VALUE  FROM      YEAR
                               NORMAL
...............................................
TEMPERATURE (F)
 YESTERDAY
  MAXIMUM         62     52     10       29
  MINIMUM         37     27     10       19
  AVERAGE         50     40     10       24

PRECIPITATION (IN)
  YESTERDAY        T      0.05  -0.05     0.00
  MONTH TO DATE    0.04   1.31  -1.27     0.54
  SINCE SEP 1      3.76   6.70  -2.94     7.38
  SINCE JAN 1     20.66  31.24 -10.58    28.60

DEGREE DAYS
 HEATING
  YESTERDAY       15     26    -11       41
  MONTH TO DATE  629    456    173      448
  SINCE SEP 1    928    852     76      797
  SINCE JUL 1    929    855     74      800

 COOLING
  YESTERDAY        0      0      0        0
  MONTH TO DATE    0      0      0        0
  SINCE SEP 1    203    178     25      285
  SINCE JAN 1   1581   1361    220     1513
...............................................


WIND (MPH)
  HIGHEST WIND SPEED    21   HIGHEST WIND DIRECTION     S (200)
  HIGHEST GUST SPEED    32   HIGHEST GUST DIRECTION     S (200)
  AVERAGE WIND SPEED    11.0


SKY COVER
  AVERAGE SKY COVER 1.0


WEATHER CONDITIONS
 THE FOLLOWING WEATHER WAS RECORDED YESTERDAY.
  LIGHT RAIN
  FOG
  FOG W/VISIBILITY <= 1/4 MILE


RELATIVE HUMIDITY (PERCENT)
 HIGHEST   100
 LOWEST     78
 AVERAGE    89

..........................................................


THE MANHATTAN KS CLIMATE NORMALS FOR TODAY
                         NORMAL
 MAXIMUM TEMPERATURE (F)   51
 MINIMUM TEMPERATURE (F)   27


SUNRISE AND SUNSET
NOVEMBER 23 2014......SUNRISE   719 AM CST   SUNSET   507 PM CST
NOVEMBER 24 2014......SUNRISE   720 AM CST   SUNSET   507 PM CST


-  INDICATES NEGATIVE NUMBERS.
R  INDICATES RECORD WAS SET OR TIED.
MM INDICATES DATA IS MISSING.
T  INDICATES TRACE AMOUNT.




$$
