769
CDUS43 KTOP 190634
CLIMHK


CLIMATE REPORT
NATIONAL WEATHER SERVICE TOPEKA KS
134 AM CDT TUE SEP 19 2017


...................................

...THE MANHATTAN KS CLIMATE SUMMARY FOR SEPTEMBER 18 2017...

CLIMATE NORMAL PERIOD 1981 TO 2010
CLIMATE RECORD PERIOD 9999 TO 9999


WEATHER ITEM   OBSERVED NORMAL DEPARTURE LAST
                VALUE   VALUE  FROM      YEAR
                               NORMAL
...............................................
TEMPERATURE (F)
 YESTERDAY
  MAXIMUM         84     80      4       87
  MINIMUM         67     54     13       61
  AVERAGE         76     67      9       74

PRECIPITATION (IN)
  YESTERDAY        0.24   0.09   0.15     0.00
  MONTH TO DATE    0.31   2.10  -1.79     2.33
  SINCE SEP 1      0.31   2.10  -1.79     2.33
  SINCE JAN 1     23.87  26.64  -2.77    29.49

DEGREE DAYS
 HEATING
  YESTERDAY        0      2     -2        0
  MONTH TO DATE    9     18     -9        2
  SINCE SEP 1      9     18     -9        2
  SINCE JUL 1      9     21    -12        2

 COOLING
  YESTERDAY       11      4      7        9
  MONTH TO DATE  127    117     10      155
  SINCE SEP 1    127    117     10      155
  SINCE JAN 1   1382   1300     82     1611
...............................................


WIND (MPH)
  HIGHEST WIND SPEED    14   HIGHEST WIND DIRECTION     S (170)
  HIGHEST GUST SPEED    17   HIGHEST GUST DIRECTION     S (190)
  AVERAGE WIND SPEED     5.1


SKY COVER
  AVERAGE SKY COVER 0.6


WEATHER CONDITIONS
 THE FOLLOWING WEATHER WAS RECORDED YESTERDAY.
  THUNDERSTORM
  HEAVY RAIN
  RAIN
  LIGHT RAIN
  FOG


RELATIVE HUMIDITY (PERCENT)
 HIGHEST    93
 LOWEST     58
 AVERAGE    76

..........................................................


THE MANHATTAN KS CLIMATE NORMALS FOR TODAY
                         NORMAL
 MAXIMUM TEMPERATURE (F)   80
 MINIMUM TEMPERATURE (F)   53


SUNRISE AND SUNSET
SEPTEMBER 19 2017.....SUNRISE   712 AM CDT   SUNSET   728 PM CDT
SEPTEMBER 20 2017.....SUNRISE   713 AM CDT   SUNSET   726 PM CDT


-  INDICATES NEGATIVE NUMBERS.
R  INDICATES RECORD WAS SET OR TIED.
MM INDICATES DATA IS MISSING.
T  INDICATES TRACE AMOUNT.




$$
