000
CDUS43 KTOP 160633
CLIMHK


CLIMATE REPORT
NATIONAL WEATHER SERVICE TOPEKA KS
131 AM CDT WED APR 16 2014


...................................

...THE MANHATTAN KS CLIMATE SUMMARY FOR APRIL 15 2014...

CLIMATE NORMAL PERIOD 1981 TO 2010
CLIMATE RECORD PERIOD 9999 TO 9999


WEATHER ITEM   OBSERVED NORMAL DEPARTURE LAST
                VALUE   VALUE  FROM      YEAR
                               NORMAL
...............................................
TEMPERATURE (F)
 YESTERDAY
  MAXIMUM         62     67     -5       54
  MINIMUM         22     41    -19       37
  AVERAGE         42     54    -12       46

PRECIPITATION (IN)
  YESTERDAY        0.00   0.09  -0.09     0.00
  MONTH TO DATE    0.63   1.07  -0.44     1.04
  SINCE MAR 1      1.16   3.27  -2.11     2.11
  SINCE JAN 1      2.38   4.99  -2.61     3.82

DEGREE DAYS
 HEATING
  YESTERDAY       23     12     11       19
  MONTH TO DATE  235    207     28      251
  SINCE MAR 1    985    883    102     1031
  SINCE JUL 1   5516   5043    473     4788

 COOLING
  YESTERDAY        0      1     -1        0
  MONTH TO DATE    9      4      5        2
  SINCE MAR 1      9      6      3        2
  SINCE JAN 1      9      6      3        2
...............................................


WIND (MPH)
  HIGHEST WIND SPEED    22   HIGHEST WIND DIRECTION     S (170)
  HIGHEST GUST SPEED    29   HIGHEST GUST DIRECTION    SW (210)
  AVERAGE WIND SPEED     8.1


SKY COVER
  AVERAGE SKY COVER 0.0


WEATHER CONDITIONS
 THE FOLLOWING WEATHER WAS RECORDED YESTERDAY.
  HAZE


RELATIVE HUMIDITY (PERCENT)
 HIGHEST    96
 LOWEST     20
 AVERAGE    58

..........................................................


THE MANHATTAN KS CLIMATE NORMALS FOR TODAY
                         NORMAL
 MAXIMUM TEMPERATURE (F)   67
 MINIMUM TEMPERATURE (F)   42


SUNRISE AND SUNSET
APRIL 16 2014.........SUNRISE   648 AM CDT   SUNSET   805 PM CDT
APRIL 17 2014.........SUNRISE   647 AM CDT   SUNSET   806 PM CDT


-  INDICATES NEGATIVE NUMBERS.
R  INDICATES RECORD WAS SET OR TIED.
MM INDICATES DATA IS MISSING.
T  INDICATES TRACE AMOUNT.




$$
