330
CDUS43 KTOP 262133
CLIMHK


CLIMATE REPORT
NATIONAL WEATHER SERVICE TOPEKA KS
432 PM CDT WED JUL 26 2017


...................................

...THE MANHATTAN KS CLIMATE SUMMARY FOR JULY 26 2017...
VALID TODAY AS OF 0400 PM LOCAL TIME.

CLIMATE NORMAL PERIOD 1981 TO 2010
CLIMATE RECORD PERIOD 9999 TO 9999


WEATHER ITEM   OBSERVED NORMAL DEPARTURE LAST
                VALUE   VALUE  FROM      YEAR
                               NORMAL
...............................................
TEMPERATURE (F)
 TODAY
  MAXIMUM         84     92     -8       88
  MINIMUM         75     67      8       65
  AVERAGE         80     80      0       77

PRECIPITATION (IN)
  TODAY            0.73   0.11   0.62     0.00
  MONTH TO DATE    1.09   3.39  -2.30     3.15
  SINCE JUN 1      3.72   8.48  -4.76     4.40
  SINCE JAN 1     17.58  19.68  -2.10    19.68

DEGREE DAYS
 HEATING
  TODAY            0      0      0        0
  MONTH TO DATE    0      0      0        0
  SINCE JUN 1      2     11     -9        0
  SINCE JUL 1      0      0      0        0

 COOLING
  TODAY           15     14      1       12
  MONTH TO DATE  467    365    102      433
  SINCE JUN 1    812    635    177      891
  SINCE JAN 1    946    735    211     1001
...............................................


WIND (MPH)
  HIGHEST WIND SPEED    21   HIGHEST WIND DIRECTION    SW (220)
  HIGHEST GUST SPEED    27   HIGHEST GUST DIRECTION    SW (220)
  AVERAGE WIND SPEED     8.5



WEATHER CONDITIONS
 THE FOLLOWING WEATHER WAS RECORDED TODAY.
  THUNDERSTORM
  HEAVY RAIN
  RAIN
  LIGHT RAIN
  FOG


RELATIVE HUMIDITY (PERCENT)
 HIGHEST    94
 LOWEST     65
 AVERAGE    80

..........................................................


THE MANHATTAN KS CLIMATE NORMALS FOR TOMORROW
                         NORMAL
 MAXIMUM TEMPERATURE (F)   92
 MINIMUM TEMPERATURE (F)   67


SUNRISE AND SUNSET
JULY 26 2017..........SUNRISE   622 AM CDT   SUNSET   844 PM CDT
JULY 27 2017..........SUNRISE   623 AM CDT   SUNSET   843 PM CDT


-  INDICATES NEGATIVE NUMBERS.
R  INDICATES RECORD WAS SET OR TIED.
MM INDICATES DATA IS MISSING.
T  INDICATES TRACE AMOUNT.




$$
