000
CDUS43 KTOP 220631
CLIMHK


CLIMATE REPORT
NATIONAL WEATHER SERVICE TOPEKA KS
131 AM CDT MON SEP 22 2014


...................................

...THE MANHATTAN KS CLIMATE SUMMARY FOR SEPTEMBER 21 2014...

CLIMATE NORMAL PERIOD 1981 TO 2010
CLIMATE RECORD PERIOD 9999 TO 9999


WEATHER ITEM   OBSERVED NORMAL DEPARTURE LAST
                VALUE   VALUE  FROM      YEAR
                               NORMAL
...............................................
TEMPERATURE (F)
 YESTERDAY
  MAXIMUM         80     79      1       83
  MINIMUM         50     52     -2       47
  AVERAGE         65     66     -1       65

PRECIPITATION (IN)
  YESTERDAY        0.00   0.09  -0.09     0.00
  MONTH TO DATE    0.74   2.39  -1.65     2.86
  SINCE SEP 1      0.74   2.39  -1.65     2.86
  SINCE JAN 1     17.64  26.93  -9.29    24.08

DEGREE DAYS
 HEATING
  YESTERDAY        0      3     -3        0
  MONTH TO DATE   51     27     24        6
  SINCE SEP 1     51     27     24        6
  SINCE JUL 1     52     30     22        9

 COOLING
  YESTERDAY        0      4     -4        0
  MONTH TO DATE  132    129      3      222
  SINCE SEP 1    132    129      3      222
  SINCE JAN 1   1510   1312    198     1450
...............................................


WIND (MPH)
  HIGHEST WIND SPEED    16   HIGHEST WIND DIRECTION    NE (40)
  HIGHEST GUST SPEED    25   HIGHEST GUST DIRECTION    NE (40)
  AVERAGE WIND SPEED     5.2


SKY COVER
  AVERAGE SKY COVER 0.0


WEATHER CONDITIONS
 THE FOLLOWING WEATHER WAS RECORDED YESTERDAY.
  NO SIGNIFICANT WEATHER WAS OBSERVED.


RELATIVE HUMIDITY (PERCENT)
 HIGHEST   100
 LOWEST     25
 AVERAGE    63

..........................................................


THE MANHATTAN KS CLIMATE NORMALS FOR TODAY
                         NORMAL
 MAXIMUM TEMPERATURE (F)   78
 MINIMUM TEMPERATURE (F)   52


SUNRISE AND SUNSET
SEPTEMBER 22 2014.....SUNRISE   714 AM CDT   SUNSET   724 PM CDT
SEPTEMBER 23 2014.....SUNRISE   715 AM CDT   SUNSET   722 PM CDT


-  INDICATES NEGATIVE NUMBERS.
R  INDICATES RECORD WAS SET OR TIED.
MM INDICATES DATA IS MISSING.
T  INDICATES TRACE AMOUNT.




$$
