000
CDUS43 KTOP 300635
CLIMHK


CLIMATE REPORT
NATIONAL WEATHER SERVICE TOPEKA KS
135 AM CDT TUE JUN 30 2015


...................................

...THE MANHATTAN KS CLIMATE SUMMARY FOR JUNE 29 2015...

CLIMATE NORMAL PERIOD 1981 TO 2010
CLIMATE RECORD PERIOD 9999 TO 9999


WEATHER ITEM   OBSERVED NORMAL DEPARTURE LAST
                VALUE   VALUE  FROM      YEAR
                               NORMAL
...............................................
TEMPERATURE (F)
 YESTERDAY
  MAXIMUM         91     89      2       90
  MINIMUM         58     66     -8       66
  AVERAGE         75     77     -2       78

PRECIPITATION (IN)
  YESTERDAY        0.00   0.13  -0.13     0.00
  MONTH TO DATE    3.66   4.96  -1.30     6.82
  SINCE JUN 1      3.66   4.96  -1.30     6.82
  SINCE JAN 1     17.88  16.16   1.72    12.67

DEGREE DAYS
 HEATING
  YESTERDAY        0      0      0        0
  MONTH TO DATE    0      8     -8        0
  SINCE JUN 1      0      8     -8        0
  SINCE JUL 1   5129   5312   -183     5741

 COOLING
  YESTERDAY       10     12     -2       13
  MONTH TO DATE  345    258     87      289
  SINCE JUN 1    345    258     87      289
  SINCE JAN 1    426    358     68      492
...............................................


WIND (MPH)
  HIGHEST WIND SPEED    10   HIGHEST WIND DIRECTION     W (280)
  HIGHEST GUST SPEED    16   HIGHEST GUST DIRECTION     W (290)
  AVERAGE WIND SPEED     2.7


SKY COVER
  AVERAGE SKY COVER 0.0


WEATHER CONDITIONS
 THE FOLLOWING WEATHER WAS RECORDED YESTERDAY.
  NO SIGNIFICANT WEATHER WAS OBSERVED.


RELATIVE HUMIDITY (PERCENT)
 HIGHEST    90
 LOWEST     34
 AVERAGE    62

..........................................................


THE MANHATTAN KS CLIMATE NORMALS FOR TODAY
                         NORMAL
 MAXIMUM TEMPERATURE (F)   89
 MINIMUM TEMPERATURE (F)   66


SUNRISE AND SUNSET
JUNE 30 2015..........SUNRISE   604 AM CDT   SUNSET   857 PM CDT
JULY  1 2015..........SUNRISE   604 AM CDT   SUNSET   857 PM CDT


-  INDICATES NEGATIVE NUMBERS.
R  INDICATES RECORD WAS SET OR TIED.
MM INDICATES DATA IS MISSING.
T  INDICATES TRACE AMOUNT.




$$
