000
CDUS43 KTOP 220633
CLIMHK


CLIMATE REPORT
NATIONAL WEATHER SERVICE TOPEKA KS
1232 AM CST WED NOV 22 2017


...................................

...THE MANHATTAN KS CLIMATE SUMMARY FOR NOVEMBER 21 2017...

CLIMATE NORMAL PERIOD 1981 TO 2010
CLIMATE RECORD PERIOD 9999 TO 9999


WEATHER ITEM   OBSERVED NORMAL DEPARTURE LAST
                VALUE   VALUE  FROM      YEAR
                               NORMAL
...............................................
TEMPERATURE (F)
 YESTERDAY
  MAXIMUM         54     52      2       60
  MINIMUM         22     28     -6       30
  AVERAGE         38     40     -2       45

PRECIPITATION (IN)
  YESTERDAY        0.00   0.04  -0.04     0.00
  MONTH TO DATE    0.10   1.26  -1.16     0.13
  SINCE SEP 1      4.38   6.65  -2.27     6.18
  SINCE JAN 1     27.94  31.19  -3.25    33.34

DEGREE DAYS
 HEATING
  YESTERDAY       27     25      2       20
  MONTH TO DATE  446    430     16      263
  SINCE SEP 1    743    826    -83      434
  SINCE JUL 1    743    829    -86      434

 COOLING
  YESTERDAY        0      0      0        0
  MONTH TO DATE    0      0      0        3
  SINCE SEP 1    310    178    132      293
  SINCE JAN 1   1565   1361    204     1749
...............................................


WIND (MPH)
  HIGHEST WIND SPEED    29   HIGHEST WIND DIRECTION    NE (30)
  HIGHEST GUST SPEED    37   HIGHEST GUST DIRECTION    NE (30)
  AVERAGE WIND SPEED     8.9


SKY COVER
  AVERAGE SKY COVER 0.1


WEATHER CONDITIONS
 THE FOLLOWING WEATHER WAS RECORDED YESTERDAY.
  NO SIGNIFICANT WEATHER WAS OBSERVED.


RELATIVE HUMIDITY (PERCENT)
 HIGHEST    60
 LOWEST     21
 AVERAGE    41

..........................................................


THE MANHATTAN KS CLIMATE NORMALS FOR TODAY
                         NORMAL
 MAXIMUM TEMPERATURE (F)   52
 MINIMUM TEMPERATURE (F)   27


SUNRISE AND SUNSET
NOVEMBER 22 2017......SUNRISE   718 AM CST   SUNSET   508 PM CST
NOVEMBER 23 2017......SUNRISE   719 AM CST   SUNSET   507 PM CST


-  INDICATES NEGATIVE NUMBERS.
R  INDICATES RECORD WAS SET OR TIED.
MM INDICATES DATA IS MISSING.
T  INDICATES TRACE AMOUNT.




$$
