000
CDUS46 KMFR 260836
CLIMHS


CLIMATE REPORT
NATIONAL WEATHER SERVICE MEDFORD, OR
135 AM PDT TUE JUL 26 2016


...................................

...THE MT SHASTA CITY CA CLIMATE SUMMARY FOR JULY 25 2016...

CLIMATE NORMAL PERIOD 1981 TO 2010
CLIMATE RECORD PERIOD 1908 TO 2016


WEATHER ITEM   OBSERVED TIME   RECORD YEAR NORMAL DEPARTURE LAST
                VALUE   (LST)  VALUE       VALUE  FROM      YEAR
                                                  NORMAL
..................................................................
TEMPERATURE (F)
 YESTERDAY
  MAXIMUM         96    242 PM 100    1931  88      8       86
  MINIMUM         53    545 AM  38    1929  50      3       45
  AVERAGE         75                        69      6       66

PRECIPITATION (IN)
  YESTERDAY        0.00          0.02 1986   0.01  -0.01     0.00
  MONTH TO DATE    T                         0.33  -0.33     1.49
  SINCE OCT 1     42.31                     42.14   0.17    36.39
  SINCE JAN 1     32.82                     26.93   5.89    16.87

SNOWFALL (IN)
  YESTERDAY       MM                         0.0   MM       MM
  MONTH TO DATE   MM                         0.0   MM       MM
  SINCE JUL 1     MM                         0.0   MM       MM
  SNOW DEPTH      MM

DEGREE DAYS
 HEATING
  YESTERDAY        0                         1     -1        0
  MONTH TO DATE   15                        31    -16        4
  SINCE JUN 1    102                       173    -71       25
  SINCE JUL 1     15                        31    -16        4

 COOLING
  YESTERDAY       10                         5      5        1
  MONTH TO DATE   94                        97     -3      142
  SINCE JUN 1    201                       134     67      317
  SINCE JAN 1    209                       142     67      322
..................................................................


WIND (MPH)
  HIGHEST WIND SPEED     6   HIGHEST WIND DIRECTION    NW (310)
  HIGHEST GUST SPEED    11   HIGHEST GUST DIRECTION     S (160)
  AVERAGE WIND SPEED     0.6


SKY COVER
  POSSIBLE SUNSHINE  MM
  AVERAGE SKY COVER 0.0


WEATHER CONDITIONS
 THE FOLLOWING WEATHER WAS RECORDED YESTERDAY.
  NO SIGNIFICANT WEATHER WAS OBSERVED.


RELATIVE HUMIDITY (PERCENT)
 HIGHEST    77           500 AM
 LOWEST     20           100 PM

..........................................................


THE MT SHASTA CITY CA CLIMATE NORMALS FOR TODAY
                         NORMAL    RECORD    YEAR
 MAXIMUM TEMPERATURE (F)   88        99      1931
 MINIMUM TEMPERATURE (F)   50        41      1955


SUNRISE AND SUNSET
JULY 26 2016..........SUNRISE   559 AM PDT   SUNSET   832 PM PDT
JULY 27 2016..........SUNRISE   600 AM PDT   SUNSET   831 PM PDT


-  INDICATES NEGATIVE NUMBERS.
R  INDICATES RECORD WAS SET OR TIED.
MM INDICATES DATA IS MISSING.
T  INDICATES TRACE AMOUNT.




$$
