536
CDUS46 KMFR 290854
CLIMHS


CLIMATE REPORT
NATIONAL WEATHER SERVICE MEDFORD, OR
154 AM PDT SAT APR 29 2017


...................................

...THE MT SHASTA CITY CA CLIMATE SUMMARY FOR APRIL 28 2017...

CLIMATE NORMAL PERIOD 1981 TO 2010
CLIMATE RECORD PERIOD 1908 TO 2017


WEATHER ITEM   OBSERVED TIME   RECORD YEAR NORMAL DEPARTURE LAST
                VALUE   (LST)  VALUE       VALUE  FROM      YEAR
                                                  NORMAL
..................................................................
TEMPERATURE (F)
 YESTERDAY
  MAXIMUM         58    253 PM  80    2007  64     -6       64
                                      2006
  MINIMUM         34    532 AM  21    1967  36     -2       43
  AVERAGE         46                        50     -4       54

PRECIPITATION (IN)
  YESTERDAY        0.00          1.95 1912   0.07  -0.07     0.00
  MONTH TO DATE    8.48                      2.78   5.70     1.90
  SINCE OCT 1     57.94                     38.24  19.70    38.63
  SINCE JAN 1     36.78                     23.03  13.75    29.14

SNOWFALL (IN)
  YESTERDAY       MM                         0.1   MM       MM
  MONTH TO DATE   MM                         5.3   MM       MM
  SINCE JUL 1     MM                        91.4   MM       MM
  SNOW DEPTH      MM

DEGREE DAYS
 HEATING
  YESTERDAY       19                        15      4       11
  MONTH TO DATE  529                       506     23      339
  SINCE MAR 1   1158                      1210    -52      967
  SINCE JUL 1   5055                      5185   -130     4482

 COOLING
  YESTERDAY        0                         0      0        0
  MONTH TO DATE    0                         0      0        0
  SINCE MAR 1      0                         0      0        0
  SINCE JAN 1      0                         0      0        0
..................................................................


WIND (MPH)
  HIGHEST WIND SPEED    16   HIGHEST WIND DIRECTION    NW (320)
  HIGHEST GUST SPEED    30   HIGHEST GUST DIRECTION     N (340)
  AVERAGE WIND SPEED     6.1


SKY COVER
  POSSIBLE SUNSHINE  MM
  AVERAGE SKY COVER 0.0


WEATHER CONDITIONS
 THE FOLLOWING WEATHER WAS RECORDED YESTERDAY.
  NO SIGNIFICANT WEATHER WAS OBSERVED.


RELATIVE HUMIDITY (PERCENT)
 HIGHEST    75           300 AM
 LOWEST     27           500 PM

..........................................................


THE MT SHASTA CITY CA CLIMATE NORMALS FOR TODAY
                         NORMAL    RECORD    YEAR
 MAXIMUM TEMPERATURE (F)   64        84      1981
 MINIMUM TEMPERATURE (F)   36        25      1950


SUNRISE AND SUNSET
APRIL 29 2017.........SUNRISE   609 AM PDT   SUNSET   805 PM PDT
APRIL 30 2017.........SUNRISE   607 AM PDT   SUNSET   806 PM PDT


-  INDICATES NEGATIVE NUMBERS.
R  INDICATES RECORD WAS SET OR TIED.
MM INDICATES DATA IS MISSING.
T  INDICATES TRACE AMOUNT.




$$
