000
CDUS46 KMFR 240838
CLIMHS


CLIMATE REPORT
NATIONAL WEATHER SERVICE MEDFORD, OR
1238 AM PST TUE JAN 24 2017


...................................

...THE MT SHASTA CITY CA CLIMATE SUMMARY FOR JANUARY 23 2017...

CLIMATE NORMAL PERIOD 1981 TO 2010
CLIMATE RECORD PERIOD 1908 TO 2017


WEATHER ITEM   OBSERVED TIME   RECORD YEAR NORMAL DEPARTURE LAST
                VALUE   (LST)  VALUE       VALUE  FROM      YEAR
                                                  NORMAL
..................................................................
TEMPERATURE (F)
 YESTERDAY
  MAXIMUM         36    250 PM  62    1968  46    -10       46
  MINIMUM         23   1159 PM   2    1915  27     -4       35
  AVERAGE         30                        36     -6       41

PRECIPITATION (IN)
  YESTERDAY        T             1.93 1983   0.22  -0.22     0.52
  MONTH TO DATE   12.36                      5.36   7.00    11.87
  SINCE OCT 1     33.52                     20.57  12.95    21.36
  SINCE JAN 1     12.36                      5.36   7.00    11.87

SNOWFALL (IN)
  YESTERDAY       MM                         0.5   MM       MM
  MONTH TO DATE   MM                        15.9   MM       MM
  SINCE JUL 1     MM                        48.6   MM       MM
  SNOW DEPTH      MM

DEGREE DAYS
 HEATING
  YESTERDAY       35                        29      6       24
  MONTH TO DATE  748                       677     71      646
  SINCE DEC 1   1730                      1602    128     1561
  SINCE JUL 1   2915                      2999    -84     2693

 COOLING
  YESTERDAY        0                         0      0        0
  MONTH TO DATE    0                         0      0        0
  SINCE DEC 1      0                         0      0        0
  SINCE JAN 1      0                         0      0        0
..................................................................


WIND (MPH)
  HIGHEST WIND SPEED     6   HIGHEST WIND DIRECTION     E (110)
  HIGHEST GUST SPEED    11   HIGHEST GUST DIRECTION    SE (150)
  AVERAGE WIND SPEED     0.4


SKY COVER
  POSSIBLE SUNSHINE  MM
  AVERAGE SKY COVER 0.7


WEATHER CONDITIONS
 THE FOLLOWING WEATHER WAS RECORDED YESTERDAY.
  LIGHT SNOW
  FOG
  FOG W/VISIBILITY <= 1/4 MILE
  HAZE


RELATIVE HUMIDITY (PERCENT)
 HIGHEST    92          1200 AM
 LOWEST     82           300 PM

..........................................................


THE MT SHASTA CITY CA CLIMATE NORMALS FOR TODAY
                         NORMAL    RECORD    YEAR
 MAXIMUM TEMPERATURE (F)   46        63      2014
                                             1975
 MINIMUM TEMPERATURE (F)   27         4      1949


SUNRISE AND SUNSET
JANUARY 24 2017.......SUNRISE   727 AM PST   SUNSET   516 PM PST
JANUARY 25 2017.......SUNRISE   726 AM PST   SUNSET   517 PM PST


-  INDICATES NEGATIVE NUMBERS.
R  INDICATES RECORD WAS SET OR TIED.
MM INDICATES DATA IS MISSING.
T  INDICATES TRACE AMOUNT.




$$
