000
CDUS46 KMFR 200840
CLIMHS


CLIMATE REPORT
NATIONAL WEATHER SERVICE MEDFORD, OR
140 AM PDT SUN AUG 20 2017


...................................

...THE MT SHASTA CITY CA CLIMATE SUMMARY FOR AUGUST 19 2017...

CLIMATE NORMAL PERIOD 1981 TO 2010
CLIMATE RECORD PERIOD 1908 TO 2017


WEATHER ITEM   OBSERVED TIME   RECORD YEAR NORMAL DEPARTURE LAST
                VALUE   (LST)  VALUE       VALUE  FROM      YEAR
                                                  NORMAL
..................................................................
TEMPERATURE (F)
 YESTERDAY
  MAXIMUM         83    247 PM 100    2016  85     -2      100
  MINIMUM         56    550 AM  35    1924  48      8       59
  AVERAGE         70                        66      4       80

PRECIPITATION (IN)
  YESTERDAY        0.00          0.32 1968   0.01  -0.01     0.00
  MONTH TO DATE    T                         0.19  -0.19     0.00
  SINCE OCT 1     59.73                     42.39  17.34    42.31
  SINCE JAN 1     38.57                     27.18  11.39    32.82

SNOWFALL (IN)
  YESTERDAY       MM                         0.0   MM       MM
  MONTH TO DATE   MM                         0.0   MM       MM
  SINCE JUL 1     MM                         0.0   MM       MM
  SNOW DEPTH      MM

DEGREE DAYS
 HEATING
  YESTERDAY        0                         1     -1        0
  MONTH TO DATE    0                        19    -19        0
  SINCE JUN 1    105                       194    -89      102
  SINCE JUL 1      0                        52    -52       15

 COOLING
  YESTERDAY        5                         3      2       15
  MONTH TO DATE  157                        67     90      133
  SINCE JUN 1    500                       227    273      415
  SINCE JAN 1    514                       235    279      423
..................................................................


WIND (MPH)
  HIGHEST WIND SPEED     9   HIGHEST WIND DIRECTION     N (340)
  HIGHEST GUST SPEED    20   HIGHEST GUST DIRECTION    NW (330)
  AVERAGE WIND SPEED     4.4


SKY COVER
  POSSIBLE SUNSHINE  MM
  AVERAGE SKY COVER 0.4


WEATHER CONDITIONS
 THE FOLLOWING WEATHER WAS RECORDED YESTERDAY.
  HAZE


RELATIVE HUMIDITY (PERCENT)
 HIGHEST    47           500 AM
 LOWEST     24           200 PM

..........................................................


THE MT SHASTA CITY CA CLIMATE NORMALS FOR TODAY
                         NORMAL    RECORD    YEAR
 MAXIMUM TEMPERATURE (F)   85        99      1950
 MINIMUM TEMPERATURE (F)   48        38      1928


SUNRISE AND SUNSET
AUGUST 20 2017........SUNRISE   624 AM PDT   SUNSET   800 PM PDT
AUGUST 21 2017........SUNRISE   625 AM PDT   SUNSET   759 PM PDT


-  INDICATES NEGATIVE NUMBERS.
R  INDICATES RECORD WAS SET OR TIED.
MM INDICATES DATA IS MISSING.
T  INDICATES TRACE AMOUNT.




$$
