000
CDUS46 KMFR 290836
CLIMHS


CLIMATE REPORT
NATIONAL WEATHER SERVICE MEDFORD, OR
136 AM PDT MON AUG 29 2016


...................................

...THE MT SHASTA CITY CA CLIMATE SUMMARY FOR AUGUST 28 2016...

CLIMATE NORMAL PERIOD 1981 TO 2010
CLIMATE RECORD PERIOD 1908 TO 2016


WEATHER ITEM   OBSERVED TIME   RECORD YEAR NORMAL DEPARTURE LAST
                VALUE   (LST)  VALUE       VALUE  FROM      YEAR
                                                  NORMAL
..................................................................
TEMPERATURE (F)
 YESTERDAY
  MAXIMUM         88    240 PM  98    1931  83      5       87
  MINIMUM         50    534 AM  34    1929  46      4       57
  AVERAGE         69                        64      5       72

PRECIPITATION (IN)
  YESTERDAY        0.00          0.91 1954   0.02  -0.02     0.00
  MONTH TO DATE    0.00                      0.30  -0.30      T
  SINCE OCT 1     42.31                     42.50  -0.19    36.40
  SINCE JAN 1     32.82                     27.29   5.53    16.88

SNOWFALL (IN)
  YESTERDAY       MM                         0.0   MM       MM
  MONTH TO DATE   MM                         0.0   MM       MM
  SINCE JUL 1     MM                         0.0   MM       MM
  SNOW DEPTH      MM

DEGREE DAYS
 HEATING
  YESTERDAY        0                         2     -2        0
  MONTH TO DATE    0                        36    -36        0
  SINCE JUN 1    102                       211   -109       26
  SINCE JUL 1     15                        69    -54        5

 COOLING
  YESTERDAY        4                         2      2        7
  MONTH TO DATE  181                        85     96      135
  SINCE JUN 1    463                       245    218      488
  SINCE JAN 1    471                       253    218      493
..................................................................


WIND (MPH)
  HIGHEST WIND SPEED     6   HIGHEST WIND DIRECTION    SE (130)
  HIGHEST GUST SPEED    15   HIGHEST GUST DIRECTION     S (160)
  AVERAGE WIND SPEED     1.1


SKY COVER
  POSSIBLE SUNSHINE  MM
  AVERAGE SKY COVER 0.0


WEATHER CONDITIONS
 THE FOLLOWING WEATHER WAS RECORDED YESTERDAY.
  NO SIGNIFICANT WEATHER WAS OBSERVED.


RELATIVE HUMIDITY (PERCENT)
 HIGHEST    77           600 AM
 LOWEST     14           300 PM

..........................................................


THE MT SHASTA CITY CA CLIMATE NORMALS FOR TODAY
                         NORMAL    RECORD    YEAR
 MAXIMUM TEMPERATURE (F)   82        99      1950
 MINIMUM TEMPERATURE (F)   46        34      1927


SUNRISE AND SUNSET
AUGUST 29 2016........SUNRISE   633 AM PDT   SUNSET   746 PM PDT
AUGUST 30 2016........SUNRISE   634 AM PDT   SUNSET   744 PM PDT


-  INDICATES NEGATIVE NUMBERS.
R  INDICATES RECORD WAS SET OR TIED.
MM INDICATES DATA IS MISSING.
T  INDICATES TRACE AMOUNT.




$$
