000
CDUS46 KMFR 250835
CLIMHS


CLIMATE REPORT
NATIONAL WEATHER SERVICE MEDFORD, OR
1235 AM PST SAT FEB 25 2017


...................................

...THE MT SHASTA CITY CA CLIMATE SUMMARY FOR FEBRUARY 24 2017...

CLIMATE NORMAL PERIOD 1981 TO 2010
CLIMATE RECORD PERIOD 1908 TO 2017


WEATHER ITEM   OBSERVED TIME   RECORD YEAR NORMAL DEPARTURE LAST
                VALUE   (LST)  VALUE       VALUE  FROM      YEAR
                                                  NORMAL
..................................................................
TEMPERATURE (F)
 YESTERDAY
  MAXIMUM         40   1249 PM  70    1995  50    -10       64
  MINIMUM         16    725 AM   9    1956  29    -13       29
  AVERAGE         28                        39    -11       47

PRECIPITATION (IN)
  YESTERDAY        0.02          3.93 1958   0.28  -0.26     0.00
  MONTH TO DATE   10.99                      6.15   4.84     2.87
  SINCE OCT 1     43.25                     28.42  14.83    25.36
  SINCE JAN 1     22.09                     13.21   8.88    15.87

SNOWFALL (IN)
  YESTERDAY       MM                         0.8   MM       MM
  MONTH TO DATE   MM                        16.9   MM       MM
  SINCE JUL 1     MM                        70.2   MM       MM
  SNOW DEPTH      MM

DEGREE DAYS
 HEATING
  YESTERDAY       37                        26     11       18
  MONTH TO DATE  589                       649    -60      511
  SINCE DEC 1   2579                      2478    101     2283
  SINCE JUL 1   3764                      3875   -111     3415

 COOLING
  YESTERDAY        0                         0      0        0
  MONTH TO DATE    0                         0      0        0
  SINCE DEC 1      0                         0      0        0
  SINCE JAN 1      0                         0      0        0
..................................................................


WIND (MPH)
  HIGHEST WIND SPEED     8   HIGHEST WIND DIRECTION    SW (220)
  HIGHEST GUST SPEED    14   HIGHEST GUST DIRECTION    SE (150)
  AVERAGE WIND SPEED     1.1


SKY COVER
  POSSIBLE SUNSHINE  MM
  AVERAGE SKY COVER 0.5


WEATHER CONDITIONS
 THE FOLLOWING WEATHER WAS RECORDED YESTERDAY.
  LIGHT SNOW
  FOG


RELATIVE HUMIDITY (PERCENT)
 HIGHEST    92          1000 PM
 LOWEST     37          1200 PM

..........................................................


THE MT SHASTA CITY CA CLIMATE NORMALS FOR TODAY
                         NORMAL    RECORD    YEAR
 MAXIMUM TEMPERATURE (F)   50        71      1916
 MINIMUM TEMPERATURE (F)   29        11      1987


SUNRISE AND SUNSET
FEBRUARY 25 2017......SUNRISE   649 AM PST   SUNSET   556 PM PST
FEBRUARY 26 2017......SUNRISE   648 AM PST   SUNSET   557 PM PST


-  INDICATES NEGATIVE NUMBERS.
R  INDICATES RECORD WAS SET OR TIED.
MM INDICATES DATA IS MISSING.
T  INDICATES TRACE AMOUNT.




$$
