000
CDUS46 KMFR 040835
CLIMHS


CLIMATE REPORT
NATIONAL WEATHER SERVICE MEDFORD, OR
135 AM PDT FRI SEP 4 2015


...................................

...THE MT SHASTA CITY CA CLIMATE SUMMARY FOR SEPTEMBER 3 2015...

CLIMATE NORMAL PERIOD 1981 TO 2010
CLIMATE RECORD PERIOD 1908 TO 2015


WEATHER ITEM   OBSERVED TIME   RECORD YEAR NORMAL DEPARTURE LAST
                VALUE   (LST)  VALUE       VALUE  FROM      YEAR
                                                  NORMAL
..................................................................
TEMPERATURE (F)
 YESTERDAY
  MAXIMUM         72    214 PM 100    1955  81     -9       80
  MINIMUM         49   1159 PM  33    1916  45      4       52
  AVERAGE         61                        63     -2       66

PRECIPITATION (IN)
  YESTERDAY        0.00          0.99 1940   0.02  -0.02     0.00
  MONTH TO DATE    0.00                      0.05  -0.05     0.00
  SINCE OCT 1     36.42                     42.59  -6.17    13.39
  SINCE JAN 1     16.90                     27.38 -10.48    12.28

SNOWFALL (IN)
  YESTERDAY       MM                         0.0   MM       MM
  MONTH TO DATE   MM                         0.0   MM       MM
  SINCE JUL 1     MM                         0.0   MM       MM
  SNOW DEPTH      MM

DEGREE DAYS
 HEATING
  YESTERDAY        4                         3      1        0
  MONTH TO DATE    8                         9     -1        0
  SINCE SEP 1      8                         9     -1        0
  SINCE JUL 1     19                        84    -65        5

 COOLING
  YESTERDAY        0                         1     -1        1
  MONTH TO DATE    1                         4     -3        8
  SINCE SEP 1      1                         4     -3        8
  SINCE JAN 1    495                       264    231      506
..................................................................


WIND (MPH)
  HIGHEST WIND SPEED     9   HIGHEST WIND DIRECTION     W (290)
  HIGHEST GUST SPEED    16   HIGHEST GUST DIRECTION     W (290)
  AVERAGE WIND SPEED     4.9


SKY COVER
  POSSIBLE SUNSHINE  MM
  AVERAGE SKY COVER 0.3


WEATHER CONDITIONS
 THE FOLLOWING WEATHER WAS RECORDED YESTERDAY.
  NO SIGNIFICANT WEATHER WAS OBSERVED.


RELATIVE HUMIDITY (PERCENT)
 HIGHEST    74           400 AM
 LOWEST     30           600 PM

..........................................................


THE MT SHASTA CITY CA CLIMATE NORMALS FOR TODAY
                         NORMAL    RECORD    YEAR
 MAXIMUM TEMPERATURE (F)   81       101      1955
 MINIMUM TEMPERATURE (F)   45        34      1929


SUNRISE AND SUNSET
SEPTEMBER  4 2015.....SUNRISE   638 AM PDT   SUNSET   737 PM PDT
SEPTEMBER  5 2015.....SUNRISE   639 AM PDT   SUNSET   736 PM PDT


-  INDICATES NEGATIVE NUMBERS.
R  INDICATES RECORD WAS SET OR TIED.
MM INDICATES DATA IS MISSING.
T  INDICATES TRACE AMOUNT.




$$
