000
CDUS42 KMFL 220928
CLIMIA


CLIMATE REPORT
NATIONAL WEATHER SERVICE MIAMI, FL
428 AM EST WED NOV 22 2017


...................................

...THE MIAMI CLIMATE SUMMARY FOR NOVEMBER 21 2017...

CLIMATE NORMAL PERIOD 1981 TO 2010
CLIMATE RECORD PERIOD 1895 TO 2017


WEATHER ITEM   OBSERVED TIME   RECORD YEAR NORMAL DEPARTURE LAST
                VALUE   (LST)  VALUE       VALUE  FROM      YEAR
                                                  NORMAL
..................................................................
TEMPERATURE (F)
 YESTERDAY
  MAXIMUM         85    134 PM  87    1986  81      4       77
  MINIMUM         71    650 AM  36    1914  67      4       58
  AVERAGE         78                        74      4       68

PRECIPITATION (IN)
  YESTERDAY        0.62          7.68 1912   0.09   0.53     0.00
  MONTH TO DATE    3.69                      2.50   1.19     0.88
  SINCE NOV 1      3.69                      2.50   1.19     0.88
  SINCE JAN 1     81.74                     59.09  22.65    63.54

SNOWFALL (IN)
  YESTERDAY        0.0
  MONTH TO DATE    0.0
  SINCE SEP 1      0.0
  SINCE JUL 1      0.0
  SNOW DEPTH       0

DEGREE DAYS
 HEATING
  YESTERDAY        0                         0      0        0
  MONTH TO DATE    0                         0      0        0
  SINCE SEP 1      0                         0      0        0
  SINCE JUL 1      0                         0      0        0

 COOLING
  YESTERDAY       13                         9      4        3
  MONTH TO DATE  275                       223     52      205
  SINCE SEP 1   1376                      1220    156     1261
  SINCE JAN 1   4950                      4295    655     4493
..................................................................


WIND (MPH)
  HIGHEST WIND SPEED    14   HIGHEST WIND DIRECTION    SE (130)
  HIGHEST GUST SPEED    19   HIGHEST GUST DIRECTION    SE (140)
  AVERAGE WIND SPEED     4.2


SKY COVER
  POSSIBLE SUNSHINE  MM
  AVERAGE SKY COVER 0.5


WEATHER CONDITIONS
 THE FOLLOWING WEATHER WAS RECORDED YESTERDAY.
  THUNDERSTORM
  HEAVY RAIN
  RAIN
  LIGHT RAIN
  FOG


RELATIVE HUMIDITY (PERCENT)
 HIGHEST   100
 LOWEST     59
 AVERAGE    80

..........................................................


THE MIAMI CLIMATE NORMALS FOR TODAY
                         NORMAL    RECORD    YEAR
 MAXIMUM TEMPERATURE (F)   81        86      1994
 MINIMUM TEMPERATURE (F)   67        43      1937


SUNRISE AND SUNSET
NOVEMBER 22 2017......SUNRISE   644 AM EST   SUNSET   530 PM EST
NOVEMBER 23 2017......SUNRISE   645 AM EST   SUNSET   530 PM EST


-  INDICATES NEGATIVE NUMBERS.
R  INDICATES RECORD WAS SET OR TIED.
MM INDICATES DATA IS MISSING.
T  INDICATES TRACE AMOUNT.




$$
