000
CDUS42 KMFL 280820
CLIMIA


CLIMATE REPORT
NATIONAL WEATHER SERVICE MIAMI, FL
420 AM EDT FRI AUG 28 2015


...................................

...THE MIAMI CLIMATE SUMMARY FOR AUGUST 27 2015...

CLIMATE NORMAL PERIOD 1981 TO 2010
CLIMATE RECORD PERIOD 1895 TO 2015


WEATHER ITEM   OBSERVED TIME   RECORD YEAR NORMAL DEPARTURE LAST
                VALUE   (LST)  VALUE       VALUE  FROM      YEAR
                                                  NORMAL
..................................................................
TEMPERATURE (F)
 YESTERDAY
  MAXIMUM         90    334 PM  97    1954  91     -1       91
  MINIMUM         75   1041 AM  70    1939  77     -2       79
                                      1921
                                      1908
  AVERAGE         83                        84     -1       85

PRECIPITATION (IN)
  YESTERDAY        0.08          6.41 1964   0.31  -0.23     0.00
  MONTH TO DATE    6.12                      7.61  -1.49     9.06
  SINCE JUN 1     15.63                     23.78  -8.15    38.97
  SINCE JAN 1     27.13                     39.13 -12.00    49.12

SNOWFALL (IN)
  YESTERDAY        0.0
  MONTH TO DATE    0.0
  SINCE JUN 1      0.0
  SINCE JUL 1      0.0
  SNOW DEPTH       0

DEGREE DAYS
 HEATING
  YESTERDAY        0                         0      0        0
  MONTH TO DATE    0                         0      0        0
  SINCE JUN 1      0                         0      0        0
  SINCE JUL 1      0                         0      0        0

 COOLING
  YESTERDAY       18                        19     -1       20
  MONTH TO DATE  539                       521     18      538
  SINCE JUN 1   1723                      1645     78     1633
  SINCE JAN 1   3400                      3001    399     3207
..................................................................


WIND (MPH)
  HIGHEST WIND SPEED    15   HIGHEST WIND DIRECTION     S (180)
  HIGHEST GUST SPEED    21   HIGHEST GUST DIRECTION     S (190)
  AVERAGE WIND SPEED     5.7


SKY COVER
  POSSIBLE SUNSHINE  MM
  AVERAGE SKY COVER 0.8


WEATHER CONDITIONS
 THE FOLLOWING WEATHER WAS RECORDED YESTERDAY.
  LIGHT RAIN
  FOG


RELATIVE HUMIDITY (PERCENT)
 HIGHEST    97
 LOWEST     56
 AVERAGE    77

..........................................................


THE MIAMI CLIMATE NORMALS FOR TODAY
                         NORMAL    RECORD    YEAR
 MAXIMUM TEMPERATURE (F)   91        96      1954
 MINIMUM TEMPERATURE (F)   77        71      1994
                                             1929
                                             1921


SUNRISE AND SUNSET
AUGUST 28 2015........SUNRISE   700 AM EDT   SUNSET   745 PM EDT
AUGUST 29 2015........SUNRISE   700 AM EDT   SUNSET   744 PM EDT


-  INDICATES NEGATIVE NUMBERS.
R  INDICATES RECORD WAS SET OR TIED.
MM INDICATES DATA IS MISSING.
T  INDICATES TRACE AMOUNT.




$$
