000
CDUS42 KMFL 240824
CLIMIA


CLIMATE REPORT
NATIONAL WEATHER SERVICE MIAMI, FL
423 AM EDT SUN SEP 24 2017


...................................

...THE MIAMI CLIMATE SUMMARY FOR SEPTEMBER 23 2017...

CLIMATE NORMAL PERIOD 1981 TO 2010
CLIMATE RECORD PERIOD 1895 TO 2017


WEATHER ITEM   OBSERVED TIME   RECORD YEAR NORMAL DEPARTURE LAST
                VALUE   (LST)  VALUE       VALUE  FROM      YEAR
                                                  NORMAL
..................................................................
TEMPERATURE (F)
 YESTERDAY
  MAXIMUM         91    200 PM  94    1943  89      2       89
  MINIMUM         77    131 AM  65    1897  76      1       76
  AVERAGE         84                        83      1       83

PRECIPITATION (IN)
  YESTERDAY        0.43          3.48 1960   0.33   0.10     0.14
  MONTH TO DATE   13.34                      7.60   5.74     4.03
  SINCE JUN 1     50.33                     32.65  17.68    30.63
  SINCE JAN 1     63.81                     48.00  15.81    51.02

SNOWFALL (IN)
  YESTERDAY        0.0
  MONTH TO DATE    0.0
  SINCE SEP 1      0.0
  SINCE JUL 1      0.0
  SNOW DEPTH       0

DEGREE DAYS
 HEATING
  YESTERDAY        0                         0      0        0
  MONTH TO DATE    0                         0      0        0
  SINCE SEP 1      0                         0      0        0
  SINCE JUL 1      0                         0      0        0

 COOLING
  YESTERDAY       19                        18      1       18
  MONTH TO DATE  468                       416     52      440
  SINCE SEP 1    468                       416     52      440
  SINCE JAN 1   4042                      3491    551     3672
..................................................................


WIND (MPH)
  HIGHEST WIND SPEED    15   HIGHEST WIND DIRECTION    NE (40)
  HIGHEST GUST SPEED    20   HIGHEST GUST DIRECTION    NE (60)
  AVERAGE WIND SPEED     4.9


SKY COVER
  POSSIBLE SUNSHINE  13 PERCENT
  AVERAGE SKY COVER 0.7


WEATHER CONDITIONS
 THE FOLLOWING WEATHER WAS RECORDED YESTERDAY.
  THUNDERSTORM
  RAIN
  LIGHT RAIN
  FOG


RELATIVE HUMIDITY (PERCENT)
 HIGHEST   100
 LOWEST     56
 AVERAGE    78

..........................................................


THE MIAMI CLIMATE NORMALS FOR TODAY
                         NORMAL    RECORD    YEAR
 MAXIMUM TEMPERATURE (F)   89        92      2013
                                             2011
 MINIMUM TEMPERATURE (F)   76        70      1943
                                             1918
                                             1897


SUNRISE AND SUNSET
SEPTEMBER 24 2017.....SUNRISE   711 AM EDT   SUNSET   715 PM EDT
SEPTEMBER 25 2017.....SUNRISE   711 AM EDT   SUNSET   714 PM EDT


-  INDICATES NEGATIVE NUMBERS.
R  INDICATES RECORD WAS SET OR TIED.
MM INDICATES DATA IS MISSING.
T  INDICATES TRACE AMOUNT.




$$
