000
CDUS42 KMFL 290922
CLIMIA


CLIMATE REPORT
NATIONAL WEATHER SERVICE MIAMI, FL
422 AM EST MON DEC 29 2014


...................................

...THE MIAMI CLIMATE SUMMARY FOR DECEMBER 28 2014...

CLIMATE NORMAL PERIOD 1981 TO 2010
CLIMATE RECORD PERIOD 1895 TO 2014


WEATHER ITEM   OBSERVED TIME   RECORD YEAR NORMAL DEPARTURE LAST
                VALUE   (LST)  VALUE       VALUE  FROM      YEAR
                                                  NORMAL
..................................................................
TEMPERATURE (F)
 YESTERDAY
  MAXIMUM         81    335 PM  83    2007  77      4       80
                                      1988
                                      1987
  MINIMUM         67    724 AM  37    1902  61      6       72
  AVERAGE         74                        69      5       76

PRECIPITATION (IN)
  YESTERDAY        0.00          0.71 1955   0.06  -0.06     0.12
  MONTH TO DATE    1.32                      1.87  -0.55     4.67
  SINCE NOV 1      3.98                      5.14  -1.16    10.40
  SINCE JAN 1     63.60                     61.73   1.87    70.42

SNOWFALL (IN)
  YESTERDAY        0.0
  MONTH TO DATE    0.0
  SINCE DEC 1      0.0
  SINCE JUL 1      0.0
  SNOW DEPTH       0

DEGREE DAYS
 HEATING
  YESTERDAY        0                         2     -2
  MONTH TO DATE   18                        28    -10
  SINCE DEC 1     18                        28    -10
  SINCE JUL 1     29                        31     -2

 COOLING
  YESTERDAY        9                         5      4
  MONTH TO DATE  187                       187      0
  SINCE DEC 1    187                       187      0
  SINCE JAN 1   4731                      4559    172
..................................................................


WIND (MPH)
  HIGHEST WIND SPEED    16   HIGHEST WIND DIRECTION    SE (120)
  HIGHEST GUST SPEED    20   HIGHEST GUST DIRECTION    SE (150)
  AVERAGE WIND SPEED     4.9


SKY COVER
  POSSIBLE SUNSHINE  77 PERCENT
  AVERAGE SKY COVER 0.4


WEATHER CONDITIONS
 THE FOLLOWING WEATHER WAS RECORDED YESTERDAY.
  NO SIGNIFICANT WEATHER WAS OBSERVED.


RELATIVE HUMIDITY (PERCENT)
 HIGHEST    97
 LOWEST     62
 AVERAGE    80

..........................................................


THE MIAMI CLIMATE NORMALS FOR TODAY
                         NORMAL    RECORD    YEAR
 MAXIMUM TEMPERATURE (F)   77        85      1981
 MINIMUM TEMPERATURE (F)   61        41      1961


SUNRISE AND SUNSET
DECEMBER 29 2014......SUNRISE   707 AM EST   SUNSET   540 PM EST
DECEMBER 30 2014......SUNRISE   707 AM EST   SUNSET   540 PM EST


-  INDICATES NEGATIVE NUMBERS.
R  INDICATES RECORD WAS SET OR TIED.
MM INDICATES DATA IS MISSING.
T  INDICATES TRACE AMOUNT.




$$
