000
CDUS42 KMFL 080931
CLIMIA


CLIMATE REPORT
NATIONAL WEATHER SERVICE MIAMI, FL
431 AM EST MON FEB 8 2016


...................................

...THE MIAMI CLIMATE SUMMARY FOR FEBRUARY 7 2016...

CLIMATE NORMAL PERIOD 1981 TO 2010
CLIMATE RECORD PERIOD 1895 TO 2016


WEATHER ITEM   OBSERVED TIME   RECORD YEAR NORMAL DEPARTURE LAST
                VALUE   (LST)  VALUE       VALUE  FROM      YEAR
                                                  NORMAL
..................................................................
TEMPERATURE (F)
 YESTERDAY
  MAXIMUM         65    346 PM  87    2003  78    -13       73
                                      1939
  MINIMUM         52    810 AM  40    1978  62    -10       64
  AVERAGE         59                        70    -11       69

PRECIPITATION (IN)
  YESTERDAY        0.04          1.71 2012   0.08  -0.04     0.00
  MONTH TO DATE    1.44                      0.54   0.90     0.63
  SINCE NOV 1     26.38                      7.47  18.91     5.56
  SINCE JAN 1      9.01                      2.16   6.85     1.58

SNOWFALL (IN)
  YESTERDAY        0.0
  MONTH TO DATE    0.0
  SINCE DEC 1      0.0
  SINCE JUL 1      0.0
  SNOW DEPTH       0

DEGREE DAYS
 HEATING
  YESTERDAY        6                         1      5        0
  MONTH TO DATE    6                         7     -1        0
  SINCE DEC 1     46                        94    -48       30
  SINCE JUL 1     46                        97    -51       41

 COOLING
  YESTERDAY        0                         6     -6        4
  MONTH TO DATE   51                        36     15       33
  SINCE DEC 1    560                       390    170      455
  SINCE JAN 1    172                       187    -15      235
..................................................................


WIND (MPH)
  HIGHEST WIND SPEED    20   HIGHEST WIND DIRECTION     W (280)
  HIGHEST GUST SPEED    29   HIGHEST GUST DIRECTION     W (290)
  AVERAGE WIND SPEED    11.3


SKY COVER
  POSSIBLE SUNSHINE  91 PERCENT
  AVERAGE SKY COVER 0.5


WEATHER CONDITIONS
 THE FOLLOWING WEATHER WAS RECORDED YESTERDAY.
  RAIN
  LIGHT RAIN
  FOG


RELATIVE HUMIDITY (PERCENT)
 HIGHEST    93
 LOWEST     36
 AVERAGE    65

..........................................................


THE MIAMI CLIMATE NORMALS FOR TODAY
                         NORMAL    RECORD    YEAR
 MAXIMUM TEMPERATURE (F)   78        88      1974
 MINIMUM TEMPERATURE (F)   62        40      1943
                                             1942
                                             1922


SUNRISE AND SUNSET
FEBRUARY  8 2016......SUNRISE   701 AM EST   SUNSET   609 PM EST
FEBRUARY  9 2016......SUNRISE   701 AM EST   SUNSET   610 PM EST


-  INDICATES NEGATIVE NUMBERS.
R  INDICATES RECORD WAS SET OR TIED.
MM INDICATES DATA IS MISSING.
T  INDICATES TRACE AMOUNT.




$$
