000
CDUS42 KMFL 210824
CLIMIA


CLIMATE REPORT
NATIONAL WEATHER SERVICE MIAMI, FL
423 AM EDT TUE OCT 21 2014


...................................

...THE MIAMI CLIMATE SUMMARY FOR OCTOBER 20 2014...

CLIMATE NORMAL PERIOD 1981 TO 2010
CLIMATE RECORD PERIOD 1839 TO 2014


WEATHER ITEM   OBSERVED TIME   RECORD YEAR NORMAL DEPARTURE LAST
                VALUE   (LST)  VALUE       VALUE  FROM      YEAR
                                                  NORMAL
..................................................................
TEMPERATURE (F)
 YESTERDAY
  MAXIMUM         85    140 PM  91    1910  86     -1       90
  MINIMUM         70    608 AM  54    1927  73     -3       77
  AVERAGE         78                        79     -1       84

PRECIPITATION (IN)
  YESTERDAY        0.04          5.72 1926   0.17  -0.13     0.20
  MONTH TO DATE    2.08                      4.68  -2.60     5.85
  SINCE JUN 1     48.31                     39.59   8.72    39.63
  SINCE JAN 1     58.46                     54.94   3.52    59.00

SNOWFALL (IN)
  YESTERDAY        0.0
  MONTH TO DATE    0.0
  SINCE SEP 1      0.0
  SINCE JUL 1      0.0
  SNOW DEPTH       0

DEGREE DAYS
 HEATING
  YESTERDAY        0                         0      0
  MONTH TO DATE    0                         0      0
  SINCE SEP 1      0                         0      0
  SINCE JUL 1      0                         0      0

 COOLING
  YESTERDAY       13                        14     -1
  MONTH TO DATE  328                       315     13
  SINCE SEP 1    862                       852     10
  SINCE JAN 1   4157                      3927    230
..................................................................


WIND (MPH)
  HIGHEST WIND SPEED    13   HIGHEST WIND DIRECTION    SE (150)
  HIGHEST GUST SPEED    21   HIGHEST GUST DIRECTION     S (170)
  AVERAGE WIND SPEED     5.1


SKY COVER
  POSSIBLE SUNSHINE  37 PERCENT
  AVERAGE SKY COVER 0.6


WEATHER CONDITIONS
 THE FOLLOWING WEATHER WAS RECORDED YESTERDAY.
  LIGHT RAIN
  FOG


RELATIVE HUMIDITY (PERCENT)
 HIGHEST    93
 LOWEST     55
 AVERAGE    74

..........................................................


THE MIAMI CLIMATE NORMALS FOR TODAY
                         NORMAL    RECORD    YEAR
 MAXIMUM TEMPERATURE (F)   86        89      2006
                                             1987
                                             1950
 MINIMUM TEMPERATURE (F)   73        53      1989


SUNRISE AND SUNSET
OCTOBER 21 2014.......SUNRISE   723 AM EDT   SUNSET   648 PM EDT
OCTOBER 22 2014.......SUNRISE   724 AM EDT   SUNSET   647 PM EDT


-  INDICATES NEGATIVE NUMBERS.
R  INDICATES RECORD WAS SET OR TIED.
MM INDICATES DATA IS MISSING.
T  INDICATES TRACE AMOUNT.




$$
