000
CDUS42 KMFL 230822
CLIMIA


CLIMATE REPORT
NATIONAL WEATHER SERVICE MIAMI, FL
422 AM EDT WED JUL 23 2014


...................................

...THE MIAMI CLIMATE SUMMARY FOR JULY 22 2014...

CLIMATE NORMAL PERIOD 1981 TO 2010
CLIMATE RECORD PERIOD 1839 TO 2014


WEATHER ITEM   OBSERVED TIME   RECORD YEAR NORMAL DEPARTURE LAST
                VALUE   (LST)  VALUE       VALUE  FROM      YEAR
                                                  NORMAL
..................................................................
TEMPERATURE (F)
 YESTERDAY
  MAXIMUM         90    538 PM  96    1942  91     -1       89
  MINIMUM         77    320 AM  70    1938  78     -1       80
                                      1937
  AVERAGE         84                        84      0       85

PRECIPITATION (IN)
  YESTERDAY        0.22          1.97 1953   0.19   0.03     0.00
  MONTH TO DATE    7.55                      4.72   2.83    11.63
  SINCE JUN 1     27.17                     14.39  12.78    17.81
  SINCE JAN 1     37.32                     29.74   7.58    37.18

SNOWFALL (IN)
  YESTERDAY        0.0
  MONTH TO DATE    0.0
  SINCE JUN 1      0.0
  SINCE JUL 1      0.0
  SNOW DEPTH       0

DEGREE DAYS
 HEATING
  YESTERDAY        0                         0      0
  MONTH TO DATE    0                         0      0
  SINCE JUN 1      0                         0      0
  SINCE JUL 1      0                         0      0

 COOLING
  YESTERDAY       19                        19      0
  MONTH TO DATE  412                       417     -5
  SINCE JUN 1    914                       949    -35
  SINCE JAN 1   2488                      2305    183
..................................................................


WIND (MPH)
  HIGHEST WIND SPEED    16   HIGHEST WIND DIRECTION    SE (140)
  HIGHEST GUST SPEED    20   HIGHEST GUST DIRECTION     S (170)
  AVERAGE WIND SPEED     4.4


SKY COVER
  POSSIBLE SUNSHINE  63 PERCENT
  AVERAGE SKY COVER 0.8


WEATHER CONDITIONS
 THE FOLLOWING WEATHER WAS RECORDED YESTERDAY.
  RAIN
  LIGHT RAIN
  FOG


RELATIVE HUMIDITY (PERCENT)
 HIGHEST    91
 LOWEST     56
 AVERAGE    74

..........................................................


THE MIAMI CLIMATE NORMALS FOR TODAY
                         NORMAL    RECORD    YEAR
 MAXIMUM TEMPERATURE (F)   91        95      2005
                                             1942
 MINIMUM TEMPERATURE (F)   78        70      1985
                                             1953
                                             1937


SUNRISE AND SUNSET
JULY 23 2014..........SUNRISE   643 AM EDT   SUNSET   812 PM EDT
JULY 24 2014..........SUNRISE   643 AM EDT   SUNSET   812 PM EDT


-  INDICATES NEGATIVE NUMBERS.
R  INDICATES RECORD WAS SET OR TIED.
MM INDICATES DATA IS MISSING.
T  INDICATES TRACE AMOUNT.




$$
