000
CDUS42 KMFL 282120
CLIMIA


CLIMATE REPORT
NATIONAL WEATHER SERVICE MIAMI, FL
415 PM EST SAT FEB 28 2015


...................................

...THE MIAMI CLIMATE SUMMARY FOR FEBRUARY 28 2015...
VALID TODAY AS OF 0400 PM LOCAL TIME.

CLIMATE NORMAL PERIOD 1981 TO 2010
CLIMATE RECORD PERIOD 1895 TO 2015


WEATHER ITEM   OBSERVED TIME   RECORD YEAR NORMAL DEPARTURE LAST
                VALUE   (LST)  VALUE       VALUE  FROM      YEAR
                                                  NORMAL
..................................................................
TEMPERATURE (F)
 TODAY
  MAXIMUM         80   1034 AM  89    1956  79      1       76
  MINIMUM         69   1239 PM  37    1942  64      5       63
  AVERAGE         75                        71      4       70

PRECIPITATION (IN)
  TODAY            1.09          2.32 1933   0.08   1.01     0.01
  MONTH TO DATE    2.71                      2.25   0.46     1.16
  SINCE NOV 1      7.64                      9.18  -1.54    13.47
  SINCE JAN 1      3.66                      3.87  -0.21     3.07

SNOWFALL (IN)
  TODAY            0.0
  MONTH TO DATE    0.0
  SINCE DEC 1      0.0
  SINCE JUL 1      0.0
  SNOW DEPTH       0

DEGREE DAYS
 HEATING
  TODAY            0                         1     -1        0
  MONTH TO DATE   35                        28      7        4
  SINCE DEC 1     65                       113    -48       59
  SINCE JUL 1     76                       116    -40       61

 COOLING
  TODAY           10                         7      3        5
  MONTH TO DATE  137                       171    -34      269
  SINCE DEC 1    559                       525     34      739
  SINCE JAN 1    339                       322     17      421
..................................................................


WIND (MPH)
  HIGHEST WIND SPEED    22   HIGHEST WIND DIRECTION    NE (60)
  HIGHEST GUST SPEED    31   HIGHEST GUST DIRECTION    NE (60)
  AVERAGE WIND SPEED    10.3


SKY COVER
  AVERAGE SKY COVER 0.9


WEATHER CONDITIONS
 THE FOLLOWING WEATHER WAS RECORDED TODAY.
  HEAVY RAIN
  RAIN
  LIGHT RAIN
  FOG


RELATIVE HUMIDITY (PERCENT)
 HIGHEST    90
 LOWEST     74
 AVERAGE    82

..........................................................


THE MIAMI CLIMATE NORMALS FOR TOMORROW
                         NORMAL    RECORD    YEAR
 MAXIMUM TEMPERATURE (F)   79        88      2011
 MINIMUM TEMPERATURE (F)   64        39      1920


SUNRISE AND SUNSET
FEBRUARY 28 2015......SUNRISE   646 AM EST   SUNSET   622 PM EST
MARCH  1 2015.........SUNRISE   645 AM EST   SUNSET   623 PM EST


-  INDICATES NEGATIVE NUMBERS.
R  INDICATES RECORD WAS SET OR TIED.
MM INDICATES DATA IS MISSING.
T  INDICATES TRACE AMOUNT.




$$
