014
CDUS42 KMFL 280938
CLIMIA


CLIMATE REPORT
NATIONAL WEATHER SERVICE MIAMI, FL
436 AM EST TUE FEB 28 2017


...................................

...THE MIAMI CLIMATE SUMMARY FOR FEBRUARY 27 2017...

CLIMATE NORMAL PERIOD 1981 TO 2010
CLIMATE RECORD PERIOD 1895 TO 2017


WEATHER ITEM   OBSERVED TIME   RECORD YEAR NORMAL DEPARTURE LAST
                VALUE   (LST)  VALUE       VALUE  FROM      YEAR
                                                  NORMAL
..................................................................
TEMPERATURE (F)
 YESTERDAY
  MAXIMUM         83   1239 PM  87    2003  79      4       71
                                      1959
  MINIMUM         74    731 AM  41    1965  64     10       50
  AVERAGE         79                        71      8       61

PRECIPITATION (IN)
  YESTERDAY        0.01          2.66 1983   0.09  -0.08     0.00
  MONTH TO DATE    1.31                      2.17  -0.86     2.85
  SINCE NOV 1      7.98                      9.10  -1.12    27.79
  SINCE JAN 1      4.71                      3.79   0.92    10.42

SNOWFALL (IN)
  YESTERDAY        0.0
  MONTH TO DATE    0.0
  SINCE DEC 1      0.0
  SINCE JUL 1      0.0
  SNOW DEPTH       0

DEGREE DAYS
 HEATING
  YESTERDAY        0                         1     -1        4
  MONTH TO DATE    0                        27    -27       27
  SINCE DEC 1     14                       114   -100       67
  SINCE JUL 1     14                       117   -103       67

 COOLING
  YESTERDAY       14                         7      7        0
  MONTH TO DATE  222                       164     58      129
  SINCE DEC 1    851                       518    333      638
  SINCE JAN 1    480                       315    165      250
..................................................................


WIND (MPH)
  HIGHEST WIND SPEED    22   HIGHEST WIND DIRECTION     E (110)
  HIGHEST GUST SPEED    27   HIGHEST GUST DIRECTION     E (110)
  AVERAGE WIND SPEED    13.1


SKY COVER
  POSSIBLE SUNSHINE  47 PERCENT
  AVERAGE SKY COVER 0.6


WEATHER CONDITIONS
 THE FOLLOWING WEATHER WAS RECORDED YESTERDAY.
  NO SIGNIFICANT WEATHER WAS OBSERVED.


RELATIVE HUMIDITY (PERCENT)
 HIGHEST    82
 LOWEST     58
 AVERAGE    70

..........................................................


THE MIAMI CLIMATE NORMALS FOR TODAY
                         NORMAL    RECORD    YEAR
 MAXIMUM TEMPERATURE (F)   79        89      1956
 MINIMUM TEMPERATURE (F)   64        37      1942


SUNRISE AND SUNSET
FEBRUARY 28 2017......SUNRISE   645 AM EST   SUNSET   622 PM EST
MARCH  1 2017.........SUNRISE   644 AM EST   SUNSET   623 PM EST


-  INDICATES NEGATIVE NUMBERS.
R  INDICATES RECORD WAS SET OR TIED.
MM INDICATES DATA IS MISSING.
T  INDICATES TRACE AMOUNT.




$$
