000
CDUS42 KMFL 290927
CLIMIA


CLIMATE REPORT
NATIONAL WEATHER SERVICE MIAMI, FL
427 AM EST THU JAN 29 2015


...................................

...THE MIAMI CLIMATE SUMMARY FOR JANUARY 28 2015...

CLIMATE NORMAL PERIOD 1981 TO 2010
CLIMATE RECORD PERIOD 1895 TO 2015


WEATHER ITEM   OBSERVED TIME   RECORD YEAR NORMAL DEPARTURE LAST
                VALUE   (LST)  VALUE       VALUE  FROM      YEAR
                                                  NORMAL
..................................................................
TEMPERATURE (F)
 YESTERDAY
  MAXIMUM         69    349 PM  87    1991  77     -8       81
  MINIMUM         55    743 AM  28    1940  60     -5       63
  AVERAGE         62                        69     -7       72

PRECIPITATION (IN)
  YESTERDAY        0.00          1.51 1927   0.05  -0.05     0.00
  MONTH TO DATE    0.95                      1.45  -0.50     1.02
  SINCE NOV 1      4.93                      6.76  -1.83    11.42
  SINCE JAN 1      0.95                      1.45  -0.50     1.02

SNOWFALL (IN)
  YESTERDAY        0.0
  MONTH TO DATE    0.0
  SINCE DEC 1      0.0
  SINCE JUL 1      0.0
  SNOW DEPTH       0

DEGREE DAYS
 HEATING
  YESTERDAY        3                         1      2
  MONTH TO DATE   10                        53    -43
  SINCE DEC 1     28                        87    -59
  SINCE JUL 1     39                        90    -51

 COOLING
  YESTERDAY        0                         5     -5
  MONTH TO DATE  196                       140     56
  SINCE DEC 1    416                       343     73
  SINCE JAN 1    196                       140     56
..................................................................


WIND (MPH)
  HIGHEST WIND SPEED    16   HIGHEST WIND DIRECTION     N (340)
  HIGHEST GUST SPEED    24   HIGHEST GUST DIRECTION    NE (30)
  AVERAGE WIND SPEED     8.0


SKY COVER
  POSSIBLE SUNSHINE  MM
  AVERAGE SKY COVER 0.1


WEATHER CONDITIONS
 THE FOLLOWING WEATHER WAS RECORDED YESTERDAY.
  NO SIGNIFICANT WEATHER WAS OBSERVED.


RELATIVE HUMIDITY (PERCENT)
 HIGHEST    86
 LOWEST     22
 AVERAGE    54

..........................................................


THE MIAMI CLIMATE NORMALS FOR TODAY
                         NORMAL    RECORD    YEAR
 MAXIMUM TEMPERATURE (F)   77        84      2009
                                             1991
                                             1949
 MINIMUM TEMPERATURE (F)   61        29      1940


SUNRISE AND SUNSET
JANUARY 29 2015.......SUNRISE   706 AM EST   SUNSET   602 PM EST
JANUARY 30 2015.......SUNRISE   706 AM EST   SUNSET   603 PM EST


-  INDICATES NEGATIVE NUMBERS.
R  INDICATES RECORD WAS SET OR TIED.
MM INDICATES DATA IS MISSING.
T  INDICATES TRACE AMOUNT.




$$
