000
CDUS43 KIND 010530
CLIMIE


CLIMATE REPORT
NATIONAL WEATHER SERVICE INDIANAPOLIS IN
130 AM EDT SUN MAY 1 2016


...................................

...THE MUNCIE IN CLIMATE SUMMARY FOR APRIL 30 2016...

CLIMATE NORMAL PERIOD 1981 TO 2010
CLIMATE RECORD PERIOD 9999 TO 9999


WEATHER ITEM   OBSERVED TIME   NORMAL DEPARTURE LAST
                VALUE   (LST)  VALUE  FROM      YEAR
                                      NORMAL
......................................................
TEMPERATURE (F)
 YESTERDAY
  MAXIMUM         63   1159 PM  67     -4       61
  MINIMUM         49   1039 AM  46      3       40
  AVERAGE         56            57     -1       51

PRECIPITATION (IN)
  YESTERDAY        0.61          0.13   0.48      T
  MONTH TO DATE    3.19          3.67  -0.48     4.14
  SINCE MAR 1      8.26          6.62   1.64     7.16
  SINCE JAN 1     11.37         11.16   0.21    10.10

DEGREE DAYS
 HEATING
  YESTERDAY        9             9      0       14
  MONTH TO DATE  376           421    -45      369
  SINCE MAR 1    880          1209   -329     1235
  SINCE JUL 1   4471          5592  -1121     6100

 COOLING
  YESTERDAY        0             1     -1        0
  MONTH TO DATE   10            14     -4        3
  SINCE MAR 1     10            15     -5        3
  SINCE JAN 1     10            15     -5        3
......................................................


WIND (MPH)
  HIGHEST WIND SPEED    21   HIGHEST WIND DIRECTION     E (90)
  HIGHEST GUST SPEED    24   HIGHEST GUST DIRECTION     E (90)
  AVERAGE WIND SPEED    10.1


SKY COVER
  AVERAGE SKY COVER 0.8


WEATHER CONDITIONS
 THE FOLLOWING WEATHER WAS RECORDED YESTERDAY.
  RAIN
  LIGHT RAIN
  FOG
  HAZE


RELATIVE HUMIDITY (PERCENT)
 HIGHEST    93           400 PM
 LOWEST     74           400 AM
 AVERAGE    84

..........................................................


THE MUNCIE IN CLIMATE NORMALS FOR TODAY
                         NORMAL
 MAXIMUM TEMPERATURE (F)   67
 MINIMUM TEMPERATURE (F)   47


SUNRISE AND SUNSET
MAY  1 2016...........SUNRISE   641 AM EDT   SUNSET   837 PM EDT
MAY  2 2016...........SUNRISE   639 AM EDT   SUNSET   838 PM EDT


-  INDICATES NEGATIVE NUMBERS.
R  INDICATES RECORD WAS SET OR TIED.
MM INDICATES DATA IS MISSING.
T  INDICATES TRACE AMOUNT.




$$
