000
CDUS43 KIND 050534
CLIMIE


CLIMATE REPORT
NATIONAL WEATHER SERVICE INDIANAPOLIS IN
1232 AM EST MON DEC 5 2016


...................................

...THE MUNCIE IN CLIMATE SUMMARY FOR DECEMBER 4 2016...

CLIMATE NORMAL PERIOD 1981 TO 2010
CLIMATE RECORD PERIOD 9999 TO 9999


WEATHER ITEM   OBSERVED TIME   NORMAL DEPARTURE LAST
                VALUE   (LST)  VALUE  FROM      YEAR
                                      NORMAL
......................................................
TEMPERATURE (F)
 YESTERDAY
  MAXIMUM         41    104 PM  42     -1       38
  MINIMUM         32    144 AM  27      5       30
  AVERAGE         37            34      3       34

PRECIPITATION (IN)
  YESTERDAY        0.22          0.10   0.12     0.00
  MONTH TO DATE    0.22          0.40  -0.18     0.07
  SINCE DEC 1      0.22          0.40  -0.18     0.07
  SINCE JAN 1     39.03         37.64   1.39    38.15

DEGREE DAYS
 HEATING
  YESTERDAY       28            31     -3       31
  MONTH TO DATE  111           120     -9      114
  SINCE DEC 1    111           120     -9      114
  SINCE JUL 1    813          1255   -442     1073

 COOLING
  YESTERDAY        0             0      0        0
  MONTH TO DATE    0             0      0        0
  SINCE DEC 1      0             0      0        0
  SINCE JAN 1   1355           956    399      881
......................................................


WIND (MPH)
  HIGHEST WIND SPEED    22   HIGHEST WIND DIRECTION     W (260)
  HIGHEST GUST SPEED    30   HIGHEST GUST DIRECTION     W (250)
  AVERAGE WIND SPEED     7.9


SKY COVER
  AVERAGE SKY COVER 0.7


WEATHER CONDITIONS
 THE FOLLOWING WEATHER WAS RECORDED YESTERDAY.
  LIGHT RAIN
  LIGHT SNOW
  FOG


RELATIVE HUMIDITY (PERCENT)
 HIGHEST    92           800 PM
 LOWEST     70          1100 AM
 AVERAGE    81

..........................................................


THE MUNCIE IN CLIMATE NORMALS FOR TODAY
                         NORMAL
 MAXIMUM TEMPERATURE (F)   41
 MINIMUM TEMPERATURE (F)   27


SUNRISE AND SUNSET
DECEMBER  5 2016......SUNRISE   749 AM EST   SUNSET   515 PM EST
DECEMBER  6 2016......SUNRISE   750 AM EST   SUNSET   515 PM EST


-  INDICATES NEGATIVE NUMBERS.
R  INDICATES RECORD WAS SET OR TIED.
MM INDICATES DATA IS MISSING.
T  INDICATES TRACE AMOUNT.




$$
