884
CDUS43 KIND 220533
CLIMIE


CLIMATE REPORT
NATIONAL WEATHER SERVICE INDIANAPOLIS IN
1233 AM EST THU FEB 22 2018


...................................

...THE MUNCIE IN CLIMATE SUMMARY FOR FEBRUARY 21 2018...

CLIMATE NORMAL PERIOD 1981 TO 2010
CLIMATE RECORD PERIOD 9999 TO 9999


WEATHER ITEM   OBSERVED TIME   NORMAL DEPARTURE LAST
                VALUE   (LST)  VALUE  FROM      YEAR
                                      NORMAL
......................................................
TEMPERATURE (F)
 YESTERDAY
  MAXIMUM         67    214 AM  40     27       66
  MINIMUM         38   1242 PM  23     15       54
  AVERAGE         53            31     22       60

PRECIPITATION (IN)
  YESTERDAY        0.76          0.07   0.69     0.00
  MONTH TO DATE    2.62          1.73   0.89     0.51
  SINCE DEC 1      4.83          6.84  -2.01     6.43
  SINCE JAN 1      3.86          3.96  -0.10     5.24

DEGREE DAYS
 HEATING
  YESTERDAY       12            34    -22        5
  MONTH TO DATE  644           762   -118      503
  SINCE DEC 1   2922          3020    -98     2480
  SINCE JUL 1   3834          4155   -321     3182

 COOLING
  YESTERDAY        0             0      0        0
  MONTH TO DATE    4             0      4        0
  SINCE DEC 1      4             0      4        0
  SINCE JAN 1      4             0      4        0
......................................................


WIND (MPH)
  HIGHEST WIND SPEED    32   HIGHEST WIND DIRECTION    NW (330)
  HIGHEST GUST SPEED    43   HIGHEST GUST DIRECTION    NW (330)
  AVERAGE WIND SPEED    11.8


SKY COVER
  AVERAGE SKY COVER 0.9


WEATHER CONDITIONS
 THE FOLLOWING WEATHER WAS RECORDED YESTERDAY.
  RAIN
  LIGHT RAIN
  FOG


RELATIVE HUMIDITY (PERCENT)
 HIGHEST    93           400 AM
 LOWEST     73           200 AM
 AVERAGE    83

..........................................................


THE MUNCIE IN CLIMATE NORMALS FOR TODAY
                         NORMAL
 MAXIMUM TEMPERATURE (F)   40
 MINIMUM TEMPERATURE (F)   23


SUNRISE AND SUNSET
FEBRUARY 22 2018......SUNRISE   725 AM EST   SUNSET   625 PM EST
FEBRUARY 23 2018......SUNRISE   724 AM EST   SUNSET   626 PM EST


-  INDICATES NEGATIVE NUMBERS.
R  INDICATES RECORD WAS SET OR TIED.
MM INDICATES DATA IS MISSING.
T  INDICATES TRACE AMOUNT.




$$
