000
CDUS43 KIND 230535
CLIMIE


CLIMATE REPORT
NATIONAL WEATHER SERVICE INDIANAPOLIS IN
134 AM EDT THU OCT 23 2014


...................................

...THE MUNCIE IN CLIMATE SUMMARY FOR OCTOBER 22 2014...

CLIMATE NORMAL PERIOD 1981 TO 2010
CLIMATE RECORD PERIOD 9999 TO 9999


WEATHER ITEM   OBSERVED TIME   NORMAL DEPARTURE LAST
                VALUE   (LST)  VALUE  FROM      YEAR
                                      NORMAL
......................................................
TEMPERATURE (F)
 YESTERDAY
  MAXIMUM         57    437 PM  62     -5       50
  MINIMUM         37   1149 PM  42     -5       31
  AVERAGE         47            52     -5       41

PRECIPITATION (IN)
  YESTERDAY        0.00          0.09  -0.09     0.09
  MONTH TO DATE    2.41          2.10   0.31     2.35
  SINCE SEP 1      5.98          5.06   0.92     6.14
  SINCE JAN 1     34.40         32.97   1.43    31.02

DEGREE DAYS
 HEATING
  YESTERDAY       18            13      5       24
  MONTH TO DATE  239           230      9      187
  SINCE SEP 1    353           321     32      270
  SINCE JUL 1    379           331     48      296

 COOLING
  YESTERDAY        0             0      0        0
  MONTH TO DATE    9            13     -4       34
  SINCE SEP 1     76           118    -42      158
  SINCE JAN 1    831           952   -121      973
......................................................


WIND (MPH)
  HIGHEST WIND SPEED    14   HIGHEST WIND DIRECTION    NE (30)
  HIGHEST GUST SPEED    24   HIGHEST GUST DIRECTION    NE (50)
  AVERAGE WIND SPEED     5.2


SKY COVER
  AVERAGE SKY COVER 0.5


WEATHER CONDITIONS
 THE FOLLOWING WEATHER WAS RECORDED YESTERDAY.
  FOG


RELATIVE HUMIDITY (PERCENT)
 HIGHEST    92          1000 PM
 LOWEST     55           300 PM
 AVERAGE    74

..........................................................


THE MUNCIE IN CLIMATE NORMALS FOR TODAY
                         NORMAL
 MAXIMUM TEMPERATURE (F)   62
 MINIMUM TEMPERATURE (F)   41


SUNRISE AND SUNSET
OCTOBER 23 2014.......SUNRISE   801 AM EDT   SUNSET   650 PM EDT
OCTOBER 24 2014.......SUNRISE   802 AM EDT   SUNSET   649 PM EDT


-  INDICATES NEGATIVE NUMBERS.
R  INDICATES RECORD WAS SET OR TIED.
MM INDICATES DATA IS MISSING.
T  INDICATES TRACE AMOUNT.




$$
