000
CDUS43 KIND 200537
CLIMIE


CLIMATE REPORT
NATIONAL WEATHER SERVICE INDIANAPOLIS IN
133 AM EDT MON OCT 20 2014


...................................

...THE MUNCIE IN CLIMATE SUMMARY FOR OCTOBER 19 2014...

CLIMATE NORMAL PERIOD 1981 TO 2010
CLIMATE RECORD PERIOD 9999 TO 9999


WEATHER ITEM   OBSERVED TIME   NORMAL DEPARTURE LAST
                VALUE   (LST)  VALUE  FROM      YEAR
                                      NORMAL
......................................................
TEMPERATURE (F)
 YESTERDAY
  MAXIMUM         56        MM  63     -7       52
  MINIMUM         35        MM  42     -7       41
  AVERAGE         46            53     -7       47

PRECIPITATION (IN)
  YESTERDAY        0.00          0.09  -0.09     0.28
  MONTH TO DATE    2.27          1.84   0.43     2.26
  SINCE SEP 1      5.84          4.80   1.04     6.05
  SINCE JAN 1     34.26         32.71   1.55    30.93

DEGREE DAYS
 HEATING
  YESTERDAY       19            13      6       18
  MONTH TO DATE  199           191      8      135
  SINCE SEP 1    313           282     31      218
  SINCE JUL 1    339           292     47      244

 COOLING
  YESTERDAY        0             0      0        0
  MONTH TO DATE    9            13     -4       34
  SINCE SEP 1     76           118    -42      158
  SINCE JAN 1    831           952   -121      973
......................................................


WIND (MPH)
  HIGHEST WIND SPEED    13   HIGHEST WIND DIRECTION    NW (320)
  HIGHEST GUST SPEED    MM   HIGHEST GUST DIRECTION    MM
  AVERAGE WIND SPEED     5.7


SKY COVER
  AVERAGE SKY COVER 0.2


WEATHER CONDITIONS
 THE FOLLOWING WEATHER WAS RECORDED YESTERDAY.
  HAZE


RELATIVE HUMIDITY (PERCENT)
 HIGHEST    92           700 AM
 LOWEST     47           300 PM
 AVERAGE    70

..........................................................


THE MUNCIE IN CLIMATE NORMALS FOR TODAY
                         NORMAL
 MAXIMUM TEMPERATURE (F)   63
 MINIMUM TEMPERATURE (F)   42


SUNRISE AND SUNSET
OCTOBER 20 2014.......SUNRISE   758 AM EDT   SUNSET   654 PM EDT
OCTOBER 21 2014.......SUNRISE   759 AM EDT   SUNSET   653 PM EDT


-  INDICATES NEGATIVE NUMBERS.
R  INDICATES RECORD WAS SET OR TIED.
MM INDICATES DATA IS MISSING.
T  INDICATES TRACE AMOUNT.




$$
