000
CDUS43 KMKX 222127
CLIMKE


CLIMATE REPORT
NATIONAL WEATHER SERVICE IN MILWAUKEE
426 PM CDT TUE AUG 22 2017


...................................

...THE MILWAUKEE WI CLIMATE SUMMARY FOR AUGUST 22 2017...
VALID TODAY AS OF 0400 PM LOCAL TIME.

CLIMATE NORMAL PERIOD 1981 TO 2010
CLIMATE RECORD PERIOD 1871 TO 2017


WEATHER ITEM   OBSERVED TIME   RECORD YEAR NORMAL DEPARTURE LAST
                VALUE   (LST)  VALUE       VALUE  FROM      YEAR
                                                  NORMAL
..................................................................
TEMPERATURE (F)
 TODAY
  MAXIMUM         80    249 PM  98    1936  78      2       80
  MINIMUM         71    845 AM  43    1875  63      8       56
  AVERAGE         76                        70      6       68

PRECIPITATION (IN)
  TODAY            0.00          1.94 1906   0.12  -0.12     0.00
  MONTH TO DATE    0.77                      2.92  -2.15     0.88
  SINCE JUN 1      9.67                     10.49  -0.82     6.13
  SINCE JAN 1     26.46                     23.13   3.33    14.95

SNOWFALL (IN)
  TODAY            0.0           0.0    MM   0.0    0.0      0.0
  MONTH TO DATE    0.0                       0.0    0.0      0.0
  SINCE JUN 1      0.0                       0.0    0.0      0.0
  SINCE JUL 1      0.0                       0.0    0.0      0.0
  SNOW DEPTH       0

DEGREE DAYS
 HEATING
  TODAY            0                         1     -1        0
  MONTH TO DATE    3                         1      2        0
  SINCE JUN 1     18                        96    -78       31
  SINCE JUL 1      4                        12     -8        2

 COOLING
  TODAY           11                         6      5        3
  MONTH TO DATE  157                       146     11      254
  SINCE JUN 1    569                       488     81      711
  SINCE JAN 1    590                       518     72      756
..................................................................


WIND (MPH)
  HIGHEST WIND SPEED    24   HIGHEST WIND DIRECTION    NW (310)
  HIGHEST GUST SPEED    33   HIGHEST GUST DIRECTION    NW (300)
  AVERAGE WIND SPEED    13.2


SKY COVER
  POSSIBLE SUNSHINE  MM
  AVERAGE SKY COVER 0.8


WEATHER CONDITIONS
 THE FOLLOWING WEATHER WAS RECORDED TODAY.
  NO SIGNIFICANT WEATHER WAS OBSERVED.


RELATIVE HUMIDITY (PERCENT)
 HIGHEST    82          1200 AM
 LOWEST     37           100 PM
 AVERAGE    60

..........................................................


THE MILWAUKEE WI CLIMATE NORMALS FOR TOMORROW
                         NORMAL    RECORD    YEAR
 MAXIMUM TEMPERATURE (F)   78        98      1947
 MINIMUM TEMPERATURE (F)   63        42      1875


SUNRISE AND SUNSET
AUGUST 22 2017........SUNRISE   605 AM CDT   SUNSET   742 PM CDT
AUGUST 23 2017........SUNRISE   607 AM CDT   SUNSET   741 PM CDT


-  INDICATES NEGATIVE NUMBERS.
R  INDICATES RECORD WAS SET OR TIED.
MM INDICATES DATA IS MISSING.
T  INDICATES TRACE AMOUNT.




$$
