000
CDUS43 KMKX 010653
CLIMKE


CLIMATE REPORT
NATIONAL WEATHER SERVICE IN MILWAUKEE
152 AM CDT SAT OCT 1 2016


...................................

...THE MILWAUKEE WI CLIMATE SUMMARY FOR SEPTEMBER 30 2016...

CLIMATE NORMAL PERIOD 1981 TO 2010
CLIMATE RECORD PERIOD 1871 TO 2016


WEATHER ITEM   OBSERVED TIME   RECORD YEAR NORMAL DEPARTURE LAST
                VALUE   (LST)  VALUE       VALUE  FROM      YEAR
                                                  NORMAL
..................................................................
TEMPERATURE (F)
 YESTERDAY
  MAXIMUM         64    214 PM  88    1971  65     -1       59
                                      1897
  MINIMUM         59    708 AM  30    1899  49     10       52
  AVERAGE         62                        57      5       56

PRECIPITATION (IN)
  YESTERDAY        0.57          2.36 1893   0.10   0.47     0.00
  MONTH TO DATE    4.30                      3.18   1.12     4.44
  SINCE SEP 1      4.30                      3.18   1.12     4.44
  SINCE JAN 1     21.96                     27.36  -5.40    22.19

SNOWFALL (IN)
  YESTERDAY        0.0           0.0    MM   0.0    0.0      0.0
  MONTH TO DATE    0.0                       0.0    0.0      0.0
  SINCE SEP 1      0.0                       0.0    0.0      0.0
  SINCE JUL 1      0.0                       0.0    0.0      0.0
  SNOW DEPTH       0

DEGREE DAYS
 HEATING
  YESTERDAY        3                         9     -6        9
  MONTH TO DATE   25                       126   -101       46
  SINCE SEP 1     25                       126   -101       46
  SINCE JUL 1     27                       152   -125       94

 COOLING
  YESTERDAY        0                         1     -1        0
  MONTH TO DATE  141                        69     72      133
  SINCE SEP 1    141                        69     72      133
  SINCE JAN 1    977                       634    343      620
..................................................................


WIND (MPH)
  HIGHEST WIND SPEED    18   HIGHEST WIND DIRECTION    NE (50)
  HIGHEST GUST SPEED    24   HIGHEST GUST DIRECTION    NE (50)
  AVERAGE WIND SPEED    10.8


SKY COVER
  POSSIBLE SUNSHINE  MM
  AVERAGE SKY COVER 1.0


WEATHER CONDITIONS
 THE FOLLOWING WEATHER WAS RECORDED YESTERDAY.
  HEAVY RAIN
  RAIN
  LIGHT RAIN
  FOG


RELATIVE HUMIDITY (PERCENT)
 HIGHEST    97           900 PM
 LOWEST     84          1200 AM
 AVERAGE    91

..........................................................


THE MILWAUKEE WI CLIMATE NORMALS FOR TODAY
                         NORMAL    RECORD    YEAR
 MAXIMUM TEMPERATURE (F)   65        86      1971
 MINIMUM TEMPERATURE (F)   48        32      1958
                                             1947
                                             1886


SUNRISE AND SUNSET
OCTOBER  1 2016.......SUNRISE   649 AM CDT   SUNSET   632 PM CDT
OCTOBER  2 2016.......SUNRISE   651 AM CDT   SUNSET   630 PM CDT


-  INDICATES NEGATIVE NUMBERS.
R  INDICATES RECORD WAS SET OR TIED.
MM INDICATES DATA IS MISSING.
T  INDICATES TRACE AMOUNT.




$$
