000
CDUS43 KMKX 050647
CLIMKE


CLIMATE REPORT
NATIONAL WEATHER SERVICE IN MILWAUKEE
1246 AM CST THU MAR 5 2015


...................................

...THE MILWAUKEE WI CLIMATE SUMMARY FOR MARCH 4 2015...

CLIMATE NORMAL PERIOD 1981 TO 2010
CLIMATE RECORD PERIOD 1871 TO 2015


WEATHER ITEM   OBSERVED TIME   RECORD YEAR NORMAL DEPARTURE LAST
                VALUE   (LST)  VALUE       VALUE  FROM      YEAR
                                                  NORMAL
..................................................................
TEMPERATURE (F)
 YESTERDAY
  MAXIMUM         31   1206 AM  59    2000  38     -7       23
  MINIMUM          9   1159 PM  -8    1884  24    -15       10
  AVERAGE         20                        31    -11       17

PRECIPITATION (IN)
  YESTERDAY        0.00          2.31 1976   0.06  -0.06     0.15
  MONTH TO DATE    0.31                      0.25   0.06     0.33
  SINCE MAR 1      0.31                      0.25   0.06     0.33
  SINCE JAN 1      2.03                      3.66  -1.63     3.07

SNOWFALL (IN)
  YESTERDAY        0.0          10.0  1919   0.4   -0.4      2.3
  MONTH TO DATE    3.4                       1.3    2.1      5.0
  SINCE MAR 1      3.4                       1.3    2.1      5.0
  SINCE JUL 1     41.5                      39.1    2.4     61.8
  SNOW DEPTH      10

DEGREE DAYS
 HEATING
  YESTERDAY       45                        34     11       48
  MONTH TO DATE  168                       138     30      212
  SINCE MAR 1    168                       138     30      212
  SINCE JUL 1   5500                      5118    382     5868

 COOLING
  YESTERDAY        0                         0      0        0
  MONTH TO DATE    0                         0      0        0
  SINCE MAR 1      0                         0      0        0
  SINCE JAN 1      0                         0      0        0
..................................................................


WIND (MPH)
  HIGHEST WIND SPEED    23   HIGHEST WIND DIRECTION     W (290)
  HIGHEST GUST SPEED    32   HIGHEST GUST DIRECTION     W (290)
  AVERAGE WIND SPEED    12.9


SKY COVER
  POSSIBLE SUNSHINE  MM
  AVERAGE SKY COVER 0.5


WEATHER CONDITIONS
 THE FOLLOWING WEATHER WAS RECORDED YESTERDAY.
  HAZE


RELATIVE HUMIDITY (PERCENT)
 HIGHEST    69          1200 AM
 LOWEST     35           300 PM
 AVERAGE    52

..........................................................


THE MILWAUKEE WI CLIMATE NORMALS FOR TODAY
                         NORMAL    RECORD    YEAR
 MAXIMUM TEMPERATURE (F)   38        62      1894
 MINIMUM TEMPERATURE (F)   25        -7      1890


SUNRISE AND SUNSET
MARCH  5 2015.........SUNRISE   621 AM CST   SUNSET   546 PM CST
MARCH  6 2015.........SUNRISE   620 AM CST   SUNSET   547 PM CST


-  INDICATES NEGATIVE NUMBERS.
R  INDICATES RECORD WAS SET OR TIED.
MM INDICATES DATA IS MISSING.
T  INDICATES TRACE AMOUNT.




$$
