000
CDUS43 KMKX 270727
CLIMKE


CLIMATE REPORT
NATIONAL WEATHER SERVICE IN MILWAUKEE
123 AM CST MON FEB 27 2017


...................................

...THE MILWAUKEE WI CLIMATE SUMMARY FOR FEBRUARY 26 2017...

CLIMATE NORMAL PERIOD 1981 TO 2010
CLIMATE RECORD PERIOD 1871 TO 2017


WEATHER ITEM   OBSERVED TIME   RECORD YEAR NORMAL DEPARTURE LAST
                VALUE   (LST)  VALUE       VALUE  FROM      YEAR
                                                  NORMAL
..................................................................
TEMPERATURE (F)
 YESTERDAY
  MAXIMUM         45    510 PM  64    2000  36      9       34
  MINIMUM         22    200 AM  -6    1879  22      0       25
  AVERAGE         34                        29      5       30

PRECIPITATION (IN)
  YESTERDAY        0.00          1.25 1912   0.06  -0.06     0.00
  MONTH TO DATE    1.48                      1.52  -0.04     0.61
  SINCE DEC 1      5.57                      5.32   0.25     5.12
  SINCE JAN 1      3.64                      3.28   0.36     1.30

SNOWFALL (IN)
  YESTERDAY        0.0          12.5  1912   0.3   -0.3      0.0
  MONTH TO DATE    1.1                       9.2   -8.1      7.7
  SINCE DEC 1     24.0                      34.5  -10.5     22.2
  SINCE JUL 1     24.0                      37.2  -13.2     29.1
  SNOW DEPTH       T

DEGREE DAYS
 HEATING
  YESTERDAY       31                        36     -5       35
  MONTH TO DATE  773                      1023   -250      975
  SINCE DEC 1   3123                      3543   -420     3112
  SINCE JUL 1   3953                      4908   -955     4151

 COOLING
  YESTERDAY        0                         0      0        0
  MONTH TO DATE    0                         0      0        0
  SINCE DEC 1      0                         0      0        0
  SINCE JAN 1      0                         0      0        0
..................................................................


WIND (MPH)
  HIGHEST WIND SPEED    30   HIGHEST WIND DIRECTION    SW (240)
  HIGHEST GUST SPEED    38   HIGHEST GUST DIRECTION    SW (230)
  AVERAGE WIND SPEED    11.9


SKY COVER
  POSSIBLE SUNSHINE  MM
  AVERAGE SKY COVER 0.5


WEATHER CONDITIONS
 THE FOLLOWING WEATHER WAS RECORDED YESTERDAY.
  NO SIGNIFICANT WEATHER WAS OBSERVED.


RELATIVE HUMIDITY (PERCENT)
 HIGHEST    74           600 AM
 LOWEST     40           400 PM
 AVERAGE    57

..........................................................


THE MILWAUKEE WI CLIMATE NORMALS FOR TODAY
                         NORMAL    RECORD    YEAR
 MAXIMUM TEMPERATURE (F)   36        65      1976
 MINIMUM TEMPERATURE (F)   23       -12      1879


SUNRISE AND SUNSET
FEBRUARY 27 2017......SUNRISE   630 AM CST   SUNSET   539 PM CST
FEBRUARY 28 2017......SUNRISE   629 AM CST   SUNSET   540 PM CST


-  INDICATES NEGATIVE NUMBERS.
R  INDICATES RECORD WAS SET OR TIED.
MM INDICATES DATA IS MISSING.
T  INDICATES TRACE AMOUNT.




$$
