000
CDUS43 KMKX 230644
CLIMKE


CLIMATE REPORT
NATIONAL WEATHER SERVICE IN MILWAUKEE
144 AM CDT WED APR 23 2014


...................................

...THE MILWAUKEE WI CLIMATE SUMMARY FOR APRIL 22 2014...

CLIMATE NORMAL PERIOD 1981 TO 2010
CLIMATE RECORD PERIOD 1871 TO 2014


WEATHER ITEM   OBSERVED TIME   RECORD YEAR NORMAL DEPARTURE LAST
                VALUE   (LST)  VALUE       VALUE  FROM      YEAR
                                                  NORMAL
..................................................................
TEMPERATURE (F)
 YESTERDAY
  MAXIMUM         57    155 PM  91    1980  56      1       58
  MINIMUM         35   1159 PM  26    1875  40     -5       39
  AVERAGE         46                        48     -2       49

PRECIPITATION (IN)
  YESTERDAY        0.00          1.55 1878   0.12  -0.12     0.00
  MONTH TO DATE    2.57                      2.66  -0.09     6.89
  SINCE MAR 1      3.69                      4.93  -1.24     8.52
  SINCE JAN 1      6.43                      8.34  -1.91    14.72

SNOWFALL (IN)
  YESTERDAY        0.0           0.5  1984   0.0    0.0      0.0
  MONTH TO DATE    0.3                       1.8   -1.5      0.4
  SINCE MAR 1      6.6                       8.8   -2.2      7.8
  SINCE JUL 1     63.4                      46.6   16.8     45.0
  SNOW DEPTH       0

DEGREE DAYS
 HEATING
  YESTERDAY       19                        17      2       16
  MONTH TO DATE  463                       462      1      547
  SINCE MAR 1   1573                      1391    182     1622
  SINCE JUL 1   7229                      6371    858     6347

 COOLING
  YESTERDAY        0                         0      0        0
  MONTH TO DATE    0                         0      0        0
  SINCE MAR 1      0                         0      0        0
  SINCE JAN 1      0                         0      0        0
..................................................................


WIND (MPH)
  HIGHEST WIND SPEED    22   HIGHEST WIND DIRECTION    NW (310)
  HIGHEST GUST SPEED    30   HIGHEST GUST DIRECTION    NW (330)
  AVERAGE WIND SPEED    13.1


SKY COVER
  POSSIBLE SUNSHINE  MM
  AVERAGE SKY COVER 0.2


WEATHER CONDITIONS
 THE FOLLOWING WEATHER WAS RECORDED YESTERDAY.
  NO SIGNIFICANT WEATHER WAS OBSERVED.


RELATIVE HUMIDITY (PERCENT)
 HIGHEST    82          1100 PM
 LOWEST     36           200 PM
 AVERAGE    59

..........................................................


THE MILWAUKEE WI CLIMATE NORMALS FOR TODAY
                         NORMAL    RECORD    YEAR
 MAXIMUM TEMPERATURE (F)   57        85      1960
 MINIMUM TEMPERATURE (F)   40        22      1910


SUNRISE AND SUNSET
APRIL 23 2014.........SUNRISE   557 AM CDT   SUNSET   743 PM CDT
APRIL 24 2014.........SUNRISE   556 AM CDT   SUNSET   744 PM CDT


-  INDICATES NEGATIVE NUMBERS.
R  INDICATES RECORD WAS SET OR TIED.
MM INDICATES DATA IS MISSING.
T  INDICATES TRACE AMOUNT.




$$
