000
CDUS43 KGRR 020517
CLIMKG


CLIMATE REPORT
NATIONAL WEATHER SERVICE GRAND RAPIDS, MI
117 AM EDT WED SEP 2 2015


...................................

...THE MUSKEGON MI CLIMATE SUMMARY FOR SEPTEMBER 1 2015...

CLIMATE NORMAL PERIOD 1981 TO 2010
CLIMATE RECORD PERIOD 1896 TO 2015


WEATHER ITEM   OBSERVED TIME   RECORD YEAR NORMAL DEPARTURE LAST
                VALUE   (LST)  VALUE       VALUE  FROM      YEAR
                                                  NORMAL
..................................................................
TEMPERATURE (F)
 YESTERDAY
  MAXIMUM         85    314 PM  95    1953  77      8       79
  MINIMUM         63    556 AM  40    1906  58      5       70
  AVERAGE         74                        67      7       75

PRECIPITATION (IN)
  YESTERDAY        0.00          1.53 1905   0.12  -0.12     0.05
  MONTH TO DATE    0.00                      0.12  -0.12     0.05
  SINCE SEP 1      0.00                      0.12  -0.12     0.05
  SINCE JAN 1     23.13                     20.70   2.43    26.66

SNOWFALL (IN)
  YESTERDAY        0.0           T    1952   0.0    0.0      0.0
  MONTH TO DATE    0.0                       0.0    0.0      0.0
  SINCE SEP 1      0.0                       0.0    0.0      0.0
  SINCE JUL 1      0.0                       0.0    0.0      0.0
  SNOW DEPTH       0

DEGREE DAYS
 HEATING
  YESTERDAY        0                         2     -2        0
  MONTH TO DATE    0                         2     -2        0
  SINCE SEP 1      0                         2     -2        0
  SINCE JUL 1     32                        32      0       49

 COOLING
  YESTERDAY        9                         4      5       10
  MONTH TO DATE    9                         4      5       10
  SINCE SEP 1      9                         4      5       10
  SINCE JAN 1    463                       511    -48      406
..................................................................


WIND (MPH)
  RESULTANT WIND SPEED   7   RESULTANT WIND DIRECTION   S (190)
  HIGHEST WIND SPEED    17   HIGHEST WIND DIRECTION    SW (210)
  HIGHEST GUST SPEED    23   HIGHEST GUST DIRECTION     S (200)
  AVERAGE WIND SPEED     8.3


SKY COVER
  AVERAGE SKY COVER 0.3


WEATHER CONDITIONS
 THE FOLLOWING WEATHER WAS RECORDED YESTERDAY.
  FOG
  HAZE


RELATIVE HUMIDITY (PERCENT)
 HIGHEST    93           600 AM
 LOWEST     65          1200 PM
 AVERAGE    79

..........................................................


THE MUSKEGON MI CLIMATE NORMALS FOR TODAY
                         NORMAL    RECORD    YEAR
 MAXIMUM TEMPERATURE (F)   76        94      1913
 MINIMUM TEMPERATURE (F)   58        33      1909


SUNRISE AND SUNSET
SEPTEMBER  2 2015.....SUNRISE   710 AM EDT   SUNSET   819 PM EDT
SEPTEMBER  3 2015.....SUNRISE   711 AM EDT   SUNSET   817 PM EDT


-  INDICATES NEGATIVE NUMBERS.
R  INDICATES RECORD WAS SET OR TIED.
MM INDICATES DATA IS MISSING.
T  INDICATES TRACE AMOUNT.




$$
