000
CDUS43 KGRR 242130
CLIMKG


CLIMATE REPORT
NATIONAL WEATHER SERVICE GRAND RAPIDS, MI
528 PM EDT FRI MAR 24 2017


...................................

...THE MUSKEGON MI CLIMATE SUMMARY FOR MARCH 24 2017...
VALID TODAY AS OF 0500 PM LOCAL TIME.

CLIMATE NORMAL PERIOD 1981 TO 2010
CLIMATE RECORD PERIOD 1896 TO 2017


WEATHER ITEM   OBSERVED TIME   RECORD YEAR NORMAL DEPARTURE LAST
                VALUE   (LST)  VALUE       VALUE  FROM      YEAR
                                                  NORMAL
..................................................................
TEMPERATURE (F)
 TODAY
  MAXIMUM         65    238 PM  73    1945  46     19       37
  MINIMUM         41   1255 AM   5    1974  29     12       28
  AVERAGE         53                        38     15       33

PRECIPITATION (IN)
  TODAY            0.01          1.02 2016   0.07  -0.06     1.02
  MONTH TO DATE    1.06                      1.71  -0.65     2.59
  SINCE MAR 1      1.06                      1.71  -0.65     2.59
  SINCE JAN 1      6.76                      5.57   1.19     6.80

SNOWFALL (IN)
  TODAY            0.0           4.8  1966   0.2   -0.2       T
  MONTH TO DATE    4.5                       7.7   -3.2      4.9
  SINCE MAR 1      4.5                       7.7   -3.2      4.9
  SINCE JUL 1     49.0                      90.1  -41.1     59.4
  SNOW DEPTH       0

DEGREE DAYS
 HEATING
  TODAY           12                        27    -15       32
  MONTH TO DATE  748                       750     -2      622
  SINCE MAR 1    748                       750     -2      622
  SINCE JUL 1   4613                      5482   -869     4642

 COOLING
  TODAY            0                         0      0        0
  MONTH TO DATE    0                         0      0        0
  SINCE MAR 1      0                         0      0        0
  SINCE JAN 1      0                         0      0        0
..................................................................


WIND (MPH)
  RESULTANT WIND SPEED   9   RESULTANT WIND DIRECTION   S (200)
  HIGHEST WIND SPEED    24   HIGHEST WIND DIRECTION     S (180)
  HIGHEST GUST SPEED    38   HIGHEST GUST DIRECTION     S (180)
  AVERAGE WIND SPEED    10.5


SKY COVER
  AVERAGE SKY COVER 0.7


WEATHER CONDITIONS
 THE FOLLOWING WEATHER WAS RECORDED TODAY.
  LIGHT RAIN


RELATIVE HUMIDITY (PERCENT)
 HIGHEST    76           800 AM
 LOWEST     56           300 AM
 AVERAGE    66

..........................................................


THE MUSKEGON MI CLIMATE NORMALS FOR TOMORROW
                         NORMAL    RECORD    YEAR
 MAXIMUM TEMPERATURE (F)   47        76      2007
                                             1945
 MINIMUM TEMPERATURE (F)   30         1      1971


SUNRISE AND SUNSET
MARCH 24 2017.........SUNRISE   741 AM EDT   SUNSET   802 PM EDT
MARCH 25 2017.........SUNRISE   739 AM EDT   SUNSET   803 PM EDT


-  INDICATES NEGATIVE NUMBERS.
R  INDICATES RECORD WAS SET OR TIED.
MM INDICATES DATA IS MISSING.
T  INDICATES TRACE AMOUNT.




$$

63
