629
CDUS44 KMEG 230733
CLIMKL


CLIMATE REPORT
NATIONAL WEATHER SERVICE MEMPHIS TN
133 AM CST FRI FEB 23 2018


...................................

...THE JACKSON CLIMATE SUMMARY FOR FEBRUARY 22 2018...

CLIMATE NORMAL PERIOD 1981 TO 2010
CLIMATE RECORD PERIOD 1948 TO 2018


WEATHER ITEM   OBSERVED TIME   RECORD YEAR NORMAL DEPARTURE LAST
                VALUE   (LST)  VALUE       VALUE  FROM      YEAR
                                                  NORMAL
..................................................................
TEMPERATURE (F)
 YESTERDAY
  MAXIMUM         60   1159 PM  73    2000  55      5       72
                                      1985
  MINIMUM         46    842 AM   5    1978  34     12       56
  AVERAGE         53                        44      9       64

PRECIPITATION (IN)
  YESTERDAY        0.91          1.31 1994   0.15   0.76     0.00
  MONTH TO DATE    9.46                      3.29   6.17     1.53
  SINCE DEC 1     20.24                     12.71   7.53    11.63
  SINCE JAN 1     13.63                      7.36   6.27     4.45

DEGREE DAYS
 HEATING
  YESTERDAY       12                        21     -9        1
  MONTH TO DATE  415                       517   -102      304
  SINCE DEC 1   2096                      2099     -3     1594
  SINCE JUL 1   2697                      2766    -69     1978

 COOLING
  YESTERDAY        0                         0      0        0
  MONTH TO DATE   16                         0     16        2
  SINCE DEC 1     16                         1     15        4
  SINCE JAN 1     16                         0     16        2
..................................................................


WIND (MPH)
  HIGHEST WIND SPEED    20   HIGHEST WIND DIRECTION    NW (300)
  HIGHEST GUST SPEED    28   HIGHEST GUST DIRECTION    NW (300)
  AVERAGE WIND SPEED     3.8


SKY COVER
  POSSIBLE SUNSHINE  MM
  AVERAGE SKY COVER 1.0


WEATHER CONDITIONS
 THE FOLLOWING WEATHER WAS RECORDED YESTERDAY.
  HEAVY RAIN
  RAIN
  LIGHT RAIN
  FOG
  FOG W/VISIBILITY <= 1/4 MILE


RELATIVE HUMIDITY (PERCENT)
 HIGHEST   100          1200 AM
 LOWEST     93           200 PM
 AVERAGE    97

..........................................................


THE JACKSON CLIMATE NORMALS FOR TODAY
                         NORMAL    RECORD    YEAR
 MAXIMUM TEMPERATURE (F)   55        81      1982
 MINIMUM TEMPERATURE (F)   34        17      1989


SUNRISE AND SUNSET
FEBRUARY 23 2018......SUNRISE   633 AM CST   SUNSET   545 PM CST
FEBRUARY 24 2018......SUNRISE   632 AM CST   SUNSET   546 PM CST


-  INDICATES NEGATIVE NUMBERS.
R  INDICATES RECORD WAS SET OR TIED.
MM INDICATES DATA IS MISSING.
T  INDICATES TRACE AMOUNT.




$$
