769
CDUS44 KMEG 252151
CLIMKL


CLIMATE REPORT
NATIONAL WEATHER SERVICE MEMPHIS TN
451 PM CDT MON JUL 25 2016


...................................

...THE JACKSON CLIMATE SUMMARY FOR JULY 25 2016...
VALID TODAY AS OF 0400 PM LOCAL TIME.

CLIMATE NORMAL PERIOD 1981 TO 2010
CLIMATE RECORD PERIOD 1948 TO 2016


WEATHER ITEM   OBSERVED TIME   RECORD YEAR NORMAL DEPARTURE LAST
                VALUE   (LST)  VALUE       VALUE  FROM      YEAR
                                                  NORMAL
..................................................................
TEMPERATURE (F)
 TODAY
  MAXIMUM         97    259 PM 101    1952  91      6       95
  MINIMUM         73    436 AM  56    2000  68      5       72
  AVERAGE         85                        80      5       84

PRECIPITATION (IN)
  TODAY            0.00         99.99 2008   0.15  -0.15     0.00
  MONTH TO DATE    0.81                      3.69  -2.88     2.30
  SINCE JUN 1      3.11                      8.53  -5.42     5.06
  SINCE JAN 1     28.35                     32.07  -3.72    26.84

SNOWFALL (IN)
  TODAY            0.0

DEGREE DAYS
 HEATING
  TODAY            0                         0      0        0
  MONTH TO DATE    0                         0      0        0
  SINCE JUN 1      0                         2     -2        0
  SINCE JUL 1      0                         0      0        0

 COOLING
  TODAY           20                        15      5       19
  MONTH TO DATE  431                       368     63      430
  SINCE JUN 1    854                       707    147      851
  SINCE JAN 1   1038                       922    116     1082
..................................................................


WIND (MPH)
  HIGHEST WIND SPEED    13   HIGHEST WIND DIRECTION     S (200)
  HIGHEST GUST SPEED    18   HIGHEST GUST DIRECTION    SW (230)
  AVERAGE WIND SPEED     4.2


SKY COVER
  POSSIBLE SUNSHINE  MM
  AVERAGE SKY COVER 0.1


WEATHER CONDITIONS
 THE FOLLOWING WEATHER WAS RECORDED TODAY.
  FOG


RELATIVE HUMIDITY (PERCENT)
 HIGHEST   100           100 AM
 LOWEST     45           200 PM
 AVERAGE    73

..........................................................


THE JACKSON CLIMATE NORMALS FOR TOMORROW
                         NORMAL    RECORD    YEAR
 MAXIMUM TEMPERATURE (F)   91       104      1952
 MINIMUM TEMPERATURE (F)   68        57      2000


SUNRISE AND SUNSET
JULY 25 2016..........SUNRISE   559 AM CDT   SUNSET   805 PM CDT
JULY 26 2016..........SUNRISE   600 AM CDT   SUNSET   804 PM CDT


-  INDICATES NEGATIVE NUMBERS.
R  INDICATES RECORD WAS SET OR TIED.
MM INDICATES DATA IS MISSING.
T  INDICATES TRACE AMOUNT.




$$
