000
CDUS44 KMEG 220641
CLIMKL


CLIMATE REPORT
NATIONAL WEATHER SERVICE MEMPHIS TN
141 AM CDT TUE AUG 22 2017


...................................

...THE JACKSON CLIMATE SUMMARY FOR AUGUST 21 2017...

CLIMATE NORMAL PERIOD 1981 TO 2010
CLIMATE RECORD PERIOD 1948 TO 2017


WEATHER ITEM   OBSERVED TIME   RECORD YEAR NORMAL DEPARTURE LAST
                VALUE   (LST)  VALUE       VALUE  FROM      YEAR
                                                  NORMAL
..................................................................
TEMPERATURE (F)
 YESTERDAY
  MAXIMUM         93    400 PM 101    2007  90      3       84
  MINIMUM         70    254 AM  56    2012  67      3       64
  AVERAGE         82                        78      4       74

PRECIPITATION (IN)
  YESTERDAY        0.00          0.64 1966   0.09  -0.09     0.09
  MONTH TO DATE    2.53                      2.18   0.35     3.45
  SINCE JUN 1      8.05                     11.51  -3.46     8.29
  SINCE JAN 1     30.70                     35.05  -4.35    33.53

DEGREE DAYS
 HEATING
  YESTERDAY        0                         0      0        0
  MONTH TO DATE    0                         0      0        0
  SINCE JUN 1      0                         2     -2        0
  SINCE JUL 1      0                         0      0        0

 COOLING
  YESTERDAY       17                        13      4        9
  MONTH TO DATE  271                       292    -21      334
  SINCE JUN 1   1118                      1080     38     1288
  SINCE JAN 1   1386                      1295     91     1472
..................................................................


WIND (MPH)
  HIGHEST WIND SPEED     9   HIGHEST WIND DIRECTION     S (200)
  HIGHEST GUST SPEED    11   HIGHEST GUST DIRECTION     S (180)
  AVERAGE WIND SPEED     2.4


SKY COVER
  POSSIBLE SUNSHINE  MM
  AVERAGE SKY COVER 0.1


WEATHER CONDITIONS
 THE FOLLOWING WEATHER WAS RECORDED YESTERDAY.
  FOG


RELATIVE HUMIDITY (PERCENT)
 HIGHEST   100          1200 AM
 LOWEST     60          1200 PM
 AVERAGE    80

..........................................................


THE JACKSON CLIMATE NORMALS FOR TODAY
                         NORMAL    RECORD    YEAR
 MAXIMUM TEMPERATURE (F)   90       103      2007
 MINIMUM TEMPERATURE (F)   66        51      1950


SUNRISE AND SUNSET
AUGUST 22 2017........SUNRISE   620 AM CDT   SUNSET   736 PM CDT
AUGUST 23 2017........SUNRISE   621 AM CDT   SUNSET   735 PM CDT


-  INDICATES NEGATIVE NUMBERS.
R  INDICATES RECORD WAS SET OR TIED.
MM INDICATES DATA IS MISSING.
T  INDICATES TRACE AMOUNT.




$$
