000
CDUS44 KMEG 220731
CLIMKL


CLIMATE REPORT
NATIONAL WEATHER SERVICE MEMPHIS TN
131 AM CST MON DEC 22 2014


...................................

...THE JACKSON CLIMATE SUMMARY FOR DECEMBER 21 2014...

CLIMATE NORMAL PERIOD 1981 TO 2010
CLIMATE RECORD PERIOD 1948 TO 2014


WEATHER ITEM   OBSERVED TIME   RECORD YEAR NORMAL DEPARTURE LAST
                VALUE   (LST)  VALUE       VALUE  FROM      YEAR
                                                  NORMAL
..................................................................
TEMPERATURE (F)
 YESTERDAY
  MAXIMUM         54    317 PM  76    2013  49      5       76
  MINIMUM         26    636 AM   1    1989  30     -4       61
  AVERAGE         40                        40      0       69

PRECIPITATION (IN)
  YESTERDAY        0.00          2.06 1990   0.17  -0.17     1.03
  MONTH TO DATE    2.38                      3.79  -1.41     4.54
  SINCE DEC 1      2.38                      3.79  -1.41     4.54
  SINCE JAN 1     57.56                     51.71   5.85    58.11

SNOWFALL (IN)
  YESTERDAY        0.0           T    1995   0.1   -0.1      0.0
                                      1977
                                      1973
  MONTH TO DATE    T                         0.1   -0.1       T
  SINCE DEC 1      T                         0.1   -0.1       T
  SINCE JUL 1      0.1                       0.2   -0.1       T
  SNOW DEPTH       0

DEGREE DAYS
 HEATING
  YESTERDAY       25                        25      0        0
  MONTH TO DATE  438                       490    -52      470
  SINCE DEC 1    438                       490    -52      470
  SINCE JUL 1   1230                      1157     73     1260

 COOLING
  YESTERDAY        0                         0      0        4
  MONTH TO DATE    0                         0      0        8
  SINCE DEC 1      0                         0      0        8
  SINCE JAN 1   1609                      1697    -88     1600
..................................................................


WIND (MPH)
  HIGHEST WIND SPEED     9   HIGHEST WIND DIRECTION     E (110)
  HIGHEST GUST SPEED    12   HIGHEST GUST DIRECTION    SE (150)
  AVERAGE WIND SPEED     2.0


SKY COVER
  POSSIBLE SUNSHINE  MM
  AVERAGE SKY COVER 0.0


WEATHER CONDITIONS
 THE FOLLOWING WEATHER WAS RECORDED YESTERDAY.
  NO SIGNIFICANT WEATHER WAS OBSERVED.


RELATIVE HUMIDITY (PERCENT)
 HIGHEST    85           100 AM
 LOWEST     41           100 PM
 AVERAGE    63

..........................................................


THE JACKSON CLIMATE NORMALS FOR TODAY
                         NORMAL    RECORD    YEAR
 MAXIMUM TEMPERATURE (F)   49        70      1982
 MINIMUM TEMPERATURE (F)   30        -7      1989


SUNRISE AND SUNSET
DECEMBER 22 2014......SUNRISE   702 AM CST   SUNSET   447 PM CST
DECEMBER 23 2014......SUNRISE   702 AM CST   SUNSET   447 PM CST


-  INDICATES NEGATIVE NUMBERS.
R  INDICATES RECORD WAS SET OR TIED.
MM INDICATES DATA IS MISSING.
T  INDICATES TRACE AMOUNT.




$$
