000
CDUS42 KMLB 152036
CLIMLB


CLIMATE REPORT
NATIONAL WEATHER SERVICE MELBOURNE FL
433 PM EDT MON SEP 15 2014


...................................

...THE MELBOURNE CLIMATE SUMMARY FOR SEPTEMBER 15 2014...
VALID TODAY AS OF 400 PM LOCAL TIME.

CLIMATE NORMAL PERIOD 1981 TO 2010
CLIMATE RECORD PERIOD 1939 TO 2014


WEATHER ITEM   OBSERVED TIME   RECORD YEAR NORMAL DEPARTURE LAST
                VALUE   (LST)  VALUE       VALUE  FROM      YEAR
                                                  NORMAL
..................................................................
TEMPERATURE (F)
 TODAY
  MAXIMUM         89    239 PM  94    1938  89      0       89
  MINIMUM         73    626 AM  68    1971  73      0       74
                                      1968
                                      1965
  AVERAGE         81                        81      0       82

PRECIPITATION (IN)
  TODAY            0.00          1.80 1945   0.28  -0.28     0.34
  MONTH TO DATE    1.40                      3.77  -2.37     1.50
  SINCE SEP 1      1.40                      3.77  -2.37     1.50
  SINCE JAN 1     39.23                     37.62   1.61    32.69

SNOWFALL (IN)
  TODAY            0.0
  MONTH TO DATE    0.0
  SINCE JUL 1      0.0

DEGREE DAYS
 HEATING
  TODAY            0                         0      0        0
  MONTH TO DATE    0                         0      0        0
  SINCE SEP 1      0                         0      0        0
  SINCE JUL 1      0                         0      0        0

 COOLING
  TODAY           16                        16      0       17
  MONTH TO DATE  251                       240     11      258
  SINCE SEP 1    251                       240     11      258
  SINCE JAN 1   2738                      2466    272     2707
..................................................................


WIND (MPH)
  HIGHEST WIND SPEED    13   HIGHEST WIND DIRECTION     E (90)
  HIGHEST GUST SPEED    16   HIGHEST GUST DIRECTION     E (110)
  AVERAGE WIND SPEED     4.1


SKY COVER
  AVERAGE SKY COVER 0.1


WEATHER CONDITIONS
 THE FOLLOWING WEATHER WAS RECORDED TODAY.
  NO SIGNIFICANT WEATHER WAS OBSERVED.


RELATIVE HUMIDITY (PERCENT)
 HIGHEST    94          1200 AM
 LOWEST     52           200 PM
 AVERAGE    73

..........................................................


THE MELBOURNE CLIMATE NORMALS FOR TOMORROW
                         NORMAL    RECORD    YEAR
 MAXIMUM TEMPERATURE (F)   89        96      1938
 MINIMUM TEMPERATURE (F)   73        64      1981


SUNRISE AND SUNSET
SEPTEMBER 15 2014.....SUNRISE   708 AM EDT   SUNSET   727 PM EDT
SEPTEMBER 16 2014.....SUNRISE   708 AM EDT   SUNSET   726 PM EDT


-  INDICATES NEGATIVE NUMBERS.
R  INDICATES RECORD WAS SET OR TIED.
MM INDICATES DATA IS MISSING.
T  INDICATES TRACE AMOUNT.




$$
