000
CDUS42 KMLB 252018
CLIMLB


CLIMATE REPORT
NATIONAL WEATHER SERVICE MELBOURNE FL
417 PM EDT SAT MAR 25 2017


...................................

...THE MELBOURNE CLIMATE SUMMARY FOR MARCH 25 2017...
VALID TODAY AS OF 0400 PM LOCAL TIME.

CLIMATE NORMAL PERIOD 1981 TO 2010
CLIMATE RECORD PERIOD 1939 TO 2017


WEATHER ITEM   OBSERVED TIME   RECORD YEAR NORMAL DEPARTURE LAST
                VALUE   (LST)  VALUE       VALUE  FROM      YEAR
                                                  NORMAL
..................................................................
TEMPERATURE (F)
 TODAY
  MAXIMUM         81    259 PM  92    1975  78      3       83
                                      1974
  MINIMUM         68    636 AM  35    1968  56     12       62
  AVERAGE         75                        67      8       73

PRECIPITATION (IN)
  TODAY            0.00          1.63 1992   0.11  -0.11     0.27
  MONTH TO DATE    0.41                      2.68  -2.27     2.19
  SINCE MAR 1      0.41                      2.68  -2.27     2.19
  SINCE JAN 1      5.30                      7.48  -2.18    12.05

SNOWFALL (IN)
  TODAY            0.0
  MONTH TO DATE    0.0
  SINCE JUL 1      0.0

DEGREE DAYS
 HEATING
  TODAY            0                         2     -2        0
  MONTH TO DATE   39                        64    -25       17
  SINCE MAR 1     39                        64    -25       17
  SINCE JUL 1    217                       553   -336      338

 COOLING
  TODAY           10                         4      6        8
  MONTH TO DATE  133                        75     58      166
  SINCE MAR 1    133                        75     58      166
  SINCE JAN 1    311                       173    138      256
..................................................................


WIND (MPH)
  HIGHEST WIND SPEED    21   HIGHEST WIND DIRECTION     E (110)
  HIGHEST GUST SPEED    25   HIGHEST GUST DIRECTION     E (110)
  AVERAGE WIND SPEED    11.7


SKY COVER
  AVERAGE SKY COVER 0.4


WEATHER CONDITIONS
 THE FOLLOWING WEATHER WAS RECORDED TODAY.
  NO SIGNIFICANT WEATHER WAS OBSERVED.


RELATIVE HUMIDITY (PERCENT)
 HIGHEST    78           500 AM
 LOWEST     45           100 PM
 AVERAGE    62

..........................................................


THE MELBOURNE CLIMATE NORMALS FOR TOMORROW
                         NORMAL    RECORD    YEAR
 MAXIMUM TEMPERATURE (F)   78        90      1975
                                             1974
 MINIMUM TEMPERATURE (F)   56        44      2013


SUNRISE AND SUNSET
MARCH 25 2017.........SUNRISE   720 AM EDT   SUNSET   737 PM EDT
MARCH 26 2017.........SUNRISE   719 AM EDT   SUNSET   737 PM EDT


-  INDICATES NEGATIVE NUMBERS.
R  INDICATES RECORD WAS SET OR TIED.
MM INDICATES DATA IS MISSING.
T  INDICATES TRACE AMOUNT.




$$
