739
CDUS42 KMLB 130626
CLIMLB


CLIMATE REPORT
NATIONAL WEATHER SERVICE MELBOURNE FL
125 AM EST SAT FEB 13 2016


...................................

...THE MELBOURNE CLIMATE SUMMARY FOR FEBRUARY 12 2016...

CLIMATE NORMAL PERIOD 1981 TO 2010
CLIMATE RECORD PERIOD 1939 TO 2016


WEATHER ITEM   OBSERVED TIME   RECORD YEAR NORMAL DEPARTURE LAST
                VALUE   (LST)  VALUE       VALUE  FROM      YEAR
                                                  NORMAL
..................................................................
TEMPERATURE (F)
 YESTERDAY
  MAXIMUM         74    425 PM  85    2013  73      1       72
                                      2004
                                      1994
  MINIMUM         44    721 AM  32    1955  51     -7       43
  AVERAGE         59                        62     -3       58

PRECIPITATION (IN)
  YESTERDAY        0.00          3.60 1963   0.09  -0.09     0.00
  MONTH TO DATE    1.31                      1.04   0.27     2.27
  SINCE DEC 1     12.83                      5.88   6.95     6.37
  SINCE JAN 1      9.14                      3.31   5.83     4.75

SNOWFALL (IN)
  YESTERDAY        0.0
  MONTH TO DATE    0.0
  SINCE JUL 1      0.0

DEGREE DAYS
 HEATING
  YESTERDAY        6                         5      1        7
  MONTH TO DATE   84                        60     24       49
  SINCE DEC 1    262                       387   -125      252
  SINCE JUL 1    267                       429   -162      317

 COOLING
  YESTERDAY        0                         2     -2        0
  MONTH TO DATE   33                        24      9        3
  SINCE DEC 1    353                       144    209      201
  SINCE JAN 1     69                        68      1       70
..................................................................


WIND (MPH)
  HIGHEST WIND SPEED    17   HIGHEST WIND DIRECTION    SW (240)
  HIGHEST GUST SPEED    22   HIGHEST GUST DIRECTION    SW (240)
  AVERAGE WIND SPEED     7.8


SKY COVER
  AVERAGE SKY COVER 0.0


WEATHER CONDITIONS
 THE FOLLOWING WEATHER WAS RECORDED YESTERDAY.
  NO SIGNIFICANT WEATHER WAS OBSERVED.


RELATIVE HUMIDITY (PERCENT)
 HIGHEST    93           800 AM
 LOWEST     31           400 PM
 AVERAGE    62

..........................................................


THE MELBOURNE CLIMATE NORMALS FOR TODAY
                         NORMAL    RECORD    YEAR
 MAXIMUM TEMPERATURE (F)   74        88      2013
 MINIMUM TEMPERATURE (F)   52        32      2006


SUNRISE AND SUNSET
FEBRUARY 13 2016......SUNRISE   702 AM EST   SUNSET   612 PM EST
FEBRUARY 14 2016......SUNRISE   701 AM EST   SUNSET   612 PM EST


-  INDICATES NEGATIVE NUMBERS.
R  INDICATES RECORD WAS SET OR TIED.
MM INDICATES DATA IS MISSING.
T  INDICATES TRACE AMOUNT.




$$
