000
CDUS42 KMLB 040638
CLIMLB


CLIMATE REPORT
NATIONAL WEATHER SERVICE MELBOURNE FL
228 AM EDT SAT JUL 4 2015


...................................

...THE MELBOURNE CLIMATE SUMMARY FOR JULY 3 2015...

CLIMATE NORMAL PERIOD 1981 TO 2010
CLIMATE RECORD PERIOD 1939 TO 2015


WEATHER ITEM   OBSERVED TIME   RECORD YEAR NORMAL DEPARTURE LAST
                VALUE   (LST)  VALUE       VALUE  FROM      YEAR
                                                  NORMAL
..................................................................
TEMPERATURE (F)
 YESTERDAY
  MAXIMUM         90   1123 AM  99    1998  90      0       94
  MINIMUM         71    601 AM  65    1977  72     -1       75
  AVERAGE         81                        81      0       85

PRECIPITATION (IN)
  YESTERDAY        0.00          1.70 1957   0.19  -0.19     0.21
                                      1956
  MONTH TO DATE    0.28                      0.59  -0.31     0.40
  SINCE JUN 1      6.53                      7.30  -0.77     6.46
  SINCE JAN 1     19.38                     20.80  -1.42    22.68

SNOWFALL (IN)
  YESTERDAY        0.0
  MONTH TO DATE    0.0
  SINCE JUL 1      0.0

DEGREE DAYS
 HEATING
  YESTERDAY        0                         0      0        0
  MONTH TO DATE    0                         0      0        0
  SINCE JUN 1      0                         0      0        0
  SINCE JUL 1      0                         0      0        0

 COOLING
  YESTERDAY       16                        16      0       20
  MONTH TO DATE   53                        48      5       54
  SINCE JUN 1    543                       510     33      515
  SINCE JAN 1   1655                      1236    419     1408
..................................................................


WIND (MPH)
  HIGHEST WIND SPEED    17   HIGHEST WIND DIRECTION    SE (120)
  HIGHEST GUST SPEED    22   HIGHEST GUST DIRECTION     E (110)
  AVERAGE WIND SPEED     6.9


SKY COVER
  AVERAGE SKY COVER 0.1


WEATHER CONDITIONS
 THE FOLLOWING WEATHER WAS RECORDED YESTERDAY.
  THUNDERSTORM


RELATIVE HUMIDITY (PERCENT)
 HIGHEST    93          1200 AM
 LOWEST     55          1100 AM
 AVERAGE    74

..........................................................


THE MELBOURNE CLIMATE NORMALS FOR TODAY
                         NORMAL    RECORD    YEAR
 MAXIMUM TEMPERATURE (F)   90        98      1963
 MINIMUM TEMPERATURE (F)   72        68      1975
                                             1974
                                             1971


SUNRISE AND SUNSET
JULY  4 2015..........SUNRISE   631 AM EDT   SUNSET   823 PM EDT
JULY  5 2015..........SUNRISE   631 AM EDT   SUNSET   823 PM EDT


-  INDICATES NEGATIVE NUMBERS.
R  INDICATES RECORD WAS SET OR TIED.
MM INDICATES DATA IS MISSING.
T  INDICATES TRACE AMOUNT.




$$
