000
CDUS42 KMLB 210630
CLIMLB


CLIMATE REPORT
NATIONAL WEATHER SERVICE MELBOURNE FL
129 AM EST SUN JAN 21 2018


...................................

...THE MELBOURNE CLIMATE SUMMARY FOR JANUARY 20 2018...

CLIMATE NORMAL PERIOD 1981 TO 2010
CLIMATE RECORD PERIOD 1939 TO 2018


WEATHER ITEM   OBSERVED TIME   RECORD YEAR NORMAL DEPARTURE LAST
                VALUE   (LST)  VALUE       VALUE  FROM      YEAR
                                                  NORMAL
..................................................................
TEMPERATURE (F)
 YESTERDAY
  MAXIMUM         71   1231 PM  86    1987  71      0       83
  MINIMUM         48    305 AM  19    1977  49     -1       57
  AVERAGE         60                        60      0       70

PRECIPITATION (IN)
  YESTERDAY        T             4.13 1983   0.07  -0.07     0.00
  MONTH TO DATE    2.17                      1.41   0.76     0.56
  SINCE DEC 1      3.24                      3.98  -0.74     0.88
  SINCE JAN 1      2.17                      1.41   0.76     0.56

SNOWFALL (IN)
  YESTERDAY       MM
  MONTH TO DATE    0.0
  SINCE JUL 1      0.0

DEGREE DAYS
 HEATING
  YESTERDAY        5                         6     -1        0
  MONTH TO DATE  149                       120     29       39
  SINCE DEC 1    221                       257    -36       67
  SINCE JUL 1    234                       299    -65       86

 COOLING
  YESTERDAY        0                         1     -1        5
  MONTH TO DATE   33                        23     10       53
  SINCE DEC 1    176                        99     77      229
  SINCE JAN 1     33                        23     10       53
..................................................................


WIND (MPH)
  HIGHEST WIND SPEED    13   HIGHEST WIND DIRECTION    NE (40)
  HIGHEST GUST SPEED    16   HIGHEST GUST DIRECTION    NE (30)
  AVERAGE WIND SPEED     4.9


SKY COVER
  AVERAGE SKY COVER 0.0


WEATHER CONDITIONS
 THE FOLLOWING WEATHER WAS RECORDED YESTERDAY.
  LIGHT RAIN


RELATIVE HUMIDITY (PERCENT)
 HIGHEST    93          1200 AM
 LOWEST     53          1200 PM
 AVERAGE    73

..........................................................


THE MELBOURNE CLIMATE NORMALS FOR TODAY
                         NORMAL    RECORD    YEAR
 MAXIMUM TEMPERATURE (F)   72        85      1963
 MINIMUM TEMPERATURE (F)   49        23      1985


SUNRISE AND SUNSET
JANUARY 21 2018.......SUNRISE   714 AM EST   SUNSET   554 PM EST
JANUARY 22 2018.......SUNRISE   714 AM EST   SUNSET   555 PM EST


-  INDICATES NEGATIVE NUMBERS.
R  INDICATES RECORD WAS SET OR TIED.
MM INDICATES DATA IS MISSING.
T  INDICATES TRACE AMOUNT.




$$
