000
CDUS42 KMLB 302022
CLIMLB


CLIMATE REPORT
NATIONAL WEATHER SERVICE MELBOURNE FL
421 PM EDT SUN APR 30 2017


...................................

...THE MELBOURNE CLIMATE SUMMARY FOR APRIL 30 2017...
VALID TODAY AS OF 0400 PM LOCAL TIME.

CLIMATE NORMAL PERIOD 1981 TO 2010
CLIMATE RECORD PERIOD 1939 TO 2017


WEATHER ITEM   OBSERVED TIME   RECORD YEAR NORMAL DEPARTURE LAST
                VALUE   (LST)  VALUE       VALUE  FROM      YEAR
                                                  NORMAL
..................................................................
TEMPERATURE (F)
 TODAY
  MAXIMUM         87   1122 AM  93    1964  83      4       84
  MINIMUM         77    629 AM  46    1967  63     14       68
  AVERAGE         82                        73      9       76

PRECIPITATION (IN)
  TODAY            0.01          1.32 1979   0.06  -0.05     0.00
  MONTH TO DATE    0.23                      2.13  -1.90     1.34
  SINCE MAR 1      0.64                      5.41  -4.77     4.42
  SINCE JAN 1      5.53                     10.21  -4.68    14.28

SNOWFALL (IN)
  TODAY            0.0
  MONTH TO DATE    0.0
  SINCE JUL 1      0.0

DEGREE DAYS
 HEATING
  TODAY            0                         0      0        0
  MONTH TO DATE    3                        15    -12        3
  SINCE MAR 1     42                        87    -45       20
  SINCE JUL 1    220                       576   -356      341

 COOLING
  TODAY           17                         8      9       11
  MONTH TO DATE  339                       178    161      234
  SINCE MAR 1    524                       277    247      470
  SINCE JAN 1    702                       375    327      560
..................................................................


WIND (MPH)
  HIGHEST WIND SPEED    25   HIGHEST WIND DIRECTION    SE (140)
  HIGHEST GUST SPEED    32   HIGHEST GUST DIRECTION     E (100)
  AVERAGE WIND SPEED    16.8


SKY COVER
  AVERAGE SKY COVER 0.4


WEATHER CONDITIONS
 THE FOLLOWING WEATHER WAS RECORDED TODAY.
  LIGHT RAIN


RELATIVE HUMIDITY (PERCENT)
 HIGHEST    85           100 AM
 LOWEST     61          1100 AM
 AVERAGE    73

..........................................................


THE MELBOURNE CLIMATE NORMALS FOR TOMORROW
                         NORMAL    RECORD    YEAR
 MAXIMUM TEMPERATURE (F)   83        94      2002
 MINIMUM TEMPERATURE (F)   63        50      1992


SUNRISE AND SUNSET
APRIL 30 2017.........SUNRISE   643 AM EDT   SUNSET   757 PM EDT
MAY  1 2017...........SUNRISE   642 AM EDT   SUNSET   757 PM EDT


-  INDICATES NEGATIVE NUMBERS.
R  INDICATES RECORD WAS SET OR TIED.
MM INDICATES DATA IS MISSING.
T  INDICATES TRACE AMOUNT.




$$
