000
CDUS42 KMLB 290628
CLIMLB


CLIMATE REPORT
NATIONAL WEATHER SERVICE MELBOURNE FL
228 AM EDT SUN MAY 29 2016


...................................

...THE MELBOURNE CLIMATE SUMMARY FOR MAY 28 2016...

CLIMATE NORMAL PERIOD 1981 TO 2010
CLIMATE RECORD PERIOD 1939 TO 2016


WEATHER ITEM   OBSERVED TIME   RECORD YEAR NORMAL DEPARTURE LAST
                VALUE   (LST)  VALUE       VALUE  FROM      YEAR
                                                  NORMAL
..................................................................
TEMPERATURE (F)
 YESTERDAY
  MAXIMUM         87   1202 PM  97    2000  87      0       84
  MINIMUM         70    557 AM  60    1982  70      0       75
                                      1980
  AVERAGE         79                        79      0       80

PRECIPITATION (IN)
  YESTERDAY        0.00          1.24 1976   0.15  -0.15     0.00
  MONTH TO DATE    7.24                      2.81   4.43     1.38
  SINCE MAR 1     11.66                      8.22   3.44     5.55
  SINCE JAN 1     21.52                     13.02   8.50    11.66

SNOWFALL (IN)
  YESTERDAY        0.0
  MONTH TO DATE    0.0
  SINCE JUL 1      0.0

DEGREE DAYS
 HEATING
  YESTERDAY        0                         0      0        0
  MONTH TO DATE    0                         0      0        0
  SINCE MAR 1     20                        87    -67       14
  SINCE JUL 1    341                       576   -235      424

 COOLING
  YESTERDAY       14                        14      0       15
  MONTH TO DATE  330                       310     20      361
  SINCE MAR 1    800                       587    213      972
  SINCE JAN 1    890                       685    205     1070
..................................................................


WIND (MPH)
  HIGHEST WIND SPEED    15   HIGHEST WIND DIRECTION    NE (50)
  HIGHEST GUST SPEED    19   HIGHEST GUST DIRECTION    NE (60)
  AVERAGE WIND SPEED     8.1


SKY COVER
  AVERAGE SKY COVER 0.2


WEATHER CONDITIONS
 THE FOLLOWING WEATHER WAS RECORDED YESTERDAY.
  NO SIGNIFICANT WEATHER WAS OBSERVED.


RELATIVE HUMIDITY (PERCENT)
 HIGHEST    90           600 AM
 LOWEST     55          1100 AM
 AVERAGE    73

..........................................................


THE MELBOURNE CLIMATE NORMALS FOR TODAY
                         NORMAL    RECORD    YEAR
 MAXIMUM TEMPERATURE (F)   88        96      2000
 MINIMUM TEMPERATURE (F)   70        58      1976


SUNRISE AND SUNSET
MAY 29 2016...........SUNRISE   627 AM EDT   SUNSET   814 PM EDT
MAY 30 2016...........SUNRISE   627 AM EDT   SUNSET   814 PM EDT


-  INDICATES NEGATIVE NUMBERS.
R  INDICATES RECORD WAS SET OR TIED.
MM INDICATES DATA IS MISSING.
T  INDICATES TRACE AMOUNT.




$$
