000
CDUS42 KMLB 010631
CLIMLB


CLIMATE REPORT
NATIONAL WEATHER SERVICE MELBOURNE FL
230 AM EDT SAT AUG 1 2015


...................................

...THE MELBOURNE CLIMATE SUMMARY FOR JULY 31 2015...

CLIMATE NORMAL PERIOD 1981 TO 2010
CLIMATE RECORD PERIOD 1939 TO 2015


WEATHER ITEM   OBSERVED TIME   RECORD YEAR NORMAL DEPARTURE LAST
                VALUE   (LST)  VALUE       VALUE  FROM      YEAR
                                                  NORMAL
..................................................................
TEMPERATURE (F)
 YESTERDAY
  MAXIMUM         92    110 PM  98    1961  91      1       91
  MINIMUM         73    351 PM  67    1983  73      0       78
  AVERAGE         83                        82      1       85

PRECIPITATION (IN)
  YESTERDAY        0.04          3.16 1987   0.21  -0.17     0.00
  MONTH TO DATE   10.66                      5.96   4.70    11.20
  SINCE JUN 1     16.91                     12.67   4.24    17.26
  SINCE JAN 1     29.76                     26.17   3.59    33.48

SNOWFALL (IN)
  YESTERDAY        0.0
  MONTH TO DATE    0.0
  SINCE JUL 1      0.0

DEGREE DAYS
 HEATING
  YESTERDAY        0                         0      0        0
  MONTH TO DATE    0                         0      0        0
  SINCE JUN 1      0                         0      0        0
  SINCE JUL 1      0                         0      0        0

 COOLING
  YESTERDAY       18                        17      1       20
  MONTH TO DATE  521                       516      5      550
  SINCE JUN 1   1011                       978     33     1011
  SINCE JAN 1   2123                      1704    419     1904
..................................................................


WIND (MPH)
  HIGHEST WIND SPEED    16   HIGHEST WIND DIRECTION    SE (150)
  HIGHEST GUST SPEED    23   HIGHEST GUST DIRECTION    SE (150)
  AVERAGE WIND SPEED     7.9


SKY COVER
  AVERAGE SKY COVER 0.2


WEATHER CONDITIONS
 THE FOLLOWING WEATHER WAS RECORDED YESTERDAY.
  THUNDERSTORM
  LIGHT RAIN
  FOG


RELATIVE HUMIDITY (PERCENT)
 HIGHEST    94           500 AM
 LOWEST     52           200 PM
 AVERAGE    73

..........................................................


THE MELBOURNE CLIMATE NORMALS FOR TODAY
                         NORMAL    RECORD    YEAR
 MAXIMUM TEMPERATURE (F)   91        99      1999
 MINIMUM TEMPERATURE (F)   73        68      1978
                                             1974
                                             1967


SUNRISE AND SUNSET
AUGUST  1 2015........SUNRISE   645 AM EDT   SUNSET   813 PM EDT
AUGUST  2 2015........SUNRISE   645 AM EDT   SUNSET   812 PM EDT


-  INDICATES NEGATIVE NUMBERS.
R  INDICATES RECORD WAS SET OR TIED.
MM INDICATES DATA IS MISSING.
T  INDICATES TRACE AMOUNT.




$$
