000
CDUS42 KMLB 122031
CLIMLB


CLIMATE REPORT
NATIONAL WEATHER SERVICE MELBOURNE FL
430 PM EDT SAT JUL 12 2014


...................................

...THE MELBOURNE CLIMATE SUMMARY FOR JULY 12 2014...
VALID TODAY AS OF 0400 PM LOCAL TIME.

CLIMATE NORMAL PERIOD 1981 TO 2010
CLIMATE RECORD PERIOD 1939 TO 2014


WEATHER ITEM   OBSERVED TIME   RECORD YEAR NORMAL DEPARTURE LAST
                VALUE   (LST)  VALUE       VALUE  FROM      YEAR
                                                  NORMAL
..................................................................
TEMPERATURE (F)
 TODAY
  MAXIMUM         89    205 PM  97    1987  91     -2       91
  MINIMUM         76    435 AM  66    1965  73      3       75
  AVERAGE         83                        82      1       83

PRECIPITATION (IN)
  TODAY            0.00          2.50 2008   0.19  -0.19     0.04
  MONTH TO DATE    2.93                      2.30   0.63     0.95
  SINCE JUN 1      8.99                      9.01  -0.02     7.69
  SINCE JAN 1     25.21                     22.51   2.70    23.02

SNOWFALL (IN)
  TODAY            0.0
  MONTH TO DATE    0.0
  SINCE JUL 1      0.0

DEGREE DAYS
 HEATING
  TODAY            0                         0      0        0
  MONTH TO DATE    0                         0      0        0
  SINCE JUN 1      0                         0      0        0
  SINCE JUL 1      0                         0      0        0

 COOLING
  TODAY           18                        17      1       18
  MONTH TO DATE  203                       193     10      213
  SINCE JUN 1    664                       655      9      711
  SINCE JAN 1   1557                      1381    176     1572
..................................................................


WIND (MPH)
  HIGHEST WIND SPEED    17   HIGHEST WIND DIRECTION     E (100)
  HIGHEST GUST SPEED    22   HIGHEST GUST DIRECTION     E (110)
  AVERAGE WIND SPEED     7.7


SKY COVER
  AVERAGE SKY COVER 0.3


WEATHER CONDITIONS
 THE FOLLOWING WEATHER WAS RECORDED TODAY.
  THUNDERSTORM


RELATIVE HUMIDITY (PERCENT)
 HIGHEST    85           300 AM
 LOWEST     59           100 PM
 AVERAGE    72

..........................................................


THE MELBOURNE CLIMATE NORMALS FOR TOMORROW
                         NORMAL    RECORD    YEAR
 MAXIMUM TEMPERATURE (F)   91       100      1980
 MINIMUM TEMPERATURE (F)   73        66      1938


SUNRISE AND SUNSET
JULY 12 2014..........SUNRISE   634 AM EDT   SUNSET   822 PM EDT
JULY 13 2014..........SUNRISE   635 AM EDT   SUNSET   822 PM EDT


-  INDICATES NEGATIVE NUMBERS.
R  INDICATES RECORD WAS SET OR TIED.
MM INDICATES DATA IS MISSING.
T  INDICATES TRACE AMOUNT.




$$
