000
CDUS43 KDVN 230913
CLIMLI


CLIMATE REPORT
NATIONAL WEATHER SERVICE QUAD CITIES IA IL
413 AM CDT TUE MAY 23 2017


...................................

...THE MOLINE IL CLIMATE SUMMARY FOR MAY 22 2017...

CLIMATE NORMAL PERIOD 1981 TO 2010
CLIMATE RECORD PERIOD 1872 TO 2017


WEATHER ITEM   OBSERVED TIME   RECORD YEAR NORMAL DEPARTURE LAST
                VALUE   (LST)  VALUE       VALUE  FROM      YEAR
                                                  NORMAL
..................................................................
TEMPERATURE (F)
 YESTERDAY
  MAXIMUM         74   1112 AM  94    1925  75     -1       85
  MINIMUM         45    501 AM  34    1883  53     -8       49
  AVERAGE         60                        64     -4       67

PRECIPITATION (IN)
  YESTERDAY        T             2.04 1890   0.15  -0.15     0.00
  MONTH TO DATE    2.39                      3.02  -0.63     2.49
  SINCE MAR 1     11.51                      9.47   2.04     7.84
  SINCE JAN 1     13.92                     12.56   1.36     9.17

SNOWFALL (IN)
  YESTERDAY        0.0          MM      MM   0.0    0.0      0.0
  MONTH TO DATE    0.0                       0.0    0.0      0.0
  SINCE MAR 1      5.9                       4.9    1.0      2.9
  SINCE JUL 1     22.4                      31.6   -9.2     24.1
  SNOW DEPTH       0

DEGREE DAYS
 HEATING
  YESTERDAY        5                         4      1        0
  MONTH TO DATE  143                       135      8      158
  SINCE MAR 1   1205                      1360   -155     1174
  SINCE JUL 1   5008                      6158  -1150     5163

 COOLING
  YESTERDAY        0                         3     -3        2
  MONTH TO DATE   38                        34      4        5
  SINCE MAR 1     52                        48      4       16
  SINCE JAN 1     52                        48      4       16
..................................................................


WIND (MPH)
  HIGHEST WIND SPEED    26   HIGHEST WIND DIRECTION    SW (230)
  HIGHEST GUST SPEED    37   HIGHEST GUST DIRECTION    SW (220)
  AVERAGE WIND SPEED    10.9


SKY COVER
  POSSIBLE SUNSHINE  MM
  AVERAGE SKY COVER 0.2


WEATHER CONDITIONS
 THE FOLLOWING WEATHER WAS RECORDED YESTERDAY.
  LIGHT RAIN


RELATIVE HUMIDITY (PERCENT)
 HIGHEST    84           800 PM
 LOWEST     41          1100 AM
 AVERAGE    63

..........................................................


THE MOLINE IL CLIMATE NORMALS FOR TODAY
                         NORMAL    RECORD    YEAR
 MAXIMUM TEMPERATURE (F)   75        93      1975
 MINIMUM TEMPERATURE (F)   53        33      1963


SUNRISE AND SUNSET
MAY 23 2017...........SUNRISE   536 AM CDT   SUNSET   822 PM CDT
MAY 24 2017...........SUNRISE   535 AM CDT   SUNSET   823 PM CDT


-  INDICATES NEGATIVE NUMBERS.
R  INDICATES RECORD WAS SET OR TIED.
MM INDICATES DATA IS MISSING.
T  INDICATES TRACE AMOUNT.




$$
