000
CDUS43 KDVN 192225
CLIMLI


CLIMATE REPORT
NATIONAL WEATHER SERVICE QUAD CITIES IA IL
425 PM CST FRI DEC 19 2014


...................................

...THE MOLINE IL CLIMATE SUMMARY FOR DECEMBER 19 2014...
VALID TODAY AS OF 0400 PM LOCAL TIME.

CLIMATE NORMAL PERIOD 1981 TO 2010
CLIMATE RECORD PERIOD 1872 TO 2014


WEATHER ITEM   OBSERVED TIME   RECORD YEAR NORMAL DEPARTURE LAST
                VALUE   (LST)  VALUE       VALUE  FROM      YEAR
                                                  NORMAL
..................................................................
TEMPERATURE (F)
 TODAY
  MAXIMUM         32    355 PM  62    1877  33     -1       39
  MINIMUM         15    753 AM -18    1985  17     -2       22
  AVERAGE         24                        25     -1       31

PRECIPITATION (IN)
  TODAY            0.00          1.39 1987   0.07  -0.07     0.10
  MONTH TO DATE    0.30                      1.46  -1.16     0.52
  SINCE DEC 1      0.30                      1.46  -1.16     0.52
  SINCE JAN 1     38.87                     37.24   1.63    38.54

SNOWFALL (IN)
  TODAY            0.0          MM      MM   0.3   -0.3      0.0
  MONTH TO DATE    0.0                       5.2   -5.2      6.6
  SINCE DEC 1      0.0                       5.2   -5.2      6.6
  SINCE JUL 1      4.6                       6.4   -1.8      7.6
  SNOW DEPTH       0

DEGREE DAYS
 HEATING
  TODAY           41                        40      1       34
  MONTH TO DATE  643                       699    -56      827
  SINCE DEC 1    643                       699    -56      827
  SINCE JUL 1   2148                      1930    218     2173

 COOLING
  TODAY            0                         0      0        0
  MONTH TO DATE    0                         0      0        0
  SINCE DEC 1      0                         0      0        0
  SINCE JAN 1    839                      1004   -165      998
..................................................................


WIND (MPH)
  HIGHEST WIND SPEED     7   HIGHEST WIND DIRECTION     E (80)
  HIGHEST GUST SPEED     9   HIGHEST GUST DIRECTION     E (70)
  AVERAGE WIND SPEED     1.2


SKY COVER
  POSSIBLE SUNSHINE  MM
  AVERAGE SKY COVER 0.3


WEATHER CONDITIONS
 THE FOLLOWING WEATHER WAS RECORDED TODAY.
  FOG
  HAZE


RELATIVE HUMIDITY (PERCENT)
 HIGHEST    92           100 AM
 LOWEST     54           300 PM
 AVERAGE    73

..........................................................


THE MOLINE IL CLIMATE NORMALS FOR TOMORROW
                         NORMAL    RECORD    YEAR
 MAXIMUM TEMPERATURE (F)   33        62      1877
 MINIMUM TEMPERATURE (F)   17       -14      1963


SUNRISE AND SUNSET
DECEMBER 19 2014......SUNRISE   724 AM CST   SUNSET   435 PM CST
DECEMBER 20 2014......SUNRISE   724 AM CST   SUNSET   435 PM CST


-  INDICATES NEGATIVE NUMBERS.
R  INDICATES RECORD WAS SET OR TIED.
MM INDICATES DATA IS MISSING.
T  INDICATES TRACE AMOUNT.




$$
