618
CDUS43 KDVN 250930
CLIMLI


CLIMATE REPORT
NATIONAL WEATHER SERVICE QUAD CITIES IA IL
428 AM CDT SUN JUN 25 2017


...................................

...THE MOLINE IL CLIMATE SUMMARY FOR JUNE 24 2017...

CLIMATE NORMAL PERIOD 1981 TO 2010
CLIMATE RECORD PERIOD 1872 TO 2017


WEATHER ITEM   OBSERVED TIME   RECORD YEAR NORMAL DEPARTURE LAST
                VALUE   (LST)  VALUE       VALUE  FROM      YEAR
                                                  NORMAL
..................................................................
TEMPERATURE (F)
 YESTERDAY
  MAXIMUM         76    249 PM 100    1937  85     -9       85
                                      1931
  MINIMUM         56   1159 PM  47    1972  63     -7       61
  AVERAGE         66                        74     -8       73

PRECIPITATION (IN)
  YESTERDAY        0.09          4.46 2013   0.16  -0.07     0.00
  MONTH TO DATE    2.44                      3.56  -1.12     3.49
  SINCE JUN 1      2.44                      3.56  -1.12     3.49
  SINCE JAN 1     16.79                     17.42  -0.63    13.49

SNOWFALL (IN)
  YESTERDAY        0.0          MM      MM   0.0    0.0      0.0
  MONTH TO DATE    0.0                       0.0    0.0      0.0
  SINCE JUN 1      0.0                       0.0    0.0      0.0
  SINCE JUL 1     22.4                      31.6   -9.2     24.1
  SNOW DEPTH       0

DEGREE DAYS
 HEATING
  YESTERDAY        0                         0      0        0
  MONTH TO DATE    0                        17    -17        1
  SINCE JUN 1      0                        17    -17        1
  SINCE JUL 1   5028                      6201  -1173     5164

 COOLING
  YESTERDAY        1                         9     -8        8
  MONTH TO DATE  243                       157     86      248
  SINCE JUN 1    243                       157     86      248
  SINCE JAN 1    304                       233     71      350
..................................................................


WIND (MPH)
  HIGHEST WIND SPEED    25   HIGHEST WIND DIRECTION     W (280)
  HIGHEST GUST SPEED    33   HIGHEST GUST DIRECTION     W (270)
  AVERAGE WIND SPEED    12.2


SKY COVER
  POSSIBLE SUNSHINE  MM
  AVERAGE SKY COVER 0.2


WEATHER CONDITIONS
 THE FOLLOWING WEATHER WAS RECORDED YESTERDAY.
  RAIN


RELATIVE HUMIDITY (PERCENT)
 HIGHEST    73          1200 AM
 LOWEST     29           300 PM
 AVERAGE    51

..........................................................


THE MOLINE IL CLIMATE NORMALS FOR TODAY
                         NORMAL    RECORD    YEAR
 MAXIMUM TEMPERATURE (F)   85       104      1988
 MINIMUM TEMPERATURE (F)   64        46      1979


SUNRISE AND SUNSET
JUNE 25 2017..........SUNRISE   530 AM CDT   SUNSET   840 PM CDT
JUNE 26 2017..........SUNRISE   530 AM CDT   SUNSET   840 PM CDT


-  INDICATES NEGATIVE NUMBERS.
R  INDICATES RECORD WAS SET OR TIED.
MM INDICATES DATA IS MISSING.
T  INDICATES TRACE AMOUNT.




$$
