000
CDUS43 KDVN 262125
CLIMLI


CLIMATE REPORT
NATIONAL WEATHER SERVICE QUAD CITIES IA IL
424 PM CDT FRI AUG 26 2016


...................................

...THE MOLINE IL CLIMATE SUMMARY FOR AUGUST 26 2016...
VALID TODAY AS OF 0400 PM LOCAL TIME.

CLIMATE NORMAL PERIOD 1981 TO 2010
CLIMATE RECORD PERIOD 1872 TO 2016


WEATHER ITEM   OBSERVED TIME   RECORD YEAR NORMAL DEPARTURE LAST
                VALUE   (LST)  VALUE       VALUE  FROM      YEAR
                                                  NORMAL
..................................................................
TEMPERATURE (F)
 TODAY
  MAXIMUM         79    259 PM  97    2003  83     -4       78
  MINIMUM         63    259 AM  45    1934  62      1       54
  AVERAGE         71                        72     -1       66

PRECIPITATION (IN)
  TODAY            0.00          3.05 1987   0.14  -0.14     0.00
  MONTH TO DATE    6.59                      3.82   2.77     3.76
  SINCE JUN 1     17.94                     12.60   5.34    19.45
  SINCE JAN 1     27.94                     26.46   1.48    28.39

SNOWFALL (IN)
  TODAY            0.0          MM      MM   0.0    0.0      0.0
  MONTH TO DATE    0.0                       0.0    0.0       T
  SINCE JUN 1      0.0                       0.0    0.0       T
  SINCE JUL 1      0.0                       0.0    0.0       T
  SNOW DEPTH       0

DEGREE DAYS
 HEATING
  TODAY            0                         0      0        0
  MONTH TO DATE    0                         0      0        2
  SINCE JUN 1      2                        21    -19       13
  SINCE JUL 1      1                         2     -1        6

 COOLING
  TODAY            6                         8     -2        1
  MONTH TO DATE  266                       235     31      195
  SINCE JUN 1    912                       773    139      688
  SINCE JAN 1   1014                       849    165      769
..................................................................


WIND (MPH)
  HIGHEST WIND SPEED    14   HIGHEST WIND DIRECTION     E (70)
  HIGHEST GUST SPEED    16   HIGHEST GUST DIRECTION     E (90)
  AVERAGE WIND SPEED     4.8


SKY COVER
  POSSIBLE SUNSHINE  MM
  AVERAGE SKY COVER 0.2


WEATHER CONDITIONS
 THE FOLLOWING WEATHER WAS RECORDED TODAY.
  FOG


RELATIVE HUMIDITY (PERCENT)
 HIGHEST    93          1200 AM
 LOWEST     60          1200 PM
 AVERAGE    77

..........................................................


THE MOLINE IL CLIMATE NORMALS FOR TOMORROW
                         NORMAL    RECORD    YEAR
 MAXIMUM TEMPERATURE (F)   83        97      1976
 MINIMUM TEMPERATURE (F)   62        46      1915


SUNRISE AND SUNSET
AUGUST 26 2016........SUNRISE   623 AM CDT   SUNSET   744 PM CDT
AUGUST 27 2016........SUNRISE   624 AM CDT   SUNSET   742 PM CDT


-  INDICATES NEGATIVE NUMBERS.
R  INDICATES RECORD WAS SET OR TIED.
MM INDICATES DATA IS MISSING.
T  INDICATES TRACE AMOUNT.




$$
