000
CDUS43 KDVN 051010
CLIMLI


CLIMATE REPORT
NATIONAL WEATHER SERVICE QUAD CITIES IA IL
409 AM CST THU MAR 5 2015


...................................

...THE MOLINE IL CLIMATE SUMMARY FOR MARCH 4 2015...

CLIMATE NORMAL PERIOD 1981 TO 2010
CLIMATE RECORD PERIOD 1872 TO 2015


WEATHER ITEM   OBSERVED TIME   RECORD YEAR NORMAL DEPARTURE LAST
                VALUE   (LST)  VALUE       VALUE  FROM      YEAR
                                                  NORMAL
..................................................................
TEMPERATURE (F)
 YESTERDAY
  MAXIMUM         20    223 PM  71    1992  43    -23       31
  MINIMUM         11    715 AM  -9    2002  25    -14        9
  AVERAGE         16                        34    -18       20

PRECIPITATION (IN)
  YESTERDAY        0.00          1.79 1976   0.09  -0.09     0.00
  MONTH TO DATE    0.25                      0.35  -0.10     0.27
  SINCE MAR 1      0.25                      0.35  -0.10     0.27
  SINCE JAN 1      3.18                      3.44  -0.26     4.29

SNOWFALL (IN)
  YESTERDAY        0.0          MM      MM   0.2   -0.2      0.0
  MONTH TO DATE    T                         0.7   -0.7      3.7
  SINCE MAR 1      T                         0.7   -0.7      3.7
  SINCE JUL 1     39.0                      27.4   11.6     58.5
  SNOW DEPTH       3

DEGREE DAYS
 HEATING
  YESTERDAY       49                        31     18       45
  MONTH TO DATE  185                       128     57      218
  SINCE MAR 1    185                       128     57      218
  SINCE JUL 1   5443                      4926    517     5888

 COOLING
  YESTERDAY        0                         0      0        0
  MONTH TO DATE    0                         0      0        0
  SINCE MAR 1      0                         0      0        0
  SINCE JAN 1      0                         0      0        0
..................................................................


WIND (MPH)
  HIGHEST WIND SPEED    23   HIGHEST WIND DIRECTION    NW (320)
  HIGHEST GUST SPEED    30   HIGHEST GUST DIRECTION    NW (320)
  AVERAGE WIND SPEED    13.6


SKY COVER
  POSSIBLE SUNSHINE  MM
  AVERAGE SKY COVER 0.2


WEATHER CONDITIONS
 THE FOLLOWING WEATHER WAS RECORDED YESTERDAY.
  NO SIGNIFICANT WEATHER WAS OBSERVED.


RELATIVE HUMIDITY (PERCENT)
 HIGHEST    74           100 AM
 LOWEST     45           200 PM
 AVERAGE    60

..........................................................


THE MOLINE IL CLIMATE NORMALS FOR TODAY
                         NORMAL    RECORD    YEAR
 MAXIMUM TEMPERATURE (F)   43        69      2009
                                             2000
                                             1921
 MINIMUM TEMPERATURE (F)   25       -13      1960


SUNRISE AND SUNSET
MARCH  5 2015.........SUNRISE   631 AM CST   SUNSET   557 PM CST
MARCH  6 2015.........SUNRISE   629 AM CST   SUNSET   558 PM CST


-  INDICATES NEGATIVE NUMBERS.
R  INDICATES RECORD WAS SET OR TIED.
MM INDICATES DATA IS MISSING.
T  INDICATES TRACE AMOUNT.




$$
