000
CDUS43 KDVN 011034
CLIMLI


CLIMATE REPORT
NATIONAL WEATHER SERVICE QUAD CITIES IA IL
434 AM CST SUN FEB 1 2015


...................................

...THE MOLINE IL CLIMATE SUMMARY FOR JANUARY 31 2015...

CLIMATE NORMAL PERIOD 1981 TO 2010
CLIMATE RECORD PERIOD 1872 TO 2015


WEATHER ITEM   OBSERVED TIME   RECORD YEAR NORMAL DEPARTURE LAST
                VALUE   (LST)  VALUE       VALUE  FROM      YEAR
                                                  NORMAL
..................................................................
TEMPERATURE (F)
 YESTERDAY
  MAXIMUM         37    119 PM  69    1989  32      5       16
  MINIMUM         24   1220 AM -21    1996  15      9        8
  AVERAGE         31                        23      8       12

PRECIPITATION (IN)
  YESTERDAY        0.35          0.41 1915   0.05   0.30     0.01
  MONTH TO DATE    1.55                      1.49   0.06     1.17
  SINCE DEC 1      2.27                      3.67  -1.40     2.39
  SINCE JAN 1      1.55                      1.49   0.06     1.17

SNOWFALL (IN)
  YESTERDAY        0.6          MM      MM   0.3    0.3       T
  MONTH TO DATE   15.1                       9.4    5.7     17.7
  SINCE DEC 1     15.1                      18.7   -3.6     31.5
  SINCE JUL 1     19.7                      19.9   -0.2     32.5
  SNOW DEPTH       T

DEGREE DAYS
 HEATING
  YESTERDAY       34                        42     -8       53
  MONTH TO DATE 1311                      1314     -3     1551
  SINCE DEC 1   2346                      2503   -157     2921
  SINCE JUL 1   3851                      3734    117     4267

 COOLING
  YESTERDAY        0                         0      0        0
  MONTH TO DATE    0                         0      0        0
  SINCE DEC 1      0                         0      0        0
  SINCE JAN 1      0                         0      0        0
..................................................................


WIND (MPH)
  HIGHEST WIND SPEED    13   HIGHEST WIND DIRECTION    SW (230)
  HIGHEST GUST SPEED    16   HIGHEST GUST DIRECTION     W (250)
  AVERAGE WIND SPEED     5.9


SKY COVER
  POSSIBLE SUNSHINE  MM
  AVERAGE SKY COVER 0.8


WEATHER CONDITIONS
 THE FOLLOWING WEATHER WAS RECORDED YESTERDAY.
  RAIN
  LIGHT RAIN
  LIGHT SNOW
  FOG
  HAZE


RELATIVE HUMIDITY (PERCENT)
 HIGHEST   100           600 PM
 LOWEST     64          1100 AM
 AVERAGE    82

..........................................................


THE MOLINE IL CLIMATE NORMALS FOR TODAY
                         NORMAL    RECORD    YEAR
 MAXIMUM TEMPERATURE (F)   32        58      1911
 MINIMUM TEMPERATURE (F)   15       -19      1996


SUNRISE AND SUNSET
FEBRUARY  1 2015......SUNRISE   714 AM CST   SUNSET   518 PM CST
FEBRUARY  2 2015......SUNRISE   713 AM CST   SUNSET   519 PM CST


-  INDICATES NEGATIVE NUMBERS.
R  INDICATES RECORD WAS SET OR TIED.
MM INDICATES DATA IS MISSING.
T  INDICATES TRACE AMOUNT.




$$
