000
CDUS43 KDVN 200900
CLIMLI


CLIMATE REPORT
NATIONAL WEATHER SERVICE QUAD CITIES IA IL
400 AM CDT FRI OCT 20 2017


...................................

...THE MOLINE IL CLIMATE SUMMARY FOR OCTOBER 19 2017...

CLIMATE NORMAL PERIOD 1981 TO 2010
CLIMATE RECORD PERIOD 1872 TO 2017


WEATHER ITEM   OBSERVED TIME   RECORD YEAR NORMAL DEPARTURE LAST
                VALUE   (LST)  VALUE       VALUE  FROM      YEAR
                                                  NORMAL
..................................................................
TEMPERATURE (F)
 YESTERDAY
  MAXIMUM         76    252 PM  84    1953  63     13       71
  MINIMUM         44    653 AM  20    1992  42      2       46
  AVERAGE         60                        52      8       59

PRECIPITATION (IN)
  YESTERDAY        0.00          1.30 1982   0.10  -0.10     0.00
  MONTH TO DATE    5.74                      1.79   3.95     1.53
  SINCE SEP 1      8.13                      4.88   3.25     2.75
  SINCE JAN 1     34.25                     32.04   2.21    32.17

SNOWFALL (IN)
  YESTERDAY        0.0          MM      MM   0.0    0.0      0.0
  MONTH TO DATE    0.0                       0.0    0.0      0.0
  SINCE SEP 1      0.0                       0.0    0.0      0.0
  SINCE JUL 1      0.0                       0.0    0.0      0.0
  SNOW DEPTH       0

DEGREE DAYS
 HEATING
  YESTERDAY        5                        13     -8        6
  MONTH TO DATE   67                       195   -128       87
  SINCE SEP 1    115                       291   -176      104
  SINCE JUL 1    116                       299   -183      105

 COOLING
  YESTERDAY        0                         0      0        0
  MONTH TO DATE   25                        11     14       43
  SINCE SEP 1    174                       117     57      232
  SINCE JAN 1    985                      1000    -15     1305
..................................................................


WIND (MPH)
  HIGHEST WIND SPEED    14   HIGHEST WIND DIRECTION     E (80)
  HIGHEST GUST SPEED    17   HIGHEST GUST DIRECTION     E (90)
  AVERAGE WIND SPEED     5.1


SKY COVER
  POSSIBLE SUNSHINE  MM
  AVERAGE SKY COVER 0.0


WEATHER CONDITIONS
 THE FOLLOWING WEATHER WAS RECORDED YESTERDAY.
  FOG


RELATIVE HUMIDITY (PERCENT)
 HIGHEST    93           500 AM
 LOWEST     25           100 PM
 AVERAGE    59

..........................................................


THE MOLINE IL CLIMATE NORMALS FOR TODAY
                         NORMAL    RECORD    YEAR
 MAXIMUM TEMPERATURE (F)   63        84      1979
                                             1953
                                             1936
 MINIMUM TEMPERATURE (F)   41        22      1952


SUNRISE AND SUNSET
OCTOBER 20 2017.......SUNRISE   720 AM CDT   SUNSET   613 PM CDT
OCTOBER 21 2017.......SUNRISE   721 AM CDT   SUNSET   612 PM CDT


-  INDICATES NEGATIVE NUMBERS.
R  INDICATES RECORD WAS SET OR TIED.
MM INDICATES DATA IS MISSING.
T  INDICATES TRACE AMOUNT.




$$
