000
CDUS43 KDVN 300926
CLIMLI


CLIMATE REPORT
NATIONAL WEATHER SERVICE QUAD CITIES IA IL
424 AM CDT MON MAR 30 2015


...................................

...THE MOLINE IL CLIMATE SUMMARY FOR MARCH 29 2015...

CLIMATE NORMAL PERIOD 1981 TO 2010
CLIMATE RECORD PERIOD 1872 TO 2015


WEATHER ITEM   OBSERVED TIME   RECORD YEAR NORMAL DEPARTURE LAST
                VALUE   (LST)  VALUE       VALUE  FROM      YEAR
                                                  NORMAL
..................................................................
TEMPERATURE (F)
 YESTERDAY
  MAXIMUM         58    221 PM  88    1986  55      3       53
  MINIMUM         30    240 AM   9    1887  34     -4       28
  AVERAGE         44                        45     -1       41

PRECIPITATION (IN)
  YESTERDAY        0.06          1.01 1951   0.10  -0.04     0.00
  MONTH TO DATE    0.89                      2.66  -1.77     0.90
  SINCE MAR 1      0.89                      2.66  -1.77     0.90
  SINCE JAN 1      3.82                      5.75  -1.93     4.92

SNOWFALL (IN)
  YESTERDAY        0.0          MM      MM   0.0    0.0      0.0
  MONTH TO DATE    0.1                       3.8   -3.7     10.3
  SINCE MAR 1      0.1                       3.8   -3.7     10.3
  SINCE JUL 1     39.1                      30.5    8.6     65.1
  SNOW DEPTH       0

DEGREE DAYS
 HEATING
  YESTERDAY       21                        20      1       24
  MONTH TO DATE  818                       765     53      998
  SINCE MAR 1    818                       765     53      998
  SINCE JUL 1   6076                      5563    513     6668

 COOLING
  YESTERDAY        0                         0      0        0
  MONTH TO DATE    0                         0      0        0
  SINCE MAR 1      0                         0      0        0
  SINCE JAN 1      0                         0      0        0
..................................................................


WIND (MPH)
  HIGHEST WIND SPEED    30   HIGHEST WIND DIRECTION    NW (300)
  HIGHEST GUST SPEED    41   HIGHEST GUST DIRECTION    NW (300)
  AVERAGE WIND SPEED    15.5


SKY COVER
  POSSIBLE SUNSHINE  MM
  AVERAGE SKY COVER 0.3


WEATHER CONDITIONS
 THE FOLLOWING WEATHER WAS RECORDED YESTERDAY.
  LIGHT RAIN


RELATIVE HUMIDITY (PERCENT)
 HIGHEST    76          1100 AM
 LOWEST     46           800 PM
 AVERAGE    61

..........................................................


THE MOLINE IL CLIMATE NORMALS FOR TODAY
                         NORMAL    RECORD    YEAR
 MAXIMUM TEMPERATURE (F)   56        82      1986
                                             1943
 MINIMUM TEMPERATURE (F)   35        12      1969


SUNRISE AND SUNSET
MARCH 30 2015.........SUNRISE   649 AM CDT   SUNSET   725 PM CDT
MARCH 31 2015.........SUNRISE   647 AM CDT   SUNSET   726 PM CDT


-  INDICATES NEGATIVE NUMBERS.
R  INDICATES RECORD WAS SET OR TIED.
MM INDICATES DATA IS MISSING.
T  INDICATES TRACE AMOUNT.




$$
