000
CDUS45 KBYZ 172223
CLIMLS


CLIMATE REPORT
NATIONAL WEATHER SERVICE BILLINGS MT
423 PM MDT TUE OCT 17 2017


...................................

...THE MILES CITY MT CLIMATE SUMMARY FOR OCTOBER 17 2017...
VALID TODAY AS OF 0400 PM LOCAL TIME.

CLIMATE NORMAL PERIOD 1981 TO 2010
CLIMATE RECORD PERIOD 1937 TO 2017


WEATHER ITEM   OBSERVED TIME   RECORD YEAR NORMAL DEPARTURE LAST
                VALUE   (LST)  VALUE       VALUE  FROM      YEAR
                                                  NORMAL
..................................................................
TEMPERATURE (F)
 TODAY
  MAXIMUM         79    255 PM  84    2003  59     20       57
  MINIMUM         38    412 AM  18    1969  34      4       40
  AVERAGE         59                        46     13       49

PRECIPITATION (IN)
  TODAY            0.00          0.48 1938   0.03  -0.03     0.06
  MONTH TO DATE    0.56                      0.58  -0.02     0.76
  SINCE OCT 1      0.56                      0.58  -0.02     0.76
  SINCE JAN 1      5.70                     11.42  -5.72    14.22

DEGREE DAYS
 HEATING
  TODAY            6                        19    -13       16
  MONTH TO DATE  301                       266     35      265
  SINCE SEP 1    525                       468     57      412
  SINCE JUL 1    529                       502     27      426

 COOLING
  TODAY            0                         0      0        0
  MONTH TO DATE    0                         0      0        3
  SINCE SEP 1     91                        56     35       62
  SINCE JAN 1    985                       728    257      873
..................................................................


WIND (MPH)
  HIGHEST WIND SPEED    24   HIGHEST WIND DIRECTION     W (250)
  HIGHEST GUST SPEED    30   HIGHEST GUST DIRECTION     W (260)
  AVERAGE WIND SPEED    10.1


SKY COVER
  POSSIBLE SUNSHINE  MM
  AVERAGE SKY COVER 0.0


WEATHER CONDITIONS
 THE FOLLOWING WEATHER WAS RECORDED TODAY.
  NO SIGNIFICANT WEATHER WAS OBSERVED.


RELATIVE HUMIDITY (PERCENT)
 HIGHEST    64           300 AM
 LOWEST     12           200 PM
 AVERAGE    38

..........................................................


THE MILES CITY MT CLIMATE NORMALS FOR TOMORROW
                         NORMAL    RECORD    YEAR
 MAXIMUM TEMPERATURE (F)   58        82      2003
                                             1955
 MINIMUM TEMPERATURE (F)   33        21      1976


SUNRISE AND SUNSET
OCTOBER 17 2017.......SUNRISE   724 AM MDT   SUNSET   613 PM MDT
OCTOBER 18 2017.......SUNRISE   726 AM MDT   SUNSET   611 PM MDT


-  INDICATES NEGATIVE NUMBERS.
R  INDICATES RECORD WAS SET OR TIED.
MM INDICATES DATA IS MISSING.
T  INDICATES TRACE AMOUNT.




$$
