000
CDUS45 KBYZ 270931
CLIMLS


CLIMATE REPORT
NATIONAL WEATHER SERVICE BILLINGS MT
330 AM MDT TUE SEP 27 2016


...................................

...THE MILES CITY MT CLIMATE SUMMARY FOR SEPTEMBER 26 2016...

CLIMATE NORMAL PERIOD 1981 TO 2010
CLIMATE RECORD PERIOD 1937 TO 2016


WEATHER ITEM   OBSERVED TIME   RECORD YEAR NORMAL DEPARTURE LAST
                VALUE   (LST)  VALUE       VALUE  FROM      YEAR
                                                  NORMAL
..................................................................
TEMPERATURE (F)
 YESTERDAY
  MAXIMUM         72    317 PM  95    2015  69      3       95
  MINIMUM         43    528 AM  20    1942  41      2       62
  AVERAGE         58                        55      3       79

PRECIPITATION (IN)
  YESTERDAY        0.00          0.60 1941   0.04  -0.04     0.00
  MONTH TO DATE    2.80                      0.93   1.87     0.18
  SINCE OCT 1     14.72                     12.29   2.43     8.25
  SINCE JAN 1     13.46                     10.69   2.77     7.24

DEGREE DAYS
 HEATING
  YESTERDAY        7                        10     -3        0
  MONTH TO DATE  143                       156    -13       46
  SINCE SEP 1    143                       156    -13       46
  SINCE JUL 1    157                       190    -33       87

 COOLING
  YESTERDAY        0                         0      0       14
  MONTH TO DATE   48                        56     -8       89
  SINCE SEP 1     48                        56     -8       89
  SINCE JAN 1    859                       728    131      828
..................................................................


WIND (MPH)
  HIGHEST WIND SPEED    14   HIGHEST WIND DIRECTION     W (270)
  HIGHEST GUST SPEED    18   HIGHEST GUST DIRECTION    NW (300)
  AVERAGE WIND SPEED     7.9


SKY COVER
  POSSIBLE SUNSHINE  MM
  AVERAGE SKY COVER 0.0


WEATHER CONDITIONS
 THE FOLLOWING WEATHER WAS RECORDED YESTERDAY.
  NO SIGNIFICANT WEATHER WAS OBSERVED.


RELATIVE HUMIDITY (PERCENT)
 HIGHEST    89           100 AM
 LOWEST     33          1200 PM
 AVERAGE    61

..........................................................


THE MILES CITY MT CLIMATE NORMALS FOR TODAY
                         NORMAL    RECORD    YEAR
 MAXIMUM TEMPERATURE (F)   68        91      1963
 MINIMUM TEMPERATURE (F)   41        22      1951


SUNRISE AND SUNSET
SEPTEMBER 27 2016.....SUNRISE   658 AM MDT   SUNSET   650 PM MDT
SEPTEMBER 28 2016.....SUNRISE   659 AM MDT   SUNSET   648 PM MDT


-  INDICATES NEGATIVE NUMBERS.
R  INDICATES RECORD WAS SET OR TIED.
MM INDICATES DATA IS MISSING.
T  INDICATES TRACE AMOUNT.





&&

THIS IS AN AUTOMATED...UNATTENDED WEATHER STATION AND MAY
UNDERESTIMATE WINTER PRECIPITATION.

$$
