000
CDUS45 KBYZ 050932
CLIMLS


CLIMATE REPORT
NATIONAL WEATHER SERVICE BILLINGS MT
331 AM MDT SUN JUL 5 2015


...................................

...THE MILES CITY MT CLIMATE SUMMARY FOR JULY 4 2015...

CLIMATE NORMAL PERIOD 1981 TO 2010
CLIMATE RECORD PERIOD 1937 TO 2015


WEATHER ITEM   OBSERVED TIME   RECORD YEAR NORMAL DEPARTURE LAST
                VALUE   (LST)  VALUE       VALUE  FROM      YEAR
                                                  NORMAL
..................................................................
TEMPERATURE (F)
 YESTERDAY
  MAXIMUM        102    259 PM 104    1937  86     16       97
  MINIMUM         65    434 AM  44    1972  58      7       64
                                      1890
  AVERAGE         84                        72     12       81

PRECIPITATION (IN)
  YESTERDAY        T             1.02 1998   0.06  -0.06     0.00
  MONTH TO DATE    T                         0.24  -0.24     0.03
  SINCE OCT 1      6.41                      9.05  -2.64    11.39
  SINCE JAN 1      5.40                      7.45  -2.05     9.71

DEGREE DAYS
 HEATING
  YESTERDAY        0                         1     -1        0
  MONTH TO DATE    0                         4     -4        0
  SINCE JUN 1     25                        93    -68       94
  SINCE JUL 1      0                         4     -4        0

 COOLING
  YESTERDAY       19                         7     12       16
  MONTH TO DATE   45                        28     17       27
  SINCE JUN 1    207                       135     72       64
  SINCE JAN 1    208                       155     53       98
..................................................................


WIND (MPH)
  HIGHEST WIND SPEED    22   HIGHEST WIND DIRECTION    NE (50)
  HIGHEST GUST SPEED    30   HIGHEST GUST DIRECTION    SW (230)
  AVERAGE WIND SPEED     8.6


SKY COVER
  POSSIBLE SUNSHINE  MM
  AVERAGE SKY COVER 0.0


WEATHER CONDITIONS
 THE FOLLOWING WEATHER WAS RECORDED YESTERDAY.
  NO SIGNIFICANT WEATHER WAS OBSERVED.


RELATIVE HUMIDITY (PERCENT)
 HIGHEST    87           300 AM
 LOWEST     17           200 PM
 AVERAGE    52

..........................................................


THE MILES CITY MT CLIMATE NORMALS FOR TODAY
                         NORMAL    RECORD    YEAR
 MAXIMUM TEMPERATURE (F)   86       109      1937
 MINIMUM TEMPERATURE (F)   58        48      1960


SUNRISE AND SUNSET
JULY  5 2015..........SUNRISE   517 AM MDT   SUNSET   858 PM MDT
JULY  6 2015..........SUNRISE   518 AM MDT   SUNSET   858 PM MDT


-  INDICATES NEGATIVE NUMBERS.
R  INDICATES RECORD WAS SET OR TIED.
MM INDICATES DATA IS MISSING.
T  INDICATES TRACE AMOUNT.





&&

THIS IS AN AUTOMATED...UNATTENDED WEATHER STATION AND MAY
UNDERESTIMATE WINTER PRECIPITATION.

$$
