967
CDUS45 KBYZ 101810
CLIMLS


CLIMATE REPORT
NATIONAL WEATHER SERVICE BILLINGS MT
1110 AM MST WED FEB 10 2016


...................................

...THE MILES CITY MT CLIMATE SUMMARY FOR FEBRUARY 9 2016...

CLIMATE NORMAL PERIOD 1981 TO 2010
CLIMATE RECORD PERIOD 1937 TO 2016


WEATHER ITEM   OBSERVED TIME   RECORD YEAR NORMAL DEPARTURE LAST
                VALUE   (LST)  VALUE       VALUE  FROM      YEAR
                                                  NORMAL
..................................................................
TEMPERATURE (F)
 YESTERDAY
  MAXIMUM         57    358 PM  59    2000  34     23       50
                                      1974
                                      1984
  MINIMUM         25    630 AM -30    1937  12     13       27
  AVERAGE         41                        23     18       39

PRECIPITATION (IN)
  YESTERDAY        0.00          0.19 1972   0.01  -0.01     0.00
  MONTH TO DATE    T                         0.06  -0.06     0.12
  SINCE OCT 1      1.60                      1.98  -0.38     1.35
  SINCE JAN 1      0.34                      0.38  -0.04     0.34

DEGREE DAYS
 HEATING
  YESTERDAY       24                        42    -18       26
  MONTH TO DATE  287                       387   -100      348
  SINCE DEC 1   2760                      3184   -424     2886
  SINCE JUL 1   4188                      4983   -795     4716

 COOLING
  YESTERDAY        0                         0      0        0
  MONTH TO DATE    0                         0      0        0
  SINCE DEC 1      0                         0      0        0
  SINCE JAN 1      0                         0      0        0
..................................................................


WIND (MPH)
  HIGHEST WIND SPEED    21   HIGHEST WIND DIRECTION    NW (300)
  HIGHEST GUST SPEED    24   HIGHEST GUST DIRECTION    NW (300)
  AVERAGE WIND SPEED     8.4


SKY COVER
  POSSIBLE SUNSHINE  MM
  AVERAGE SKY COVER 0.3


WEATHER CONDITIONS
 THE FOLLOWING WEATHER WAS RECORDED YESTERDAY.
  NO SIGNIFICANT WEATHER WAS OBSERVED.


RELATIVE HUMIDITY (PERCENT)
 HIGHEST    92           600 AM
 LOWEST     36           400 PM
 AVERAGE    64

..........................................................


THE MILES CITY MT CLIMATE NORMALS FOR TODAY
                         NORMAL    RECORD    YEAR
 MAXIMUM TEMPERATURE (F)   34        66      1961
 MINIMUM TEMPERATURE (F)   12       -37      1939


SUNRISE AND SUNSET
FEBRUARY 10 2016......SUNRISE   715 AM MST   SUNSET   521 PM MST
FEBRUARY 11 2016......SUNRISE   714 AM MST   SUNSET   522 PM MST


-  INDICATES NEGATIVE NUMBERS.
R  INDICATES RECORD WAS SET OR TIED.
MM INDICATES DATA IS MISSING.
T  INDICATES TRACE AMOUNT.




$$
