000
CDUS45 KBYZ 102341
CLIMLS


CLIMATE REPORT
NATIONAL WEATHER SERVICE BILLINGS MT
440 PM MST SAT DEC 10 2016


...................................

...THE MILES CITY MT CLIMATE SUMMARY FOR DECEMBER 10 2016...
VALID TODAY AS OF 0400 PM LOCAL TIME.

CLIMATE NORMAL PERIOD 1981 TO 2010
CLIMATE RECORD PERIOD 1937 TO 2016


WEATHER ITEM   OBSERVED TIME   RECORD YEAR NORMAL DEPARTURE LAST
                VALUE   (LST)  VALUE       VALUE  FROM      YEAR
                                                  NORMAL
..................................................................
TEMPERATURE (F)
 TODAY
  MAXIMUM         12    315 PM  61    1956  32    -20       47
  MINIMUM          4    445 AM -21    2000  11     -7       31
  AVERAGE          8                        21    -13       39

PRECIPITATION (IN)
  TODAY            T             0.08 1995   0.01  -0.01      T
  MONTH TO DATE    T                         0.08  -0.08      T
  SINCE OCT 1      0.97                      1.39  -0.42     1.24
  SINCE JAN 1     14.43                     12.23   2.20     8.48

DEGREE DAYS
 HEATING
  TODAY           57                        44     13       26
  MONTH TO DATE  497                       425     72      272
  SINCE DEC 1    497                       425     72      272
  SINCE JUL 1   1812                      2224   -412     1700

 COOLING
  TODAY            0                         0      0        0
  MONTH TO DATE    0                         0      0        0
  SINCE DEC 1      0                         0      0        0
  SINCE JAN 1    873                       730    143      837
..................................................................


WIND (MPH)
  HIGHEST WIND SPEED    18   HIGHEST WIND DIRECTION    SE (120)
  HIGHEST GUST SPEED    22   HIGHEST GUST DIRECTION    SE (130)
  AVERAGE WIND SPEED    10.9


SKY COVER
  POSSIBLE SUNSHINE  MM
  AVERAGE SKY COVER 0.8


WEATHER CONDITIONS
 THE FOLLOWING WEATHER WAS RECORDED TODAY.
  LIGHT SNOW
  FOG


RELATIVE HUMIDITY (PERCENT)
 HIGHEST    83           400 AM
 LOWEST     61          1200 PM
 AVERAGE    72

..........................................................


THE MILES CITY MT CLIMATE NORMALS FOR TOMORROW
                         NORMAL    RECORD    YEAR
 MAXIMUM TEMPERATURE (F)   31        61      2004
 MINIMUM TEMPERATURE (F)   10       -20      2000


SUNRISE AND SUNSET
DECEMBER 10 2016......SUNRISE   737 AM MST   SUNSET   417 PM MST
DECEMBER 11 2016......SUNRISE   737 AM MST   SUNSET   417 PM MST


-  INDICATES NEGATIVE NUMBERS.
R  INDICATES RECORD WAS SET OR TIED.
MM INDICATES DATA IS MISSING.
T  INDICATES TRACE AMOUNT.





&&

THIS IS AN AUTOMATED...UNATTENDED WEATHER STATION AND MAY
UNDERESTIMATE WINTER PRECIPITATION.

$$
