000
CDUS45 KBYZ 302223
CLIMLS


CLIMATE REPORT
NATIONAL WEATHER SERVICE BILLINGS MT
421 PM MDT THU MAR 30 2017


...................................

...THE MILES CITY MT CLIMATE SUMMARY FOR MARCH 30 2017...
VALID TODAY AS OF 0400 PM LOCAL TIME.

CLIMATE NORMAL PERIOD 1981 TO 2010
CLIMATE RECORD PERIOD 1937 TO 2017


WEATHER ITEM   OBSERVED TIME   RECORD YEAR NORMAL DEPARTURE LAST
                VALUE   (LST)  VALUE       VALUE  FROM      YEAR
                                                  NORMAL
..................................................................
TEMPERATURE (F)
 TODAY
  MAXIMUM         57   1230 PM  79    1986  52      5       57
  MINIMUM         44    622 AM   2    1989  28     16       31
  AVERAGE         51                        40     11       44

PRECIPITATION (IN)
  TODAY            0.01          1.20 2006   0.03  -0.02     0.01
  MONTH TO DATE    0.52                      0.57  -0.05     0.22
  SINCE OCT 1      2.07                      2.72  -0.65     2.29
  SINCE JAN 1      0.98                      1.12  -0.14     1.03

DEGREE DAYS
 HEATING
  TODAY           14                        25    -11       21
  MONTH TO DATE  784                       917   -133      658
  SINCE MAR 1    784                       917   -133      658
  SINCE JUL 1   6336                      6651   -315     5351

 COOLING
  TODAY            0                         0      0        0
  MONTH TO DATE    0                         0      0        0
  SINCE MAR 1      0                         0      0        0
  SINCE JAN 1      0                         0      0        0
..................................................................


WIND (MPH)
  HIGHEST WIND SPEED    13   HIGHEST WIND DIRECTION    SW (240)
  HIGHEST GUST SPEED    15   HIGHEST GUST DIRECTION    SW (240)
  AVERAGE WIND SPEED     6.6


SKY COVER
  POSSIBLE SUNSHINE  MM
  AVERAGE SKY COVER 0.8


WEATHER CONDITIONS
 THE FOLLOWING WEATHER WAS RECORDED TODAY.
  LIGHT RAIN


RELATIVE HUMIDITY (PERCENT)
 HIGHEST    70           600 AM
 LOWEST     50          1200 AM
 AVERAGE    60

..........................................................


THE MILES CITY MT CLIMATE NORMALS FOR TOMORROW
                         NORMAL    RECORD    YEAR
 MAXIMUM TEMPERATURE (F)   53        83      2004
 MINIMUM TEMPERATURE (F)   28         6      1954


SUNRISE AND SUNSET
MARCH 30 2017.........SUNRISE   646 AM MDT   SUNSET   730 PM MDT
MARCH 31 2017.........SUNRISE   644 AM MDT   SUNSET   732 PM MDT


-  INDICATES NEGATIVE NUMBERS.
R  INDICATES RECORD WAS SET OR TIED.
MM INDICATES DATA IS MISSING.
T  INDICATES TRACE AMOUNT.





&&

THIS IS AN AUTOMATED...UNATTENDED WEATHER STATION AND MAY
UNDERESTIMATE WINTER PRECIPITATION.

$$
