000
CDUS45 KBYZ 190933
CLIMLS


CLIMATE REPORT
NATIONAL WEATHER SERVICE BILLINGS MT
332 AM MDT FRI SEP 19 2014


...................................

...THE MILES CITY MT CLIMATE SUMMARY FOR SEPTEMBER 18 2014...

CLIMATE NORMAL PERIOD 1981 TO 2010
CLIMATE RECORD PERIOD 1937 TO 2014


WEATHER ITEM   OBSERVED TIME   RECORD YEAR NORMAL DEPARTURE LAST
                VALUE   (LST)  VALUE       VALUE  FROM      YEAR
                                                  NORMAL
..................................................................
TEMPERATURE (F)
 YESTERDAY
  MAXIMUM         78    414 PM  95    1984  73      5       76
  MINIMUM         56    615 AM  28    1991  45     11       52
  AVERAGE         67                        59      8       64

PRECIPITATION (IN)
  YESTERDAY        T             1.26 1978   0.03  -0.03     0.01
  MONTH TO DATE    0.22                      0.62  -0.40     1.38
  SINCE OCT 1     13.89                     11.98   1.91    16.75
  SINCE JAN 1     12.21                     10.38   1.83    15.22

SNOWFALL (IN)
  YESTERDAY       MM
  MONTH TO DATE   MM
  SINCE SEP 1     MM
  SINCE JUL 1     MM
  SNOW DEPTH      MM

DEGREE DAYS
 HEATING
  YESTERDAY        0                         7     -7        1
  MONTH TO DATE  153                        83     70        1
  SINCE SEP 1    153                        83     70        1
  SINCE JUL 1    187                       117     70        1

 COOLING
  YESTERDAY        2                         1      1        0
  MONTH TO DATE    9                        49    -40      142
  SINCE SEP 1      9                        49    -40      142
  SINCE JAN 1    604                       721   -117      877
..................................................................


WIND (MPH)
  HIGHEST WIND SPEED    22   HIGHEST WIND DIRECTION     W (260)
  HIGHEST GUST SPEED    28   HIGHEST GUST DIRECTION     W (250)
  AVERAGE WIND SPEED     9.7


SKY COVER
  POSSIBLE SUNSHINE  MM
  AVERAGE SKY COVER 0.1


WEATHER CONDITIONS
 THE FOLLOWING WEATHER WAS RECORDED YESTERDAY.
  NO SIGNIFICANT WEATHER WAS OBSERVED.


RELATIVE HUMIDITY (PERCENT)
 HIGHEST    86           600 AM
 LOWEST     39           300 PM
 AVERAGE    63

..........................................................


THE MILES CITY MT CLIMATE NORMALS FOR TODAY
                         NORMAL    RECORD    YEAR
 MAXIMUM TEMPERATURE (F)   72        99      1937
 MINIMUM TEMPERATURE (F)   44        29      1965


SUNRISE AND SUNSET
SEPTEMBER 19 2014.....SUNRISE   647 AM MDT   SUNSET   707 PM MDT
SEPTEMBER 20 2014.....SUNRISE   648 AM MDT   SUNSET   705 PM MDT


-  INDICATES NEGATIVE NUMBERS.
R  INDICATES RECORD WAS SET OR TIED.
MM INDICATES DATA IS MISSING.
T  INDICATES TRACE AMOUNT.





&&

THIS IS AN AUTOMATED...UNATTENDED WEATHER STATION AND MAY
UNDERESTIMATE WINTER PRECIPITATION.

$$
