000
CDUS45 KBYZ 130953
CLIMLS


CLIMATE REPORT
NATIONAL WEATHER SERVICE BILLINGS MT
351 AM MDT SUN JUL 13 2014


...................................

...THE MILES CITY MT CLIMATE SUMMARY FOR JULY 12 2014...

CLIMATE NORMAL PERIOD 1981 TO 2010
CLIMATE RECORD PERIOD 1937 TO 2014


WEATHER ITEM   OBSERVED TIME   RECORD YEAR NORMAL DEPARTURE LAST
                VALUE   (LST)  VALUE       VALUE  FROM      YEAR
                                                  NORMAL
..................................................................
TEMPERATURE (F)
 YESTERDAY
  MAXIMUM         89    350 PM 104    1954  88      1       92
  MINIMUM         61    333 AM  44    1987  59      2       69
  AVERAGE         75                        74      1       81

PRECIPITATION (IN)
  YESTERDAY        T             0.89 1941   0.06  -0.06      T
  MONTH TO DATE    0.09                      0.69  -0.60     0.39
  SINCE OCT 1     11.45                      9.50   1.95    12.95
  SINCE JAN 1      9.77                      7.90   1.87    11.42

SNOWFALL (IN)
  YESTERDAY       MM
  MONTH TO DATE   MM
  SINCE JUN 1     MM
  SINCE JUL 1     MM
  SNOW DEPTH      MM

DEGREE DAYS
 HEATING
  YESTERDAY        0                         0      0        0
  MONTH TO DATE    0                        10    -10        0
  SINCE JUN 1     94                        99     -5       59
  SINCE JUL 1      0                        10    -10        0

 COOLING
  YESTERDAY       10                         9      1       16
  MONTH TO DATE  111                        95     16      153
  SINCE JUN 1    148                       202    -54      246
  SINCE JAN 1    182                       222    -40      259
..................................................................


WIND (MPH)
  HIGHEST WIND SPEED    21   HIGHEST WIND DIRECTION     N (340)
  HIGHEST GUST SPEED    27   HIGHEST GUST DIRECTION     N (350)
  AVERAGE WIND SPEED     7.9


SKY COVER
  POSSIBLE SUNSHINE  MM
  AVERAGE SKY COVER 0.1


WEATHER CONDITIONS
 THE FOLLOWING WEATHER WAS RECORDED YESTERDAY.
  THUNDERSTORM
  LIGHT RAIN


RELATIVE HUMIDITY (PERCENT)
 HIGHEST    97           300 AM
 LOWEST     24           300 PM
 AVERAGE    61

..........................................................


THE MILES CITY MT CLIMATE NORMALS FOR TODAY
                         NORMAL    RECORD    YEAR
 MAXIMUM TEMPERATURE (F)   88       106      2005
 MINIMUM TEMPERATURE (F)   59        46      1943


SUNRISE AND SUNSET
JULY 13 2014..........SUNRISE   524 AM MDT   SUNSET   854 PM MDT
JULY 14 2014..........SUNRISE   525 AM MDT   SUNSET   853 PM MDT


-  INDICATES NEGATIVE NUMBERS.
R  INDICATES RECORD WAS SET OR TIED.
MM INDICATES DATA IS MISSING.
T  INDICATES TRACE AMOUNT.





&&

THIS IS AN AUTOMATED...UNATTENDED WEATHER STATION AND MAY
UNDERESTIMATE WINTER PRECIPITATION.

$$
