000
CDUS45 KBYZ 240723
CLIMLS


CLIMATE REPORT
NATIONAL WEATHER SERVICE BILLINGS MT
123 AM MDT WED MAY 24 2017


...................................

...THE MILES CITY MT CLIMATE SUMMARY FOR MAY 23 2017...

CLIMATE NORMAL PERIOD 1981 TO 2010
CLIMATE RECORD PERIOD 1937 TO 2017


WEATHER ITEM   OBSERVED TIME   RECORD YEAR NORMAL DEPARTURE LAST
                VALUE   (LST)  VALUE       VALUE  FROM      YEAR
                                                  NORMAL
..................................................................
TEMPERATURE (F)
 YESTERDAY
  MAXIMUM         71    319 PM  96    1980  71      0       71
  MINIMUM         37    451 AM  30    2002  46     -9       44
                                      1947
  AVERAGE         54                        58     -4       58

PRECIPITATION (IN)
  YESTERDAY        0.00          1.24 1996   0.07  -0.07      T
  MONTH TO DATE    0.41                      1.52  -1.11     1.19
  SINCE OCT 1      3.51                      5.64  -2.13     7.88
  SINCE JAN 1      2.42                      4.04  -1.62     6.62

DEGREE DAYS
 HEATING
  YESTERDAY       11                         8      3        7
  MONTH TO DATE  197                       250    -53      190
  SINCE MAR 1   1496                      1762   -266     1352
  SINCE JUL 1   7048                      7496   -448     6045

 COOLING
  YESTERDAY        0                         1     -1        0
  MONTH TO DATE   16                        10      6       22
  SINCE MAR 1     16                        11      5       24
  SINCE JAN 1     16                        11      5       24
..................................................................


WIND (MPH)
  HIGHEST WIND SPEED    17   HIGHEST WIND DIRECTION     S (170)
  HIGHEST GUST SPEED    21   HIGHEST GUST DIRECTION     S (160)
  AVERAGE WIND SPEED     7.4


SKY COVER
  POSSIBLE SUNSHINE  MM
  AVERAGE SKY COVER 0.0


WEATHER CONDITIONS
 THE FOLLOWING WEATHER WAS RECORDED YESTERDAY.
  NO SIGNIFICANT WEATHER WAS OBSERVED.


RELATIVE HUMIDITY (PERCENT)
 HIGHEST    85           300 AM
 LOWEST     22           100 PM
 AVERAGE    54

..........................................................


THE MILES CITY MT CLIMATE NORMALS FOR TODAY
                         NORMAL    RECORD    YEAR
 MAXIMUM TEMPERATURE (F)   71        95      1985
 MINIMUM TEMPERATURE (F)   46        32      2002


SUNRISE AND SUNSET
MAY 24 2017...........SUNRISE   520 AM MDT   SUNSET   841 PM MDT
MAY 25 2017...........SUNRISE   519 AM MDT   SUNSET   842 PM MDT


-  INDICATES NEGATIVE NUMBERS.
R  INDICATES RECORD WAS SET OR TIED.
MM INDICATES DATA IS MISSING.
T  INDICATES TRACE AMOUNT.




$$
