000
CDUS45 KBYZ 300946
CLIMLS


CLIMATE REPORT
NATIONAL WEATHER SERVICE BILLINGS MT
343 AM MDT SAT APR 30 2016


...................................

...THE MILES CITY MT CLIMATE SUMMARY FOR APRIL 29 2016...

CLIMATE NORMAL PERIOD 1981 TO 2010
CLIMATE RECORD PERIOD 1937 TO 2016


WEATHER ITEM   OBSERVED TIME   RECORD YEAR NORMAL DEPARTURE LAST
                VALUE   (LST)  VALUE       VALUE  FROM      YEAR
                                                  NORMAL
..................................................................
TEMPERATURE (F)
 YESTERDAY
  MAXIMUM         54   1246 PM  88    1939  64    -10       81
  MINIMUM         40    621 AM  19    1966  37      3       44
  AVERAGE         47                        51     -4       63

PRECIPITATION (IN)
  YESTERDAY        0.00          0.73 2009   0.07  -0.07     0.00
  MONTH TO DATE    4.36                      1.31   3.05     0.45
  SINCE OCT 1      6.69                      4.06   2.63     1.91
  SINCE JAN 1      5.43                      2.46   2.97     0.90

DEGREE DAYS
 HEATING
  YESTERDAY       18                        15      3        2
  MONTH TO DATE  462                       557    -95      512
  SINCE MAR 1   1149                      1498   -349     1177
  SINCE JUL 1   5842                      7232  -1390     6647

 COOLING
  YESTERDAY        0                         0      0        0
  MONTH TO DATE    2                         0      2        0
  SINCE MAR 1      2                         0      2        0
  SINCE JAN 1      2                         0      2        0
..................................................................


WIND (MPH)
  HIGHEST WIND SPEED    20   HIGHEST WIND DIRECTION    SE (130)
  HIGHEST GUST SPEED    26   HIGHEST GUST DIRECTION    SE (120)
  AVERAGE WIND SPEED     8.8


SKY COVER
  POSSIBLE SUNSHINE  MM
  AVERAGE SKY COVER 1.0


WEATHER CONDITIONS
 THE FOLLOWING WEATHER WAS RECORDED YESTERDAY.
  NO SIGNIFICANT WEATHER WAS OBSERVED.


RELATIVE HUMIDITY (PERCENT)
 HIGHEST    85          1200 AM
 LOWEST     50           100 PM
 AVERAGE    68

..........................................................


THE MILES CITY MT CLIMATE NORMALS FOR TODAY
                         NORMAL    RECORD    YEAR
 MAXIMUM TEMPERATURE (F)   64        88      1968
 MINIMUM TEMPERATURE (F)   38        20      1966


SUNRISE AND SUNSET
APRIL 30 2016.........SUNRISE   550 AM MDT   SUNSET   812 PM MDT
MAY  1 2016...........SUNRISE   549 AM MDT   SUNSET   813 PM MDT


-  INDICATES NEGATIVE NUMBERS.
R  INDICATES RECORD WAS SET OR TIED.
MM INDICATES DATA IS MISSING.
T  INDICATES TRACE AMOUNT.





&&

THIS IS AN AUTOMATED...UNATTENDED WEATHER STATION AND MAY
UNDERESTIMATE WINTER PRECIPITATION.

$$
