000
CDUS45 KBYZ 030951
CLIMLS


CLIMATE REPORT
NATIONAL WEATHER SERVICE BILLINGS MT
345 AM MDT THU SEP 3 2015


...................................

...THE MILES CITY MT CLIMATE SUMMARY FOR SEPTEMBER 2 2015...

CLIMATE NORMAL PERIOD 1981 TO 2010
CLIMATE RECORD PERIOD 1937 TO 2015


WEATHER ITEM   OBSERVED TIME   RECORD YEAR NORMAL DEPARTURE LAST
                VALUE   (LST)  VALUE       VALUE  FROM      YEAR
                                                  NORMAL
..................................................................
TEMPERATURE (F)
 YESTERDAY
  MAXIMUM        102R  1243 PM 100    1940  81     21       78
  MINIMUM         57    442 AM  32    1974  52      5       47
  AVERAGE         80                        67     13       63

PRECIPITATION (IN)
  YESTERDAY        T             0.90 1973   0.03  -0.03     0.00
  MONTH TO DATE    T                         0.06  -0.06     0.00
  SINCE OCT 1      8.07                     11.42  -3.35    13.67
  SINCE JAN 1      7.06                      9.82  -2.76    11.99

DEGREE DAYS
 HEATING
  YESTERDAY        0                         3     -3        2
  MONTH TO DATE    0                         5     -5        4
  SINCE SEP 1      0                         5     -5        4
  SINCE JUL 1     41                        39      2       38

 COOLING
  YESTERDAY       15                         4     11        0
  MONTH TO DATE   24                         9     15        0
  SINCE SEP 1     24                         9     15        0
  SINCE JAN 1    763                       681     82      595
..................................................................


WIND (MPH)
  HIGHEST WIND SPEED    41   HIGHEST WIND DIRECTION    SW (240)
  HIGHEST GUST SPEED    60   HIGHEST GUST DIRECTION     W (250)
  AVERAGE WIND SPEED     8.4


SKY COVER
  POSSIBLE SUNSHINE  MM
  AVERAGE SKY COVER 0.0


WEATHER CONDITIONS
 THE FOLLOWING WEATHER WAS RECORDED YESTERDAY.
  LIGHT RAIN
  HAZE


RELATIVE HUMIDITY (PERCENT)
 HIGHEST    60           600 AM
 LOWEST     12           100 PM
 AVERAGE    36

..........................................................


THE MILES CITY MT CLIMATE NORMALS FOR TODAY
                         NORMAL    RECORD    YEAR
 MAXIMUM TEMPERATURE (F)   81       102      2005
 MINIMUM TEMPERATURE (F)   52        37      1962


SUNRISE AND SUNSET
SEPTEMBER  3 2015.....SUNRISE   626 AM MDT   SUNSET   739 PM MDT
SEPTEMBER  4 2015.....SUNRISE   627 AM MDT   SUNSET   737 PM MDT


-  INDICATES NEGATIVE NUMBERS.
R  INDICATES RECORD WAS SET OR TIED.
MM INDICATES DATA IS MISSING.
T  INDICATES TRACE AMOUNT.





&&

THIS IS AN AUTOMATED...UNATTENDED WEATHER STATION AND MAY
UNDERESTIMATE WINTER PRECIPITATION.

$$
