000
CDUS45 KBYZ 251004
CLIMLS


CLIMATE REPORT
NATIONAL WEATHER SERVICE BILLINGS MT
401 AM MDT WED MAY 25 2016


...................................

...THE MILES CITY MT CLIMATE SUMMARY FOR MAY 24 2016...

CLIMATE NORMAL PERIOD 1981 TO 2010
CLIMATE RECORD PERIOD 1937 TO 2016


WEATHER ITEM   OBSERVED TIME   RECORD YEAR NORMAL DEPARTURE LAST
                VALUE   (LST)  VALUE       VALUE  FROM      YEAR
                                                  NORMAL
..................................................................
TEMPERATURE (F)
 YESTERDAY
  MAXIMUM         71    435 PM  95    1985  71      0       67
  MINIMUM         47    453 AM  32    2002  46      1       50
  AVERAGE         59                        58      1       59

PRECIPITATION (IN)
  YESTERDAY        0.08          2.17 2010   0.08   0.00     0.02
  MONTH TO DATE    1.27                      1.60  -0.33     0.61
  SINCE OCT 1      7.96                      5.72   2.24     2.52
  SINCE JAN 1      6.70                      4.12   2.58     1.51

DEGREE DAYS
 HEATING
  YESTERDAY        6                         7     -1        6
  MONTH TO DATE  196                       257    -61      298
  SINCE MAR 1   1358                      1769   -411     1485
  SINCE JUL 1   6051                      7503  -1452     6955

 COOLING
  YESTERDAY        0                         1     -1        0
  MONTH TO DATE   22                        11     11        1
  SINCE MAR 1     24                        12     12        1
  SINCE JAN 1     24                        12     12        1
..................................................................


WIND (MPH)
  HIGHEST WIND SPEED    20   HIGHEST WIND DIRECTION    NW (320)
  HIGHEST GUST SPEED    24   HIGHEST GUST DIRECTION     N (10)
  AVERAGE WIND SPEED     6.8


SKY COVER
  POSSIBLE SUNSHINE  MM
  AVERAGE SKY COVER 0.5


WEATHER CONDITIONS
 THE FOLLOWING WEATHER WAS RECORDED YESTERDAY.
  LIGHT RAIN


RELATIVE HUMIDITY (PERCENT)
 HIGHEST    86           500 AM
 LOWEST     33           500 PM
 AVERAGE    60

..........................................................


THE MILES CITY MT CLIMATE NORMALS FOR TODAY
                         NORMAL    RECORD    YEAR
 MAXIMUM TEMPERATURE (F)   71        90      1969
 MINIMUM TEMPERATURE (F)   46        32      2012
                                             2004


SUNRISE AND SUNSET
MAY 25 2016...........SUNRISE   519 AM MDT   SUNSET   842 PM MDT
MAY 26 2016...........SUNRISE   518 AM MDT   SUNSET   843 PM MDT


-  INDICATES NEGATIVE NUMBERS.
R  INDICATES RECORD WAS SET OR TIED.
MM INDICATES DATA IS MISSING.
T  INDICATES TRACE AMOUNT.





&&

THIS IS AN AUTOMATED...UNATTENDED WEATHER STATION AND MAY
UNDERESTIMATE WINTER PRECIPITATION.

$$
