000
CDUS41 KCAR 060528
CLIMLT


CLIMATE REPORT
NATIONAL WEATHER SERVICE CARIBOU, ME
1226 AM EST TUE DEC 6 2016


...................................

...THE MILLINOCKET ME CLIMATE SUMMARY FOR DECEMBER 5 2016...

CLIMATE NORMAL PERIOD 1981 TO 2010
CLIMATE RECORD PERIOD 1903 TO 2016


WEATHER ITEM   OBSERVED TIME   RECORD YEAR NORMAL DEPARTURE LAST
                VALUE   (LST)  VALUE       VALUE  FROM      YEAR
                                                  NORMAL
..................................................................
TEMPERATURE (F)
 YESTERDAY
  MAXIMUM         25    326 PM  61    1982  34     -9       43
  MINIMUM          9    559 AM -13    1911  20    -11       35
  AVERAGE         17                        27    -10       39

PRECIPITATION (IN)
  YESTERDAY        0.01          1.89 1990   0.14  -0.13      T
  MONTH TO DATE    0.74                      0.73   0.01     1.04
  SINCE DEC 1      0.74                      0.73   0.01     1.04
  SINCE JAN 1     30.95                     39.88  -8.93    39.73

SNOWFALL (IN)
  YESTERDAY       MM            MM      MM  MM     MM       MM
  MONTH TO DATE   MM                        MM     MM       MM
  SINCE DEC 1     MM                        MM     MM       MM
  SINCE JUL 1     MM                        MM     MM       MM
  SNOW DEPTH      MM

DEGREE DAYS
 HEATING
  YESTERDAY       48                        38     10       26
  MONTH TO DATE  181                       187     -6      150
  SINCE DEC 1    181                       187     -6      150
  SINCE JUL 1   1731                      2030   -299     1691

 COOLING
  YESTERDAY        0                         0      0        0
  MONTH TO DATE    0                         0      0        0
  SINCE DEC 1      0                         0      0        0
  SINCE JAN 1    350                       268     82      400
..................................................................


WIND (MPH)
  HIGHEST WIND SPEED     7   HIGHEST WIND DIRECTION     E (70)
  HIGHEST GUST SPEED     9   HIGHEST GUST DIRECTION     E (70)
  AVERAGE WIND SPEED     1.2


SKY COVER
  POSSIBLE SUNSHINE  MM
  AVERAGE SKY COVER 0.5


WEATHER CONDITIONS
 THE FOLLOWING WEATHER WAS RECORDED YESTERDAY.
  LIGHT SNOW
  FOG


RELATIVE HUMIDITY (PERCENT)
 HIGHEST    96           600 PM
 LOWEST     68           300 PM
 AVERAGE    82

..........................................................


THE MILLINOCKET ME CLIMATE NORMALS FOR TODAY
                         NORMAL    RECORD    YEAR
 MAXIMUM TEMPERATURE (F)   34        56      1973
 MINIMUM TEMPERATURE (F)   19        -8      1910


SUNRISE AND SUNSET
DECEMBER  6 2016......SUNRISE   701 AM EST   SUNSET   351 PM EST
DECEMBER  7 2016......SUNRISE   702 AM EST   SUNSET   351 PM EST


-  INDICATES NEGATIVE NUMBERS.
R  INDICATES RECORD WAS SET OR TIED.
MM INDICATES DATA IS MISSING.
T  INDICATES TRACE AMOUNT.




$$
