782
CDUS41 KCAR 070530
CLIMLT


CLIMATE REPORT
NATIONAL WEATHER SERVICE CARIBOU, ME
1230 AM EST SUN FEB 7 2016


...................................

...THE MILLINOCKET ME CLIMATE SUMMARY FOR FEBRUARY 6 2016...

CLIMATE NORMAL PERIOD 1981 TO 2010
CLIMATE RECORD PERIOD 1903 TO 2016


WEATHER ITEM   OBSERVED TIME   RECORD YEAR NORMAL DEPARTURE LAST
                VALUE   (LST)  VALUE       VALUE  FROM      YEAR
                                                  NORMAL
..................................................................
TEMPERATURE (F)
 YESTERDAY
  MAXIMUM         32    427 PM  53    1909  26      6       12
  MINIMUM         14    636 AM -32    1934   6      8      -10
  AVERAGE         23                        16      7        1

PRECIPITATION (IN)
  YESTERDAY        0.00          1.02 1920   0.05  -0.05     0.00
  MONTH TO DATE    0.77                      0.35   0.42     0.10
  SINCE DEC 1      7.24                      6.81   0.43     7.94
  SINCE JAN 1      2.84                      3.28  -0.44     1.94

SNOWFALL (IN)
  YESTERDAY       MM            MM      MM  MM     MM       MM
  MONTH TO DATE   MM                        MM     MM       MM
  SINCE DEC 1     MM                        MM     MM       MM
  SINCE JUL 1     MM                        MM     MM       MM
  SNOW DEPTH      MM

DEGREE DAYS
 HEATING
  YESTERDAY       42                        49     -7       64
  MONTH TO DATE  203                       300    -97      374
  SINCE DEC 1   2480                      3203   -723     3176
  SINCE JUL 1   4021                      5046  -1025     4772

 COOLING
  YESTERDAY        0                         0      0        0
  MONTH TO DATE    0                         0      0        0
  SINCE DEC 1      0                         0      0        0
  SINCE JAN 1      0                         0      0        0
..................................................................


WIND (MPH)
  HIGHEST WIND SPEED    15   HIGHEST WIND DIRECTION     W (290)
  HIGHEST GUST SPEED    23   HIGHEST GUST DIRECTION     W (290)
  AVERAGE WIND SPEED     4.4


SKY COVER
  POSSIBLE SUNSHINE  MM
  AVERAGE SKY COVER 0.5


WEATHER CONDITIONS
 THE FOLLOWING WEATHER WAS RECORDED YESTERDAY.
  NO SIGNIFICANT WEATHER WAS OBSERVED.


RELATIVE HUMIDITY (PERCENT)
 HIGHEST    81          1100 PM
 LOWEST     55          1100 AM
 AVERAGE    68

..........................................................


THE MILLINOCKET ME CLIMATE NORMALS FOR TODAY
                         NORMAL    RECORD    YEAR
 MAXIMUM TEMPERATURE (F)   26        47      2005
 MINIMUM TEMPERATURE (F)    6       -33      1934


SUNRISE AND SUNSET
FEBRUARY  7 2016......SUNRISE   649 AM EST   SUNSET   449 PM EST
FEBRUARY  8 2016......SUNRISE   648 AM EST   SUNSET   451 PM EST


-  INDICATES NEGATIVE NUMBERS.
R  INDICATES RECORD WAS SET OR TIED.
MM INDICATES DATA IS MISSING.
T  INDICATES TRACE AMOUNT.




$$
