000
CDUS41 KCAR 240528
CLIMLT


CLIMATE REPORT
NATIONAL WEATHER SERVICE CARIBOU, ME
128 AM EDT TUE OCT 24 2017


...................................

...THE MILLINOCKET ME CLIMATE SUMMARY FOR OCTOBER 23 2017...

CLIMATE NORMAL PERIOD 1981 TO 2010
CLIMATE RECORD PERIOD 1903 TO 2017


WEATHER ITEM   OBSERVED TIME   RECORD YEAR NORMAL DEPARTURE LAST
                VALUE   (LST)  VALUE       VALUE  FROM      YEAR
                                                  NORMAL
..................................................................
TEMPERATURE (F)
 YESTERDAY
  MAXIMUM         63    300 PM  80    1979  52     11       50
  MINIMUM         46   1206 AM  19    1905  34     12       36
  AVERAGE         55                        43     12       43

PRECIPITATION (IN)
  YESTERDAY        0.00          3.57 1937   0.12  -0.12     0.12
  MONTH TO DATE    1.61                      3.12  -1.51     2.18
  SINCE SEP 1      5.03                      6.84  -1.81     3.37
  SINCE JAN 1     29.67                     33.77  -4.10    26.37

SNOWFALL (IN)
  YESTERDAY       MM            MM      MM  MM     MM       MM
  MONTH TO DATE   MM                        MM     MM       MM
  SINCE SEP 1     MM                        MM     MM       MM
  SINCE JUL 1     MM                        MM     MM       MM
  SNOW DEPTH      MM

DEGREE DAYS
 HEATING
  YESTERDAY       10                        22    -12       22
  MONTH TO DATE  277                       420   -143      330
  SINCE SEP 1    398                       669   -271      505
  SINCE JUL 1    497                       748   -251      545

 COOLING
  YESTERDAY        0                         0      0        0
  MONTH TO DATE    0                         0      0        0
  SINCE SEP 1     47                        17     30       43
  SINCE JAN 1    263                       268     -5      350
..................................................................


WIND (MPH)
  HIGHEST WIND SPEED     9   HIGHEST WIND DIRECTION     S (170)
  HIGHEST GUST SPEED    16   HIGHEST GUST DIRECTION    SE (140)
  AVERAGE WIND SPEED     3.2


SKY COVER
  POSSIBLE SUNSHINE  MM
  AVERAGE SKY COVER 0.6


WEATHER CONDITIONS
 THE FOLLOWING WEATHER WAS RECORDED YESTERDAY.
  FOG


RELATIVE HUMIDITY (PERCENT)
 HIGHEST   100           200 AM
 LOWEST     65           300 PM
 AVERAGE    83

..........................................................


THE MILLINOCKET ME CLIMATE NORMALS FOR TODAY
                         NORMAL    RECORD    YEAR
 MAXIMUM TEMPERATURE (F)   52        76      1979
 MINIMUM TEMPERATURE (F)   34        19      1905


SUNRISE AND SUNSET
OCTOBER 24 2017.......SUNRISE   704 AM EDT   SUNSET   533 PM EDT
OCTOBER 25 2017.......SUNRISE   705 AM EDT   SUNSET   532 PM EDT


-  INDICATES NEGATIVE NUMBERS.
R  INDICATES RECORD WAS SET OR TIED.
MM INDICATES DATA IS MISSING.
T  INDICATES TRACE AMOUNT.




$$
