000
CDUS41 KCAR 292029
CLIMLT


CLIMATE REPORT
NATIONAL WEATHER SERVICE CARIBOU, ME
429 PM EDT THU SEP 29 2016


...................................

...THE MILLINOCKET ME CLIMATE SUMMARY FOR SEPTEMBER 29 2016...
VALID TODAY AS OF 0400 PM LOCAL TIME.

CLIMATE NORMAL PERIOD 1981 TO 2010
CLIMATE RECORD PERIOD 1903 TO 2016


WEATHER ITEM   OBSERVED TIME   RECORD YEAR NORMAL DEPARTURE LAST
                VALUE   (LST)  VALUE       VALUE  FROM      YEAR
                                                  NORMAL
..................................................................
TEMPERATURE (F)
 TODAY
  MAXIMUM         61    259 PM  80    1952  62     -1       71
  MINIMUM         41    526 AM  22    1980  41      0       62
  AVERAGE         51                        52     -1       67

PRECIPITATION (IN)
  TODAY            0.00          6.51 2003   0.15  -0.15     0.61
  MONTH TO DATE    1.19                      3.57  -2.38     3.16
  SINCE SEP 1      1.19                      3.57  -2.38     3.16
  SINCE JAN 1     24.19                     30.50  -6.31    28.76

SNOWFALL (IN)
  TODAY           MM            MM      MM  MM     MM       MM
  MONTH TO DATE   MM                        MM     MM       MM
  SINCE SEP 1     MM                        MM     MM       MM
  SINCE JUL 1     MM                        MM     MM       MM
  SNOW DEPTH      MM

DEGREE DAYS
 HEATING
  TODAY           14                        13      1        0
  MONTH TO DATE  156                       235    -79      102
  SINCE SEP 1    156                       235    -79      102
  SINCE JUL 1    196                       314   -118      123

 COOLING
  TODAY            0                         0      0        2
  MONTH TO DATE   43                        15     28       88
  SINCE SEP 1     43                        15     28       88
  SINCE JAN 1    350                       266     84      400
..................................................................


WIND (MPH)
  HIGHEST WIND SPEED    14   HIGHEST WIND DIRECTION    NE (30)
  HIGHEST GUST SPEED    21   HIGHEST GUST DIRECTION    NE (40)
  AVERAGE WIND SPEED     7.0


SKY COVER
  POSSIBLE SUNSHINE  MM
  AVERAGE SKY COVER 0.0


WEATHER CONDITIONS
 THE FOLLOWING WEATHER WAS RECORDED TODAY.
  NO SIGNIFICANT WEATHER WAS OBSERVED.


RELATIVE HUMIDITY (PERCENT)
 HIGHEST    89           300 AM
 LOWEST     35           300 PM
 AVERAGE    62

..........................................................


THE MILLINOCKET ME CLIMATE NORMALS FOR TOMORROW
                         NORMAL    RECORD    YEAR
 MAXIMUM TEMPERATURE (F)   61        84      1922
 MINIMUM TEMPERATURE (F)   41        22      1980


SUNRISE AND SUNSET
SEPTEMBER 29 2016.....SUNRISE   631 AM EDT   SUNSET   618 PM EDT
SEPTEMBER 30 2016.....SUNRISE   632 AM EDT   SUNSET   616 PM EDT


-  INDICATES NEGATIVE NUMBERS.
R  INDICATES RECORD WAS SET OR TIED.
MM INDICATES DATA IS MISSING.
T  INDICATES TRACE AMOUNT.




$$
