000
CDUS41 KCAR 050527
CLIMLT


CLIMATE REPORT
NATIONAL WEATHER SERVICE CARIBOU, ME
126 AM EDT SAT SEP 5 2015


...................................

...THE MILLINOCKET ME CLIMATE SUMMARY FOR SEPTEMBER 4 2015...

CLIMATE NORMAL PERIOD 1981 TO 2010
CLIMATE RECORD PERIOD 1903 TO 2015


WEATHER ITEM   OBSERVED TIME   RECORD YEAR NORMAL DEPARTURE LAST
                VALUE   (LST)  VALUE       VALUE  FROM      YEAR
                                                  NORMAL
..................................................................
TEMPERATURE (F)
 YESTERDAY
  MAXIMUM         76    343 PM  89    1999  73      3       83
  MINIMUM         47    544 AM  31    1916  51     -4       55
  AVERAGE         62                        62      0       69

PRECIPITATION (IN)
  YESTERDAY        T             3.24 1972   0.11  -0.11     0.00
  MONTH TO DATE    T                         0.43  -0.43     0.13
  SINCE SEP 1      T                         0.43  -0.43     0.13
  SINCE JAN 1     25.60                     27.36  -1.76    25.27

SNOWFALL (IN)
  YESTERDAY       MM            MM      MM  MM     MM       MM
  MONTH TO DATE   MM                        MM     MM       MM
  SINCE SEP 1     MM                        MM     MM       MM
  SINCE JUL 1      0.0                      MM     MM       MM
  SNOW DEPTH      MM

DEGREE DAYS
 HEATING
  YESTERDAY        3                         5     -2        0
  MONTH TO DATE    3                        17    -14        0
  SINCE SEP 1      3                        17    -14        0
  SINCE JUL 1     24                        96    -72       28

 COOLING
  YESTERDAY        0                         1     -1        4
  MONTH TO DATE   12                         6      6       23
  SINCE SEP 1     12                         6      6       23
  SINCE JAN 1    324                       257     67      351
..................................................................


WIND (MPH)
  HIGHEST WIND SPEED    12   HIGHEST WIND DIRECTION    NE (40)
  HIGHEST GUST SPEED    18   HIGHEST GUST DIRECTION     N (350)
  AVERAGE WIND SPEED     1.9


SKY COVER
  POSSIBLE SUNSHINE  MM
  AVERAGE SKY COVER 0.0


WEATHER CONDITIONS
 THE FOLLOWING WEATHER WAS RECORDED YESTERDAY.
  NO SIGNIFICANT WEATHER WAS OBSERVED.


RELATIVE HUMIDITY (PERCENT)
 HIGHEST    93           900 PM
 LOWEST     33           400 PM
 AVERAGE    63

..........................................................


THE MILLINOCKET ME CLIMATE NORMALS FOR TODAY
                         NORMAL    RECORD    YEAR
 MAXIMUM TEMPERATURE (F)   72        87      1996
 MINIMUM TEMPERATURE (F)   51        32      1963


SUNRISE AND SUNSET
SEPTEMBER  5 2015.....SUNRISE   600 AM EDT   SUNSET   706 PM EDT
SEPTEMBER  6 2015.....SUNRISE   602 AM EDT   SUNSET   704 PM EDT


-  INDICATES NEGATIVE NUMBERS.
R  INDICATES RECORD WAS SET OR TIED.
MM INDICATES DATA IS MISSING.
T  INDICATES TRACE AMOUNT.




$$
