000
CDUS41 KCAR 240528
CLIMLT


CLIMATE REPORT
NATIONAL WEATHER SERVICE CARIBOU, ME
1228 AM EST MON NOV 24 2014


...................................

...THE MILLINOCKET ME CLIMATE SUMMARY FOR NOVEMBER 23 2014...

CLIMATE NORMAL PERIOD 1981 TO 2010
CLIMATE RECORD PERIOD 1903 TO 2014


WEATHER ITEM   OBSERVED TIME   RECORD YEAR NORMAL DEPARTURE LAST
                VALUE   (LST)  VALUE       VALUE  FROM      YEAR
                                                  NORMAL
..................................................................
TEMPERATURE (F)
 YESTERDAY
  MAXIMUM         44   1244 PM  62    1953  39      5       37
  MINIMUM         32    113 AM  -2    1964  25      7       21
  AVERAGE         38                        32      6       29

PRECIPITATION (IN)
  YESTERDAY        0.00          2.43 1924   0.16  -0.16     0.04
  MONTH TO DATE    1.00                      3.28  -2.28     1.89
  SINCE SEP 1      7.39                     11.07  -3.68     8.03
  SINCE JAN 1     32.53                     38.00  -5.47    33.52

SNOWFALL (IN)
  YESTERDAY       MM            MM      MM  MM     MM       MM
  MONTH TO DATE   MM                        MM     MM       MM
  SINCE SEP 1     MM                        MM     MM       MM
  SINCE JUL 1     MM                        MM     MM       MM
  SNOW DEPTH      MM

DEGREE DAYS
 HEATING
  YESTERDAY       27                        33     -6       36
  MONTH TO DATE  633                       665    -32      660
  SINCE SEP 1   1326                      1520   -194     1365
  SINCE JUL 1   1354                      1599   -245     1410

 COOLING
  YESTERDAY        0                         0      0        0
  MONTH TO DATE    0                         0      0        0
  SINCE SEP 1     47                        17     30       28
  SINCE JAN 1    375                       268    107      380
..................................................................


WIND (MPH)
  HIGHEST WIND SPEED     8   HIGHEST WIND DIRECTION    SW (240)
  HIGHEST GUST SPEED    13   HIGHEST GUST DIRECTION    SW (240)
  AVERAGE WIND SPEED     1.4


SKY COVER
  POSSIBLE SUNSHINE  MM
  AVERAGE SKY COVER 1.0


WEATHER CONDITIONS
 THE FOLLOWING WEATHER WAS RECORDED YESTERDAY.
  NO SIGNIFICANT WEATHER WAS OBSERVED.


RELATIVE HUMIDITY (PERCENT)
 HIGHEST    89           900 PM
 LOWEST     54          1200 AM
 AVERAGE    72

..........................................................


THE MILLINOCKET ME CLIMATE NORMALS FOR TODAY
                         NORMAL    RECORD    YEAR
 MAXIMUM TEMPERATURE (F)   38        65      1931
 MINIMUM TEMPERATURE (F)   25        -3      1989


SUNRISE AND SUNSET
NOVEMBER 24 2014......SUNRISE   646 AM EST   SUNSET   356 PM EST
NOVEMBER 25 2014......SUNRISE   647 AM EST   SUNSET   356 PM EST


-  INDICATES NEGATIVE NUMBERS.
R  INDICATES RECORD WAS SET OR TIED.
MM INDICATES DATA IS MISSING.
T  INDICATES TRACE AMOUNT.




$$
