000
CDUS44 KSHV 270747
CLIMLU


CLIMATE REPORT
NATIONAL WEATHER SERVICE SHREVEPORT, LA
247 AM CDT MON MAR 27 2017


...................................

...THE MONROE CLIMATE SUMMARY FOR MARCH 26 2017...

CLIMATE NORMAL PERIOD 1981 TO 2010
CLIMATE RECORD PERIOD 1930 TO 2017


WEATHER ITEM   OBSERVED TIME   RECORD YEAR NORMAL DEPARTURE LAST
                VALUE   (LST)  VALUE       VALUE  FROM      YEAR
                                                  NORMAL
..................................................................
TEMPERATURE (F)
 YESTERDAY
  MAXIMUM         84    313 PM  88    2011  73     11       76
                                      1938
  MINIMUM         52    611 AM  27    1955  48      4       47
  AVERAGE         68                        60      8       62

PRECIPITATION (IN)
  YESTERDAY        0.00          2.25 1934   0.14  -0.14     0.00
  MONTH TO DATE    3.47                      3.99  -0.52    23.49
  SINCE DEC 1     17.71                     18.92  -1.21    37.29
  SINCE JAN 1     12.88                     13.63  -0.75    30.90

SNOWFALL (IN)
  YESTERDAY        0.0
  MONTH TO DATE    0.0
  SINCE MAR 1      0.0
  SINCE JUL 1      0.2
  SNOW DEPTH       0

DEGREE DAYS
 HEATING
  YESTERDAY        0                         6     -6        3
  MONTH TO DATE  165                       224    -59      120
  SINCE MAR 1    165                       224    -59      120
  SINCE JUL 1   1361                      2118   -757     1548

 COOLING
  YESTERDAY        3                         1      2        0
  MONTH TO DATE   60                        24     36       25
  SINCE MAR 1     60                        24     36       25
  SINCE JAN 1    119                        35     84       33
..................................................................


WIND (MPH)
  HIGHEST WIND SPEED    15   HIGHEST WIND DIRECTION     S (190)
  HIGHEST GUST SPEED    20   HIGHEST GUST DIRECTION     S (170)
  AVERAGE WIND SPEED     4.8


SKY COVER
  POSSIBLE SUNSHINE  MM
  AVERAGE SKY COVER 0.0


WEATHER CONDITIONS
 THE FOLLOWING WEATHER WAS RECORDED YESTERDAY.
  NO SIGNIFICANT WEATHER WAS OBSERVED.


RELATIVE HUMIDITY (PERCENT)
 HIGHEST    93          1200 AM
 LOWEST     39           200 PM
 AVERAGE    66

..........................................................


THE MONROE CLIMATE NORMALS FOR TODAY
                         NORMAL    RECORD    YEAR
 MAXIMUM TEMPERATURE (F)   73        91      1935
 MINIMUM TEMPERATURE (F)   49        26      2013
                                             1955


SUNRISE AND SUNSET
MARCH 27 2017.........SUNRISE   702 AM CDT   SUNSET   725 PM CDT
MARCH 28 2017.........SUNRISE   701 AM CDT   SUNSET   726 PM CDT


-  INDICATES NEGATIVE NUMBERS.
R  INDICATES RECORD WAS SET OR TIED.
MM INDICATES DATA IS MISSING.
T  INDICATES TRACE AMOUNT.




$$
