000
CDUS44 KSHV 060947
CLIMLU


CLIMATE REPORT
NATIONAL WEATHER SERVICE SHREVEPORT, LA
250 AM CST TUE DEC 6 2016


...................................

...THE MONROE CLIMATE SUMMARY FOR DECEMBER 5 2016...

CLIMATE NORMAL PERIOD 1981 TO 2010
CLIMATE RECORD PERIOD 1930 TO 2016


WEATHER ITEM   OBSERVED TIME   RECORD YEAR NORMAL DEPARTURE LAST
                VALUE   (LST)  VALUE       VALUE  FROM      YEAR
                                                  NORMAL
..................................................................
TEMPERATURE (F)
 YESTERDAY
  MAXIMUM         50    955 PM  81    1998  61    -11       63
  MINIMUM         46    919 AM  20    2006  39      7       33
  AVERAGE         48                        50     -2       48

PRECIPITATION (IN)
  YESTERDAY        0.55          2.11 1930   0.17   0.38     0.00
  MONTH TO DATE    3.71                      0.87   2.84     0.01
  SINCE DEC 1      3.71                      0.87   2.84     0.01
  SINCE JAN 1     67.32                     49.60  17.72    47.16

SNOWFALL (IN)
  YESTERDAY       MM
  MONTH TO DATE    0.0
  SINCE DEC 1      0.0
  SINCE JUL 1      0.0
  SNOW DEPTH       0

DEGREE DAYS
 HEATING
  YESTERDAY       17                        15      2       17
  MONTH TO DATE   79                        73      6       81
  SINCE DEC 1     79                        73      6       81
  SINCE JUL 1    292                       445   -153      269

 COOLING
  YESTERDAY        0                         0      0        0
  MONTH TO DATE    0                         0      0        0
  SINCE DEC 1      0                         0      0        0
  SINCE JAN 1   2732                      2508    224     2689
..................................................................


WIND (MPH)
  HIGHEST WIND SPEED    18   HIGHEST WIND DIRECTION    NE (50)
  HIGHEST GUST SPEED    21   HIGHEST GUST DIRECTION    NE (50)
  AVERAGE WIND SPEED     7.2


SKY COVER
  POSSIBLE SUNSHINE  MM
  AVERAGE SKY COVER 0.9


WEATHER CONDITIONS
 THE FOLLOWING WEATHER WAS RECORDED YESTERDAY.
  THUNDERSTORM
  HEAVY RAIN
  RAIN
  LIGHT RAIN
  FOG


RELATIVE HUMIDITY (PERCENT)
 HIGHEST   100           700 PM
 LOWEST     86           200 AM
 AVERAGE    93

..........................................................


THE MONROE CLIMATE NORMALS FOR TODAY
                         NORMAL    RECORD    YEAR
 MAXIMUM TEMPERATURE (F)   61        81      1998
 MINIMUM TEMPERATURE (F)   39        20      1950


SUNRISE AND SUNSET
DECEMBER  6 2016......SUNRISE   656 AM CST   SUNSET   502 PM CST
DECEMBER  7 2016......SUNRISE   657 AM CST   SUNSET   502 PM CST


-  INDICATES NEGATIVE NUMBERS.
R  INDICATES RECORD WAS SET OR TIED.
MM INDICATES DATA IS MISSING.
T  INDICATES TRACE AMOUNT.




$$
