000
CDUS46 KPQR 221141
CLIMMV


CLIMATE REPORT
NATIONAL WEATHER SERVICE PORTLAND OREGON
441 AM PDT TUE JUL 22 2014


...................................

...THE MCMINNVILLE OR CLIMATE SUMMARY FOR JULY 21 2014...

CLIMATE NORMAL PERIOD 1981 TO 2010
CLIMATE RECORD PERIOD 1894 TO 2014


WEATHER ITEM   OBSERVED TIME   RECORD YEAR NORMAL DEPARTURE LAST
                VALUE   (LST)  VALUE       VALUE  FROM      YEAR
                                                  NORMAL
..................................................................
TEMPERATURE (F)
 YESTERDAY
  MAXIMUM         81    450 PM 108    1938  83     -2       86
  MINIMUM         53    216 AM  39    1984  51      2       49
  AVERAGE         67                        67      0       68

PRECIPITATION (IN)
  YESTERDAY        0.00          0.50 1899   0.01  -0.01     0.00
  MONTH TO DATE    0.02                      0.41  -0.39      T
  SINCE OCT 1     27.10                     37.69 -10.59    31.54
  SINCE JAN 1     22.14                     21.66   0.48    10.40

DEGREE DAYS
 HEATING
  YESTERDAY        0                         1     -1        0
  MONTH TO DATE    1                        35    -34       10
  SINCE JUL 1      1                        35    -34       10

 COOLING
  YESTERDAY        2                         3     -1        3
  MONTH TO DATE  154                        47    107       83
  SINCE JAN 1    184                        69    115      136
..................................................................


WIND (MPH)
  HIGHEST WIND SPEED    13   HIGHEST WIND DIRECTION    SW (220)
  HIGHEST GUST SPEED    16   HIGHEST GUST DIRECTION    NW (300)
  AVERAGE WIND SPEED     5.5


SKY COVER
  POSSIBLE SUNSHINE  MM
  AVERAGE SKY COVER 0.4


WEATHER CONDITIONS
 THE FOLLOWING WEATHER WAS RECORDED YESTERDAY.
  NO SIGNIFICANT WEATHER WAS OBSERVED.


RELATIVE HUMIDITY (PERCENT)
 HIGHEST    77           200 AM
 LOWEST     28           300 PM
 AVERAGE    53

..........................................................


THE MCMINNVILLE OR CLIMATE NORMALS FOR TODAY
                         NORMAL    RECORD    YEAR
 MAXIMUM TEMPERATURE (F)   83       102      1928
 MINIMUM TEMPERATURE (F)   52        36      1960


SUNRISE AND SUNSET
JULY 22 2014..........SUNRISE   446 AM PST   SUNSET   751 PM PST
JULY 23 2014..........SUNRISE   448 AM PST   SUNSET   750 PM PST


-  INDICATES NEGATIVE NUMBERS.
R  INDICATES RECORD WAS SET OR TIED.
MM INDICATES DATA IS MISSING.
T  INDICATES TRACE AMOUNT.




$$
