481
CDUS46 KPQR 201148
CLIMMV


CLIMATE REPORT
NATIONAL WEATHER SERVICE PORTLAND OREGON
348 AM PST MON FEB 20 2017


...................................

...THE MCMINNVILLE OR CLIMATE SUMMARY FOR FEBRUARY 19 2017...

CLIMATE NORMAL PERIOD 1981 TO 2010
CLIMATE RECORD PERIOD 1894 TO 2017


WEATHER ITEM   OBSERVED TIME   RECORD YEAR NORMAL DEPARTURE LAST
                VALUE   (LST)  VALUE       VALUE  FROM      YEAR
                                                  NORMAL
..................................................................
TEMPERATURE (F)
 YESTERDAY
  MAXIMUM         49    118 PM  65    1916  51     -2       49
  MINIMUM         40    531 AM  20    1955  35      5       40
  AVERAGE         45                        43      2       45

PRECIPITATION (IN)
  YESTERDAY        0.38          2.90 1968   0.12   0.26     0.43
  MONTH TO DATE    9.77                      3.10   6.67     2.91
  SINCE OCT 1     37.26                     25.23  12.03    36.49
  SINCE JAN 1     13.45                      9.20   4.25    11.42

DEGREE DAYS
 HEATING
  YESTERDAY       20                        22     -2       20
  MONTH TO DATE  400                       432    -32      309
  SINCE JUL 1   3080                      3187   -107     2587

 COOLING
  YESTERDAY        0                         0      0        0
  MONTH TO DATE    0                         0      0        0
  SINCE JAN 1      0                         0      0        0
..................................................................


WIND (MPH)
  HIGHEST WIND SPEED    26   HIGHEST WIND DIRECTION     S (190)
  HIGHEST GUST SPEED    33   HIGHEST GUST DIRECTION     S (190)
  AVERAGE WIND SPEED    10.4


SKY COVER
  POSSIBLE SUNSHINE  MM
  AVERAGE SKY COVER 0.8


WEATHER CONDITIONS
 THE FOLLOWING WEATHER WAS RECORDED YESTERDAY.
  LIGHT RAIN
  FOG


RELATIVE HUMIDITY (PERCENT)
 HIGHEST    92           500 AM
 LOWEST     80          1100 AM
 AVERAGE    86

..........................................................


THE MCMINNVILLE OR CLIMATE NORMALS FOR TODAY
                         NORMAL    RECORD    YEAR
 MAXIMUM TEMPERATURE (F)   51        65      1954
 MINIMUM TEMPERATURE (F)   35        21      1955


SUNRISE AND SUNSET
FEBRUARY 20 2017......SUNRISE   705 AM PST   SUNSET   548 PM PST
FEBRUARY 21 2017......SUNRISE   704 AM PST   SUNSET   549 PM PST


-  INDICATES NEGATIVE NUMBERS.
R  INDICATES RECORD WAS SET OR TIED.
MM INDICATES DATA IS MISSING.
T  INDICATES TRACE AMOUNT.




$$
