998
CDUS46 KPQR 201144
CLIMMV


CLIMATE REPORT
NATIONAL WEATHER SERVICE PORTLAND OREGON
343 AM PST FRI JAN 20 2017


...................................

...THE MCMINNVILLE OR CLIMATE SUMMARY FOR JANUARY 19 2017...

CLIMATE NORMAL PERIOD 1981 TO 2010
CLIMATE RECORD PERIOD 1894 TO 2017


WEATHER ITEM   OBSERVED TIME   RECORD YEAR NORMAL DEPARTURE LAST
                VALUE   (LST)  VALUE       VALUE  FROM      YEAR
                                                  NORMAL
..................................................................
TEMPERATURE (F)
 YESTERDAY
  MAXIMUM         52    215 PM  60    2005  48      4       49
                                      1958
  MINIMUM         42   1159 PM   2    1916  34      8       44
  AVERAGE         47                        41      6       47

PRECIPITATION (IN)
  YESTERDAY        0.01          1.76 2012   0.20  -0.19     0.82
  MONTH TO DATE    3.27                      3.99  -0.72     5.90
  SINCE OCT 1     27.08                     20.02   7.06    30.97
  SINCE JAN 1      3.27                      3.99  -0.72     5.90

DEGREE DAYS
 HEATING
  YESTERDAY       18                        24     -6       18
  MONTH TO DATE  628                       468    160      458
  SINCE JUL 1   2397                      2473    -76     2073

 COOLING
  YESTERDAY        0                         0      0        0
  MONTH TO DATE    0                         0      0        0
  SINCE JAN 1      0                         0      0        0
..................................................................


WIND (MPH)
  HIGHEST WIND SPEED    23   HIGHEST WIND DIRECTION     S (190)
  HIGHEST GUST SPEED    28   HIGHEST GUST DIRECTION     S (190)
  AVERAGE WIND SPEED    10.4


SKY COVER
  POSSIBLE SUNSHINE  MM
  AVERAGE SKY COVER 0.7


WEATHER CONDITIONS
 THE FOLLOWING WEATHER WAS RECORDED YESTERDAY.
  LIGHT RAIN


RELATIVE HUMIDITY (PERCENT)
 HIGHEST    89           400 AM
 LOWEST     71           400 PM
 AVERAGE    80

..........................................................


THE MCMINNVILLE OR CLIMATE NORMALS FOR TODAY
                         NORMAL    RECORD    YEAR
 MAXIMUM TEMPERATURE (F)   48        58      1968
 MINIMUM TEMPERATURE (F)   34        13      1962


SUNRISE AND SUNSET
JANUARY 20 2017.......SUNRISE   744 AM PST   SUNSET   504 PM PST
JANUARY 21 2017.......SUNRISE   743 AM PST   SUNSET   505 PM PST


-  INDICATES NEGATIVE NUMBERS.
R  INDICATES RECORD WAS SET OR TIED.
MM INDICATES DATA IS MISSING.
T  INDICATES TRACE AMOUNT.




$$
