609
CDUS46 KPQR 031144
CLIMMV


CLIMATE REPORT
NATIONAL WEATHER SERVICE PORTLAND OREGON
343 AM PST SAT DEC 3 2016


...................................

...THE MCMINNVILLE OR CLIMATE SUMMARY FOR DECEMBER 2 2016...

CLIMATE NORMAL PERIOD 1981 TO 2010
CLIMATE RECORD PERIOD 1894 TO 2016


WEATHER ITEM   OBSERVED TIME   RECORD YEAR NORMAL DEPARTURE LAST
                VALUE   (LST)  VALUE       VALUE  FROM      YEAR
                                                  NORMAL
..................................................................
TEMPERATURE (F)
 YESTERDAY
  MAXIMUM         47    759 PM  63    1929  47      0       44
  MINIMUM         38    222 AM  16    1969  36      2       36
  AVERAGE         43                        42      1       40

PRECIPITATION (IN)
  YESTERDAY        0.07          1.88 1941   0.19  -0.12     0.50
  MONTH TO DATE    0.08                      0.38  -0.30     1.34
  SINCE OCT 1     18.39                     10.32   8.07    11.06
  SINCE JAN 1     43.66                     34.03   9.63    29.16

DEGREE DAYS
 HEATING
  YESTERDAY       22                        23     -1       25
  MONTH TO DATE   45                        46     -1       50
  SINCE JUL 1    947                      1268   -321     1016

 COOLING
  YESTERDAY        0                         0      0        0
  MONTH TO DATE    0                         0      0        0
  SINCE JAN 1    363                       215    148      530
..................................................................


WIND (MPH)
  HIGHEST WIND SPEED    18   HIGHEST WIND DIRECTION     S (180)
  HIGHEST GUST SPEED    23   HIGHEST GUST DIRECTION     S (170)
  AVERAGE WIND SPEED     4.5


SKY COVER
  POSSIBLE SUNSHINE  MM
  AVERAGE SKY COVER 1.0


WEATHER CONDITIONS
 THE FOLLOWING WEATHER WAS RECORDED YESTERDAY.
  LIGHT RAIN
  FOG


RELATIVE HUMIDITY (PERCENT)
 HIGHEST   100          1200 AM
 LOWEST     76           100 PM
 AVERAGE    88

..........................................................


THE MCMINNVILLE OR CLIMATE NORMALS FOR TODAY
                         NORMAL    RECORD    YEAR
 MAXIMUM TEMPERATURE (F)   47        66      1918
 MINIMUM TEMPERATURE (F)   36        17      1969


SUNRISE AND SUNSET
DECEMBER  3 2016......SUNRISE   734 AM PST   SUNSET   431 PM PST
DECEMBER  4 2016......SUNRISE   735 AM PST   SUNSET   431 PM PST


-  INDICATES NEGATIVE NUMBERS.
R  INDICATES RECORD WAS SET OR TIED.
MM INDICATES DATA IS MISSING.
T  INDICATES TRACE AMOUNT.




$$
