486
CDUS46 KPQR 221141
CLIMMV


CLIMATE REPORT
NATIONAL WEATHER SERVICE PORTLAND OREGON
441 AM PDT FRI MAY 22 2015


...................................

...THE MCMINNVILLE OR CLIMATE SUMMARY FOR MAY 21 2015...

CLIMATE NORMAL PERIOD 1981 TO 2010
CLIMATE RECORD PERIOD 1894 TO 2015


WEATHER ITEM   OBSERVED TIME   RECORD YEAR NORMAL DEPARTURE LAST
                VALUE   (LST)  VALUE       VALUE  FROM      YEAR
                                                  NORMAL
..................................................................
TEMPERATURE (F)
 YESTERDAY
  MAXIMUM         75    431 PM  90    1928  69      6       74
  MINIMUM         53    545 AM  29    1909  44      9       43
  AVERAGE         64                        56      8       59

PRECIPITATION (IN)
  YESTERDAY        0.12          0.80 1998   0.07   0.05     0.00
  MONTH TO DATE    0.82                      1.50  -0.68     1.72
  SINCE OCT 1     31.70                     35.01  -3.31    25.71
  SINCE JAN 1     15.46                     18.98  -3.52    20.75

DEGREE DAYS
 HEATING
  YESTERDAY        1                         9     -8        6
  MONTH TO DATE  159                       221    -62      142
  SINCE JUL 1   3505                      4619  -1114     4461

 COOLING
  YESTERDAY        0                         0      0        0
  MONTH TO DATE    0                         0      0       15
  SINCE JAN 1      0                         0      0       19
..................................................................


WIND (MPH)
  HIGHEST WIND SPEED    17   HIGHEST WIND DIRECTION    SW (220)
  HIGHEST GUST SPEED    22   HIGHEST GUST DIRECTION    SW (220)
  AVERAGE WIND SPEED     6.2


SKY COVER
  POSSIBLE SUNSHINE  MM
  AVERAGE SKY COVER 0.6


WEATHER CONDITIONS
 THE FOLLOWING WEATHER WAS RECORDED YESTERDAY.
  THUNDERSTORM
  LIGHT RAIN
  FOG


RELATIVE HUMIDITY (PERCENT)
 HIGHEST    93           100 AM
 LOWEST     61           200 PM
 AVERAGE    77

..........................................................


THE MCMINNVILLE OR CLIMATE NORMALS FOR TODAY
                         NORMAL    RECORD    YEAR
 MAXIMUM TEMPERATURE (F)   69        92      2001
 MINIMUM TEMPERATURE (F)   44        31      1955


SUNRISE AND SUNSET
MAY 22 2015...........SUNRISE   436 AM PST   SUNSET   743 PM PST
MAY 23 2015...........SUNRISE   435 AM PST   SUNSET   744 PM PST


-  INDICATES NEGATIVE NUMBERS.
R  INDICATES RECORD WAS SET OR TIED.
MM INDICATES DATA IS MISSING.
T  INDICATES TRACE AMOUNT.




$$
