000
CDUS46 KPQR 201142
CLIMMV


CLIMATE REPORT
NATIONAL WEATHER SERVICE PORTLAND OREGON
442 AM PDT SAT SEP 20 2014


...................................

...THE MCMINNVILLE OR CLIMATE SUMMARY FOR SEPTEMBER 19 2014...

CLIMATE NORMAL PERIOD 1981 TO 2010
CLIMATE RECORD PERIOD 1894 TO 2014


WEATHER ITEM   OBSERVED TIME   RECORD YEAR NORMAL DEPARTURE LAST
                VALUE   (LST)  VALUE       VALUE  FROM      YEAR
                                                  NORMAL
..................................................................
TEMPERATURE (F)
 YESTERDAY
  MAXIMUM         84    424 PM  94    1952  75      9       79
  MINIMUM         54    648 AM  31    1904  47      7       42
  AVERAGE         69                        61      8       61

PRECIPITATION (IN)
  YESTERDAY        0.00          1.52 1921   0.06  -0.06     0.00
  MONTH TO DATE    0.06                      0.73  -0.67     1.43
  SINCE OCT 1     27.66                     39.09 -11.43    33.63
  SINCE JAN 1     22.70                     23.06  -0.36    12.49

DEGREE DAYS
 HEATING
  YESTERDAY        0                         5     -5        4
  MONTH TO DATE    5                        60    -55       15
  SINCE JUL 1     11                       145   -134       32

 COOLING
  YESTERDAY        4                         1      3        0
  MONTH TO DATE   58                        27     31       68
  SINCE JAN 1    503                       211    292      405
..................................................................


WIND (MPH)
  HIGHEST WIND SPEED    14   HIGHEST WIND DIRECTION     N (350)
  HIGHEST GUST SPEED    17   HIGHEST GUST DIRECTION     N (340)
  AVERAGE WIND SPEED     4.6


SKY COVER
  POSSIBLE SUNSHINE  MM
  AVERAGE SKY COVER 0.1


WEATHER CONDITIONS
 THE FOLLOWING WEATHER WAS RECORDED YESTERDAY.
  NO SIGNIFICANT WEATHER WAS OBSERVED.


RELATIVE HUMIDITY (PERCENT)
 HIGHEST    93          1200 AM
 LOWEST     31           300 PM
 AVERAGE    62

..........................................................


THE MCMINNVILLE OR CLIMATE NORMALS FOR TODAY
                         NORMAL    RECORD    YEAR
 MAXIMUM TEMPERATURE (F)   75        97      1952
 MINIMUM TEMPERATURE (F)   47        31      1955


SUNRISE AND SUNSET
SEPTEMBER 20 2014.....SUNRISE   557 AM PST   SUNSET   614 PM PST
SEPTEMBER 21 2014.....SUNRISE   558 AM PST   SUNSET   612 PM PST


-  INDICATES NEGATIVE NUMBERS.
R  INDICATES RECORD WAS SET OR TIED.
MM INDICATES DATA IS MISSING.
T  INDICATES TRACE AMOUNT.




$$
