000
CDUS46 KPQR 181146
CLIMMV


CLIMATE REPORT
NATIONAL WEATHER SERVICE PORTLAND OREGON
345 AM PST THU DEC 18 2014


...................................

...THE MCMINNVILLE OR CLIMATE SUMMARY FOR DECEMBER 17 2014...

CLIMATE NORMAL PERIOD 1981 TO 2010
CLIMATE RECORD PERIOD 1894 TO 2014


WEATHER ITEM   OBSERVED TIME   RECORD YEAR NORMAL DEPARTURE LAST
                VALUE   (LST)  VALUE       VALUE  FROM      YEAR
                                                  NORMAL
..................................................................
TEMPERATURE (F)
 YESTERDAY
  MAXIMUM         48    915 PM  60    2005  45      3       38
  MINIMUM         39    523 AM   6    1964  33      6       35
  AVERAGE         44                        39      5       37

PRECIPITATION (IN)
  YESTERDAY        0.03          2.20 1999   0.21  -0.18     0.00
  MONTH TO DATE    2.95                      3.33  -0.38     1.08
  SINCE OCT 1     13.15                     13.27  -0.12     4.72
  SINCE JAN 1     36.93                     36.98  -0.05    21.97

DEGREE DAYS
 HEATING
  YESTERDAY       21                        26     -5       28
  MONTH TO DATE  316                       420   -104      548
  SINCE JUL 1   1103                      1642   -539     1676

 COOLING
  YESTERDAY        0                         0      0        0
  MONTH TO DATE    0                         0      0        0
  SINCE JAN 1    529                       215    314      405
..................................................................


WIND (MPH)
  HIGHEST WIND SPEED    12   HIGHEST WIND DIRECTION    SW (220)
  HIGHEST GUST SPEED    14   HIGHEST GUST DIRECTION    SW (220)
  AVERAGE WIND SPEED     3.7


SKY COVER
  POSSIBLE SUNSHINE  MM
  AVERAGE SKY COVER 0.9


WEATHER CONDITIONS
 THE FOLLOWING WEATHER WAS RECORDED YESTERDAY.
  LIGHT RAIN
  FOG


RELATIVE HUMIDITY (PERCENT)
 HIGHEST    96           700 PM
 LOWEST     76          1200 AM
 AVERAGE    86

..........................................................


THE MCMINNVILLE OR CLIMATE NORMALS FOR TODAY
                         NORMAL    RECORD    YEAR
 MAXIMUM TEMPERATURE (F)   45        65      2005
 MINIMUM TEMPERATURE (F)   33         9      1924


SUNRISE AND SUNSET
DECEMBER 18 2014......SUNRISE   747 AM PST   SUNSET   432 PM PST
DECEMBER 19 2014......SUNRISE   747 AM PST   SUNSET   432 PM PST


-  INDICATES NEGATIVE NUMBERS.
R  INDICATES RECORD WAS SET OR TIED.
MM INDICATES DATA IS MISSING.
T  INDICATES TRACE AMOUNT.




$$
