000
CDUS44 KMOB 300649
CLIMOB


CLIMATE REPORT
NATIONAL WEATHER SERVICE MOBILE AL
148 AM CDT SAT MAY 30 2015


...................................

...THE MOBILE CLIMATE SUMMARY FOR MAY 29 2015...

CLIMATE NORMAL PERIOD 1981 TO 2010
CLIMATE RECORD PERIOD 1842 TO 2015


WEATHER ITEM   OBSERVED TIME   RECORD YEAR NORMAL DEPARTURE LAST
                VALUE   (LST)  VALUE       VALUE  FROM      YEAR
                                                  NORMAL
..................................................................
TEMPERATURE (F)
 YESTERDAY
  MAXIMUM         86    234 PM  95    2012  87     -1       76
                                      2006
  MINIMUM         70    543 AM  56    1984  67      3       66
  AVERAGE         78                        77      1       71

PRECIPITATION (IN)
  YESTERDAY        T             5.62 1883   0.18  -0.18     1.17
  MONTH TO DATE    8.03                      4.78   3.25     9.00
  SINCE MAR 1     25.89                     15.71  10.18    33.59
  SINCE JAN 1     31.94                     26.48   5.46    40.71

DEGREE DAYS
 COOLING
  YESTERDAY       13                        12      1        6
  MONTH TO DATE  297                       262     35      203
  SINCE MAR 1    572                       405    167      306
  SINCE JAN 1    576                       421    155      318
..................................................................


WIND (MPH)
  HIGHEST WIND SPEED    17   HIGHEST WIND DIRECTION     E (110)
  HIGHEST GUST SPEED    23   HIGHEST GUST DIRECTION    SE (130)
  AVERAGE WIND SPEED     7.7


SKY COVER
  POSSIBLE SUNSHINE  MM
  AVERAGE SKY COVER 0.4


WEATHER CONDITIONS
 THE FOLLOWING WEATHER WAS RECORDED YESTERDAY.
  THUNDERSTORM
  FOG
  HAZE


RELATIVE HUMIDITY (PERCENT)
 HIGHEST   100           100 AM
 LOWEST     51           300 PM
 AVERAGE    76

..........................................................


THE MOBILE CLIMATE NORMALS FOR TODAY
                         NORMAL    RECORD    YEAR
 MAXIMUM TEMPERATURE (F)   87        97      1911
 MINIMUM TEMPERATURE (F)   67        48      1984


SUNRISE AND SUNSET
MAY 30 2015...........SUNRISE   551 AM CDT   SUNSET   750 PM CDT
MAY 31 2015...........SUNRISE   551 AM CDT   SUNSET   750 PM CDT


-  INDICATES NEGATIVE NUMBERS.
R  INDICATES RECORD WAS SET OR TIED.
MM INDICATES DATA IS MISSING.
T  INDICATES TRACE AMOUNT.




$$
