000
CDUS44 KMOB 200629
CLIMOB


CLIMATE REPORT
NATIONAL WEATHER SERVICE MOBILE AL
1229 AM CST SAT DEC 20 2014


...................................

...THE MOBILE CLIMATE SUMMARY FOR DECEMBER 19 2014...

CLIMATE NORMAL PERIOD 1981 TO 2010
CLIMATE RECORD PERIOD 1842 TO 2014


WEATHER ITEM   OBSERVED TIME   RECORD YEAR NORMAL DEPARTURE LAST
                VALUE   (LST)  VALUE       VALUE  FROM      YEAR
                                                  NORMAL
..................................................................
TEMPERATURE (F)
 YESTERDAY
  MAXIMUM         55   1256 PM  80    1967  62     -7       70
  MINIMUM         45   1159 PM  17    1981  42      3       38
  AVERAGE         50                        52     -2       54

PRECIPITATION (IN)
  YESTERDAY        1.15          1.30 1887   0.16   0.99     0.00
  MONTH TO DATE    1.57                      3.03  -1.46     1.11
  SINCE MAR 1     61.89                     53.35   8.54    48.84
  SINCE JAN 1     69.01                     64.12   4.89    63.02

SNOWFALL (IN)
  YESTERDAY        0.0           0.0  2001   0.0    0.0      0.0
                                      2000
  MONTH TO DATE    0.0                       0.0    0.0      0.0
  SINCE MAR 1      0.0                       0.1   -0.1      0.0
  SINCE JUL 1      0.0                       0.0    0.0      0.0
  SNOW DEPTH       0

DEGREE DAYS
 HEATING
  YESTERDAY       15                        14      1       11
  MONTH TO DATE  185                       231    -46      211
  SINCE DEC 1    185                       231    -46      211
  SINCE JUL 1    578                       489     89      495

 COOLING
  YESTERDAY        0                         0      0        0
  MONTH TO DATE    1                         8     -7       19
  SINCE DEC 1      1                         8     -7       19
  SINCE JAN 1   2305                      2511   -206     2514
..................................................................


WIND (MPH)
  HIGHEST WIND SPEED    16   HIGHEST WIND DIRECTION    NE (40)
  HIGHEST GUST SPEED    21   HIGHEST GUST DIRECTION    NE (40)
  AVERAGE WIND SPEED     8.7


SKY COVER
  POSSIBLE SUNSHINE  MM
  AVERAGE SKY COVER 1.0


WEATHER CONDITIONS
 THE FOLLOWING WEATHER WAS RECORDED YESTERDAY.
  HEAVY RAIN
  RAIN
  LIGHT RAIN
  FOG
  HAZE


RELATIVE HUMIDITY (PERCENT)
 HIGHEST   100           900 AM
 LOWEST     61           100 PM
 AVERAGE    81

..........................................................


THE MOBILE CLIMATE NORMALS FOR TODAY
                         NORMAL    RECORD    YEAR
 MAXIMUM TEMPERATURE (F)   62        78      1978
 MINIMUM TEMPERATURE (F)   42        17      1981


SUNRISE AND SUNSET
DECEMBER 20 2014......SUNRISE   646 AM CST   SUNSET   456 PM CST
DECEMBER 21 2014......SUNRISE   646 AM CST   SUNSET   456 PM CST


-  INDICATES NEGATIVE NUMBERS.
R  INDICATES RECORD WAS SET OR TIED.
MM INDICATES DATA IS MISSING.
T  INDICATES TRACE AMOUNT.




$$
