000
CDUS44 KMOB 030645
CLIMOB


CLIMATE REPORT
NATIONAL WEATHER SERVICE MOBILE AL
145 AM CDT MON AUG 3 2015


...................................

...THE MOBILE CLIMATE SUMMARY FOR AUGUST 2 2015...

CLIMATE NORMAL PERIOD 1981 TO 2010
CLIMATE RECORD PERIOD 1842 TO 2015


WEATHER ITEM   OBSERVED TIME   RECORD YEAR NORMAL DEPARTURE LAST
                VALUE   (LST)  VALUE       VALUE  FROM      YEAR
                                                  NORMAL
..................................................................
TEMPERATURE (F)
 YESTERDAY
  MAXIMUM         95    432 PM 101    2010  91      4       91
  MINIMUM         72    417 AM  68    1984  73     -1       70
                                      1925
                                      1890
  AVERAGE         84                        82      2       81

PRECIPITATION (IN)
  YESTERDAY        0.00          3.25 1984   0.27  -0.27     0.00
  MONTH TO DATE    0.00                      0.53  -0.53      T
  SINCE MAR 1     37.81                     29.96   7.85    47.45
  SINCE JAN 1     43.86                     40.73   3.13    54.57

DEGREE DAYS
 COOLING
  YESTERDAY       19                        17      2       16
  MONTH TO DATE   37                        34      3       28
  SINCE JUN 1   1093                      1000     93      901
  SINCE JAN 1   1693                      1445    248     1239
..................................................................


WIND (MPH)
  HIGHEST WIND SPEED    13   HIGHEST WIND DIRECTION     S (180)
  HIGHEST GUST SPEED    16   HIGHEST GUST DIRECTION    NE (30)
  AVERAGE WIND SPEED     4.8


SKY COVER
  POSSIBLE SUNSHINE  MM
  AVERAGE SKY COVER 0.4


WEATHER CONDITIONS
 THE FOLLOWING WEATHER WAS RECORDED YESTERDAY.
  NO SIGNIFICANT WEATHER WAS OBSERVED.


RELATIVE HUMIDITY (PERCENT)
 HIGHEST    97          1100 PM
 LOWEST     39           400 PM
 AVERAGE    68

..........................................................


THE MOBILE CLIMATE NORMALS FOR TODAY
                         NORMAL    RECORD    YEAR
 MAXIMUM TEMPERATURE (F)   91       101      1897
 MINIMUM TEMPERATURE (F)   73        68      1965
                                             1890


SUNRISE AND SUNSET
AUGUST  3 2015........SUNRISE   612 AM CDT   SUNSET   746 PM CDT
AUGUST  4 2015........SUNRISE   613 AM CDT   SUNSET   745 PM CDT


-  INDICATES NEGATIVE NUMBERS.
R  INDICATES RECORD WAS SET OR TIED.
MM INDICATES DATA IS MISSING.
T  INDICATES TRACE AMOUNT.




$$
