000
CDUS44 KMOB 292225
CLIMOB


CLIMATE REPORT
NATIONAL WEATHER SERVICE MOBILE AL
525 PM CDT SAT APR 29 2017


...................................

...THE MOBILE CLIMATE SUMMARY FOR APRIL 29 2017...
VALID TODAY AS OF 0500 PM LOCAL TIME.

CLIMATE NORMAL PERIOD 1981 TO 2010
CLIMATE RECORD PERIOD 1842 TO 2017


WEATHER ITEM   OBSERVED TIME   RECORD YEAR NORMAL DEPARTURE LAST
                VALUE   (LST)  VALUE       VALUE  FROM      YEAR
                                                  NORMAL
..................................................................
TEMPERATURE (F)
 TODAY
  MAXIMUM         84    107 PM  91    1970  81      3       86
  MINIMUM         75    552 AM  46    2008  59     16       65
  AVERAGE         80                        70     10       76

PRECIPITATION (IN)
  TODAY            0.00         11.23 2014   0.15  -0.15     0.00
  MONTH TO DATE    3.39                      4.65  -1.26     4.67
  SINCE MAR 1      6.53                     10.79  -4.26    14.83
  SINCE JAN 1     18.74                     21.56  -2.82    24.28

DEGREE DAYS
 HEATING
  TODAY            0                         1     -1        0
  MONTH TO DATE   23                        61    -38       21
  SINCE MAR 1    142                       250   -108      117
  SINCE JUL 1    913                      1692   -779     1215

 COOLING
  TODAY           15                         5     10       11
  MONTH TO DATE  159                        97     62       93
  SINCE MAR 1    254                       136    118      163
  SINCE JAN 1    329                       152    177      177
..................................................................


WIND (MPH)
  HIGHEST WIND SPEED    25   HIGHEST WIND DIRECTION    SE (140)
  HIGHEST GUST SPEED    33   HIGHEST GUST DIRECTION    SE (130)
  AVERAGE WIND SPEED    16.9


SKY COVER
  POSSIBLE SUNSHINE  MM
  AVERAGE SKY COVER 0.9


WEATHER CONDITIONS
 THE FOLLOWING WEATHER WAS RECORDED TODAY.
  NO SIGNIFICANT WEATHER WAS OBSERVED.


RELATIVE HUMIDITY (PERCENT)
 HIGHEST    87          1200 AM
 LOWEST     69          1200 PM
 AVERAGE    78

..........................................................


THE MOBILE CLIMATE NORMALS FOR TOMORROW
                         NORMAL    RECORD    YEAR
 MAXIMUM TEMPERATURE (F)   81        91      2012
 MINIMUM TEMPERATURE (F)   59        45      1874


SUNRISE AND SUNSET
APRIL 29 2017.........SUNRISE   611 AM CDT   SUNSET   730 PM CDT
APRIL 30 2017.........SUNRISE   610 AM CDT   SUNSET   731 PM CDT


-  INDICATES NEGATIVE NUMBERS.
R  INDICATES RECORD WAS SET OR TIED.
MM INDICATES DATA IS MISSING.
T  INDICATES TRACE AMOUNT.




$$
