000
CDUS44 KMOB 240645
CLIMOB


CLIMATE REPORT
NATIONAL WEATHER SERVICE MOBILE AL
145 AM CDT FRI MAR 24 2017


...................................

...THE MOBILE CLIMATE SUMMARY FOR MARCH 23 2017...

CLIMATE NORMAL PERIOD 1981 TO 2010
CLIMATE RECORD PERIOD 1842 TO 2017


WEATHER ITEM   OBSERVED TIME   RECORD YEAR NORMAL DEPARTURE LAST
                VALUE   (LST)  VALUE       VALUE  FROM      YEAR
                                                  NORMAL
..................................................................
TEMPERATURE (F)
 YESTERDAY
  MAXIMUM         81    250 PM  89    1929  73      8       77
  MINIMUM         58    619 AM  29    1885  50      8       53
  AVERAGE         70                        62      8       65

PRECIPITATION (IN)
  YESTERDAY        0.00          4.27 1908   0.20  -0.20     0.00
  MONTH TO DATE    1.68                      4.56  -2.88     6.07
  SINCE MAR 1      1.68                      4.56  -2.88     6.07
  SINCE JAN 1     13.89                     15.33  -1.44    15.52

SNOWFALL (IN)
  YESTERDAY        0.0          MM      MM   0.0    0.0      0.0
  MONTH TO DATE    0.0                       0.1   -0.1      0.0
  SINCE MAR 1      0.0                       0.1   -0.1      0.0
  SINCE JUL 1      0.0                       0.2   -0.2      0.0
  SNOW DEPTH       0

DEGREE DAYS
 HEATING
  YESTERDAY        0                         5     -5        0
  MONTH TO DATE  119                       154    -35       96
  SINCE MAR 1    119                       154    -35       96
  SINCE JUL 1    890                      1596   -706     1194

 COOLING
  YESTERDAY        5                         1      4        0
  MONTH TO DATE   45                        23     22       48
  SINCE MAR 1     45                        23     22       48
  SINCE JAN 1    120                        39     81       62
..................................................................


WIND (MPH)
  HIGHEST WIND SPEED    21   HIGHEST WIND DIRECTION    SE (130)
  HIGHEST GUST SPEED    26   HIGHEST GUST DIRECTION    SE (140)
  AVERAGE WIND SPEED    10.2


SKY COVER
  POSSIBLE SUNSHINE  MM
  AVERAGE SKY COVER 0.2


WEATHER CONDITIONS
 THE FOLLOWING WEATHER WAS RECORDED YESTERDAY.
  NO SIGNIFICANT WEATHER WAS OBSERVED.


RELATIVE HUMIDITY (PERCENT)
 HIGHEST    81           800 PM
 LOWEST     46          1100 AM
 AVERAGE    64

..........................................................


THE MOBILE CLIMATE NORMALS FOR TODAY
                         NORMAL    RECORD    YEAR
 MAXIMUM TEMPERATURE (F)   73        86      1995
 MINIMUM TEMPERATURE (F)   51        29      1968


SUNRISE AND SUNSET
MARCH 24 2017.........SUNRISE   652 AM CDT   SUNSET   707 PM CDT
MARCH 25 2017.........SUNRISE   650 AM CDT   SUNSET   708 PM CDT


-  INDICATES NEGATIVE NUMBERS.
R  INDICATES RECORD WAS SET OR TIED.
MM INDICATES DATA IS MISSING.
T  INDICATES TRACE AMOUNT.




$$
