000
CDUS44 KMOB 170645
CLIMOB


CLIMATE REPORT
NATIONAL WEATHER SERVICE MOBILE AL
145 AM CDT TUE OCT 17 2017


...................................

...THE MOBILE CLIMATE SUMMARY FOR OCTOBER 16 2017...

CLIMATE NORMAL PERIOD 1981 TO 2010
CLIMATE RECORD PERIOD 1842 TO 2017


WEATHER ITEM   OBSERVED TIME   RECORD YEAR NORMAL DEPARTURE LAST
                VALUE   (LST)  VALUE       VALUE  FROM      YEAR
                                                  NORMAL
..................................................................
TEMPERATURE (F)
 YESTERDAY
  MAXIMUM         74    147 AM  93    2015  79     -5       88
  MINIMUM         58   1159 PM  43    1987  58      0       66
                                      1943
  AVERAGE         66                        68     -2       77

PRECIPITATION (IN)
  YESTERDAY        0.14          3.49 1923   0.11   0.03     0.00
  MONTH TO DATE    9.31                      1.89   7.42     0.00
  SINCE MAR 1     62.59                     43.39  19.20    42.76
  SINCE JAN 1     74.80                     54.16  20.64    52.21

DEGREE DAYS
 HEATING
  YESTERDAY        0                         1     -1        0
  MONTH TO DATE    0                        12    -12        0
  SINCE SEP 1      0                        14    -14        0
  SINCE JUL 1      0                        14    -14        0

 COOLING
  YESTERDAY        1                         5     -4       12
  MONTH TO DATE  208                       104    104      141
  SINCE SEP 1    607                       481    126      607
  SINCE JAN 1   2693                      2408    285     2657
..................................................................


WIND (MPH)
  HIGHEST WIND SPEED    20   HIGHEST WIND DIRECTION     N (10)
  HIGHEST GUST SPEED    24   HIGHEST GUST DIRECTION     N (10)
  AVERAGE WIND SPEED    12.4


SKY COVER
  POSSIBLE SUNSHINE  MM
  AVERAGE SKY COVER 0.7


WEATHER CONDITIONS
 THE FOLLOWING WEATHER WAS RECORDED YESTERDAY.
  THUNDERSTORM
  HEAVY RAIN
  RAIN
  LIGHT RAIN
  FOG
  HAZE


RELATIVE HUMIDITY (PERCENT)
 HIGHEST    97           500 AM
 LOWEST     44           300 PM
 AVERAGE    71

..........................................................


THE MOBILE CLIMATE NORMALS FOR TODAY
                         NORMAL    RECORD    YEAR
 MAXIMUM TEMPERATURE (F)   79        90      1972
 MINIMUM TEMPERATURE (F)   57        38      1991


SUNRISE AND SUNSET
OCTOBER 17 2017.......SUNRISE   657 AM CDT   SUNSET   619 PM CDT
OCTOBER 18 2017.......SUNRISE   658 AM CDT   SUNSET   618 PM CDT


-  INDICATES NEGATIVE NUMBERS.
R  INDICATES RECORD WAS SET OR TIED.
MM INDICATES DATA IS MISSING.
T  INDICATES TRACE AMOUNT.




$$
