877
CDUS44 KMOB 100645
CLIMOB


CLIMATE REPORT
NATIONAL WEATHER SERVICE MOBILE AL
1245 AM CST WED FEB 10 2016


...................................

...THE MOBILE CLIMATE SUMMARY FOR FEBRUARY 9 2016...

CLIMATE NORMAL PERIOD 1981 TO 2010
CLIMATE RECORD PERIOD 1842 TO 2016


WEATHER ITEM   OBSERVED TIME   RECORD YEAR NORMAL DEPARTURE LAST
                VALUE   (LST)  VALUE       VALUE  FROM      YEAR
                                                  NORMAL
..................................................................
TEMPERATURE (F)
 YESTERDAY
  MAXIMUM         54    405 PM  80    1994  63     -9       74
                                      1957
  MINIMUM         31    615 AM  17    1933  42    -11       52
  AVERAGE         43                        53    -10       63

PRECIPITATION (IN)
  YESTERDAY        0.00          1.87 1908   0.18  -0.18     0.00
  MONTH TO DATE    1.18                      1.65  -0.47     0.96
  SINCE MAR 1     82.79                     62.68  20.11    70.44
  SINCE JAN 1      7.47                      7.30   0.17     4.85

SNOWFALL (IN)
  YESTERDAY        0.0          MM      MM   0.0    0.0      0.0
  MONTH TO DATE    0.0                       0.0    0.0      0.0
  SINCE MAR 1      0.0                       0.1   -0.1       T
  SINCE JUL 1      0.0                       T      0.0       T
  SNOW DEPTH       0

DEGREE DAYS
 HEATING
  YESTERDAY       22                        13      9        2
  MONTH TO DATE  125                       120      5      137
  SINCE DEC 1    788                       983   -195      960
  SINCE JUL 1    914                      1241   -327     1353

 COOLING
  YESTERDAY        0                         0      0        0
  MONTH TO DATE    8                         0      8        0
  SINCE DEC 1     79                        22     57        6
  SINCE JAN 1      8                         7      1        3
..................................................................


WIND (MPH)
  HIGHEST WIND SPEED    21   HIGHEST WIND DIRECTION     W (270)
  HIGHEST GUST SPEED    33   HIGHEST GUST DIRECTION     W (290)
  AVERAGE WIND SPEED     8.7


SKY COVER
  POSSIBLE SUNSHINE  MM
  AVERAGE SKY COVER 0.0


WEATHER CONDITIONS
 THE FOLLOWING WEATHER WAS RECORDED YESTERDAY.
  NO SIGNIFICANT WEATHER WAS OBSERVED.


RELATIVE HUMIDITY (PERCENT)
 HIGHEST    66           400 AM
 LOWEST     22           200 PM
 AVERAGE    44

..........................................................


THE MOBILE CLIMATE NORMALS FOR TODAY
                         NORMAL    RECORD    YEAR
 MAXIMUM TEMPERATURE (F)   63        80      1957
 MINIMUM TEMPERATURE (F)   42        18      1979


SUNRISE AND SUNSET
FEBRUARY 10 2016......SUNRISE   638 AM CST   SUNSET   536 PM CST
FEBRUARY 11 2016......SUNRISE   637 AM CST   SUNSET   537 PM CST


-  INDICATES NEGATIVE NUMBERS.
R  INDICATES RECORD WAS SET OR TIED.
MM INDICATES DATA IS MISSING.
T  INDICATES TRACE AMOUNT.




$$
