000
CDUS44 KMOB 170645
CLIMOB


CLIMATE REPORT
NATIONAL WEATHER SERVICE MOBILE AL
1245 AM CST SUN DEC 17 2017


...................................

...THE MOBILE CLIMATE SUMMARY FOR DECEMBER 16 2017...

CLIMATE NORMAL PERIOD 1981 TO 2010
CLIMATE RECORD PERIOD 1842 TO 2017


WEATHER ITEM   OBSERVED TIME   RECORD YEAR NORMAL DEPARTURE LAST
                VALUE   (LST)  VALUE       VALUE  FROM      YEAR
                                                  NORMAL
..................................................................
TEMPERATURE (F)
 YESTERDAY
  MAXIMUM         60    300 PM  81    1971  62     -2       67
  MINIMUM         39    204 AM  16    1901  42     -3       38
  AVERAGE         50                        52     -2       53

PRECIPITATION (IN)
  YESTERDAY        0.00          2.48 1902   0.15  -0.15     0.00
  MONTH TO DATE    1.80                      2.53  -0.73     5.07
  SINCE MAR 1     69.00                     52.85  16.15    49.88
  SINCE JAN 1     81.21                     63.62  17.59    59.33

SNOWFALL (IN)
  YESTERDAY        0.0           0.0  2001   0.0    0.0      0.0
                                      2000
  MONTH TO DATE    1.0                       0.0    1.0      0.0
  SINCE MAR 1      1.0                       0.1    0.9      0.0
  SINCE JUL 1      1.0                       0.0    1.0      0.0
  SNOW DEPTH       0

DEGREE DAYS
 HEATING
  YESTERDAY       15                        13      2       12
  MONTH TO DATE  219                       190     29      163
  SINCE DEC 1    219                       190     29      163
  SINCE JUL 1    435                       448    -13      297

 COOLING
  YESTERDAY        0                         0      0        0
  MONTH TO DATE    2                         8     -6        5
  SINCE DEC 1      2                         8     -6        5
  SINCE JAN 1   2781                      2511    270     2812
..................................................................


WIND (MPH)
  HIGHEST WIND SPEED    10   HIGHEST WIND DIRECTION     E (110)
  HIGHEST GUST SPEED    13   HIGHEST GUST DIRECTION     E (110)
  AVERAGE WIND SPEED     5.7


SKY COVER
  POSSIBLE SUNSHINE  MM
  AVERAGE SKY COVER 0.7


WEATHER CONDITIONS
 THE FOLLOWING WEATHER WAS RECORDED YESTERDAY.
  NO SIGNIFICANT WEATHER WAS OBSERVED.


RELATIVE HUMIDITY (PERCENT)
 HIGHEST    70          1200 AM
 LOWEST     31           200 PM
 AVERAGE    51

..........................................................


THE MOBILE CLIMATE NORMALS FOR TODAY
                         NORMAL    RECORD    YEAR
 MAXIMUM TEMPERATURE (F)   62        78      2008
                                             1971
 MINIMUM TEMPERATURE (F)   42        25      1963


SUNRISE AND SUNSET
DECEMBER 17 2017......SUNRISE   644 AM CST   SUNSET   454 PM CST
DECEMBER 18 2017......SUNRISE   645 AM CST   SUNSET   455 PM CST


-  INDICATES NEGATIVE NUMBERS.
R  INDICATES RECORD WAS SET OR TIED.
MM INDICATES DATA IS MISSING.
T  INDICATES TRACE AMOUNT.




$$
