460
CDUS46 KSTO 290850
CLIMOD


CLIMATE REPORT
NATIONAL WEATHER SERVICE SACRAMENTO, CA
150 AM PDT SAT APR 29 2017


...................................

...THE MODESTO CA CLIMATE SUMMARY FOR APRIL 28 2017...

CLIMATE NORMAL PERIOD 1981 TO 2010
CLIMATE RECORD PERIOD 1931 TO 2017


WEATHER ITEM   OBSERVED TIME   RECORD YEAR NORMAL DEPARTURE LAST
                VALUE   (LST)  VALUE       VALUE  FROM      YEAR
                                                  NORMAL
..................................................................
TEMPERATURE (F)
 YESTERDAY
  MAXIMUM         77    333 PM  95    2007  78     -1       81
  MINIMUM         55    607 AM  35    1970  52      3       54
  AVERAGE         66

PRECIPITATION (IN)
  YESTERDAY        0.00          0.88 1942   0.03  -0.03     0.00
  MONTH TO DATE    1.48                      0.92   0.56     1.57
  SINCE OCT 1     16.78                     12.03   4.75    15.36
  SINCE JAN 1     11.75                      7.95   3.80    10.95

SNOWFALL (IN)
  YESTERDAY        0.0          MM      MM
  MONTH TO DATE    0.0
  SINCE MAR 1      0.0
  SINCE JUL 1      0.0
  SNOW DEPTH       0

DEGREE DAYS
 HEATING
  YESTERDAY        0                         3     -3        0
  MONTH TO DATE   90                       126    -36       51
  SINCE MAR 1    270                       363    -93      226
  SINCE JUL 1   1786                      2131   -345     1818

 COOLING
  YESTERDAY        1                         2     -1        3
  MONTH TO DATE    6                        33    -27       48
  SINCE MAR 1     12                        38    -26       48
  SINCE JAN 1     12                        38    -26       48
..................................................................


WIND (MPH)
  RESULTANT WIND SPEED  16   RESULTANT WIND DIRECTION  NW (320)
  HIGHEST WIND SPEED    31   HIGHEST WIND DIRECTION    NW (330)
  HIGHEST GUST SPEED    42   HIGHEST GUST DIRECTION     W (290)


SKY COVER
  POSSIBLE SUNSHINE  MM
  AVERAGE SKY COVER 0.0


WEATHER CONDITIONS
 THE FOLLOWING WEATHER WAS RECORDED YESTERDAY.
  HAZE


RELATIVE HUMIDITY (PERCENT)
 HIGHEST    62          1200 AM
 LOWEST     10           100 PM
 AVERAGE    36

..........................................................


THE MODESTO CA CLIMATE NORMALS FOR TODAY
                         NORMAL    RECORD    YEAR
 MAXIMUM TEMPERATURE (F)   79        97      1981
 MINIMUM TEMPERATURE (F)   52        35      1942


SUNRISE AND SUNSET
APRIL 29 2017.........SUNRISE   610 AM PDT   SUNSET   752 PM PDT
APRIL 30 2017.........SUNRISE   609 AM PDT   SUNSET   753 PM PDT


-  INDICATES NEGATIVE NUMBERS.
R  INDICATES RECORD WAS SET OR TIED.
MM INDICATES DATA IS MISSING.
T  INDICATES TRACE AMOUNT.




$$
