000
CDUS46 KSTO 300836
CLIMOD


CLIMATE REPORT
NATIONAL WEATHER SERVICE SACRAMENTO, CA
136 AM PDT SAT APR 30 2016


...................................

...THE MODESTO CA CLIMATE SUMMARY FOR APRIL 29 2016...

CLIMATE NORMAL PERIOD 1981 TO 2010
CLIMATE RECORD PERIOD 1931 TO 2016


WEATHER ITEM   OBSERVED TIME   RECORD YEAR NORMAL DEPARTURE LAST
                VALUE   (LST)  VALUE       VALUE  FROM      YEAR
                                                  NORMAL
..................................................................
TEMPERATURE (F)
 YESTERDAY
  MAXIMUM         81    318 PM  97    1981  79      2       86
  MINIMUM         51    505 AM  35    1942  52     -1       56
  AVERAGE         66

PRECIPITATION (IN)
  YESTERDAY        T             0.34 1948   0.02  -0.02     0.00
  MONTH TO DATE    1.57                      0.94   0.63     0.63
  SINCE OCT 1     15.36                     12.05   3.31     9.98
  SINCE JAN 1     10.95                      7.97   2.98     2.58

SNOWFALL (IN)
  YESTERDAY        0.0          MM      MM
  MONTH TO DATE    0.0
  SINCE MAR 1      0.0
  SINCE JUL 1      0.0
  SNOW DEPTH       0

DEGREE DAYS
 HEATING
  YESTERDAY        0                         2     -2        0
  MONTH TO DATE   51                       128    -77       83
  SINCE MAR 1    226                       365   -139      177
  SINCE JUL 1   1818                      2133   -315     1589

 COOLING
  YESTERDAY        1                         3     -2        6
  MONTH TO DATE   49                        36     13       41
  SINCE MAR 1     49                        41      8       73
  SINCE JAN 1     49                        41      8       73
..................................................................


WIND (MPH)
  RESULTANT WIND SPEED   6   RESULTANT WIND DIRECTION  NW (310)
  HIGHEST WIND SPEED    21   HIGHEST WIND DIRECTION    NW (300)
  HIGHEST GUST SPEED    41   HIGHEST GUST DIRECTION    NW (330)


SKY COVER
  POSSIBLE SUNSHINE  MM
  AVERAGE SKY COVER 0.1


WEATHER CONDITIONS
 THE FOLLOWING WEATHER WAS RECORDED YESTERDAY.
  HAZE


RELATIVE HUMIDITY (PERCENT)
 HIGHEST    83           300 AM
 LOWEST     28           200 PM
 AVERAGE    56

..........................................................


THE MODESTO CA CLIMATE NORMALS FOR TODAY
                         NORMAL    RECORD    YEAR
 MAXIMUM TEMPERATURE (F)   79       100      1981
 MINIMUM TEMPERATURE (F)   52        36      1967


SUNRISE AND SUNSET
APRIL 30 2016.........SUNRISE   609 AM PDT   SUNSET   754 PM PDT
MAY  1 2016...........SUNRISE   608 AM PDT   SUNSET   755 PM PDT


-  INDICATES NEGATIVE NUMBERS.
R  INDICATES RECORD WAS SET OR TIED.
MM INDICATES DATA IS MISSING.
T  INDICATES TRACE AMOUNT.




$$
