000
CDUS46 KSTO 230848
CLIMOD


CLIMATE REPORT
NATIONAL WEATHER SERVICE SACRAMENTO, CA
147 AM PDT THU OCT 23 2014


...................................

...THE MODESTO CA CLIMATE SUMMARY FOR OCTOBER 22 2014...

CLIMATE NORMAL PERIOD 1981 TO 2010
CLIMATE RECORD PERIOD 1931 TO 2014


WEATHER ITEM   OBSERVED TIME   RECORD YEAR NORMAL DEPARTURE LAST
                VALUE   (LST)  VALUE       VALUE  FROM      YEAR
                                                  NORMAL
..................................................................
TEMPERATURE (F)
 YESTERDAY
  MAXIMUM         76    343 PM  90    1939  77     -1       82
  MINIMUM         51    348 AM  35    1949  51      0       46
  AVERAGE         64

PRECIPITATION (IN)
  YESTERDAY        0.00          0.58 1973   0.02  -0.02     0.00
  MONTH TO DATE    0.00                      0.40  -0.40     0.00
  SINCE JUL 1      0.30                      0.68  -0.38     0.13
  SINCE JAN 1      5.81                      9.43  -3.62     3.34

SNOWFALL (IN)
  YESTERDAY        0.0           0.0  2002
                                      2001
  MONTH TO DATE    0.0
  SINCE SEP 1      0.0
  SINCE JUL 1      0.0
  SNOW DEPTH       0

DEGREE DAYS
 HEATING
  YESTERDAY        1                         3     -2        1
  MONTH TO DATE    5                        26    -21       26
  SINCE SEP 1      6                        29    -23       28
  SINCE JUL 1      6                        29    -23       28

 COOLING
  YESTERDAY        0                         1     -1        0
  MONTH TO DATE  126                        77     49       11
  SINCE SEP 1    425                       353     72      245
  SINCE JAN 1   1854                      1689    165     1717
..................................................................


WIND (MPH)
  RESULTANT WIND SPEED   4   RESULTANT WIND DIRECTION  NW (330)
  HIGHEST WIND SPEED    12   HIGHEST WIND DIRECTION     N (340)
  HIGHEST GUST SPEED    17   HIGHEST GUST DIRECTION     N (350)


SKY COVER
  POSSIBLE SUNSHINE  MM
  AVERAGE SKY COVER 0.0


WEATHER CONDITIONS
 THE FOLLOWING WEATHER WAS RECORDED YESTERDAY.
  NO SIGNIFICANT WEATHER WAS OBSERVED.


RELATIVE HUMIDITY (PERCENT)
 HIGHEST    89           400 AM
 LOWEST     25           400 PM
 AVERAGE    57

..........................................................


THE MODESTO CA CLIMATE NORMALS FOR TODAY
                         NORMAL    RECORD    YEAR
 MAXIMUM TEMPERATURE (F)   76        92      1965
 MINIMUM TEMPERATURE (F)   51        31      1949


SUNRISE AND SUNSET
OCTOBER 23 2014.......SUNRISE   720 AM PDT   SUNSET   616 PM PDT
OCTOBER 24 2014.......SUNRISE   721 AM PDT   SUNSET   615 PM PDT


-  INDICATES NEGATIVE NUMBERS.
R  INDICATES RECORD WAS SET OR TIED.
MM INDICATES DATA IS MISSING.
T  INDICATES TRACE AMOUNT.




$$
