000
CDUS43 KBIS 171122
CLIMOT


CLIMATE REPORT
NATIONAL WEATHER SERVICE BISMARCK ND
621 AM CDT THU APR 17 2014


...................................

...THE MINOT ND CLIMATE SUMMARY FOR APRIL 16 2014...

CLIMATE NORMAL PERIOD 1981 TO 2010
CLIMATE RECORD PERIOD 1905 TO 2014


WEATHER ITEM   OBSERVED TIME   RECORD YEAR NORMAL DEPARTURE LAST
                VALUE   (LST)  VALUE       VALUE  FROM      YEAR
                                                  NORMAL
..................................................................
TEMPERATURE (F)
 YESTERDAY
  MAXIMUM         34    542 PM  85    1926  56    -22       31
  MINIMUM         22    719 AM   9    1953  32    -10       20
  AVERAGE         28                        44    -16       26

PRECIPITATION (IN)
  YESTERDAY        0.03          1.31 1976   0.03   0.00      T
  MONTH TO DATE    0.15                      0.50  -0.35     0.23
  SINCE MAR 1      0.20                      1.34  -1.14     0.84
  SINCE JAN 1      0.56                      2.25  -1.69     1.38

DEGREE DAYS
 HEATING
  YESTERDAY       37                        21     16       39
  MONTH TO DATE  478                       400     78      638
  SINCE MAR 1   1761                      1539    222     2218
  SINCE JUL 1   8994                      8115    879     8948

 COOLING
  YESTERDAY        0                         0      0        0
  MONTH TO DATE    0                         0      0        0
  SINCE MAR 1      0                         0      0        0
  SINCE JAN 1      0                         0      0        0
..................................................................


WIND (MPH)
  HIGHEST WIND SPEED    22   HIGHEST WIND DIRECTION     E (80)
  HIGHEST GUST SPEED    27   HIGHEST GUST DIRECTION     E (70)
  AVERAGE WIND SPEED    11.6


SKY COVER
  POSSIBLE SUNSHINE  MM
  AVERAGE SKY COVER 1.0


WEATHER CONDITIONS
 THE FOLLOWING WEATHER WAS RECORDED YESTERDAY.
  LIGHT SNOW
  FOG


RELATIVE HUMIDITY (PERCENT)
 HIGHEST    88          1200 AM
 LOWEST     51           300 PM
 AVERAGE    70

..........................................................


THE MINOT ND CLIMATE NORMALS FOR TODAY
                         NORMAL    RECORD    YEAR
 MAXIMUM TEMPERATURE (F)   56        86      1906
 MINIMUM TEMPERATURE (F)   33         8      1953


SUNRISE AND SUNSET
APRIL 17 2014.........SUNRISE   651 AM CDT   SUNSET   839 PM CDT
APRIL 18 2014.........SUNRISE   649 AM CDT   SUNSET   840 PM CDT


-  INDICATES NEGATIVE NUMBERS.
R  INDICATES RECORD WAS SET OR TIED.
MM INDICATES DATA IS MISSING.
T  INDICATES TRACE AMOUNT.




$$
