000
CDUS43 KBIS 020024
CLIMOT


CLIMATE REPORT
NATIONAL WEATHER SERVICE BISMARCK ND
724 PM CDT MON JUN 1 2015


...................................

...THE MINOT ND CLIMATE SUMMARY FOR JUNE 1 2015...
VALID TODAY AS OF 0700 PM LOCAL TIME.

CLIMATE NORMAL PERIOD 1981 TO 2010
CLIMATE RECORD PERIOD 1897 TO 2015


WEATHER ITEM   OBSERVED TIME   RECORD YEAR NORMAL DEPARTURE LAST
                VALUE   (LST)  VALUE       VALUE  FROM      YEAR
                                                  NORMAL
..................................................................
TEMPERATURE (F)
 TODAY
  MAXIMUM         84    437 PM  93    1997  71     13       73
                                      1933
  MINIMUM         50    349 AM  26    1935  48      2       53
                                      1917
  AVERAGE         67                        60      7       63

PRECIPITATION (IN)
  TODAY            0.00          3.29 2005   0.11  -0.11     0.06
  MONTH TO DATE    0.00                      0.11  -0.11     0.06
  SINCE JUN 1      0.00                      0.11  -0.11     0.06
  SINCE JAN 1      4.13                      5.50  -1.37     3.87

DEGREE DAYS
 HEATING
  TODAY            0                         6     -6        2
  MONTH TO DATE    0                         6     -6        2
  SINCE JUN 1      0                         6     -6        2
  SINCE JUL 1   8650                      8701    -51     9665

 COOLING
  TODAY            2                         1      1        0
  MONTH TO DATE    2                         1      1        0
  SINCE JUN 1      2                         1      1        0
  SINCE JAN 1      9                        17     -8       41
..................................................................


WIND (MPH)
  RESULTANT WIND SPEED  13   RESULTANT WIND DIRECTION  SE (150)
  HIGHEST WIND SPEED    22   HIGHEST WIND DIRECTION     S (170)
  HIGHEST GUST SPEED    28   HIGHEST GUST DIRECTION     S (190)
  AVERAGE WIND SPEED    13.8


SKY COVER
  POSSIBLE SUNSHINE  MM
  AVERAGE SKY COVER 0.0


WEATHER CONDITIONS
 THE FOLLOWING WEATHER WAS RECORDED TODAY.
  NO SIGNIFICANT WEATHER WAS OBSERVED.


RELATIVE HUMIDITY (PERCENT)
 HIGHEST    83           600 AM
 LOWEST     37           300 PM
 AVERAGE    60

..........................................................


THE MINOT ND CLIMATE NORMALS FOR TOMORROW
                         NORMAL    RECORD    YEAR
 MAXIMUM TEMPERATURE (F)   72        93      1948
 MINIMUM TEMPERATURE (F)   49        27      1919


SUNRISE AND SUNSET
JUNE  1 2015..........SUNRISE   549 AM CDT   SUNSET   937 PM CDT
JUNE  2 2015..........SUNRISE   548 AM CDT   SUNSET   938 PM CDT


-  INDICATES NEGATIVE NUMBERS.
R  INDICATES RECORD WAS SET OR TIED.
MM INDICATES DATA IS MISSING.
T  INDICATES TRACE AMOUNT.




$$
