000
CDUS43 KBIS 100750
CLIMOT


CLIMATE REPORT
NATIONAL WEATHER SERVICE BISMARCK ND
150 AM CST SAT DEC 10 2016


...................................

...THE MINOT ND CLIMATE SUMMARY FOR DECEMBER 9 2016...

CLIMATE NORMAL PERIOD 1981 TO 2010
CLIMATE RECORD PERIOD 1897 TO 2016


WEATHER ITEM   OBSERVED TIME   RECORD YEAR NORMAL DEPARTURE LAST
                VALUE   (LST)  VALUE       VALUE  FROM      YEAR
                                                  NORMAL
..................................................................
TEMPERATURE (F)
 YESTERDAY
  MAXIMUM         -6    218 AM  62    2015  25    -31       62
                                      1939
  MINIMUM        -17   1147 PM -32    1922   9    -26       42
  AVERAGE        -11                        17    -28       52

PRECIPITATION (IN)
  YESTERDAY        0.00          1.07 1904   0.01  -0.01     0.07
  MONTH TO DATE    0.43                      0.11   0.32     0.07
  SINCE DEC 1      0.43                      0.11   0.32     0.07
  SINCE JAN 1     18.54                     16.92   1.62    14.42

DEGREE DAYS
 HEATING
  YESTERDAY       76                        48     28       13
  MONTH TO DATE  449                       418     31      224
  SINCE DEC 1    449                       418     31      224
  SINCE JUL 1   1964                      2476   -512     1925
..................................................................


WIND (MPH)
  HIGHEST WIND SPEED    16   HIGHEST WIND DIRECTION     W (290)
  HIGHEST GUST SPEED    18   HIGHEST GUST DIRECTION    NW (300)
  AVERAGE WIND SPEED     9.1


SKY COVER
  POSSIBLE SUNSHINE  MM
  AVERAGE SKY COVER 0.1


WEATHER CONDITIONS
 THE FOLLOWING WEATHER WAS RECORDED YESTERDAY.
  FOG
  HAZE


RELATIVE HUMIDITY (PERCENT)
 HIGHEST    87           800 PM
 LOWEST     70          1000 PM
 AVERAGE    79

..........................................................


THE MINOT ND CLIMATE NORMALS FOR TODAY
                         NORMAL    RECORD    YEAR
 MAXIMUM TEMPERATURE (F)   25        56      1987
 MINIMUM TEMPERATURE (F)    9       -32      1919


SUNRISE AND SUNSET
DECEMBER 10 2016......SUNRISE   825 AM CST   SUNSET   451 PM CST
DECEMBER 11 2016......SUNRISE   826 AM CST   SUNSET   451 PM CST


-  INDICATES NEGATIVE NUMBERS.
R  INDICATES RECORD WAS SET OR TIED.
MM INDICATES DATA IS MISSING.
T  INDICATES TRACE AMOUNT.




$$
