000
CDUS43 KBIS 210036
CLIMOT


CLIMATE REPORT
NATIONAL WEATHER SERVICE BISMARCK ND
636 PM CST SAT JAN 20 2018


...................................

...THE MINOT ND CLIMATE SUMMARY FOR JANUARY 20 2018...
VALID TODAY AS OF 0600 PM LOCAL TIME.

CLIMATE NORMAL PERIOD 1981 TO 2010
CLIMATE RECORD PERIOD 1897 TO 2018


WEATHER ITEM   OBSERVED TIME   RECORD YEAR NORMAL DEPARTURE LAST
                VALUE   (LST)  VALUE       VALUE  FROM      YEAR
                                                  NORMAL
..................................................................
TEMPERATURE (F)
 TODAY
  MAXIMUM         38    353 PM  50    1899  21     17       29
  MINIMUM         29    941 AM -34    1954   3     26       15
  AVERAGE         34                        12     22       22

PRECIPITATION (IN)
  TODAY            0.00          0.60 1916   0.02  -0.02     0.00
  MONTH TO DATE    0.07                      0.35  -0.28     0.06
  SINCE DEC 1      0.12                      0.73  -0.61     0.68
  SINCE JAN 1      0.07                      0.35  -0.28     0.06

DEGREE DAYS
 HEATING
  TODAY           31                        53    -22       43
  MONTH TO DATE 1042                      1060    -18     1159
  SINCE DEC 1   2511                      2597    -86     2803
  SINCE JUL 1   4389                      4655   -266     4318

 COOLING
  TODAY            0                         0      0        0
  MONTH TO DATE    0                         0      0        0
  SINCE DEC 1      0                         0      0        0
  SINCE JAN 1      0                         0      0        0
..................................................................


WIND (MPH)
  RESULTANT WIND SPEED  13   RESULTANT WIND DIRECTION  SW (240)
  HIGHEST WIND SPEED    21   HIGHEST WIND DIRECTION     W (250)
  HIGHEST GUST SPEED    25   HIGHEST GUST DIRECTION    SW (240)
  AVERAGE WIND SPEED    12.9


SKY COVER
  POSSIBLE SUNSHINE  MM
  AVERAGE SKY COVER 0.0


WEATHER CONDITIONS
 THE FOLLOWING WEATHER WAS RECORDED TODAY.
  NO SIGNIFICANT WEATHER WAS OBSERVED.


RELATIVE HUMIDITY (PERCENT)
 HIGHEST    78           400 AM
 LOWEST     54           300 PM
 AVERAGE    66

..........................................................


THE MINOT ND CLIMATE NORMALS FOR TOMORROW
                         NORMAL    RECORD    YEAR
 MAXIMUM TEMPERATURE (F)   21        56      1942
                                             1927
 MINIMUM TEMPERATURE (F)    3       -31      1954
                                             1927


SUNRISE AND SUNSET
JANUARY 20 2018.......SUNRISE   827 AM CST   SUNSET   526 PM CST
JANUARY 21 2018.......SUNRISE   826 AM CST   SUNSET   527 PM CST


-  INDICATES NEGATIVE NUMBERS.
R  INDICATES RECORD WAS SET OR TIED.
MM INDICATES DATA IS MISSING.
T  INDICATES TRACE AMOUNT.




$$
