000
CDUS43 KBIS 050722
CLIMOT


CLIMATE REPORT
NATIONAL WEATHER SERVICE BISMARCK ND
221 AM CDT THU MAY 5 2016


...................................

...THE MINOT ND CLIMATE SUMMARY FOR MAY 4 2016...

CLIMATE NORMAL PERIOD 1981 TO 2010
CLIMATE RECORD PERIOD 1897 TO 2016


WEATHER ITEM   OBSERVED TIME   RECORD YEAR NORMAL DEPARTURE LAST
                VALUE   (LST)  VALUE       VALUE  FROM      YEAR
                                                  NORMAL
..................................................................
TEMPERATURE (F)
 YESTERDAY
  MAXIMUM         88    501 PM  95    1897  63     25       71
  MINIMUM         44    537 AM  20    1921  39      5       34
  AVERAGE         66                        51     15       53

PRECIPITATION (IN)
  YESTERDAY        0.00          2.27 1977   0.06  -0.06     0.00
  MONTH TO DATE    0.01                      0.25  -0.24     0.00
  SINCE MAR 1      2.59                      2.23   0.36     0.96
  SINCE JAN 1      3.17                      3.14   0.03     1.43

DEGREE DAYS
 COOLING
  YESTERDAY        1                         0      1        0
  MONTH TO DATE    1                         0      1        0
  SINCE MAR 1      1                         1      0        0
  SINCE JAN 1      1                         1      0        0
..................................................................


WIND (MPH)
  HIGHEST WIND SPEED    18   HIGHEST WIND DIRECTION     S (170)
  HIGHEST GUST SPEED    24   HIGHEST GUST DIRECTION     S (160)
  AVERAGE WIND SPEED     6.3


SKY COVER
  POSSIBLE SUNSHINE  MM
  AVERAGE SKY COVER 0.1


WEATHER CONDITIONS
 THE FOLLOWING WEATHER WAS RECORDED YESTERDAY.
  NO SIGNIFICANT WEATHER WAS OBSERVED.


RELATIVE HUMIDITY (PERCENT)
 HIGHEST    58           400 AM
 LOWEST     16           500 PM
 AVERAGE    37

..........................................................


THE MINOT ND CLIMATE NORMALS FOR TODAY
                         NORMAL    RECORD    YEAR
 MAXIMUM TEMPERATURE (F)   64        98      1926
 MINIMUM TEMPERATURE (F)   39        13      1929


SUNRISE AND SUNSET
MAY  5 2016...........SUNRISE   619 AM CDT   SUNSET   905 PM CDT
MAY  6 2016...........SUNRISE   617 AM CDT   SUNSET   907 PM CDT


-  INDICATES NEGATIVE NUMBERS.
R  INDICATES RECORD WAS SET OR TIED.
MM INDICATES DATA IS MISSING.
T  INDICATES TRACE AMOUNT.




$$
