000
CDUS43 KBIS 070042
CLIMOT


CLIMATE REPORT
NATIONAL WEATHER SERVICE BISMARCK ND
641 PM CST FRI MAR 6 2015


...................................

...THE MINOT ND CLIMATE SUMMARY FOR MARCH 6 2015...
VALID TODAY AS OF 0600 PM LOCAL TIME.

CLIMATE NORMAL PERIOD 1981 TO 2010
CLIMATE RECORD PERIOD 1905 TO 2015


WEATHER ITEM   OBSERVED TIME   RECORD YEAR NORMAL DEPARTURE LAST
                VALUE   (LST)  VALUE       VALUE  FROM      YEAR
                                                  NORMAL
..................................................................
TEMPERATURE (F)
 TODAY
  MAXIMUM         42    535 PM  66    1987  32     10       31
  MINIMUM         16    744 AM -21    1932  15      1       15
  AVERAGE         29                        24      5       23

PRECIPITATION (IN)
  TODAY            0.00          0.71 1983   0.02  -0.02     0.01
  MONTH TO DATE    T                         0.11  -0.11     0.03
  SINCE MAR 1      T                         0.11  -0.11     0.03
  SINCE JAN 1      0.47                      1.02  -0.55     0.39

DEGREE DAYS
 HEATING
  TODAY           36                        41     -5       42
  MONTH TO DATE  316                       254     62      368
  SINCE MAR 1    316                       254     62      368
  SINCE JUL 1   7004                      6830    174     7601

 COOLING
  TODAY            0                         0      0        0
  MONTH TO DATE    0                         0      0        0
  SINCE MAR 1      0                         0      0        0
  SINCE JAN 1      0                         0      0        0
..................................................................


WIND (MPH)
  RESULTANT WIND SPEED  11   RESULTANT WIND DIRECTION  SW (240)
  HIGHEST WIND SPEED    21   HIGHEST WIND DIRECTION     W (250)
  HIGHEST GUST SPEED    28   HIGHEST GUST DIRECTION    SW (230)
  AVERAGE WIND SPEED    13.4


SKY COVER
  POSSIBLE SUNSHINE  MM
  AVERAGE SKY COVER 0.2


WEATHER CONDITIONS
 THE FOLLOWING WEATHER WAS RECORDED TODAY.
  NO SIGNIFICANT WEATHER WAS OBSERVED.


RELATIVE HUMIDITY (PERCENT)
 HIGHEST    80           700 AM
 LOWEST     47           100 PM
 AVERAGE    64

..........................................................


THE MINOT ND CLIMATE NORMALS FOR TOMORROW
                         NORMAL    RECORD    YEAR
 MAXIMUM TEMPERATURE (F)   32        59      1968
 MINIMUM TEMPERATURE (F)   16       -19      1932


SUNRISE AND SUNSET
MARCH  6 2015.........SUNRISE   717 AM CST   SUNSET   637 PM CST
MARCH  7 2015.........SUNRISE   715 AM CST   SUNSET   638 PM CST


-  INDICATES NEGATIVE NUMBERS.
R  INDICATES RECORD WAS SET OR TIED.
MM INDICATES DATA IS MISSING.
T  INDICATES TRACE AMOUNT.




$$
