000
CDUS43 KBIS 290728
CLIMOT


CLIMATE REPORT
NATIONAL WEATHER SERVICE BISMARCK ND
226 AM CDT MON MAY 29 2017


...................................

...THE MINOT ND CLIMATE SUMMARY FOR MAY 28 2017...

CLIMATE NORMAL PERIOD 1981 TO 2010
CLIMATE RECORD PERIOD 1897 TO 2017


WEATHER ITEM   OBSERVED TIME   RECORD YEAR NORMAL DEPARTURE LAST
                VALUE   (LST)  VALUE       VALUE  FROM      YEAR
                                                  NORMAL
..................................................................
TEMPERATURE (F)
 YESTERDAY
  MAXIMUM         71    113 PM  99    1919  70      1       73
  MINIMUM         49   1210 AM  20    1947  47      2       56
  AVERAGE         60                        59      1       65

PRECIPITATION (IN)
  YESTERDAY        T             2.69 1953   0.09  -0.09     0.31
  MONTH TO DATE    0.63                      2.20  -1.57     1.22
  SINCE MAR 1      1.23                      4.18  -2.95     3.80
  SINCE JAN 1      1.36                      5.09  -3.73     4.38

DEGREE DAYS
 COOLING
  YESTERDAY        0                         1     -1        0
  MONTH TO DATE    3                         6     -3       39
  SINCE MAR 1      3                         7     -4       39
  SINCE JAN 1      3                         7     -4       39
..................................................................


WIND (MPH)
  HIGHEST WIND SPEED    38   HIGHEST WIND DIRECTION    NW (300)
  HIGHEST GUST SPEED    47   HIGHEST GUST DIRECTION    NW (310)
  AVERAGE WIND SPEED    20.8


SKY COVER
  POSSIBLE SUNSHINE  MM
  AVERAGE SKY COVER 0.5


WEATHER CONDITIONS
 THE FOLLOWING WEATHER WAS RECORDED YESTERDAY.
  NO SIGNIFICANT WEATHER WAS OBSERVED.


RELATIVE HUMIDITY (PERCENT)
 HIGHEST    80          1200 AM
 LOWEST     33          1200 PM
 AVERAGE    57

..........................................................


THE MINOT ND CLIMATE NORMALS FOR TODAY
                         NORMAL    RECORD    YEAR
 MAXIMUM TEMPERATURE (F)   70        97      1988
 MINIMUM TEMPERATURE (F)   47        24      1930


SUNRISE AND SUNSET
MAY 29 2017...........SUNRISE   551 AM CDT   SUNSET   935 PM CDT
MAY 30 2017...........SUNRISE   550 AM CDT   SUNSET   936 PM CDT


-  INDICATES NEGATIVE NUMBERS.
R  INDICATES RECORD WAS SET OR TIED.
MM INDICATES DATA IS MISSING.
T  INDICATES TRACE AMOUNT.




$$
