000
CDUS43 KBIS 210038
CLIMOT


CLIMATE REPORT
NATIONAL WEATHER SERVICE BISMARCK ND
738 PM CDT THU JUL 20 2017


...................................

...THE MINOT ND CLIMATE SUMMARY FOR JULY 20 2017...
VALID TODAY AS OF 0700 PM LOCAL TIME.

CLIMATE NORMAL PERIOD 1981 TO 2010
CLIMATE RECORD PERIOD 1897 TO 2017


WEATHER ITEM   OBSERVED TIME   RECORD YEAR NORMAL DEPARTURE LAST
                VALUE   (LST)  VALUE       VALUE  FROM      YEAR
                                                  NORMAL
..................................................................
TEMPERATURE (F)
 TODAY
  MAXIMUM         93    157 PM 103    1960  82     11       99
  MINIMUM         58    558 AM  36    1915  58      0       71
  AVERAGE         76                        70      6       85

PRECIPITATION (IN)
  TODAY            0.03          2.40 1996   0.07  -0.04      T
  MONTH TO DATE    0.20                      1.72  -1.52     1.90
  SINCE JUN 1      1.52                      5.30  -3.78     4.64
  SINCE JAN 1      2.88                     10.69  -7.81     9.79

DEGREE DAYS
 HEATING
  TODAY            0                         1     -1        0
  MONTH TO DATE    0                        20    -20        7
  SINCE JUN 1     51                       126    -75       22
  SINCE JUL 1      0                        20    -20        7

 COOLING
  TODAY           11                         6      5       20
  MONTH TO DATE  182                       102     80      140
  SINCE JUN 1    277                       175    102      271
  SINCE JAN 1    280                       191     89      311
..................................................................


WIND (MPH)
  RESULTANT WIND SPEED   3   RESULTANT WIND DIRECTION   E (100)
  HIGHEST WIND SPEED    25   HIGHEST WIND DIRECTION    NW (310)
  HIGHEST GUST SPEED    31   HIGHEST GUST DIRECTION    NW (300)
  AVERAGE WIND SPEED     8.2


SKY COVER
  POSSIBLE SUNSHINE  MM
  AVERAGE SKY COVER 0.1


WEATHER CONDITIONS
 THE FOLLOWING WEATHER WAS RECORDED TODAY.
  THUNDERSTORM
  RAIN
  LIGHT RAIN
  FOG


RELATIVE HUMIDITY (PERCENT)
 HIGHEST    93           500 AM
 LOWEST     33           200 PM
 AVERAGE    63

..........................................................


THE MINOT ND CLIMATE NORMALS FOR TOMORROW
                         NORMAL    RECORD    YEAR
 MAXIMUM TEMPERATURE (F)   82        99      1917
 MINIMUM TEMPERATURE (F)   58        39      1915


SUNRISE AND SUNSET
JULY 20 2017..........SUNRISE   606 AM CDT   SUNSET   936 PM CDT
JULY 21 2017..........SUNRISE   607 AM CDT   SUNSET   935 PM CDT


-  INDICATES NEGATIVE NUMBERS.
R  INDICATES RECORD WAS SET OR TIED.
MM INDICATES DATA IS MISSING.
T  INDICATES TRACE AMOUNT.




$$
