000
CDUS43 KBIS 222224
CLIMOT


CLIMATE REPORT
NATIONAL WEATHER SERVICE BISMARCK ND
523 PM CDT MON SEP 22 2014


...................................

...THE MINOT ND CLIMATE SUMMARY FOR SEPTEMBER 22 2014...
VALID TODAY AS OF 0500 PM LOCAL TIME.

CLIMATE NORMAL PERIOD 1981 TO 2010
CLIMATE RECORD PERIOD 1905 TO 2014


WEATHER ITEM   OBSERVED TIME   RECORD YEAR NORMAL DEPARTURE LAST
                VALUE   (LST)  VALUE       VALUE  FROM      YEAR
                                                  NORMAL
..................................................................
TEMPERATURE (F)
 TODAY
  MAXIMUM         82    343 PM  98    1938  67     15       78
  MINIMUM         48    640 AM  24    1947  43      5       43
  AVERAGE         65                        55     10       61

PRECIPITATION (IN)
  TODAY            0.00          2.85 1959   0.05  -0.05     0.15
  MONTH TO DATE    0.31                      1.08  -0.77     1.25
  SINCE SEP 1      0.31                      1.08  -0.77     1.25
  SINCE JAN 1     14.95                     14.52   0.43    21.43

DEGREE DAYS
 HEATING
  TODAY            0                        11    -11        4
  MONTH TO DATE  165                       152     13       72
  SINCE SEP 1    165                       152     13       72
  SINCE JUL 1    233                       223     10      141

 COOLING
  TODAY            0                         0      0        0
  MONTH TO DATE    4                        30    -26       50
  SINCE SEP 1      4                        30    -26       50
  SINCE JAN 1    309                       441   -132      421
..................................................................


WIND (MPH)
  RESULTANT WIND SPEED   7   RESULTANT WIND DIRECTION   S (160)
  HIGHEST WIND SPEED    18   HIGHEST WIND DIRECTION    SE (150)
  HIGHEST GUST SPEED    24   HIGHEST GUST DIRECTION    SE (150)
  AVERAGE WIND SPEED     8.5


SKY COVER
  POSSIBLE SUNSHINE  MM
  AVERAGE SKY COVER 0.0


WEATHER CONDITIONS
 THE FOLLOWING WEATHER WAS RECORDED TODAY.
  NO SIGNIFICANT WEATHER WAS OBSERVED.


RELATIVE HUMIDITY (PERCENT)
 HIGHEST    71           600 AM
 LOWEST     28           200 PM
 AVERAGE    50

..........................................................


THE MINOT ND CLIMATE NORMALS FOR TOMORROW
                         NORMAL    RECORD    YEAR
 MAXIMUM TEMPERATURE (F)   66        96      1917
 MINIMUM TEMPERATURE (F)   43        28      1976


SUNRISE AND SUNSET
SEPTEMBER 22 2014.....SUNRISE   732 AM CDT   SUNSET   743 PM CDT
SEPTEMBER 23 2014.....SUNRISE   733 AM CDT   SUNSET   741 PM CDT


-  INDICATES NEGATIVE NUMBERS.
R  INDICATES RECORD WAS SET OR TIED.
MM INDICATES DATA IS MISSING.
T  INDICATES TRACE AMOUNT.




$$
