000
CDUS43 KBIS 300029
CLIMOT


CLIMATE REPORT
NATIONAL WEATHER SERVICE BISMARCK ND
728 PM CDT SUN MAR 29 2015


...................................

...THE MINOT ND CLIMATE SUMMARY FOR MARCH 29 2015...
VALID TODAY AS OF 0700 PM LOCAL TIME.

CLIMATE NORMAL PERIOD 1981 TO 2010
CLIMATE RECORD PERIOD 1905 TO 2015


WEATHER ITEM   OBSERVED TIME   RECORD YEAR NORMAL DEPARTURE LAST
                VALUE   (LST)  VALUE       VALUE  FROM      YEAR
                                                  NORMAL
..................................................................
TEMPERATURE (F)
 TODAY
  MAXIMUM         59    321 PM  70    1966  45     14       61
  MINIMUM         36    654 AM -15    1964  25     11       21
  AVERAGE         48                        35     13       41

PRECIPITATION (IN)
  TODAY            0.01          0.26 1989   0.03  -0.02     0.00
  MONTH TO DATE    0.37                      0.76  -0.39     0.05
  SINCE MAR 1      0.37                      0.76  -0.39     0.05
  SINCE JAN 1      0.84                      1.67  -0.83     0.41

DEGREE DAYS
 HEATING
  TODAY           17                        30    -13       24
  MONTH TO DATE  934                      1076   -142     1202
  SINCE MAR 1    934                      1076   -142     1202
  SINCE JUL 1   7622                      7652    -30     8435

 COOLING
  TODAY            0                         0      0        0
  MONTH TO DATE    0                         0      0        0
  SINCE MAR 1      0                         0      0        0
  SINCE JAN 1      0                         0      0        0
..................................................................


WIND (MPH)
  RESULTANT WIND SPEED  21   RESULTANT WIND DIRECTION   W (290)
  HIGHEST WIND SPEED    35   HIGHEST WIND DIRECTION    NW (310)
  HIGHEST GUST SPEED    45   HIGHEST GUST DIRECTION    NW (310)
  AVERAGE WIND SPEED    21.3


SKY COVER
  POSSIBLE SUNSHINE  MM
  AVERAGE SKY COVER 0.4


WEATHER CONDITIONS
 THE FOLLOWING WEATHER WAS RECORDED TODAY.
  LIGHT RAIN
  LIGHT SNOW


RELATIVE HUMIDITY (PERCENT)
 HIGHEST    93          1200 AM
 LOWEST     27           100 PM
 AVERAGE    60

..........................................................


THE MINOT ND CLIMATE NORMALS FOR TOMORROW
                         NORMAL    RECORD    YEAR
 MAXIMUM TEMPERATURE (F)   45        79      1966
 MINIMUM TEMPERATURE (F)   25       -15      1923


SUNRISE AND SUNSET
MARCH 29 2015.........SUNRISE   730 AM CDT   SUNSET   811 PM CDT
MARCH 30 2015.........SUNRISE   728 AM CDT   SUNSET   812 PM CDT


-  INDICATES NEGATIVE NUMBERS.
R  INDICATES RECORD WAS SET OR TIED.
MM INDICATES DATA IS MISSING.
T  INDICATES TRACE AMOUNT.




$$
