000
CDUS43 KBIS 220723
CLIMOT


CLIMATE REPORT
NATIONAL WEATHER SERVICE BISMARCK ND
223 AM CDT TUE JUL 22 2014


...................................

...THE MINOT ND CLIMATE SUMMARY FOR JULY 21 2014...

CLIMATE NORMAL PERIOD 1981 TO 2010
CLIMATE RECORD PERIOD 1905 TO 2014


WEATHER ITEM   OBSERVED TIME   RECORD YEAR NORMAL DEPARTURE LAST
                VALUE   (LST)  VALUE       VALUE  FROM      YEAR
                                                  NORMAL
..................................................................
TEMPERATURE (F)
 YESTERDAY
  MAXIMUM         79    122 PM  99    1917  82     -3       83
  MINIMUM         62   1152 PM  37    1915  58      4       55
  AVERAGE         71                        70      1       69

PRECIPITATION (IN)
  YESTERDAY        0.37          1.25 1981   0.08   0.29     0.00
  MONTH TO DATE    0.84                      1.80  -0.96     4.14
  SINCE JUN 1      6.18                      5.38   0.80     8.74
  SINCE JAN 1      9.99                     10.77  -0.78    17.11

DEGREE DAYS
 COOLING
  YESTERDAY        6                         6      0        4
  MONTH TO DATE   80                       108    -28      119
  SINCE JUN 1    102                       181    -79      183
  SINCE JAN 1    143                       197    -54      193
..................................................................


WIND (MPH)
  HIGHEST WIND SPEED    23   HIGHEST WIND DIRECTION    NW (310)
  HIGHEST GUST SPEED    32   HIGHEST GUST DIRECTION    NW (300)
  AVERAGE WIND SPEED     9.1


SKY COVER
  POSSIBLE SUNSHINE  MM
  AVERAGE SKY COVER 0.4


WEATHER CONDITIONS
 THE FOLLOWING WEATHER WAS RECORDED YESTERDAY.
  THUNDERSTORM
  HEAVY RAIN
  RAIN
  LIGHT RAIN
  FOG


RELATIVE HUMIDITY (PERCENT)
 HIGHEST    93           300 AM
 LOWEST     64           900 AM
 AVERAGE    79

..........................................................


THE MINOT ND CLIMATE NORMALS FOR TODAY
                         NORMAL    RECORD    YEAR
 MAXIMUM TEMPERATURE (F)   83        99      1919
 MINIMUM TEMPERATURE (F)   58        40      1918


SUNRISE AND SUNSET
JULY 22 2014..........SUNRISE   608 AM CDT   SUNSET   934 PM CDT
JULY 23 2014..........SUNRISE   609 AM CDT   SUNSET   933 PM CDT


-  INDICATES NEGATIVE NUMBERS.
R  INDICATES RECORD WAS SET OR TIED.
MM INDICATES DATA IS MISSING.
T  INDICATES TRACE AMOUNT.




$$
