000
CDUS43 KBIS 230732
CLIMOT


CLIMATE REPORT
NATIONAL WEATHER SERVICE BISMARCK ND
232 AM CDT SUN APR 23 2017


...................................

...THE MINOT ND CLIMATE SUMMARY FOR APRIL 22 2017...

CLIMATE NORMAL PERIOD 1981 TO 2010
CLIMATE RECORD PERIOD 1897 TO 2017


WEATHER ITEM   OBSERVED TIME   RECORD YEAR NORMAL DEPARTURE LAST
                VALUE   (LST)  VALUE       VALUE  FROM      YEAR
                                                  NORMAL
..................................................................
TEMPERATURE (F)
 YESTERDAY
  MAXIMUM         54    100 PM  87    1990  59     -5       67
  MINIMUM         33   1159 PM  14    1909  34     -1       32
  AVERAGE         44                        46     -2       50

PRECIPITATION (IN)
  YESTERDAY        T             0.34 1957   0.04  -0.04     0.00
  MONTH TO DATE    0.20                      0.72  -0.52     1.10
  SINCE MAR 1      0.51                      1.56  -1.05     1.51
  SINCE JAN 1      0.64                      2.47  -1.83     2.09

DEGREE DAYS
 HEATING
  YESTERDAY       21                        19      2       15
  MONTH TO DATE  420                       518    -98      455
  SINCE MAR 1   1571                      1657    -86     1251
  SINCE JUL 1   7507                      8233   -726     6683

 COOLING
  YESTERDAY        0                         0      0        0
  MONTH TO DATE    0                         0      0        0
  SINCE MAR 1      0                         0      0        0
  SINCE JAN 1      0                         0      0        0
..................................................................


WIND (MPH)
  HIGHEST WIND SPEED    21   HIGHEST WIND DIRECTION    NE (30)
  HIGHEST GUST SPEED    28   HIGHEST GUST DIRECTION    NE (30)
  AVERAGE WIND SPEED    13.5


SKY COVER
  POSSIBLE SUNSHINE  MM
  AVERAGE SKY COVER 0.7


WEATHER CONDITIONS
 THE FOLLOWING WEATHER WAS RECORDED YESTERDAY.
  LIGHT RAIN
  LIGHT SNOW
  FOG
  HAZE


RELATIVE HUMIDITY (PERCENT)
 HIGHEST    96           900 AM
 LOWEST     54          1200 PM
 AVERAGE    75

..........................................................


THE MINOT ND CLIMATE NORMALS FOR TODAY
                         NORMAL    RECORD    YEAR
 MAXIMUM TEMPERATURE (F)   59        85      2012
 MINIMUM TEMPERATURE (F)   35        13      1918
                                             1967


SUNRISE AND SUNSET
APRIL 23 2017.........SUNRISE   640 AM CDT   SUNSET   848 PM CDT
APRIL 24 2017.........SUNRISE   638 AM CDT   SUNSET   849 PM CDT


-  INDICATES NEGATIVE NUMBERS.
R  INDICATES RECORD WAS SET OR TIED.
MM INDICATES DATA IS MISSING.
T  INDICATES TRACE AMOUNT.




$$
