000
CDUS43 KBIS 200730
CLIMOT


CLIMATE REPORT
NATIONAL WEATHER SERVICE BISMARCK ND
229 AM CDT WED SEP 20 2017


...................................

...THE MINOT ND CLIMATE SUMMARY FOR SEPTEMBER 19 2017...

CLIMATE NORMAL PERIOD 1981 TO 2010
CLIMATE RECORD PERIOD 1897 TO 2017


WEATHER ITEM   OBSERVED TIME   RECORD YEAR NORMAL DEPARTURE LAST
                VALUE   (LST)  VALUE       VALUE  FROM      YEAR
                                                  NORMAL
..................................................................
TEMPERATURE (F)
 YESTERDAY
  MAXIMUM         71    154 PM  90    1960  68      3       74
  MINIMUM         50    403 AM  21    1918  45      5       51
  AVERAGE         61                        56      5       63

PRECIPITATION (IN)
  YESTERDAY        0.02          0.85 1925   0.05  -0.03     0.00
  MONTH TO DATE    1.50                      0.94   0.56     1.95
  SINCE SEP 1      1.50                      0.94   0.56     1.95
  SINCE JAN 1      6.83                     14.38  -7.55    13.81

DEGREE DAYS
 HEATING
  YESTERDAY        4                         9     -5        2
  MONTH TO DATE   76                       121    -45      107
  SINCE SEP 1     76                       121    -45      107
  SINCE JUL 1     86                       192   -106      118

 COOLING
  YESTERDAY        0                         1     -1        0
  MONTH TO DATE   62                        28     34       26
  SINCE SEP 1     62                        28     34       26
  SINCE JAN 1    580                       439    141      679
..................................................................


WIND (MPH)
  HIGHEST WIND SPEED    29   HIGHEST WIND DIRECTION     E (110)
  HIGHEST GUST SPEED    35   HIGHEST GUST DIRECTION    SE (120)
  AVERAGE WIND SPEED    13.7


SKY COVER
  POSSIBLE SUNSHINE  MM
  AVERAGE SKY COVER 0.5


WEATHER CONDITIONS
 THE FOLLOWING WEATHER WAS RECORDED YESTERDAY.
  LIGHT RAIN
  FOG


RELATIVE HUMIDITY (PERCENT)
 HIGHEST    97           900 AM
 LOWEST     58           400 PM
 AVERAGE    78

..........................................................


THE MINOT ND CLIMATE NORMALS FOR TODAY
                         NORMAL    RECORD    YEAR
 MAXIMUM TEMPERATURE (F)   68        94      1960
 MINIMUM TEMPERATURE (F)   44        24      1918


SUNRISE AND SUNSET
SEPTEMBER 20 2017.....SUNRISE   729 AM CDT   SUNSET   746 PM CDT
SEPTEMBER 21 2017.....SUNRISE   731 AM CDT   SUNSET   744 PM CDT


-  INDICATES NEGATIVE NUMBERS.
R  INDICATES RECORD WAS SET OR TIED.
MM INDICATES DATA IS MISSING.
T  INDICATES TRACE AMOUNT.




$$
