000
CDUS43 KBIS 030142
CLIMOT


CLIMATE REPORT
NATIONAL WEATHER SERVICE BISMARCK ND
831 PM CDT THU JUL 2 2015


...................................

...THE MINOT ND CLIMATE SUMMARY FOR JULY 2 2015...
VALID TODAY AS OF 0800 PM LOCAL TIME.

CLIMATE NORMAL PERIOD 1981 TO 2010
CLIMATE RECORD PERIOD 1897 TO 2015


WEATHER ITEM   OBSERVED TIME   RECORD YEAR NORMAL DEPARTURE LAST
                VALUE   (LST)  VALUE       VALUE  FROM      YEAR
                                                  NORMAL
..................................................................
TEMPERATURE (F)
 TODAY
  MAXIMUM         79        MM  95    1935  79      0       71
  MINIMUM         60        MM  34    1917  57      3       47
  AVERAGE         70                        68      2       59

PRECIPITATION (IN)
  TODAY            0.00          0.76 1905   0.09  -0.09     0.00
  MONTH TO DATE    0.00                      0.18  -0.18      T
  SINCE JUN 1      4.03                      3.76   0.27     5.34
  SINCE JAN 1      8.16                      9.15  -0.99     9.15

DEGREE DAYS
 HEATING
  TODAY            0                         1     -1        6
  MONTH TO DATE    0                         2     -2       11
  SINCE JUN 1     62                       108    -46      102
  SINCE JUL 1      0                         2     -2       11

 COOLING
  TODAY            5                         4      1        0
  MONTH TO DATE    7                         8     -1        0
  SINCE JUN 1     81                        81      0       22
  SINCE JAN 1     88                        97     -9       63
..................................................................


WIND (MPH)
  RESULTANT WIND SPEED   5   RESULTANT WIND DIRECTION  NW (300)
  HIGHEST WIND SPEED    15   HIGHEST WIND DIRECTION    NW (320)
  HIGHEST GUST SPEED    MM   HIGHEST GUST DIRECTION    MM
  AVERAGE WIND SPEED     6.3


SKY COVER
  POSSIBLE SUNSHINE  MM
  AVERAGE SKY COVER 0.6


WEATHER CONDITIONS
 THE FOLLOWING WEATHER WAS RECORDED TODAY.
  FOG
  HAZE


RELATIVE HUMIDITY (PERCENT)
 HIGHEST   100           400 AM
 LOWEST     54           200 PM
 AVERAGE    77

..........................................................


THE MINOT ND CLIMATE NORMALS FOR TOMORROW
                         NORMAL    RECORD    YEAR
 MAXIMUM TEMPERATURE (F)   79        94      1933
 MINIMUM TEMPERATURE (F)   57        38      1917


SUNRISE AND SUNSET
JULY  2 2015..........SUNRISE   549 AM CDT   SUNSET   949 PM CDT
JULY  3 2015..........SUNRISE   550 AM CDT   SUNSET   949 PM CDT


-  INDICATES NEGATIVE NUMBERS.
R  INDICATES RECORD WAS SET OR TIED.
MM INDICATES DATA IS MISSING.
T  INDICATES TRACE AMOUNT.




$$
