472
CDUS43 KBIS 100739
CLIMOT


CLIMATE REPORT
NATIONAL WEATHER SERVICE BISMARCK ND
139 AM CST WED FEB 10 2016


...................................

...THE MINOT ND CLIMATE SUMMARY FOR FEBRUARY 9 2016...

CLIMATE NORMAL PERIOD 1981 TO 2010
CLIMATE RECORD PERIOD 1897 TO 2016


WEATHER ITEM   OBSERVED TIME   RECORD YEAR NORMAL DEPARTURE LAST
                VALUE   (LST)  VALUE       VALUE  FROM      YEAR
                                                  NORMAL
..................................................................
TEMPERATURE (F)
 YESTERDAY
  MAXIMUM         39    229 PM  48    1926  24     15       19
  MINIMUM         19   1150 PM -35    1900   7     12       13
  AVERAGE         29                        15     14       16

PRECIPITATION (IN)
  YESTERDAY        0.01          0.34 2009   0.01   0.00      T
  MONTH TO DATE    0.04                      0.12  -0.08     0.01
  SINCE DEC 1      0.56                      1.01  -0.45     0.26
  SINCE JAN 1      0.25                      0.63  -0.38     0.25

DEGREE DAYS
 HEATING
  YESTERDAY       36                        50    -14       49
  MONTH TO DATE  321                       455   -134      484
  SINCE DEC 1   3004                      3629   -625     3390
  SINCE JUL 1   4705                      5687   -982     5569
..................................................................


WIND (MPH)
  HIGHEST WIND SPEED    16   HIGHEST WIND DIRECTION    SW (220)
  HIGHEST GUST SPEED    19   HIGHEST GUST DIRECTION    SW (210)
  AVERAGE WIND SPEED     9.3


SKY COVER
  POSSIBLE SUNSHINE  MM
  AVERAGE SKY COVER 0.8


WEATHER CONDITIONS
 THE FOLLOWING WEATHER WAS RECORDED YESTERDAY.
  LIGHT SNOW


RELATIVE HUMIDITY (PERCENT)
 HIGHEST    77          1000 PM
 LOWEST     37           200 PM
 AVERAGE    57

..........................................................


THE MINOT ND CLIMATE NORMALS FOR TODAY
                         NORMAL    RECORD    YEAR
 MAXIMUM TEMPERATURE (F)   24        50      1928
 MINIMUM TEMPERATURE (F)    7       -38      1899


SUNRISE AND SUNSET
FEBRUARY 10 2016......SUNRISE   801 AM CST   SUNSET   558 PM CST
FEBRUARY 11 2016......SUNRISE   759 AM CST   SUNSET   600 PM CST


-  INDICATES NEGATIVE NUMBERS.
R  INDICATES RECORD WAS SET OR TIED.
MM INDICATES DATA IS MISSING.
T  INDICATES TRACE AMOUNT.




$$
