000
CDUS43 KBIS 290144
CLIMOT


CLIMATE REPORT
NATIONAL WEATHER SERVICE BISMARCK ND
844 PM CDT THU JUL 28 2016


...................................

...THE MINOT ND CLIMATE SUMMARY FOR JULY 28 2016...
VALID TODAY AS OF 0800 PM LOCAL TIME.

CLIMATE NORMAL PERIOD 1981 TO 2010
CLIMATE RECORD PERIOD 1897 TO 2016


WEATHER ITEM   OBSERVED TIME   RECORD YEAR NORMAL DEPARTURE LAST
                VALUE   (LST)  VALUE       VALUE  FROM      YEAR
                                                  NORMAL
..................................................................
TEMPERATURE (F)
 TODAY
  MAXIMUM         80        MM 104    1917  83     -3       73
  MINIMUM         61        MM  41    1925  58      3       58
  AVERAGE         71                        71      0       66

PRECIPITATION (IN)
  TODAY            T             0.86 1970   0.06  -0.06     0.01
  MONTH TO DATE    2.72                      2.25   0.47     2.04
  SINCE JUN 1      5.46                      5.83  -0.37     6.07
  SINCE JAN 1     10.61                     11.22  -0.61    10.20

DEGREE DAYS
 HEATING
  TODAY            0                         1     -1        0
  MONTH TO DATE    7                        24    -17       11
  SINCE JUN 1     22                       130   -108       73
  SINCE JUL 1      7                        24    -17       11

 COOLING
  TODAY            6                         6      0        1
  MONTH TO DATE  215                       150     65      179
  SINCE JUN 1    346                       223    123      253
  SINCE JAN 1    386                       239    147      260
..................................................................


WIND (MPH)
  RESULTANT WIND SPEED   5   RESULTANT WIND DIRECTION  NE (50)
  HIGHEST WIND SPEED     9   HIGHEST WIND DIRECTION    NE (50)
  HIGHEST GUST SPEED    MM   HIGHEST GUST DIRECTION    MM
  AVERAGE WIND SPEED     5.5


SKY COVER
  POSSIBLE SUNSHINE   0 PERCENT
  AVERAGE SKY COVER 0.0


WEATHER CONDITIONS
 THE FOLLOWING WEATHER WAS RECORDED TODAY.
  NO SIGNIFICANT WEATHER WAS OBSERVED.


RELATIVE HUMIDITY (PERCENT)
 HIGHEST     0          1200 AM
 LOWEST      0          1200 AM
 AVERAGE     0

..........................................................


THE MINOT ND CLIMATE NORMALS FOR TOMORROW
                         NORMAL    RECORD    YEAR
 MAXIMUM TEMPERATURE (F)   83       102      1975
 MINIMUM TEMPERATURE (F)   58        37      1918


SUNRISE AND SUNSET
JULY 28 2016..........SUNRISE   616 AM CDT   SUNSET   926 PM CDT
JULY 29 2016..........SUNRISE   617 AM CDT   SUNSET   925 PM CDT


-  INDICATES NEGATIVE NUMBERS.
R  INDICATES RECORD WAS SET OR TIED.
MM INDICATES DATA IS MISSING.
T  INDICATES TRACE AMOUNT.




$$
