000
CDUS41 KPHI 010634
CLIMPO


CLIMATE REPORT
NATIONAL WEATHER SERVICE MOUNT HOLLY NJ
233 AM EDT WED JUN 1 2016


...................................

...THE MOUNT POCONO PA CLIMATE SUMMARY FOR MAY 31 2016...

CLIMATE NORMAL PERIOD 1981 TO 2010
CLIMATE RECORD PERIOD 1901 TO 2016


WEATHER ITEM   OBSERVED TIME   RECORD YEAR NORMAL DEPARTURE LAST
                VALUE   (LST)  VALUE       VALUE  FROM      YEAR
                                                  NORMAL
..................................................................
TEMPERATURE (F)
 YESTERDAY
  MAXIMUM         78    512 PM  87    1998  69      9       77
  MINIMUM         58   1024 PM  29    1965  49      9       57
  AVERAGE         68                        59      9       67

PRECIPITATION (IN)
  YESTERDAY        0.00          2.13 2003   0.17  -0.17     1.70
  MONTH TO DATE    5.91                      4.39   1.52     2.42
  SINCE MAR 1      9.45                     12.24  -2.79     7.65
  SINCE JAN 1     17.43                     17.50  -0.07    11.00

SNOWFALL (IN)
  YESTERDAY       MM            MM      MM  MM     MM       MM
  MONTH TO DATE   MM                        MM     MM       MM
  SINCE MAR 1     MM                        MM     MM       MM
  SINCE JUL 1     MM                        MM     MM       MM
  SNOW DEPTH      MM

DEGREE DAYS
 HEATING
  YESTERDAY        0                         7     -7        0
  MONTH TO DATE  394                       321     73      168
  SINCE MAR 1   1767                      1893   -126     1859
  SINCE JUL 1   6052                      7016   -964     7294

 COOLING
  YESTERDAY        3                         1      2        2
  MONTH TO DATE   29                        15     14       57
  SINCE MAR 1     29                        19     10       57
  SINCE JAN 1     29                        19     10       57
..................................................................


WIND (MPH)
  HIGHEST WIND SPEED    14   HIGHEST WIND DIRECTION    NW (300)
  HIGHEST GUST SPEED    24   HIGHEST GUST DIRECTION    NW (310)
  AVERAGE WIND SPEED     6.0


SKY COVER
  POSSIBLE SUNSHINE  MM
  AVERAGE SKY COVER 0.0


WEATHER CONDITIONS
 THE FOLLOWING WEATHER WAS RECORDED YESTERDAY.
  NO SIGNIFICANT WEATHER WAS OBSERVED.


RELATIVE HUMIDITY (PERCENT)
 HIGHEST    97          1200 AM
 LOWEST     44           900 AM
 AVERAGE    71

..........................................................


THE MOUNT POCONO PA CLIMATE NORMALS FOR TODAY
                         NORMAL    RECORD    YEAR
 MAXIMUM TEMPERATURE (F)   69        87      1937
 MINIMUM TEMPERATURE (F)   50        32      1945


SUNRISE AND SUNSET
JUNE  1 2016..........SUNRISE   531 AM EDT   SUNSET   828 PM EDT
JUNE  2 2016..........SUNRISE   531 AM EDT   SUNSET   829 PM EDT


-  INDICATES NEGATIVE NUMBERS.
R  INDICATES RECORD WAS SET OR TIED.
MM INDICATES DATA IS MISSING.
T  INDICATES TRACE AMOUNT.




$$
