000
CDUS41 KPHI 210546
CLIMPO


CLIMATE REPORT
NATIONAL WEATHER SERVICE MOUNT HOLLY NJ
146 AM EDT SAT OCT 21 2017


...................................

...THE MOUNT POCONO PA CLIMATE SUMMARY FOR OCTOBER 20 2017...

CLIMATE NORMAL PERIOD 1981 TO 2010
CLIMATE RECORD PERIOD 1901 TO 2017


WEATHER ITEM   OBSERVED TIME   RECORD YEAR NORMAL DEPARTURE LAST
                VALUE   (LST)  VALUE       VALUE  FROM      YEAR
                                                  NORMAL
..................................................................
TEMPERATURE (F)
 YESTERDAY
  MAXIMUM         65    344 PM  75    1963  56      9       67
  MINIMUM         40   1159 PM  18    1972  38      2       52
  AVERAGE         53                        47      6       60

PRECIPITATION (IN)
  YESTERDAY        0.00          2.00 1996   0.13  -0.13     0.04
  MONTH TO DATE    3.08                      2.84   0.24     0.37
  SINCE SEP 1      5.90                      8.20  -2.30     3.97
  SINCE JAN 1     36.51                     39.18  -2.67    33.56

DEGREE DAYS
 HEATING
  YESTERDAY       12                        18     -6        5
  MONTH TO DATE  173                       306   -133      230
  SINCE SEP 1    325                       511   -186      380
  SINCE JUL 1    423                       574   -151      412

 COOLING
  YESTERDAY        0                         0      0        0
  MONTH TO DATE   12                         0     12        0
  SINCE SEP 1     58                        17     41       51
  SINCE JAN 1    287                       313    -26      397
..................................................................


WIND (MPH)
  HIGHEST WIND SPEED    18   HIGHEST WIND DIRECTION    NW (310)
  HIGHEST GUST SPEED    27   HIGHEST GUST DIRECTION    NW (310)
  AVERAGE WIND SPEED    10.0


SKY COVER
  POSSIBLE SUNSHINE  MM
  AVERAGE SKY COVER 0.0


WEATHER CONDITIONS
 THE FOLLOWING WEATHER WAS RECORDED YESTERDAY.
  NO SIGNIFICANT WEATHER WAS OBSERVED.


RELATIVE HUMIDITY (PERCENT)
 HIGHEST    86           700 AM
 LOWEST     27          1100 AM
 AVERAGE    57

..........................................................


THE MOUNT POCONO PA CLIMATE NORMALS FOR TODAY
                         NORMAL    RECORD    YEAR
 MAXIMUM TEMPERATURE (F)   56        77      1979
 MINIMUM TEMPERATURE (F)   38        16      1972


SUNRISE AND SUNSET
OCTOBER 21 2017.......SUNRISE   720 AM EDT   SUNSET   612 PM EDT
OCTOBER 22 2017.......SUNRISE   721 AM EDT   SUNSET   610 PM EDT


-  INDICATES NEGATIVE NUMBERS.
R  INDICATES RECORD WAS SET OR TIED.
MM INDICATES DATA IS MISSING.
T  INDICATES TRACE AMOUNT.




$$
