026
CDUS41 KPHI 100637
CLIMPO


CLIMATE REPORT
NATIONAL WEATHER SERVICE MOUNT HOLLY NJ
133 AM EST WED FEB 10 2016


...................................

...THE MOUNT POCONO PA CLIMATE SUMMARY FOR FEBRUARY 9 2016...

CLIMATE NORMAL PERIOD 1981 TO 2010
CLIMATE RECORD PERIOD 1901 TO 2016


WEATHER ITEM   OBSERVED TIME   RECORD YEAR NORMAL DEPARTURE LAST
                VALUE   (LST)  VALUE       VALUE  FROM      YEAR
                                                  NORMAL
..................................................................
TEMPERATURE (F)
 YESTERDAY
  MAXIMUM         30    328 PM  50    1990  33     -3       32
  MINIMUM         21    840 AM -25    1934  17      4       21
  AVERAGE         26                        25      1       27

PRECIPITATION (IN)
  YESTERDAY        0.05          1.20 1906   0.08  -0.03     0.21
  MONTH TO DATE    0.76                      0.66   0.10     1.13
  SINCE DEC 1      7.82                      7.38   0.44     5.65
  SINCE JAN 1      3.99                      3.51   0.48     2.85

SNOWFALL (IN)
  YESTERDAY       MM            MM      MM  MM     MM       MM
  MONTH TO DATE   MM                        MM     MM       MM
  SINCE DEC 1     MM                        MM     MM       MM
  SINCE JUL 1     MM                        MM     MM       MM
  SNOW DEPTH      MM

DEGREE DAYS
 HEATING
  YESTERDAY       39                        40     -1       38
  MONTH TO DATE  283                       366    -83      401
  SINCE DEC 1   2247                      2818   -571     2835
  SINCE JUL 1   3514                      4397   -883     4402

 COOLING
  YESTERDAY        0                         0      0        0
  MONTH TO DATE    0                         0      0        0
  SINCE DEC 1      0                         0      0        0
  SINCE JAN 1      0                         0      0        0
..................................................................


WIND (MPH)
  HIGHEST WIND SPEED    12   HIGHEST WIND DIRECTION    SE (130)
  HIGHEST GUST SPEED    16   HIGHEST GUST DIRECTION     E (110)
  AVERAGE WIND SPEED     5.5


SKY COVER
  POSSIBLE SUNSHINE  MM
  AVERAGE SKY COVER 1.0


WEATHER CONDITIONS
 THE FOLLOWING WEATHER WAS RECORDED YESTERDAY.
  LIGHT SNOW
  FOG


RELATIVE HUMIDITY (PERCENT)
 HIGHEST    92           200 AM
 LOWEST     78           100 PM
 AVERAGE    85

..........................................................


THE MOUNT POCONO PA CLIMATE NORMALS FOR TODAY
                         NORMAL    RECORD    YEAR
 MAXIMUM TEMPERATURE (F)   33        50      2002
                                             1990
 MINIMUM TEMPERATURE (F)   17       -23      1934


SUNRISE AND SUNSET
FEBRUARY 10 2016......SUNRISE   703 AM EST   SUNSET   529 PM EST
FEBRUARY 11 2016......SUNRISE   702 AM EST   SUNSET   530 PM EST


-  INDICATES NEGATIVE NUMBERS.
R  INDICATES RECORD WAS SET OR TIED.
MM INDICATES DATA IS MISSING.
T  INDICATES TRACE AMOUNT.




$$
