000
CDUS41 KPHI 020629
CLIMPO


CLIMATE REPORT
NATIONAL WEATHER SERVICE MOUNT HOLLY NJ
228 AM EDT THU JUL 2 2015


...................................

...THE MOUNT POCONO PA CLIMATE SUMMARY FOR JULY 1 2015...

CLIMATE NORMAL PERIOD 1981 TO 2010
CLIMATE RECORD PERIOD 1901 TO 2015


WEATHER ITEM   OBSERVED TIME   RECORD YEAR NORMAL DEPARTURE LAST
                VALUE   (LST)  VALUE       VALUE  FROM      YEAR
                                                  NORMAL
..................................................................
TEMPERATURE (F)
 YESTERDAY
  MAXIMUM         72    306 PM  88    1968  77     -5       84
  MINIMUM         59   1159 PM  36    1912  58      1       66
  AVERAGE         66                        67     -1       75

PRECIPITATION (IN)
  YESTERDAY        0.54          2.16 2013   0.13   0.41     0.00
  MONTH TO DATE    0.54                      0.13   0.41     0.00
  SINCE JUN 1      9.31                      4.51   4.80     3.45
  SINCE JAN 1     20.31                     22.01  -1.70    22.21

SNOWFALL (IN)
  YESTERDAY       MM            MM      MM  MM     MM       MM
  MONTH TO DATE   MM                        MM     MM       MM
  SINCE JUN 1     MM                        MM     MM       MM
  SINCE JUL 1     MM                        MM     MM       MM
  SNOW DEPTH      MM

DEGREE DAYS
 HEATING
  YESTERDAY        0                         1     -1        0
  MONTH TO DATE    0                         1     -1        0
  SINCE JUN 1     84                       101    -17       55
  SINCE JUL 1      0                         1     -1        0

 COOLING
  YESTERDAY        1                         3     -2       10
  MONTH TO DATE    1                         3     -2       10
  SINCE JUN 1     67                        65      2       70
  SINCE JAN 1    124                        84     40       77
..................................................................


WIND (MPH)
  HIGHEST WIND SPEED    21   HIGHEST WIND DIRECTION     W (270)
  HIGHEST GUST SPEED    28   HIGHEST GUST DIRECTION     W (290)
  AVERAGE WIND SPEED    10.3


SKY COVER
  POSSIBLE SUNSHINE  MM
  AVERAGE SKY COVER 0.7


WEATHER CONDITIONS
 THE FOLLOWING WEATHER WAS RECORDED YESTERDAY.
  THUNDERSTORM
  HEAVY RAIN
  RAIN
  LIGHT RAIN
  FOG
  FOG W/VISIBILITY <= 1/4 MILE
  HAZE


RELATIVE HUMIDITY (PERCENT)
 HIGHEST    93           200 AM
 LOWEST     57           200 PM
 AVERAGE    75

..........................................................


THE MOUNT POCONO PA CLIMATE NORMALS FOR TODAY
                         NORMAL    RECORD    YEAR
 MAXIMUM TEMPERATURE (F)   77        93      1911
 MINIMUM TEMPERATURE (F)   58        37      1940


SUNRISE AND SUNSET
JULY  2 2015..........SUNRISE   533 AM EDT   SUNSET   838 PM EDT
JULY  3 2015..........SUNRISE   534 AM EDT   SUNSET   838 PM EDT


-  INDICATES NEGATIVE NUMBERS.
R  INDICATES RECORD WAS SET OR TIED.
MM INDICATES DATA IS MISSING.
T  INDICATES TRACE AMOUNT.




$$
