000
CDUS41 KPHI 012132
CLIMPO


CLIMATE REPORT
NATIONAL WEATHER SERVICE MOUNT HOLLY NJ
531 PM EDT MON SEP 1 2014


...................................

...THE MOUNT POCONO PA CLIMATE SUMMARY FOR SEPTEMBER 1 2014...
VALID TODAY AS OF 0500 PM LOCAL TIME.

CLIMATE NORMAL PERIOD 1981 TO 2010
CLIMATE RECORD PERIOD 1901 TO 2014


WEATHER ITEM   OBSERVED TIME   RECORD YEAR NORMAL DEPARTURE LAST
                VALUE   (LST)  VALUE       VALUE  FROM      YEAR
                                                  NORMAL
..................................................................
TEMPERATURE (F)
 TODAY
  MAXIMUM         80    241 PM  92    1953  73      7       77
  MINIMUM         64    553 AM  37    1926  55      9       65
  AVERAGE         72                        64      8       71

PRECIPITATION (IN)
  TODAY            0.00          4.54 1952   0.14  -0.14     0.03
  MONTH TO DATE    0.00                      0.14  -0.14     0.03
  SINCE SEP 1      0.00                      0.14  -0.14     0.03
  SINCE JAN 1     28.42                     31.12  -2.70    35.68

SNOWFALL (IN)
  TODAY           MM            MM      MM  MM     MM       MM
  MONTH TO DATE   MM                        MM     MM       MM
  SINCE SEP 1     MM                        MM     MM       MM
  SINCE JUL 1     MM                        MM     MM       MM
  SNOW DEPTH      MM

DEGREE DAYS
 HEATING
  TODAY            0                         3     -3        0
  MONTH TO DATE    0                         3     -3        0
  SINCE SEP 1      0                         3     -3        0
  SINCE JUL 1     76                        66     10       64

 COOLING
  TODAY            7                         1      6        6
  MONTH TO DATE    7                         1      6        6
  SINCE SEP 1      7                         1      6        6
  SINCE JAN 1    225                       297    -72      425
..................................................................


WIND (MPH)
  HIGHEST WIND SPEED    12   HIGHEST WIND DIRECTION    SW (220)
  HIGHEST GUST SPEED    17   HIGHEST GUST DIRECTION    SW (240)
  AVERAGE WIND SPEED     4.7


SKY COVER
  POSSIBLE SUNSHINE  MM
  AVERAGE SKY COVER 0.8


WEATHER CONDITIONS
 THE FOLLOWING WEATHER WAS RECORDED TODAY.
  FOG
  FOG W/VISIBILITY <= 1/4 MILE


RELATIVE HUMIDITY (PERCENT)
 HIGHEST    93           100 AM
 LOWEST     67           100 PM
 AVERAGE    80

..........................................................


THE MOUNT POCONO PA CLIMATE NORMALS FOR TOMORROW
                         NORMAL    RECORD    YEAR
 MAXIMUM TEMPERATURE (F)   73        95      1953
 MINIMUM TEMPERATURE (F)   55        36      1906


SUNRISE AND SUNSET
SEPTEMBER  1 2014.....SUNRISE   628 AM EDT   SUNSET   734 PM EDT
SEPTEMBER  2 2014.....SUNRISE   629 AM EDT   SUNSET   733 PM EDT


-  INDICATES NEGATIVE NUMBERS.
R  INDICATES RECORD WAS SET OR TIED.
MM INDICATES DATA IS MISSING.
T  INDICATES TRACE AMOUNT.




$$
