000
CDUS41 KPHI 300639
CLIMPO


CLIMATE REPORT
NATIONAL WEATHER SERVICE MOUNT HOLLY NJ
237 AM EDT FRI SEP 30 2016


...................................

...THE MOUNT POCONO PA CLIMATE SUMMARY FOR SEPTEMBER 29 2016...

CLIMATE NORMAL PERIOD 1981 TO 2010
CLIMATE RECORD PERIOD 1901 TO 2016


WEATHER ITEM   OBSERVED TIME   RECORD YEAR NORMAL DEPARTURE LAST
                VALUE   (LST)  VALUE       VALUE  FROM      YEAR
                                                  NORMAL
..................................................................
TEMPERATURE (F)
 YESTERDAY
  MAXIMUM         54    541 PM  79    1945  63     -9       73
  MINIMUM         49   1159 PM  25    1942  45      4       65
  AVERAGE         52                        54     -2       69

PRECIPITATION (IN)
  YESTERDAY        0.34          8.67 1946   0.21   0.13     0.66
  MONTH TO DATE    1.75                      5.18  -3.43     3.71
  SINCE SEP 1      1.75                      5.18  -3.43     3.71
  SINCE JAN 1     31.34                     36.16  -4.82    31.73

SNOWFALL (IN)
  YESTERDAY       MM            MM      MM  MM     MM       MM
  MONTH TO DATE   MM                        MM     MM       MM
  SINCE SEP 1     MM                        MM     MM       MM
  SINCE JUL 1     MM                        MM     MM       MM
  SNOW DEPTH      MM

DEGREE DAYS
 HEATING
  YESTERDAY       13                        12      1        0
  MONTH TO DATE  134                       193    -59       86
  SINCE SEP 1    134                       193    -59       86
  SINCE JUL 1    166                       256    -90      127

 COOLING
  YESTERDAY        0                         0      0        4
  MONTH TO DATE   51                        13     38       63
  SINCE SEP 1     51                        13     38       63
  SINCE JAN 1    397                       309     88      403
..................................................................


WIND (MPH)
  HIGHEST WIND SPEED    22   HIGHEST WIND DIRECTION     E (100)
  HIGHEST GUST SPEED    29   HIGHEST GUST DIRECTION     E (100)
  AVERAGE WIND SPEED    15.0


SKY COVER
  POSSIBLE SUNSHINE  MM
  AVERAGE SKY COVER 1.0


WEATHER CONDITIONS
 THE FOLLOWING WEATHER WAS RECORDED YESTERDAY.
  LIGHT RAIN
  FOG


RELATIVE HUMIDITY (PERCENT)
 HIGHEST   100           500 AM
 LOWEST     83           500 PM
 AVERAGE    92

..........................................................


THE MOUNT POCONO PA CLIMATE NORMALS FOR TODAY
                         NORMAL    RECORD    YEAR
 MAXIMUM TEMPERATURE (F)   62        82      1905
 MINIMUM TEMPERATURE (F)   44        26      1951


SUNRISE AND SUNSET
SEPTEMBER 30 2016.....SUNRISE   658 AM EDT   SUNSET   644 PM EDT
OCTOBER  1 2016.......SUNRISE   659 AM EDT   SUNSET   643 PM EDT


-  INDICATES NEGATIVE NUMBERS.
R  INDICATES RECORD WAS SET OR TIED.
MM INDICATES DATA IS MISSING.
T  INDICATES TRACE AMOUNT.




$$
