000
CDUS41 KPHI 020628
CLIMPO


CLIMATE REPORT
NATIONAL WEATHER SERVICE MOUNT HOLLY NJ
226 AM EDT SAT AUG 2 2014


...................................

...THE MOUNT POCONO PA CLIMATE SUMMARY FOR AUGUST 1 2014...

CLIMATE NORMAL PERIOD 1981 TO 2010
CLIMATE RECORD PERIOD 1901 TO 2014


WEATHER ITEM   OBSERVED TIME   RECORD YEAR NORMAL DEPARTURE LAST
                VALUE   (LST)  VALUE       VALUE  FROM      YEAR
                                                  NORMAL
..................................................................
TEMPERATURE (F)
 YESTERDAY
  MAXIMUM         79    120 PM  92    1999  78      1       66
  MINIMUM         59    514 AM  38    1910  58      1       61
  AVERAGE         69                        68      1       64

PRECIPITATION (IN)
  YESTERDAY        T             1.15 2004   0.18  -0.18     0.46
  MONTH TO DATE    T                         0.18  -0.18     0.46
  SINCE JUN 1      7.14                      9.20  -2.06    16.46
  SINCE JAN 1     25.90                     26.70  -0.80    30.47

SNOWFALL (IN)
  YESTERDAY       MM            MM      MM  MM     MM       MM
  MONTH TO DATE   MM                        MM     MM       MM
  SINCE JUN 1     MM                        MM     MM       MM
  SINCE JUL 1     MM                        MM     MM       MM
  SNOW DEPTH      MM

DEGREE DAYS
 HEATING
  YESTERDAY        0                         1     -1        1
  MONTH TO DATE    0                         1     -1        1
  SINCE JUN 1     79                       123    -44       88
  SINCE JUL 1     24                        23      1       12

 COOLING
  YESTERDAY        4                         4      0        0
  MONTH TO DATE    4                         4      0        0
  SINCE JUN 1    172                       187    -15      307
  SINCE JAN 1    179                       206    -27      339
..................................................................


WIND (MPH)
  HIGHEST WIND SPEED    18   HIGHEST WIND DIRECTION    SE (150)
  HIGHEST GUST SPEED    23   HIGHEST GUST DIRECTION    SE (150)
  AVERAGE WIND SPEED     4.9


SKY COVER
  POSSIBLE SUNSHINE  MM
  AVERAGE SKY COVER 0.4


WEATHER CONDITIONS
 THE FOLLOWING WEATHER WAS RECORDED YESTERDAY.
  LIGHT RAIN
  FOG
  HAZE


RELATIVE HUMIDITY (PERCENT)
 HIGHEST    90           200 AM
 LOWEST     48           200 PM
 AVERAGE    69

..........................................................


THE MOUNT POCONO PA CLIMATE NORMALS FOR TODAY
                         NORMAL    RECORD    YEAR
 MAXIMUM TEMPERATURE (F)   78        91      1975
 MINIMUM TEMPERATURE (F)   58        37      1947


SUNRISE AND SUNSET
AUGUST  2 2014........SUNRISE   558 AM EDT   SUNSET   817 PM EDT
AUGUST  3 2014........SUNRISE   559 AM EDT   SUNSET   816 PM EDT


-  INDICATES NEGATIVE NUMBERS.
R  INDICATES RECORD WAS SET OR TIED.
MM INDICATES DATA IS MISSING.
T  INDICATES TRACE AMOUNT.




$$
