000
CDUS41 KBTV 260605
CLIMPV


CLIMATE REPORT
NATIONAL WEATHER SERVICE BURLINGTON VT
159 AM EDT SAT JUL 26 2014


...................................

...THE MONTPELIER VT CLIMATE SUMMARY FOR JULY 25 2014...

CLIMATE NORMAL PERIOD 1981 TO 2010
CLIMATE RECORD PERIOD 1948 TO 2014


WEATHER ITEM   OBSERVED TIME   RECORD YEAR NORMAL DEPARTURE LAST
                VALUE   (LST)  VALUE       VALUE  FROM      YEAR
                                                  NORMAL
..................................................................
TEMPERATURE (F)
 YESTERDAY
  MAXIMUM         75    415 PM  90    1989  79     -4       70
  MINIMUM         47    431 AM  41    1953  56     -9       45
  AVERAGE         61                        67     -6       58

PRECIPITATION (IN)
  YESTERDAY        0.00          1.36        0.14  -0.14     0.00
  MONTH TO DATE    3.15                      3.20  -0.05     4.99
  SINCE JUN 1      7.17                      7.00   0.17    13.34
  SINCE JAN 1     19.77                     19.91  -0.14    22.61

DEGREE DAYS
 HEATING
  YESTERDAY        4                         1      3        7
  MONTH TO DATE   27                        31     -4       11
  SINCE JUN 1    127                       152    -25      159
  SINCE JUL 1     27                        31     -4       11

 COOLING
  YESTERDAY        0                         3     -3        0
  MONTH TO DATE   98                        79     19      153
  SINCE JUN 1    128                       132     -4      221
  SINCE JAN 1    129                       142    -13      232
..................................................................


WIND (MPH)
  HIGHEST WIND SPEED    14   HIGHEST WIND DIRECTION     W (280)
  HIGHEST GUST SPEED    22   HIGHEST GUST DIRECTION     W (270)
  AVERAGE WIND SPEED     3.4


SKY COVER
  AVERAGE SKY COVER 0.2


WEATHER CONDITIONS
 THE FOLLOWING WEATHER WAS RECORDED YESTERDAY.
  FOG
  FOG W/VISIBILITY <= 1/4 MILE


RELATIVE HUMIDITY (PERCENT)
 HIGHEST   100          1200 AM
 LOWEST     46           200 PM
 AVERAGE    73

..........................................................


THE MONTPELIER VT CLIMATE NORMALS FOR TODAY
                         NORMAL    RECORD    YEAR
 MAXIMUM TEMPERATURE (F)   79        90      1989
 MINIMUM TEMPERATURE (F)   56        44      1976


SUNRISE AND SUNSET
JULY 26 2014..........SUNRISE   531 AM EDT   SUNSET   822 PM EDT
JULY 27 2014..........SUNRISE   532 AM EDT   SUNSET   820 PM EDT


-  INDICATES NEGATIVE NUMBERS.
R  INDICATES RECORD WAS SET OR TIED.
MM INDICATES DATA IS MISSING.
T  INDICATES TRACE AMOUNT.




$$
