000
CDUS41 KBTV 140526
CLIMPV


CLIMATE REPORT
NATIONAL WEATHER SERVICE BURLINGTON VT
124 AM EDT SUN SEP 14 2014


...................................

...THE MONTPELIER VT CLIMATE SUMMARY FOR SEPTEMBER 13 2014...

CLIMATE NORMAL PERIOD 1981 TO 2010
CLIMATE RECORD PERIOD 1948 TO 2014


WEATHER ITEM   OBSERVED TIME   RECORD YEAR NORMAL DEPARTURE LAST
                VALUE   (LST)  VALUE       VALUE  FROM      YEAR
                                                  NORMAL
..................................................................
TEMPERATURE (F)
 YESTERDAY
  MAXIMUM         52    926 PM  88    1948  70    -18       65
  MINIMUM         34    245 AM  31    1964  47    -13       51
  AVERAGE         43                        59    -16       58

PRECIPITATION (IN)
  YESTERDAY        0.21          2.16        0.10   0.11     0.89
  MONTH TO DATE    1.39                      1.20   0.19     3.45
  SINCE SEP 1      1.39                      1.20   0.19     3.45
  SINCE JAN 1     26.48                     26.00   0.48    28.74

DEGREE DAYS
 HEATING
  YESTERDAY       22                         7     15        7
  MONTH TO DATE   77                        70      7       78
  SINCE SEP 1     77                        70      7       78
  SINCE JUL 1    190                       178     12      171

 COOLING
  YESTERDAY        0                         1     -1        0
  MONTH TO DATE   20                        13      7       29
  SINCE SEP 1     20                        13      7       29
  SINCE JAN 1    186                       257    -71      323
..................................................................


WIND (MPH)
  HIGHEST WIND SPEED    17   HIGHEST WIND DIRECTION     S (160)
  HIGHEST GUST SPEED    21   HIGHEST GUST DIRECTION    SE (150)
  AVERAGE WIND SPEED     5.0


SKY COVER
  AVERAGE SKY COVER 0.9


WEATHER CONDITIONS
 THE FOLLOWING WEATHER WAS RECORDED YESTERDAY.
  LIGHT RAIN
  FOG
  FOG W/VISIBILITY <= 1/4 MILE


RELATIVE HUMIDITY (PERCENT)
 HIGHEST   100           100 AM
 LOWEST     74          1200 PM
 AVERAGE    87

..........................................................


THE MONTPELIER VT CLIMATE NORMALS FOR TODAY
                         NORMAL    RECORD    YEAR
 MAXIMUM TEMPERATURE (F)   70        85      2005
 MINIMUM TEMPERATURE (F)   47        28      1963


SUNRISE AND SUNSET
SEPTEMBER 14 2014.....SUNRISE   628 AM EDT   SUNSET   703 PM EDT
SEPTEMBER 15 2014.....SUNRISE   629 AM EDT   SUNSET   701 PM EDT


-  INDICATES NEGATIVE NUMBERS.
R  INDICATES RECORD WAS SET OR TIED.
MM INDICATES DATA IS MISSING.
T  INDICATES TRACE AMOUNT.




$$
