000
CDUS41 KBTV 280539
CLIMPV


CLIMATE REPORT
NATIONAL WEATHER SERVICE BURLINGTON VT
136 AM EDT FRI AUG 28 2015


...................................

...THE MONTPELIER VT CLIMATE SUMMARY FOR AUGUST 27 2015...

CLIMATE NORMAL PERIOD 1981 TO 2010
CLIMATE RECORD PERIOD 1948 TO 2015


WEATHER ITEM   OBSERVED TIME   RECORD YEAR NORMAL DEPARTURE LAST
                VALUE   (LST)  VALUE       VALUE  FROM      YEAR
                                                  NORMAL
..................................................................
TEMPERATURE (F)
 YESTERDAY
  MAXIMUM         68    218 PM  91    1952  75     -7       81
  MINIMUM         52   1159 PM  36    1989  52      0       59
  AVERAGE         60                        64     -4       70

PRECIPITATION (IN)
  YESTERDAY        0.01          1.43        0.10  -0.09      T
  MONTH TO DATE    1.82                      3.61  -1.79     2.73
  SINCE JUN 1     15.24                     11.49   3.75    12.43
  SINCE JAN 1     25.94                     24.40   1.54    25.03

DEGREE DAYS
 HEATING
  YESTERDAY        5                         3      2        0
  MONTH TO DATE   19                        55    -36       60
  SINCE JUN 1    232                       216     16      203
  SINCE JUL 1     70                        95    -25      103

 COOLING
  YESTERDAY        0                         2     -2        5
  MONTH TO DATE   88                        70     18       31
  SINCE JUN 1    199                       228    -29      162
  SINCE JAN 1    233                       238     -5      163
..................................................................


WIND (MPH)
  HIGHEST WIND SPEED    13   HIGHEST WIND DIRECTION     W (290)
  HIGHEST GUST SPEED    18   HIGHEST GUST DIRECTION     N (340)
  AVERAGE WIND SPEED     4.1


SKY COVER
  AVERAGE SKY COVER 0.7


WEATHER CONDITIONS
 THE FOLLOWING WEATHER WAS RECORDED YESTERDAY.
  LIGHT RAIN


RELATIVE HUMIDITY (PERCENT)
 HIGHEST    93           500 AM
 LOWEST     58           400 PM
 AVERAGE    76

..........................................................


THE MONTPELIER VT CLIMATE NORMALS FOR TODAY
                         NORMAL    RECORD    YEAR
 MAXIMUM TEMPERATURE (F)   75        92      1952
 MINIMUM TEMPERATURE (F)   52        38      1957


SUNRISE AND SUNSET
AUGUST 28 2015........SUNRISE   608 AM EDT   SUNSET   734 PM EDT
AUGUST 29 2015........SUNRISE   609 AM EDT   SUNSET   732 PM EDT


-  INDICATES NEGATIVE NUMBERS.
R  INDICATES RECORD WAS SET OR TIED.
MM INDICATES DATA IS MISSING.
T  INDICATES TRACE AMOUNT.




$$
