000
CDUS41 KBTV 200550
CLIMPV


CLIMATE REPORT
NATIONAL WEATHER SERVICE BURLINGTON VT
149 AM EDT WED AUG 20 2014


...................................

...THE MONTPELIER VT CLIMATE SUMMARY FOR AUGUST 19 2014...

CLIMATE NORMAL PERIOD 1981 TO 2010
CLIMATE RECORD PERIOD 1948 TO 2014


WEATHER ITEM   OBSERVED TIME   RECORD YEAR NORMAL DEPARTURE LAST
                VALUE   (LST)  VALUE       VALUE  FROM      YEAR
                                                  NORMAL
..................................................................
TEMPERATURE (F)
 YESTERDAY
  MAXIMUM         74    320 PM  85    1971  77     -3       78
  MINIMUM         45    534 AM  38    1968  54     -9       50
  AVERAGE         60                        65     -5       64

PRECIPITATION (IN)
  YESTERDAY        0.00          0.81        0.12  -0.12     0.00
  MONTH TO DATE    1.82                      2.74  -0.92     1.45
  SINCE JUN 1     11.52                     10.62   0.90    15.14
  SINCE JAN 1     24.12                     23.53   0.59    24.41

DEGREE DAYS
 HEATING
  YESTERDAY        5                         2      3        1
  MONTH TO DATE   49                        34     15       62
  SINCE JUN 1    192                       195     -3      225
  SINCE JUL 1     92                        74     18       77

 COOLING
  YESTERDAY        0                         2     -2        0
  MONTH TO DATE   20                        54    -34       12
  SINCE JUN 1    151                       212    -61      241
  SINCE JAN 1    152                       222    -70      252
..................................................................


WIND (MPH)
  HIGHEST WIND SPEED     8   HIGHEST WIND DIRECTION    NW (300)
  HIGHEST GUST SPEED    11   HIGHEST GUST DIRECTION    NW (310)
  AVERAGE WIND SPEED     1.4


SKY COVER
  AVERAGE SKY COVER 0.5


WEATHER CONDITIONS
 THE FOLLOWING WEATHER WAS RECORDED YESTERDAY.
  FOG
  FOG W/VISIBILITY <= 1/4 MILE
  HAZE


RELATIVE HUMIDITY (PERCENT)
 HIGHEST   100           100 AM
 LOWEST     44           500 PM
 AVERAGE    72

..........................................................


THE MONTPELIER VT CLIMATE NORMALS FOR TODAY
                         NORMAL    RECORD    YEAR
 MAXIMUM TEMPERATURE (F)   77        87      1955
 MINIMUM TEMPERATURE (F)   53        39      1953


SUNRISE AND SUNSET
AUGUST 20 2014........SUNRISE   559 AM EDT   SUNSET   747 PM EDT
AUGUST 21 2014........SUNRISE   601 AM EDT   SUNSET   745 PM EDT


-  INDICATES NEGATIVE NUMBERS.
R  INDICATES RECORD WAS SET OR TIED.
MM INDICATES DATA IS MISSING.
T  INDICATES TRACE AMOUNT.




$$
