000
CDUS43 KMQT 272107
CLIMQT


CLIMATE REPORT
NATIONAL WEATHER SERVICE MARQUETTE MI
507 PM EDT THU JUL 27 2017


...................................

...THE MARQUETTE MI CLIMATE SUMMARY FOR JULY 27 2017...
VALID TODAY AS OF 0500 PM LOCAL TIME.

CLIMATE NORMAL PERIOD 1981 TO 2010
CLIMATE RECORD PERIOD 1961 TO 2017


WEATHER ITEM   OBSERVED RECORD YEAR NORMAL DEPARTURE LAST
                VALUE   VALUE       VALUE  FROM      YEAR
                                           NORMAL
...........................................................
TEMPERATURE (F)
 TODAY
  MAXIMUM         72     91    2015  76     -4       74
  MINIMUM         55     39    2001  55      0       58
                               1980
  AVERAGE         64                 66     -2       66

PRECIPITATION (IN)
  TODAY            0.00   1.04 2002   0.10  -0.10     0.01
  MONTH TO DATE    1.96               2.46  -0.50     3.49
  SINCE JUN 1      7.93               5.30   2.63     7.03
  SINCE JAN 1     22.77              18.94   3.83    23.24

SNOWFALL (IN)
  TODAY            0.0   MM      MM   0.0    0.0      0.0
  MONTH TO DATE    T                  0.0    0.0       T
  SINCE JUN 1      T                  0.0    0.0       T
  SINCE JUL 1      T                  0.0    0.0       T
  SNOW DEPTH       0

DEGREE DAYS
 HEATING
  TODAY            1                  3     -2        0
  MONTH TO DATE   77                 67     10       47
  SINCE JUN 1    218                249    -31      229
  SINCE JUL 1     77                 67     10       47

 COOLING
  TODAY            0                  3     -3        1
  MONTH TO DATE   43                 81    -38      102
  SINCE JUN 1     64                129    -65      143
  SINCE JAN 1     64                141    -77      154
...........................................................


WIND (MPH)
  HIGHEST WIND SPEED    MM   HIGHEST WIND DIRECTION    MM
  HIGHEST GUST SPEED    16   HIGHEST GUST DIRECTION     E (90)
  AVERAGE WIND SPEED    MM


SKY COVER
  POSSIBLE SUNSHINE  MM
  AVERAGE SKY COVER  MM


WEATHER CONDITIONS
 THE FOLLOWING WEATHER WAS RECORDED TODAY.
  NO SIGNIFICANT WEATHER WAS OBSERVED.


RELATIVE HUMIDITY (PERCENT)
 HIGHEST    MM
 LOWEST     MM
 AVERAGE    MM

..........................................................


THE MARQUETTE MI CLIMATE NORMALS FOR TOMORROW
                         NORMAL    RECORD    YEAR
 MAXIMUM TEMPERATURE (F)   76        99      1988
 MINIMUM TEMPERATURE (F)   55        39      1984


SUNRISE AND SUNSET
JULY 27 2017..........SUNRISE   625 AM EDT   SUNSET   927 PM EDT
JULY 28 2017..........SUNRISE   627 AM EDT   SUNSET   926 PM EDT


-  INDICATES NEGATIVE NUMBERS.
R  INDICATES RECORD WAS SET OR TIED.
MM INDICATES DATA IS MISSING.
T  INDICATES TRACE AMOUNT.




$$
