000
CDUS43 KMQT 230625
CLIMQT


CLIMATE REPORT
NATIONAL WEATHER SERVICE MARQUETTE MI
120 AM EST TUE JAN 23 2018


...................................

...THE MARQUETTE MI CLIMATE SUMMARY FOR JANUARY 22 2018...

CLIMATE NORMAL PERIOD 1981 TO 2010
CLIMATE RECORD PERIOD 1961 TO 2018


WEATHER ITEM   OBSERVED RECORD YEAR NORMAL DEPARTURE LAST
                VALUE   VALUE       VALUE  FROM      YEAR
                                           NORMAL
...........................................................
TEMPERATURE (F)
 YESTERDAY
  MAXIMUM         28     45    1989  22      6       36
  MINIMUM         21    -24    1963   4     17       32
  AVERAGE         25                 13     12       34

PRECIPITATION (IN)
  YESTERDAY        1.15R  0.74 1997   0.08   1.07     0.00
  MONTH TO DATE    2.47               1.72   0.75     1.22
  SINCE DEC 1      4.61               4.29   0.32     3.41
  SINCE JAN 1      2.47               1.72   0.75     1.22

SNOWFALL (IN)
  YESTERDAY        8.5 R  6.3  1980   1.4    7.1      0.0
  MONTH TO DATE   31.4               30.8    0.6     16.4
  SINCE DEC 1     69.4               73.6   -4.2     58.4
  SINCE JUL 1     94.4              104.1   -9.7     72.6
  SNOW DEPTH      12

DEGREE DAYS
 HEATING
  YESTERDAY       40                 52    -12       31
  MONTH TO DATE 1133               1127      6     1050
  SINCE DEC 1   2712               2567    145     2483
  SINCE JUL 1   4839               4769     70     4108

 COOLING
  YESTERDAY        0                  0      0        0
  MONTH TO DATE    0                  0      0        0
  SINCE DEC 1      0                  0      0        0
  SINCE JAN 1      0                  0      0        0
...........................................................


WIND (MPH)
  RESULTANT WIND SPEED  MM   RESULTANT WIND DIRECTION  MM
  HIGHEST WIND SPEED    MM   HIGHEST WIND DIRECTION    MM
  HIGHEST GUST SPEED    27   HIGHEST GUST DIRECTION    NE (45)
  AVERAGE WIND SPEED    MM


SKY COVER
  POSSIBLE SUNSHINE  MM
  AVERAGE SKY COVER  MM


WEATHER CONDITIONS
 THE FOLLOWING WEATHER WAS RECORDED YESTERDAY.
  LT FREEZING RAIN
  HEAVY SNOW
  SNOW
  LIGHT SNOW
  FOG
  FOG W/VISIBILITY <= 1/4 MILE


RELATIVE HUMIDITY (PERCENT)
 HIGHEST    MM
 LOWEST     MM
 AVERAGE    MM

..........................................................


THE MARQUETTE MI CLIMATE NORMALS FOR TODAY
                         NORMAL    RECORD    YEAR
 MAXIMUM TEMPERATURE (F)   22        40      1969
                                             1967
 MINIMUM TEMPERATURE (F)    4       -27      1963


SUNRISE AND SUNSET
JANUARY 23 2018.......SUNRISE   824 AM EST   SUNSET   541 PM EST
JANUARY 24 2018.......SUNRISE   823 AM EST   SUNSET   542 PM EST


-  INDICATES NEGATIVE NUMBERS.
R  INDICATES RECORD WAS SET OR TIED.
MM INDICATES DATA IS MISSING.
T  INDICATES TRACE AMOUNT.




$$
