690
CDUS41 KLWX 180529
CLIMRB


CLIMATE REPORT
NATIONAL WEATHER SERVICE BALTIMORE MD/WASHINGTON DC
1229 AM EST SAT NOV 18 2017


...................................

...THE MARTINSBURG WV CLIMATE SUMMARY FOR NOVEMBER 17 2017...

CLIMATE NORMAL PERIOD 1981 TO 2010
CLIMATE RECORD PERIOD 1926 TO 2017


WEATHER ITEM   OBSERVED TIME   RECORD YEAR NORMAL DEPARTURE LAST
                VALUE   (LST)  VALUE       VALUE  FROM      YEAR
                                                  NORMAL
..................................................................
TEMPERATURE (F)
 YESTERDAY
  MAXIMUM         52    359 PM  76    1928  54     -2       62
  MINIMUM         31   1159 PM  13    1933  34     -3       34
  AVERAGE         42                        44     -2       48

PRECIPITATION (IN)
  YESTERDAY        0.00          1.09 1980   0.11  -0.11     0.00
  MONTH TO DATE    0.98                      1.72  -0.74     0.25
  SINCE SEP 1      7.60                      8.34  -0.74     5.45
  SINCE JAN 1     34.54                     34.58  -0.04    22.30

DEGREE DAYS
 HEATING
  YESTERDAY       23                        21      2       17
  MONTH TO DATE  341                       314     27      257
  SINCE SEP 1    610                       753   -143      516
  SINCE JUL 1    612                       760   -148      516

 COOLING
  YESTERDAY        0                         0      0        0
  MONTH TO DATE    0                         0      0        0
  SINCE SEP 1    178                       103     75      224
  SINCE JAN 1   1074                       895    179     1296
..................................................................


WIND (MPH)
  HIGHEST WIND SPEED    20   HIGHEST WIND DIRECTION    NW (300)
  HIGHEST GUST SPEED    24   HIGHEST GUST DIRECTION     W (290)
  AVERAGE WIND SPEED     6.0


SKY COVER
  POSSIBLE SUNSHINE  MM
  AVERAGE SKY COVER 0.2


WEATHER CONDITIONS
 THE FOLLOWING WEATHER WAS RECORDED YESTERDAY.
  NO SIGNIFICANT WEATHER WAS OBSERVED.


RELATIVE HUMIDITY (PERCENT)
 HIGHEST    78          1000 PM
 LOWEST     35           100 PM
 AVERAGE    57

..........................................................


THE MARTINSBURG WV CLIMATE NORMALS FOR TODAY
                         NORMAL    RECORD    YEAR
 MAXIMUM TEMPERATURE (F)   53        76      1979
 MINIMUM TEMPERATURE (F)   34        16      1959


SUNRISE AND SUNSET
NOVEMBER 18 2017......SUNRISE   659 AM EST   SUNSET   455 PM EST
NOVEMBER 19 2017......SUNRISE   700 AM EST   SUNSET   454 PM EST


-  INDICATES NEGATIVE NUMBERS.
R  INDICATES RECORD WAS SET OR TIED.
MM INDICATES DATA IS MISSING.
T  INDICATES TRACE AMOUNT.




$$
