000
CDUS41 KLWX 200524
CLIMRB


CLIMATE REPORT
NATIONAL WEATHER SERVICE BALTIMORE MD/WASHINGTON DC
120 AM EDT WED AUG 20 2014


...................................

...THE MARTINSBURG WV CLIMATE SUMMARY FOR AUGUST 19 2014...

CLIMATE NORMAL PERIOD 1981 TO 2010
CLIMATE RECORD PERIOD 1926 TO 2014


WEATHER ITEM   OBSERVED TIME   RECORD YEAR NORMAL DEPARTURE LAST
                VALUE   (LST)  VALUE       VALUE  FROM      YEAR
                                                  NORMAL
..................................................................
TEMPERATURE (F)
 YESTERDAY
  MAXIMUM         83    358 PM  98    1983  84     -1       78
  MINIMUM         65    555 AM  47    1981  62      3       58
  AVERAGE         74                        73      1       68

PRECIPITATION (IN)
  YESTERDAY        0.00          3.14 1950   0.10  -0.10     0.06
  MONTH TO DATE    1.48                      1.93  -0.45     2.75
  SINCE JUN 1      8.85                      9.36  -0.51     9.89
  SINCE JAN 1     23.72                     25.09  -1.37    21.15

DEGREE DAYS
 HEATING
  YESTERDAY        0                         0      0        0
  MONTH TO DATE    0                         0      0        4
  SINCE JUN 1      5                        25    -20        6
  SINCE JUL 1      3                         1      2        4

 COOLING
  YESTERDAY        9                         8      1        3
  MONTH TO DATE  123                       165    -42      114
  SINCE JUN 1    660                       651      9      701
  SINCE JAN 1    741                       708     33      812
..................................................................


WIND (MPH)
  HIGHEST WIND SPEED    10   HIGHEST WIND DIRECTION    SE (150)
  HIGHEST GUST SPEED    14   HIGHEST GUST DIRECTION     S (160)
  AVERAGE WIND SPEED     3.0


SKY COVER
  POSSIBLE SUNSHINE  MM
  AVERAGE SKY COVER 0.6


WEATHER CONDITIONS
 THE FOLLOWING WEATHER WAS RECORDED YESTERDAY.
  FOG
  HAZE


RELATIVE HUMIDITY (PERCENT)
 HIGHEST    87           500 AM
 LOWEST     55           200 PM
 AVERAGE    71

..........................................................


THE MARTINSBURG WV CLIMATE NORMALS FOR TODAY
                         NORMAL    RECORD    YEAR
 MAXIMUM TEMPERATURE (F)   84       103      1983
 MINIMUM TEMPERATURE (F)   62        49      1998


SUNRISE AND SUNSET
AUGUST 20 2014........SUNRISE   629 AM EDT   SUNSET   801 PM EDT
AUGUST 21 2014........SUNRISE   630 AM EDT   SUNSET   759 PM EDT


-  INDICATES NEGATIVE NUMBERS.
R  INDICATES RECORD WAS SET OR TIED.
MM INDICATES DATA IS MISSING.
T  INDICATES TRACE AMOUNT.




$$
