000
CDUS41 KLWX 310521
CLIMRB


CLIMATE REPORT
NATIONAL WEATHER SERVICE BALTIMORE MD/WASHINGTON DC
121 AM EDT THU JUL 31 2014


...................................

...THE MARTINSBURG WV CLIMATE SUMMARY FOR JULY 30 2014...

CLIMATE NORMAL PERIOD 1981 TO 2010
CLIMATE RECORD PERIOD 1926 TO 2014


WEATHER ITEM   OBSERVED TIME   RECORD YEAR NORMAL DEPARTURE LAST
                VALUE   (LST)  VALUE       VALUE  FROM      YEAR
                                                  NORMAL
..................................................................
TEMPERATURE (F)
 YESTERDAY
  MAXIMUM         79    411 PM 104    1930  85     -6       82
  MINIMUM         49R   538 AM  50    1928  64    -15       56
  AVERAGE         64                        74    -10       69

PRECIPITATION (IN)
  YESTERDAY        0.00          1.62 1996   0.13  -0.13     0.00
  MONTH TO DATE    4.69                      3.55   1.14     3.14
  SINCE JUN 1      7.37                      7.31   0.06     7.14
  SINCE JAN 1     22.24                     23.04  -0.80    18.40

DEGREE DAYS
 HEATING
  YESTERDAY        1                         0      1        0
  MONTH TO DATE    3                         0      3        0
  SINCE JUN 1      5                        24    -19        2
  SINCE JUL 1      3                         0      3        0

 COOLING
  YESTERDAY        0                        10    -10        4
  MONTH TO DATE  295                       296     -1      354
  SINCE JUN 1    531                       479     52      582
  SINCE JAN 1    612                       536     76      693
..................................................................


WIND (MPH)
  HIGHEST WIND SPEED    12   HIGHEST WIND DIRECTION    NW (320)
  HIGHEST GUST SPEED    14   HIGHEST GUST DIRECTION     S (190)
  AVERAGE WIND SPEED     2.8


SKY COVER
  POSSIBLE SUNSHINE  MM
  AVERAGE SKY COVER 0.2


WEATHER CONDITIONS
 THE FOLLOWING WEATHER WAS RECORDED YESTERDAY.
  FOG
  HAZE


RELATIVE HUMIDITY (PERCENT)
 HIGHEST    86           500 AM
 LOWEST     35           200 PM
 AVERAGE    61

..........................................................


THE MARTINSBURG WV CLIMATE NORMALS FOR TODAY
                         NORMAL    RECORD    YEAR
 MAXIMUM TEMPERATURE (F)   85       102      1954
 MINIMUM TEMPERATURE (F)   64        46      1966


SUNRISE AND SUNSET
JULY 31 2014..........SUNRISE   611 AM EDT   SUNSET   825 PM EDT
AUGUST  1 2014........SUNRISE   612 AM EDT   SUNSET   824 PM EDT


-  INDICATES NEGATIVE NUMBERS.
R  INDICATES RECORD WAS SET OR TIED.
MM INDICATES DATA IS MISSING.
T  INDICATES TRACE AMOUNT.




$$
