000
CDUS41 KLWX 250520
CLIMRB


CLIMATE REPORT
NATIONAL WEATHER SERVICE BALTIMORE MD/WASHINGTON DC
1219 AM EST SUN JAN 25 2015


...................................

...THE MARTINSBURG WV CLIMATE SUMMARY FOR JANUARY 24 2015...

CLIMATE NORMAL PERIOD 1981 TO 2010
CLIMATE RECORD PERIOD 1926 TO 2015


WEATHER ITEM   OBSERVED TIME   RECORD YEAR NORMAL DEPARTURE LAST
                VALUE   (LST)  VALUE       VALUE  FROM      YEAR
                                                  NORMAL
..................................................................
TEMPERATURE (F)
 YESTERDAY
  MAXIMUM         42    348 PM  74    1967  40      2       21
  MINIMUM         34    901 AM  -4    1963  22     12        2
  AVERAGE         38                        31      7       12

PRECIPITATION (IN)
  YESTERDAY        0.44          0.94 1979   0.08   0.36     0.00
  MONTH TO DATE    1.90                      1.86   0.04     1.04
  SINCE DEC 1      4.67                      4.57   0.10     5.94
  SINCE JAN 1      1.90                      1.86   0.04     1.04

DEGREE DAYS
 HEATING
  YESTERDAY       27                        34     -7       53
  MONTH TO DATE  819                       816      3      906
  SINCE DEC 1   1629                      1772   -143     1763
  SINCE JUL 1   2588                      2842   -254     2854

 COOLING
  YESTERDAY        0                         0      0        0
  MONTH TO DATE    0                         0      0        0
  SINCE DEC 1      0                         0      0        0
  SINCE JAN 1      0                         0      0        0
..................................................................


WIND (MPH)
  HIGHEST WIND SPEED    26   HIGHEST WIND DIRECTION     W (280)
  HIGHEST GUST SPEED    33   HIGHEST GUST DIRECTION     W (290)
  AVERAGE WIND SPEED     9.3


SKY COVER
  POSSIBLE SUNSHINE  MM
  AVERAGE SKY COVER 0.8


WEATHER CONDITIONS
 THE FOLLOWING WEATHER WAS RECORDED YESTERDAY.
  RAIN
  LIGHT RAIN
  FREEZING RAIN
  LT FREEZING RAIN
  SNOW
  LIGHT SNOW
  FOG


RELATIVE HUMIDITY (PERCENT)
 HIGHEST    96           700 AM
 LOWEST     50           500 PM
 AVERAGE    73

..........................................................


THE MARTINSBURG WV CLIMATE NORMALS FOR TODAY
                         NORMAL    RECORD    YEAR
 MAXIMUM TEMPERATURE (F)   40        76      1950
 MINIMUM TEMPERATURE (F)   22        -4      1936


SUNRISE AND SUNSET
JANUARY 25 2015.......SUNRISE   725 AM EST   SUNSET   524 PM EST
JANUARY 26 2015.......SUNRISE   724 AM EST   SUNSET   525 PM EST


-  INDICATES NEGATIVE NUMBERS.
R  INDICATES RECORD WAS SET OR TIED.
MM INDICATES DATA IS MISSING.
T  INDICATES TRACE AMOUNT.




$$
