000
CDUS41 KLWX 240523
CLIMRB


CLIMATE REPORT
NATIONAL WEATHER SERVICE BALTIMORE MD/WASHINGTON DC
123 AM EDT SUN SEP 24 2017


...................................

...THE MARTINSBURG WV CLIMATE SUMMARY FOR SEPTEMBER 23 2017...

CLIMATE NORMAL PERIOD 1981 TO 2010
CLIMATE RECORD PERIOD 1926 TO 2017


WEATHER ITEM   OBSERVED TIME   RECORD YEAR NORMAL DEPARTURE LAST
                VALUE   (LST)  VALUE       VALUE  FROM      YEAR
                                                  NORMAL
..................................................................
TEMPERATURE (F)
 YESTERDAY
  MAXIMUM         88    425 PM 101    1931  74     14       91
  MINIMUM         51    546 AM  31    1963  51      0       52
  AVERAGE         70                        62      8       72

PRECIPITATION (IN)
  YESTERDAY        0.00          1.11 1975   0.11  -0.11     0.00
  MONTH TO DATE    1.46                      2.74  -1.28     1.02
  SINCE SEP 1      1.46                      2.74  -1.28     1.02
  SINCE JAN 1     28.40                     28.98  -0.58    17.87

DEGREE DAYS
 HEATING
  YESTERDAY        0                         4     -4        0
  MONTH TO DATE   45                        47     -2        0
  SINCE SEP 1     45                        47     -2        0
  SINCE JUL 1     47                        54     -7        0

 COOLING
  YESTERDAY        5                         2      3        7
  MONTH TO DATE   81                        85     -4      198
  SINCE SEP 1     81                        85     -4      198
  SINCE JAN 1    977                       877    100     1270
..................................................................


WIND (MPH)
  HIGHEST WIND SPEED    10   HIGHEST WIND DIRECTION    NE (30)
  HIGHEST GUST SPEED    16   HIGHEST GUST DIRECTION     N (20)
  AVERAGE WIND SPEED     2.4


SKY COVER
  POSSIBLE SUNSHINE  MM
  AVERAGE SKY COVER 0.0


WEATHER CONDITIONS
 THE FOLLOWING WEATHER WAS RECORDED YESTERDAY.
  FOG


RELATIVE HUMIDITY (PERCENT)
 HIGHEST   100           500 AM
 LOWEST     28           500 PM
 AVERAGE    64

..........................................................


THE MARTINSBURG WV CLIMATE NORMALS FOR TODAY
                         NORMAL    RECORD    YEAR
 MAXIMUM TEMPERATURE (F)   74        96      1970
 MINIMUM TEMPERATURE (F)   51        29      1963


SUNRISE AND SUNSET
SEPTEMBER 24 2017.....SUNRISE   702 AM EDT   SUNSET   705 PM EDT
SEPTEMBER 25 2017.....SUNRISE   703 AM EDT   SUNSET   704 PM EDT


-  INDICATES NEGATIVE NUMBERS.
R  INDICATES RECORD WAS SET OR TIED.
MM INDICATES DATA IS MISSING.
T  INDICATES TRACE AMOUNT.




$$
