000
CDUS41 KLWX 280528
CLIMRB


CLIMATE REPORT
NATIONAL WEATHER SERVICE BALTIMORE MD/WASHINGTON DC
1227 AM EST TUE FEB 28 2017


...................................

...THE MARTINSBURG WV CLIMATE SUMMARY FOR FEBRUARY 27 2017...

CLIMATE NORMAL PERIOD 1981 TO 2010
CLIMATE RECORD PERIOD 1926 TO 2017


WEATHER ITEM   OBSERVED TIME   RECORD YEAR NORMAL DEPARTURE LAST
                VALUE   (LST)  VALUE       VALUE  FROM      YEAR
                                                  NORMAL
..................................................................
TEMPERATURE (F)
 YESTERDAY
  MAXIMUM         55    101 PM  75    1932  47      8       47
  MINIMUM         23    315 AM   5    1934  27     -4       24
  AVERAGE         39                        36      3       36

PRECIPITATION (IN)
  YESTERDAY        0.00          1.11 1958   0.09  -0.09     0.00
  MONTH TO DATE    0.66                      2.25  -1.59     2.73
  SINCE DEC 1      5.92                      7.40  -1.48     6.75
  SINCE JAN 1      4.13                      4.69  -0.56     4.09

DEGREE DAYS
 HEATING
  YESTERDAY       26                        29     -3       29
  MONTH TO DATE  569                       846   -277      838
  SINCE DEC 1   2260                      2859   -599     2522
  SINCE JUL 1   3064                      3929   -865     3380

 COOLING
  YESTERDAY        0                         0      0        0
  MONTH TO DATE    0                         0      0        0
  SINCE DEC 1      0                         0      0        0
  SINCE JAN 1      0                         0      0        0
..................................................................


WIND (MPH)
  HIGHEST WIND SPEED    12   HIGHEST WIND DIRECTION     S (190)
  HIGHEST GUST SPEED    16   HIGHEST GUST DIRECTION     S (170)
  AVERAGE WIND SPEED     2.8


SKY COVER
  POSSIBLE SUNSHINE  MM
  AVERAGE SKY COVER 0.7


WEATHER CONDITIONS
 THE FOLLOWING WEATHER WAS RECORDED YESTERDAY.
  HAZE


RELATIVE HUMIDITY (PERCENT)
 HIGHEST    75           700 AM
 LOWEST     24           100 PM
 AVERAGE    50

..........................................................


THE MARTINSBURG WV CLIMATE NORMALS FOR TODAY
                         NORMAL    RECORD    YEAR
 MAXIMUM TEMPERATURE (F)   47        75      1948
 MINIMUM TEMPERATURE (F)   27       -10      1934


SUNRISE AND SUNSET
FEBRUARY 28 2017......SUNRISE   646 AM EST   SUNSET   603 PM EST
MARCH  1 2017.........SUNRISE   644 AM EST   SUNSET   605 PM EST


-  INDICATES NEGATIVE NUMBERS.
R  INDICATES RECORD WAS SET OR TIED.
MM INDICATES DATA IS MISSING.
T  INDICATES TRACE AMOUNT.




$$
