000
CDUS41 KLWX 230522
CLIMRB


CLIMATE REPORT
NATIONAL WEATHER SERVICE BALTIMORE MD/WASHINGTON DC
121 AM EDT SAT JUL 23 2016


...................................

...THE MARTINSBURG WV CLIMATE SUMMARY FOR JULY 22 2016...

CLIMATE NORMAL PERIOD 1981 TO 2010
CLIMATE RECORD PERIOD 1926 TO 2016


WEATHER ITEM   OBSERVED TIME   RECORD YEAR NORMAL DEPARTURE LAST
                VALUE   (LST)  VALUE       VALUE  FROM      YEAR
                                                  NORMAL
..................................................................
TEMPERATURE (F)
 YESTERDAY
  MAXIMUM         93    146 PM 106    1926  86      7       83
  MINIMUM         63    516 AM  48    1966  64     -1       59
  AVERAGE         78                        75      3       71

PRECIPITATION (IN)
  YESTERDAY        0.00          2.33 1953   0.12  -0.12     0.00
  MONTH TO DATE    0.84                      2.56  -1.72     2.20
  SINCE JUN 1      2.94                      6.32  -3.38     6.46
  SINCE JAN 1     14.53                     22.05  -7.52    17.40

DEGREE DAYS
 HEATING
  YESTERDAY        0                         0      0        0
  MONTH TO DATE    0                         0      0        0
  SINCE JUN 1      5                        24    -19       15
  SINCE JUL 1      0                         0      0        0

 COOLING
  YESTERDAY       13                        10      3        6
  MONTH TO DATE  254                       216     38      216
  SINCE JUN 1    470                       399     71      465
  SINCE JAN 1    543                       456     87      613
..................................................................


WIND (MPH)
  HIGHEST WIND SPEED    21   HIGHEST WIND DIRECTION     W (280)
  HIGHEST GUST SPEED    26   HIGHEST GUST DIRECTION     W (280)
  AVERAGE WIND SPEED     5.3


SKY COVER
  POSSIBLE SUNSHINE  MM
  AVERAGE SKY COVER 0.0


WEATHER CONDITIONS
 THE FOLLOWING WEATHER WAS RECORDED YESTERDAY.
  FOG


RELATIVE HUMIDITY (PERCENT)
 HIGHEST   100           500 AM
 LOWEST     41           300 PM
 AVERAGE    71

..........................................................


THE MARTINSBURG WV CLIMATE NORMALS FOR TODAY
                         NORMAL    RECORD    YEAR
 MAXIMUM TEMPERATURE (F)   86       106      1926
 MINIMUM TEMPERATURE (F)   64        51      1983


SUNRISE AND SUNSET
JULY 23 2016..........SUNRISE   604 AM EDT   SUNSET   832 PM EDT
JULY 24 2016..........SUNRISE   605 AM EDT   SUNSET   831 PM EDT


-  INDICATES NEGATIVE NUMBERS.
R  INDICATES RECORD WAS SET OR TIED.
MM INDICATES DATA IS MISSING.
T  INDICATES TRACE AMOUNT.




$$
