000
CDUS41 KLWX 280528
CLIMRB


CLIMATE REPORT
NATIONAL WEATHER SERVICE BALTIMORE MD/WASHINGTON DC
1228 AM EST FRI NOV 28 2014


...................................

...THE MARTINSBURG WV CLIMATE SUMMARY FOR NOVEMBER 27 2014...

CLIMATE NORMAL PERIOD 1981 TO 2010
CLIMATE RECORD PERIOD 1926 TO 2014


WEATHER ITEM   OBSERVED TIME   RECORD YEAR NORMAL DEPARTURE LAST
                VALUE   (LST)  VALUE       VALUE  FROM      YEAR
                                                  NORMAL
..................................................................
TEMPERATURE (F)
 YESTERDAY
  MAXIMUM         43   1251 PM  71    1976  49     -6       40
  MINIMUM         32    736 AM   8    1938  31      1       27
  AVERAGE         38                        40     -2       34

PRECIPITATION (IN)
  YESTERDAY        0.00          2.22 1993   0.10  -0.10     0.10
  MONTH TO DATE    2.18                      2.79  -0.61     2.06
  SINCE SEP 1      7.91                      9.41  -1.50     8.78
  SINCE JAN 1     32.38                     35.65  -3.27    31.16

DEGREE DAYS
 HEATING
  YESTERDAY       27                        25      2       31
  MONTH TO DATE  594                       547     47      587
  SINCE SEP 1    879                       986   -107      980
  SINCE JUL 1    882                       993   -111      984

 COOLING
  YESTERDAY        0                         0      0        0
  MONTH TO DATE    0                         0      0        0
  SINCE SEP 1    130                       103     27      139
  SINCE JAN 1    958                       895     63     1057
..................................................................


WIND (MPH)
  HIGHEST WIND SPEED    17   HIGHEST WIND DIRECTION    NW (310)
  HIGHEST GUST SPEED    24   HIGHEST GUST DIRECTION     W (290)
  AVERAGE WIND SPEED     6.3


SKY COVER
  POSSIBLE SUNSHINE  MM
  AVERAGE SKY COVER 0.9


WEATHER CONDITIONS
 THE FOLLOWING WEATHER WAS RECORDED YESTERDAY.
  FOG
  FOG W/VISIBILITY <= 1/4 MILE
  HAZE


RELATIVE HUMIDITY (PERCENT)
 HIGHEST    89          1200 AM
 LOWEST     51           300 PM
 AVERAGE    70

..........................................................


THE MARTINSBURG WV CLIMATE NORMALS FOR TODAY
                         NORMAL    RECORD    YEAR
 MAXIMUM TEMPERATURE (F)   49        75      1998
 MINIMUM TEMPERATURE (F)   31        12      1938


SUNRISE AND SUNSET
NOVEMBER 28 2014......SUNRISE   710 AM EST   SUNSET   450 PM EST
NOVEMBER 29 2014......SUNRISE   711 AM EST   SUNSET   449 PM EST


-  INDICATES NEGATIVE NUMBERS.
R  INDICATES RECORD WAS SET OR TIED.
MM INDICATES DATA IS MISSING.
T  INDICATES TRACE AMOUNT.




$$
