000
CDUS41 KLWX 230524
CLIMRB


CLIMATE REPORT
NATIONAL WEATHER SERVICE BALTIMORE MD/WASHINGTON DC
1222 AM EST MON JAN 23 2017


...................................

...THE MARTINSBURG WV CLIMATE SUMMARY FOR JANUARY 22 2017...

CLIMATE NORMAL PERIOD 1981 TO 2010
CLIMATE RECORD PERIOD 1926 TO 2017


WEATHER ITEM   OBSERVED TIME   RECORD YEAR NORMAL DEPARTURE LAST
                VALUE   (LST)  VALUE       VALUE  FROM      YEAR
                                                  NORMAL
..................................................................
TEMPERATURE (F)
 YESTERDAY
  MAXIMUM         47    608 PM  66    1967  40      7       24
  MINIMUM         44    809 AM -16    1984  22     22       12
  AVERAGE         46                        31     15       18

PRECIPITATION (IN)
  YESTERDAY        0.11          0.68 1987   0.09   0.02    MM
  MONTH TO DATE    2.16                      1.70   0.46     1.36
  SINCE DEC 1      3.95                      4.41  -0.46     4.02
  SINCE JAN 1      2.16                      1.70   0.46     1.36

DEGREE DAYS
 HEATING
  YESTERDAY       19                        34    -15       47
  MONTH TO DATE  612                       748   -136      767
  SINCE DEC 1   1492                      1704   -212     1351
  SINCE JUL 1   2296                      2774   -478     2209

 COOLING
  YESTERDAY        0                         0      0        0
  MONTH TO DATE    0                         0      0        0
  SINCE DEC 1      0                         0      0        0
  SINCE JAN 1      0                         0      0        0
..................................................................


WIND (MPH)
  HIGHEST WIND SPEED    12   HIGHEST WIND DIRECTION     N (20)
  HIGHEST GUST SPEED    14   HIGHEST GUST DIRECTION     N (20)
  AVERAGE WIND SPEED     4.9


SKY COVER
  POSSIBLE SUNSHINE  MM
  AVERAGE SKY COVER 1.0


WEATHER CONDITIONS
 THE FOLLOWING WEATHER WAS RECORDED YESTERDAY.
  LIGHT RAIN
  FOG
  FOG W/VISIBILITY <= 1/4 MILE


RELATIVE HUMIDITY (PERCENT)
 HIGHEST   100          1200 AM
 LOWEST     86          1000 AM
 AVERAGE    93

..........................................................


THE MARTINSBURG WV CLIMATE NORMALS FOR TODAY
                         NORMAL    RECORD    YEAR
 MAXIMUM TEMPERATURE (F)   40        72      1927
 MINIMUM TEMPERATURE (F)   22        -6      2014
                                             1936


SUNRISE AND SUNSET
JANUARY 23 2017.......SUNRISE   726 AM EST   SUNSET   522 PM EST
JANUARY 24 2017.......SUNRISE   725 AM EST   SUNSET   523 PM EST


-  INDICATES NEGATIVE NUMBERS.
R  INDICATES RECORD WAS SET OR TIED.
MM INDICATES DATA IS MISSING.
T  INDICATES TRACE AMOUNT.




$$
