000
CDUS44 KHUN 220822
CLIMSL


CLIMATE REPORT
NATIONAL WEATHER SERVICE HUNTSVILLE AL
222 AM CST MON DEC 22 2014


...................................

...THE MUSCLE SHOALS CLIMATE SUMMARY FOR DECEMBER 21 2014...

CLIMATE NORMAL PERIOD 1981 TO 2010
CLIMATE RECORD PERIOD 1893 TO 2014


WEATHER ITEM   OBSERVED TIME   RECORD YEAR NORMAL DEPARTURE LAST
                VALUE   (LST)  VALUE       VALUE  FROM      YEAR
                                                  NORMAL
..................................................................
TEMPERATURE (F)
 YESTERDAY
  MAXIMUM         53    310 PM  76    2013  51      2       76
  MINIMUM         27    717 AM   5    1989  33     -6       64
  AVERAGE         40                        42     -2       70

PRECIPITATION (IN)
  YESTERDAY        0.00          2.42 1990   0.17  -0.17     0.92
  MONTH TO DATE    1.89                      4.10  -2.21     3.80
  SINCE DEC 1      1.89                      4.10  -2.21     3.80
  SINCE JAN 1     49.03                     51.62  -2.59    54.25

SNOWFALL (IN)
  YESTERDAY        0.0
  MONTH TO DATE    0.0
  SINCE DEC 1      0.0
  SINCE JUL 1      T
  SNOW DEPTH       0

DEGREE DAYS
 HEATING
  YESTERDAY       25                        23      2        0
  MONTH TO DATE  375                       438    -63      397
  SINCE DEC 1    375                       438    -63      397
  SINCE JUL 1   1027                      1000     27     1014

 COOLING
  YESTERDAY        0                         0      0        5
  MONTH TO DATE    0                         0      0        8
  SINCE DEC 1      0                         0      0        8
  SINCE JAN 1   1861                      1871    -10     1903
..................................................................


WIND (MPH)
  HIGHEST WIND SPEED    10   HIGHEST WIND DIRECTION    SE (120)
  HIGHEST GUST SPEED    13   HIGHEST GUST DIRECTION    SE (120)
  AVERAGE WIND SPEED     1.8


SKY COVER
  POSSIBLE SUNSHINE  MM
  AVERAGE SKY COVER 0.5


WEATHER CONDITIONS
 THE FOLLOWING WEATHER WAS RECORDED YESTERDAY.
  FOG


RELATIVE HUMIDITY (PERCENT)
 HIGHEST    85           400 AM
 LOWEST     59           300 PM
 AVERAGE    72

..........................................................


THE MUSCLE SHOALS CLIMATE NORMALS FOR TODAY
                         NORMAL    RECORD    YEAR
 MAXIMUM TEMPERATURE (F)   51        71      1998
 MINIMUM TEMPERATURE (F)   33        -3      1989


SUNRISE AND SUNSET
DECEMBER 22 2014......SUNRISE   654 AM CST   SUNSET   444 PM CST
DECEMBER 23 2014......SUNRISE   655 AM CST   SUNSET   444 PM CST


-  INDICATES NEGATIVE NUMBERS.
R  INDICATES RECORD WAS SET OR TIED.
MM INDICATES DATA IS MISSING.
T  INDICATES TRACE AMOUNT.




$$
