501
CDUS44 KHUN 250836
CLIMSL


CLIMATE REPORT
NATIONAL WEATHER SERVICE HUNTSVILLE AL
236 AM CST SUN FEB 25 2018


...................................

...THE MUSCLE SHOALS CLIMATE SUMMARY FOR FEBRUARY 24 2018...

CLIMATE NORMAL PERIOD 1981 TO 2010
CLIMATE RECORD PERIOD 1893 TO 2018


WEATHER ITEM   OBSERVED TIME   RECORD YEAR NORMAL DEPARTURE LAST
                VALUE   (LST)  VALUE       VALUE  FROM      YEAR
                                                  NORMAL
..................................................................
TEMPERATURE (F)
 YESTERDAY
  MAXIMUM         79    224 PM  81    2017  58     21       81
  MINIMUM         63    205 AM  17    1989  37     26       56
                                      1967
  AVERAGE         71                        48     23       69

PRECIPITATION (IN)
  YESTERDAY        0.06          2.00 1909   0.18  -0.12     0.01
  MONTH TO DATE    9.39                      3.99   5.40     1.57
  SINCE DEC 1     16.53                     14.28   2.25    11.63
  SINCE JAN 1     11.17                      8.60   2.57     6.29

SNOWFALL (IN)
  YESTERDAY        0.0
  MONTH TO DATE    0.0
  SINCE DEC 1      0.6
  SINCE JUL 1      0.6
  SNOW DEPTH       0

DEGREE DAYS
 HEATING
  YESTERDAY        0                        17    -17        0
  MONTH TO DATE  307                       488   -181      272
  SINCE DEC 1   1815                      1906    -91     1300
  SINCE JUL 1   2322                      2468   -146     1628

 COOLING
  YESTERDAY        6                         0      6        4
  MONTH TO DATE   28                         0     28        4
  SINCE DEC 1     28                         1     27       10
  SINCE JAN 1     28                         0     28        8
..................................................................


WIND (MPH)
  HIGHEST WIND SPEED    23   HIGHEST WIND DIRECTION     S (190)
  HIGHEST GUST SPEED    30   HIGHEST GUST DIRECTION     S (200)
  AVERAGE WIND SPEED    12.7


SKY COVER
  POSSIBLE SUNSHINE  MM
  AVERAGE SKY COVER 0.7


WEATHER CONDITIONS
 THE FOLLOWING WEATHER WAS RECORDED YESTERDAY.
  THUNDERSTORM
  HEAVY RAIN
  RAIN
  LIGHT RAIN
  FOG


RELATIVE HUMIDITY (PERCENT)
 HIGHEST    93           200 AM
 LOWEST     54           200 PM
 AVERAGE    74

..........................................................


THE MUSCLE SHOALS CLIMATE NORMALS FOR TODAY
                         NORMAL    RECORD    YEAR
 MAXIMUM TEMPERATURE (F)   58        78      1977
                                             1936
                                             1930
 MINIMUM TEMPERATURE (F)   38        10      1967


SUNRISE AND SUNSET
FEBRUARY 25 2018......SUNRISE   625 AM CST   SUNSET   543 PM CST
FEBRUARY 26 2018......SUNRISE   623 AM CST   SUNSET   544 PM CST


-  INDICATES NEGATIVE NUMBERS.
R  INDICATES RECORD WAS SET OR TIED.
MM INDICATES DATA IS MISSING.
T  INDICATES TRACE AMOUNT.




$$
