000
CDUS44 KHUN 242134
CLIMSL


CLIMATE REPORT
NATIONAL WEATHER SERVICE HUNTSVILLE AL
434 PM CDT WED AUG 24 2016


...................................

...THE MUSCLE SHOALS CLIMATE SUMMARY FOR AUGUST 24 2016...
VALID TODAY AS OF 0400 PM LOCAL TIME.

CLIMATE NORMAL PERIOD 1981 TO 2010
CLIMATE RECORD PERIOD 1893 TO 2016


WEATHER ITEM   OBSERVED TIME   RECORD YEAR NORMAL DEPARTURE LAST
                VALUE   (LST)  VALUE       VALUE  FROM      YEAR
                                                  NORMAL
..................................................................
TEMPERATURE (F)
 TODAY
  MAXIMUM         95    332 PM 102    2007  91      4       85
  MINIMUM         70    534 AM  54    1920  68      2       66
  AVERAGE         83                        79      4       76

PRECIPITATION (IN)
  TODAY            0.00          2.38 2007   0.10  -0.10     0.00
  MONTH TO DATE    4.82                      2.46   2.36     5.56
  SINCE JUN 1     14.56                     11.52   3.04    12.65
  SINCE JAN 1     31.04                     35.02  -3.98    36.54

SNOWFALL (IN)
  TODAY            0.0
  MONTH TO DATE    0.0
  SINCE JUN 1      0.0
  SINCE JUL 1      0.0
  SNOW DEPTH       0

DEGREE DAYS
 HEATING
  TODAY            0                         0      0        0
  MONTH TO DATE    0                         0      0        0
  SINCE JUN 1      0                         1     -1        0
  SINCE JUL 1      0                         0      0        0

 COOLING
  TODAY           18                        14      4       11
  MONTH TO DATE  404                       365     39      343
  SINCE JUN 1   1412                      1204    208     1343
  SINCE JAN 1   1679                      1448    231     1597
..................................................................


WIND (MPH)
  HIGHEST WIND SPEED     8   HIGHEST WIND DIRECTION     S (190)
  HIGHEST GUST SPEED    12   HIGHEST GUST DIRECTION    SW (230)
  AVERAGE WIND SPEED     1.9


SKY COVER
  POSSIBLE SUNSHINE  MM
  AVERAGE SKY COVER 0.2


WEATHER CONDITIONS
 THE FOLLOWING WEATHER WAS RECORDED TODAY.
  FOG


RELATIVE HUMIDITY (PERCENT)
 HIGHEST    93          1200 AM
 LOWEST     49           300 PM
 AVERAGE    71

..........................................................


THE MUSCLE SHOALS CLIMATE NORMALS FOR TOMORROW
                         NORMAL    RECORD    YEAR
 MAXIMUM TEMPERATURE (F)   90       103      1943
 MINIMUM TEMPERATURE (F)   68        53      1923
                                             1917


SUNRISE AND SUNSET
AUGUST 24 2016........SUNRISE   618 AM CDT   SUNSET   727 PM CDT
AUGUST 25 2016........SUNRISE   619 AM CDT   SUNSET   726 PM CDT


-  INDICATES NEGATIVE NUMBERS.
R  INDICATES RECORD WAS SET OR TIED.
MM INDICATES DATA IS MISSING.
T  INDICATES TRACE AMOUNT.




$$
