000
CDUS44 KHUN 240703
CLIMSL


CLIMATE REPORT
NATIONAL WEATHER SERVICE HUNTSVILLE AL
203 AM CDT SUN SEP 24 2017


...................................

...THE MUSCLE SHOALS CLIMATE SUMMARY FOR SEPTEMBER 23 2017...

CLIMATE NORMAL PERIOD 1981 TO 2010
CLIMATE RECORD PERIOD 1893 TO 2017


WEATHER ITEM   OBSERVED TIME   RECORD YEAR NORMAL DEPARTURE LAST
                VALUE   (LST)  VALUE       VALUE  FROM      YEAR
                                                  NORMAL
..................................................................
TEMPERATURE (F)
 YESTERDAY
  MAXIMUM         91    310 PM  98    2016  82      9       98
                                      2010
                                      1931
  MINIMUM         65    538 AM  38    1918  59      6       65
  AVERAGE         78                        70      8       82

PRECIPITATION (IN)
  YESTERDAY        0.00          3.03 1975   0.12  -0.12     0.00
  MONTH TO DATE    3.51                      2.83   0.68     0.50
  SINCE SEP 1      3.51                      2.83   0.68     0.50
  SINCE JAN 1     37.33                     38.54  -1.21    32.13

SNOWFALL (IN)
  YESTERDAY        0.0
  MONTH TO DATE    0.0
  SINCE SEP 1      0.0
  SINCE JUL 1      0.0
  SNOW DEPTH       0

DEGREE DAYS
 HEATING
  YESTERDAY        0                         1     -1        0
  MONTH TO DATE   12                         5      7        0
  SINCE SEP 1     12                         5      7        0
  SINCE JUL 1     12                         5      7        0

 COOLING
  YESTERDAY       13                         6      7       17
  MONTH TO DATE  154                       224    -70      348
  SINCE SEP 1    154                       224    -70      348
  SINCE JAN 1   1779                      1767     12     2151
..................................................................


WIND (MPH)
  HIGHEST WIND SPEED     9   HIGHEST WIND DIRECTION     E (90)
  HIGHEST GUST SPEED    12   HIGHEST GUST DIRECTION     E (80)
  AVERAGE WIND SPEED     1.6


SKY COVER
  POSSIBLE SUNSHINE  MM
  AVERAGE SKY COVER 0.1


WEATHER CONDITIONS
 THE FOLLOWING WEATHER WAS RECORDED YESTERDAY.
  THUNDERSTORM
  FOG
  HAZE


RELATIVE HUMIDITY (PERCENT)
 HIGHEST    93           100 AM
 LOWEST     41           300 PM
 AVERAGE    67

..........................................................


THE MUSCLE SHOALS CLIMATE NORMALS FOR TODAY
                         NORMAL    RECORD    YEAR
 MAXIMUM TEMPERATURE (F)   82       100      1931
 MINIMUM TEMPERATURE (F)   58        40      1928
                                             1918


SUNRISE AND SUNSET
SEPTEMBER 24 2017.....SUNRISE   640 AM CDT   SUNSET   644 PM CDT
SEPTEMBER 25 2017.....SUNRISE   641 AM CDT   SUNSET   643 PM CDT


-  INDICATES NEGATIVE NUMBERS.
R  INDICATES RECORD WAS SET OR TIED.
MM INDICATES DATA IS MISSING.
T  INDICATES TRACE AMOUNT.




$$
