000
CDUS44 KHUN 250703
CLIMSL


CLIMATE REPORT
NATIONAL WEATHER SERVICE HUNTSVILLE AL
203 AM CDT THU MAY 25 2017


...................................

...THE MUSCLE SHOALS CLIMATE SUMMARY FOR MAY 24 2017...

CLIMATE NORMAL PERIOD 1981 TO 2010
CLIMATE RECORD PERIOD 1893 TO 2017


WEATHER ITEM   OBSERVED TIME   RECORD YEAR NORMAL DEPARTURE LAST
                VALUE   (LST)  VALUE       VALUE  FROM      YEAR
                                                  NORMAL
..................................................................
TEMPERATURE (F)
 YESTERDAY
  MAXIMUM         72    127 PM  96    1996  83    -11       88
  MINIMUM         55   1159 PM  42    1931  61     -6       57
  AVERAGE         64                        72     -8       73

PRECIPITATION (IN)
  YESTERDAY        0.59          1.43 1940   0.17   0.42     0.00
  MONTH TO DATE    3.27                      3.96  -0.69     1.16
  SINCE MAR 1     12.04                     13.07  -1.03     9.35
  SINCE JAN 1     19.28                     22.34  -3.06    16.48

SNOWFALL (IN)
  YESTERDAY        0.0
  MONTH TO DATE    0.0
  SINCE MAR 1      T
  SINCE JUL 1      T
  SNOW DEPTH       0

DEGREE DAYS
 HEATING
  YESTERDAY        1                         0      1        0
  MONTH TO DATE   34                        29      5       26
  SINCE MAR 1    414                       567   -153      359
  SINCE JUL 1   2094                      3102  -1008     2360

 COOLING
  YESTERDAY        0                         7     -7        8
  MONTH TO DATE  123                       122      1       91
  SINCE MAR 1    263                       186     77      175
  SINCE JAN 1    271                       187     84      175
..................................................................


WIND (MPH)
  HIGHEST WIND SPEED    24   HIGHEST WIND DIRECTION     W (280)
  HIGHEST GUST SPEED    29   HIGHEST GUST DIRECTION     W (280)
  AVERAGE WIND SPEED     8.6


SKY COVER
  POSSIBLE SUNSHINE  MM
  AVERAGE SKY COVER 0.9


WEATHER CONDITIONS
 THE FOLLOWING WEATHER WAS RECORDED YESTERDAY.
  THUNDERSTORM
  HEAVY RAIN
  RAIN
  LIGHT RAIN
  FOG


RELATIVE HUMIDITY (PERCENT)
 HIGHEST    93           500 AM
 LOWEST     53           100 PM
 AVERAGE    73

..........................................................


THE MUSCLE SHOALS CLIMATE NORMALS FOR TODAY
                         NORMAL    RECORD    YEAR
 MAXIMUM TEMPERATURE (F)   83        97      1902
 MINIMUM TEMPERATURE (F)   61        45      1935


SUNRISE AND SUNSET
MAY 25 2017...........SUNRISE   541 AM CDT   SUNSET   754 PM CDT
MAY 26 2017...........SUNRISE   541 AM CDT   SUNSET   755 PM CDT


-  INDICATES NEGATIVE NUMBERS.
R  INDICATES RECORD WAS SET OR TIED.
MM INDICATES DATA IS MISSING.
T  INDICATES TRACE AMOUNT.




$$
