000
CDUS44 KHUN 230704
CLIMSL


CLIMATE REPORT
NATIONAL WEATHER SERVICE HUNTSVILLE AL
204 AM CDT WED APR 23 2014


...................................

...THE MUSCLE SHOALS CLIMATE SUMMARY FOR APRIL 22 2014...

CLIMATE NORMAL PERIOD 1981 TO 2010
CLIMATE RECORD PERIOD 1893 TO 2014


WEATHER ITEM   OBSERVED TIME   RECORD YEAR NORMAL DEPARTURE LAST
                VALUE   (LST)  VALUE       VALUE  FROM      YEAR
                                                  NORMAL
..................................................................
TEMPERATURE (F)
 YESTERDAY
  MAXIMUM         78    421 PM  90    1925  75      3       74
  MINIMUM         59   1159 PM  34    1908  51      8       47
  AVERAGE         69                        63      6       61

PRECIPITATION (IN)
  YESTERDAY        0.06          2.74 1928   0.14  -0.08     0.00
  MONTH TO DATE    3.45                      3.18   0.27     3.12
  SINCE MAR 1      6.07                      7.94  -1.87     7.89
  SINCE JAN 1     11.76                     17.21  -5.45    19.39

SNOWFALL (IN)
  YESTERDAY        0.0
  MONTH TO DATE    0.0
  SINCE MAR 1      T
  SINCE JUL 1      1.4
  SNOW DEPTH       0

DEGREE DAYS
 HEATING
  YESTERDAY        0                         4     -4        4
  MONTH TO DATE  128                       136     -8      136
  SINCE MAR 1    571                       514     57      656
  SINCE JUL 1   3342                      3049    293     2872

 COOLING
  YESTERDAY        4                         2      2        0
  MONTH TO DATE   31                        32     -1       45
  SINCE MAR 1     31                        44    -13       46
  SINCE JAN 1     31                        45    -14       53
..................................................................


WIND (MPH)
  HIGHEST WIND SPEED    12   HIGHEST WIND DIRECTION    NW (300)
  HIGHEST GUST SPEED    16   HIGHEST GUST DIRECTION    NW (330)
  AVERAGE WIND SPEED     3.5


SKY COVER
  POSSIBLE SUNSHINE  MM
  AVERAGE SKY COVER 0.6


WEATHER CONDITIONS
 THE FOLLOWING WEATHER WAS RECORDED YESTERDAY.
  LIGHT RAIN
  FOG
  HAZE


RELATIVE HUMIDITY (PERCENT)
 HIGHEST    87           100 AM
 LOWEST     50           500 PM
 AVERAGE    69

..........................................................


THE MUSCLE SHOALS CLIMATE NORMALS FOR TODAY
                         NORMAL    RECORD    YEAR
 MAXIMUM TEMPERATURE (F)   75        89      1965
                                             1925
 MINIMUM TEMPERATURE (F)   52        33      1927


SUNRISE AND SUNSET
APRIL 23 2014.........SUNRISE   609 AM CDT   SUNSET   729 PM CDT
APRIL 24 2014.........SUNRISE   608 AM CDT   SUNSET   730 PM CDT


-  INDICATES NEGATIVE NUMBERS.
R  INDICATES RECORD WAS SET OR TIED.
MM INDICATES DATA IS MISSING.
T  INDICATES TRACE AMOUNT.




$$
