000
CDUS44 KHUN 212226
CLIMSL


CLIMATE REPORT
NATIONAL WEATHER SERVICE HUNTSVILLE AL
425 PM CST TUE NOV 21 2017


...................................

...THE MUSCLE SHOALS CLIMATE SUMMARY FOR NOVEMBER 21 2017...
VALID TODAY AS OF 0400 PM LOCAL TIME.

CLIMATE NORMAL PERIOD 1981 TO 2010
CLIMATE RECORD PERIOD 1893 TO 2017


WEATHER ITEM   OBSERVED TIME   RECORD YEAR NORMAL DEPARTURE LAST
                VALUE   (LST)  VALUE       VALUE  FROM      YEAR
                                                  NORMAL
..................................................................
TEMPERATURE (F)
 TODAY
  MAXIMUM         62    304 PM  79    1896  61      1       59
  MINIMUM         30    612 AM  10    1914  39     -9       24
  AVERAGE         46                        50     -4       42

PRECIPITATION (IN)
  TODAY            0.00          2.99 1977   0.17  -0.17     0.00
  MONTH TO DATE    1.39                      3.02  -1.63     0.09
  SINCE SEP 1      9.67                     10.17  -0.50     0.67
  SINCE JAN 1     43.49                     45.88  -2.39    32.30

SNOWFALL (IN)
  TODAY            0.0
  MONTH TO DATE    0.0
  SINCE SEP 1      0.0
  SINCE JUL 1      0.0
  SNOW DEPTH       0

DEGREE DAYS
 HEATING
  TODAY           19                        15      4       23
  MONTH TO DATE  214                       247    -33      177
  SINCE SEP 1    365                       415    -50      210
  SINCE JUL 1    365                       415    -50      210

 COOLING
  TODAY            0                         0      0        0
  MONTH TO DATE   24                         4     20       20
  SINCE SEP 1    348                       325     23      563
  SINCE JAN 1   1973                      1868    105     2366
..................................................................


WIND (MPH)
  HIGHEST WIND SPEED    10   HIGHEST WIND DIRECTION    SE (130)
  HIGHEST GUST SPEED    12   HIGHEST GUST DIRECTION    SW (240)
  AVERAGE WIND SPEED     2.7


SKY COVER
  POSSIBLE SUNSHINE  MM
  AVERAGE SKY COVER 0.0


WEATHER CONDITIONS
 THE FOLLOWING WEATHER WAS RECORDED TODAY.
  NO SIGNIFICANT WEATHER WAS OBSERVED.


RELATIVE HUMIDITY (PERCENT)
 HIGHEST    85           700 AM
 LOWEST     32           300 PM
 AVERAGE    59

..........................................................


THE MUSCLE SHOALS CLIMATE NORMALS FOR TOMORROW
                         NORMAL    RECORD    YEAR
 MAXIMUM TEMPERATURE (F)   61        81      1913
 MINIMUM TEMPERATURE (F)   39        17      2008


SUNRISE AND SUNSET
NOVEMBER 21 2017......SUNRISE   630 AM CST   SUNSET   442 PM CST
NOVEMBER 22 2017......SUNRISE   631 AM CST   SUNSET   442 PM CST


-  INDICATES NEGATIVE NUMBERS.
R  INDICATES RECORD WAS SET OR TIED.
MM INDICATES DATA IS MISSING.
T  INDICATES TRACE AMOUNT.




$$
