000
CDUS43 KMKX 180647
CLIMSN


CLIMATE REPORT
NATIONAL WEATHER SERVICE IN MILWAUKEE
1246 AM CST SUN FEB 18 2018


...................................

...THE MADISON WI CLIMATE SUMMARY FOR FEBRUARY 17 2018...

CLIMATE NORMAL PERIOD 1981 TO 2010
CLIMATE RECORD PERIOD 1871 TO 2018


WEATHER ITEM   OBSERVED TIME   RECORD YEAR NORMAL DEPARTURE LAST
                VALUE   (LST)  VALUE       VALUE  FROM      YEAR
                                                  NORMAL
..................................................................
TEMPERATURE (F)
 YESTERDAY
  MAXIMUM         29    154 PM  61    1981  32     -3       60
  MINIMUM         14    256 AM -16    1973  16     -2       25
  AVERAGE         22                        24     -2       43

PRECIPITATION (IN)
  YESTERDAY        0.03          1.36 2008   0.05  -0.02     0.00
  MONTH TO DATE    0.90                      0.81   0.09     0.28
  SINCE DEC 1      3.31                      3.78  -0.47     5.07
  SINCE JAN 1      2.58                      2.04   0.54     3.04

SNOWFALL (IN)
  YESTERDAY        0.4           4.9  1975   0.4    0.0      0.0
  MONTH TO DATE   13.3                       6.7    6.6       T
  SINCE DEC 1     27.2                      33.1   -5.9     33.8
  SINCE JUL 1     27.5                      37.2   -9.7     33.8
  SNOW DEPTH       2

DEGREE DAYS
 HEATING
  YESTERDAY       43                        41      2       22
  MONTH TO DATE  853                       740    113      643
  SINCE DEC 1   3559                      3474     85     3225
  SINCE JUL 1   4918                      5053   -135     4247

 COOLING
  YESTERDAY        0                         0      0        0
  MONTH TO DATE    0                         0      0        0
  SINCE DEC 1      0                         0      0        0
  SINCE JAN 1      0                         0      0        0
..................................................................


WIND (MPH)
  HIGHEST WIND SPEED    14   HIGHEST WIND DIRECTION     S (200)
  HIGHEST GUST SPEED    20   HIGHEST GUST DIRECTION     W (260)
  AVERAGE WIND SPEED     6.8


SKY COVER
  POSSIBLE SUNSHINE  MM
  AVERAGE SKY COVER 0.6


WEATHER CONDITIONS
 THE FOLLOWING WEATHER WAS RECORDED YESTERDAY.
  SNOW
  LIGHT SNOW
  FOG
  HAZE


RELATIVE HUMIDITY (PERCENT)
 HIGHEST    92           400 PM
 LOWEST     50          1100 AM
 AVERAGE    71

..........................................................


THE MADISON WI CLIMATE NORMALS FOR TODAY
                         NORMAL    RECORD    YEAR
 MAXIMUM TEMPERATURE (F)   32        62      2017
 MINIMUM TEMPERATURE (F)   16       -19      1936


SUNRISE AND SUNSET
FEBRUARY 18 2018......SUNRISE   651 AM CST   SUNSET   532 PM CST
FEBRUARY 19 2018......SUNRISE   649 AM CST   SUNSET   534 PM CST


-  INDICATES NEGATIVE NUMBERS.
R  INDICATES RECORD WAS SET OR TIED.
MM INDICATES DATA IS MISSING.
T  INDICATES TRACE AMOUNT.




$$
