000
CDUS45 KMSO 260740
CLIMSO


CLIMATE REPORT
NATIONAL WEATHER SERVICE MISSOULA, MT
138 AM MDT TUE MAY 26 2015


...................................

...THE MISSOULA MT CLIMATE SUMMARY FOR MAY 25 2015...

CLIMATE NORMAL PERIOD 1981 TO 2010
CLIMATE RECORD PERIOD 1893 TO 2015


WEATHER ITEM   OBSERVED TIME   RECORD YEAR NORMAL DEPARTURE LAST
                VALUE   (LST)  VALUE       VALUE  FROM      YEAR
                                                  NORMAL
..................................................................
TEMPERATURE (F)
 YESTERDAY
  MAXIMUM         73    101 PM  94    1928  70      3       76
  MINIMUM         42    405 AM  26    1964  42      0       42
  AVERAGE         58                        56      2       59

PRECIPITATION (IN)
  YESTERDAY        0.01          1.83 1980   0.08  -0.07     0.00
  MONTH TO DATE    0.37                      1.50  -1.13     0.93
  SINCE OCT 1      8.84                      8.20   0.64     8.48
  SINCE JAN 1      3.53                      5.27  -1.74     6.77

SNOWFALL (IN)
  YESTERDAY        0.0
  MONTH TO DATE    0.0
  SINCE JAN 1     13.3
  SINCE JUL 1     33.9
  SNOW DEPTH       0

DEGREE DAYS
 HEATING
  YESTERDAY        7                         9     -2        6
  MONTH TO DATE  284                       308    -24      280
  SINCE MAR 1   1625                      1702    -77     1762
  SINCE JUL 1   6617                      7071   -454     7272

 COOLING
  YESTERDAY        0                         0      0        0
  MONTH TO DATE    0                         0      0        0
  SINCE MAR 1      0                         0      0        0
  SINCE JAN 1      0                         0      0        0
..................................................................


WIND (MPH)
  HIGHEST WIND SPEED    30   HIGHEST WIND DIRECTION    NW (320)
  HIGHEST GUST SPEED    39   HIGHEST GUST DIRECTION    NW (320)
  AVERAGE WIND SPEED     6.0


SKY COVER
  POSSIBLE SUNSHINE  MM
  AVERAGE SKY COVER 0.2


WEATHER CONDITIONS
 THE FOLLOWING WEATHER WAS RECORDED YESTERDAY.
  LIGHT RAIN


RELATIVE HUMIDITY (PERCENT)
 HIGHEST    89          1100 PM
 LOWEST     31           100 PM
 AVERAGE    60

..........................................................


THE MISSOULA MT CLIMATE NORMALS FOR TODAY
                         NORMAL    RECORD    YEAR
 MAXIMUM TEMPERATURE (F)   70        93      1986
 MINIMUM TEMPERATURE (F)   43        26      1893


SUNRISE AND SUNSET
MAY 26 2015...........SUNRISE   550 AM MDT   SUNSET   917 PM MDT
MAY 27 2015...........SUNRISE   549 AM MDT   SUNSET   918 PM MDT


-  INDICATES NEGATIVE NUMBERS.
R  INDICATES RECORD WAS SET OR TIED.
MM INDICATES DATA IS MISSING.
T  INDICATES TRACE AMOUNT.




$$
