000
CDUS45 KMSO 080839
CLIMSO


CLIMATE REPORT
NATIONAL WEATHER SERVICE MISSOULA, MT
139 AM MST MON FEB 8 2016


...................................

...THE MISSOULA MT CLIMATE SUMMARY FOR FEBRUARY 7 2016...

CLIMATE NORMAL PERIOD 1981 TO 2010
CLIMATE RECORD PERIOD 1893 TO 2016


WEATHER ITEM   OBSERVED TIME   RECORD YEAR NORMAL DEPARTURE LAST
                VALUE   (LST)  VALUE       VALUE  FROM      YEAR
                                                  NORMAL
..................................................................
TEMPERATURE (F)
 YESTERDAY
  MAXIMUM         40    350 PM  51    2015  37      3       51
  MINIMUM         19    805 AM -24    1936  20     -1       37
  AVERAGE         30                        28      2       44

PRECIPITATION (IN)
  YESTERDAY        0.00          1.10 1918   0.02  -0.02     0.34
  MONTH TO DATE    0.15                      0.17  -0.02     0.43
  SINCE OCT 1      4.14                      3.95   0.19     6.96
  SINCE JAN 1      0.75                      1.02  -0.27     1.65

SNOWFALL (IN)
  YESTERDAY        0.0
  MONTH TO DATE    4.6
  SINCE JAN 1     11.2
  SINCE JUL 1     28.3
  SNOW DEPTH       3

DEGREE DAYS
 HEATING
  YESTERDAY       35                        37     -2       21
  MONTH TO DATE  261                       259      2      201
  SINCE DEC 1   2735                      2752    -17     2591
  SINCE JUL 1   4588                      4648    -60     4347

 COOLING
  YESTERDAY        0                         0      0        0
  MONTH TO DATE    0                         0      0        0
  SINCE DEC 1      0                         0      0        0
  SINCE JAN 1      0                         0      0        0
..................................................................


WIND (MPH)
  HIGHEST WIND SPEED    13   HIGHEST WIND DIRECTION    NW (330)
  HIGHEST GUST SPEED    16   HIGHEST GUST DIRECTION     N (350)
  AVERAGE WIND SPEED     2.1


SKY COVER
  POSSIBLE SUNSHINE  MM
  AVERAGE SKY COVER 0.3


WEATHER CONDITIONS
 THE FOLLOWING WEATHER WAS RECORDED YESTERDAY.
  NO SIGNIFICANT WEATHER WAS OBSERVED.


RELATIVE HUMIDITY (PERCENT)
 HIGHEST    84           500 AM
 LOWEST     52           400 PM
 AVERAGE    68

..........................................................


THE MISSOULA MT CLIMATE NORMALS FOR TODAY
                         NORMAL    RECORD    YEAR
 MAXIMUM TEMPERATURE (F)   37        57      1898
 MINIMUM TEMPERATURE (F)   20       -25      1936


SUNRISE AND SUNSET
FEBRUARY  8 2016......SUNRISE   752 AM MST   SUNSET   550 PM MST
FEBRUARY  9 2016......SUNRISE   751 AM MST   SUNSET   551 PM MST


-  INDICATES NEGATIVE NUMBERS.
R  INDICATES RECORD WAS SET OR TIED.
MM INDICATES DATA IS MISSING.
T  INDICATES TRACE AMOUNT.




$$
