000
CDUS45 KMSO 230838
CLIMSO


CLIMATE REPORT
NATIONAL WEATHER SERVICE MISSOULA, MT
137 AM MST MON JAN 23 2017


...................................

...THE MISSOULA MT CLIMATE SUMMARY FOR JANUARY 22 2017...

CLIMATE NORMAL PERIOD 1981 TO 2010
CLIMATE RECORD PERIOD 1893 TO 2017


WEATHER ITEM   OBSERVED TIME   RECORD YEAR NORMAL DEPARTURE LAST
                VALUE   (LST)  VALUE       VALUE  FROM      YEAR
                                                  NORMAL
..................................................................
TEMPERATURE (F)
 YESTERDAY
  MAXIMUM         31   1118 PM  53    1910  34     -3       33
  MINIMUM         14   1000 AM -23    1962  19     -5       18
  AVERAGE         23                        27     -4       26

PRECIPITATION (IN)
  YESTERDAY        0.05          0.43 1993   0.03   0.02      T
  MONTH TO DATE    0.92                      0.63   0.29     0.35
  SINCE OCT 1      5.58                      3.56   2.02     3.74
  SINCE JAN 1      0.92                      0.63   0.29     0.35

SNOWFALL (IN)
  YESTERDAY        0.8
  MONTH TO DATE   12.1
  SINCE JAN 1     12.1
  SINCE JUL 1     41.2
  SNOW DEPTH      11

DEGREE DAYS
 HEATING
  YESTERDAY       42                        38      4       39
  MONTH TO DATE 1205                       876    329      943
  SINCE DEC 1   2623                      2152    471     2166
  SINCE JUL 1   4377                      4048    329     4019

 COOLING
  YESTERDAY        0                         0      0        0
  MONTH TO DATE    0                         0      0        0
  SINCE DEC 1      0                         0      0        0
  SINCE JAN 1      0                         0      0        0
..................................................................


WIND (MPH)
  HIGHEST WIND SPEED    18   HIGHEST WIND DIRECTION     S (160)
  HIGHEST GUST SPEED    23   HIGHEST GUST DIRECTION     S (160)
  AVERAGE WIND SPEED     3.6


SKY COVER
  POSSIBLE SUNSHINE  MM
  AVERAGE SKY COVER 0.7


WEATHER CONDITIONS
 THE FOLLOWING WEATHER WAS RECORDED YESTERDAY.
  LIGHT SNOW
  FOG
  FOG W/VISIBILITY <= 1/4 MILE
  HAZE


RELATIVE HUMIDITY (PERCENT)
 HIGHEST   100           200 AM
 LOWEST     81           200 PM
 AVERAGE    91

..........................................................


THE MISSOULA MT CLIMATE NORMALS FOR TODAY
                         NORMAL    RECORD    YEAR
 MAXIMUM TEMPERATURE (F)   34        52      1919
 MINIMUM TEMPERATURE (F)   19       -20      1930


SUNRISE AND SUNSET
JANUARY 23 2017.......SUNRISE   811 AM MST   SUNSET   526 PM MST
JANUARY 24 2017.......SUNRISE   810 AM MST   SUNSET   528 PM MST


-  INDICATES NEGATIVE NUMBERS.
R  INDICATES RECORD WAS SET OR TIED.
MM INDICATES DATA IS MISSING.
T  INDICATES TRACE AMOUNT.




$$
