000
CDUS45 KMSO 022310
CLIMSO


CLIMATE REPORT
NATIONAL WEATHER SERVICE MISSOULA, MT
510 PM MDT MON MAY 2 2016


...................................

...THE MISSOULA MT CLIMATE SUMMARY FOR MAY 2 2016...
VALID TODAY AS OF 0500 PM LOCAL TIME.

CLIMATE NORMAL PERIOD 1981 TO 2010
CLIMATE RECORD PERIOD 1893 TO 2016


WEATHER ITEM   OBSERVED TIME   RECORD YEAR NORMAL DEPARTURE LAST
                VALUE   (LST)  VALUE       VALUE  FROM      YEAR
                                                  NORMAL
..................................................................
TEMPERATURE (F)
 TODAY
  MAXIMUM         75    250 PM  84    1985  63     12       70
  MINIMUM         34    552 AM  25    1894  36     -2       34
  AVERAGE         55                        50      5       52

PRECIPITATION (IN)
  TODAY            0.00          0.81 1980   0.05  -0.05     0.00
  MONTH TO DATE    0.00                      0.09  -0.09     0.00
  SINCE OCT 1      6.67                      6.79  -0.12     8.47
  SINCE JAN 1      3.28                      3.86  -0.58     3.16

SNOWFALL (IN)
  TODAY            0.0
  MONTH TO DATE    0.0
  SINCE JAN 1     13.1
  SINCE JUL 1     30.2
  SNOW DEPTH       0

DEGREE DAYS
 HEATING
  TODAY           10                        15     -5       13
  MONTH TO DATE   22                        31     -9       25
  SINCE MAR 1   1236                      1425   -189     1366
  SINCE JUL 1   6420                      6794   -374     6358

 COOLING
  TODAY            0                         0      0        0
  MONTH TO DATE    0                         0      0        0
  SINCE MAR 1      0                         0      0        0
  SINCE JAN 1      0                         0      0        0
..................................................................


WIND (MPH)
  HIGHEST WIND SPEED     7   HIGHEST WIND DIRECTION    NE (40)
  HIGHEST GUST SPEED    10   HIGHEST GUST DIRECTION    NE (50)
  AVERAGE WIND SPEED     0.9


SKY COVER
  POSSIBLE SUNSHINE  MM
  AVERAGE SKY COVER 0.0


WEATHER CONDITIONS
 THE FOLLOWING WEATHER WAS RECORDED TODAY.
  NO SIGNIFICANT WEATHER WAS OBSERVED.


RELATIVE HUMIDITY (PERCENT)
 HIGHEST    82           500 AM
 LOWEST     20           300 PM
 AVERAGE    51

..........................................................


THE MISSOULA MT CLIMATE NORMALS FOR TOMORROW
                         NORMAL    RECORD    YEAR
 MAXIMUM TEMPERATURE (F)   64        86      1966
 MINIMUM TEMPERATURE (F)   36        22      1894


SUNRISE AND SUNSET
MAY  2 2016...........SUNRISE   619 AM MDT   SUNSET   849 PM MDT
MAY  3 2016...........SUNRISE   617 AM MDT   SUNSET   850 PM MDT


-  INDICATES NEGATIVE NUMBERS.
R  INDICATES RECORD WAS SET OR TIED.
MM INDICATES DATA IS MISSING.
T  INDICATES TRACE AMOUNT.




$$
