000
CDUS45 KMSO 250838
CLIMSO


CLIMATE REPORT
NATIONAL WEATHER SERVICE MISSOULA, MT
138 AM MST SAT FEB 25 2017


...................................

...THE MISSOULA MT CLIMATE SUMMARY FOR FEBRUARY 24 2017...

CLIMATE NORMAL PERIOD 1981 TO 2010
CLIMATE RECORD PERIOD 1893 TO 2017


WEATHER ITEM   OBSERVED TIME   RECORD YEAR NORMAL DEPARTURE LAST
                VALUE   (LST)  VALUE       VALUE  FROM      YEAR
                                                  NORMAL
..................................................................
TEMPERATURE (F)
 YESTERDAY
  MAXIMUM         34    250 PM  66    1995  42     -8       47
  MINIMUM         21   1159 PM  -8    1894  23     -2       20
  AVERAGE         28                        32     -4       34

PRECIPITATION (IN)
  YESTERDAY        T             0.38 1939   0.02  -0.02     0.00
  MONTH TO DATE    2.16                      0.59   1.57     0.42
  SINCE OCT 1      7.80                      4.37   3.43     4.41
  SINCE JAN 1      3.14                      1.44   1.70     1.02

SNOWFALL (IN)
  YESTERDAY        T
  MONTH TO DATE    9.3
  SINCE JAN 1     23.1
  SINCE JUL 1     52.2
  SNOW DEPTH       1

DEGREE DAYS
 HEATING
  YESTERDAY       37                        33      4       31
  MONTH TO DATE  874                       851     23      732
  SINCE DEC 1   3871                      3344    527     3206
  SINCE JUL 1   5625                      5240    385     5059

 COOLING
  YESTERDAY        0                         0      0        0
  MONTH TO DATE    0                         0      0        0
  SINCE DEC 1      0                         0      0        0
  SINCE JAN 1      0                         0      0        0
..................................................................


WIND (MPH)
  HIGHEST WIND SPEED    15   HIGHEST WIND DIRECTION     N (20)
  HIGHEST GUST SPEED    18   HIGHEST GUST DIRECTION    NW (330)
  AVERAGE WIND SPEED     8.0


SKY COVER
  POSSIBLE SUNSHINE  MM
  AVERAGE SKY COVER 0.8


WEATHER CONDITIONS
 THE FOLLOWING WEATHER WAS RECORDED YESTERDAY.
  NO SIGNIFICANT WEATHER WAS OBSERVED.


RELATIVE HUMIDITY (PERCENT)
 HIGHEST    77          1100 PM
 LOWEST     47           200 PM
 AVERAGE    62

..........................................................


THE MISSOULA MT CLIMATE NORMALS FOR TODAY
                         NORMAL    RECORD    YEAR
 MAXIMUM TEMPERATURE (F)   42        63      1905
 MINIMUM TEMPERATURE (F)   23       -11      1993


SUNRISE AND SUNSET
FEBRUARY 25 2017......SUNRISE   723 AM MST   SUNSET   617 PM MST
FEBRUARY 26 2017......SUNRISE   721 AM MST   SUNSET   618 PM MST


-  INDICATES NEGATIVE NUMBERS.
R  INDICATES RECORD WAS SET OR TIED.
MM INDICATES DATA IS MISSING.
T  INDICATES TRACE AMOUNT.




$$
