729
CDUS45 KMSO 040858
CLIMSO


CLIMATE REPORT
NATIONAL WEATHER SERVICE MISSOULA, MT
157 AM MST SUN DEC 4 2016


...................................

...THE MISSOULA MT CLIMATE SUMMARY FOR DECEMBER 3 2016...

CLIMATE NORMAL PERIOD 1981 TO 2010
CLIMATE RECORD PERIOD 1893 TO 2016


WEATHER ITEM   OBSERVED TIME   RECORD YEAR NORMAL DEPARTURE LAST
                VALUE   (LST)  VALUE       VALUE  FROM      YEAR
                                                  NORMAL
..................................................................
TEMPERATURE (F)
 YESTERDAY
  MAXIMUM         38    157 PM  60    1956  33      5       27
  MINIMUM         29    853 AM -12    1919  19     10        8
  AVERAGE         34                        26      8       18

PRECIPITATION (IN)
  YESTERDAY        0.01          0.36 1927   0.04  -0.03      T
  MONTH TO DATE    0.10                      0.11  -0.01      T
  SINCE OCT 1      3.27                      2.00   1.27     2.01
  SINCE JAN 1     12.60                     13.20  -0.60     8.68

SNOWFALL (IN)
  YESTERDAY       MM
  MONTH TO DATE    1.3
  SINCE JAN 1     15.7
  SINCE JUL 1      2.6
  SNOW DEPTH       0

DEGREE DAYS
 HEATING
  YESTERDAY       31                        39     -8       47
  MONTH TO DATE   99                       116    -17      154
  SINCE DEC 1     99                       116    -17      154
  SINCE JUL 1   1853                      2012   -159     2007

 COOLING
  YESTERDAY        0                         0      0        0
  MONTH TO DATE    0                         0      0        0
  SINCE DEC 1      0                         0      0        0
  SINCE JAN 1    287                       332    -45      401
..................................................................


WIND (MPH)
  HIGHEST WIND SPEED    12   HIGHEST WIND DIRECTION     N (340)
  HIGHEST GUST SPEED    14   HIGHEST GUST DIRECTION     N (350)
  AVERAGE WIND SPEED     2.5


SKY COVER
  POSSIBLE SUNSHINE  MM
  AVERAGE SKY COVER 1.0


WEATHER CONDITIONS
 THE FOLLOWING WEATHER WAS RECORDED YESTERDAY.
  LIGHT SNOW
  FOG


RELATIVE HUMIDITY (PERCENT)
 HIGHEST   100           900 AM
 LOWEST     76           100 PM
 AVERAGE    88

..........................................................


THE MISSOULA MT CLIMATE NORMALS FOR TODAY
                         NORMAL    RECORD    YEAR
 MAXIMUM TEMPERATURE (F)   33        58      1918
 MINIMUM TEMPERATURE (F)   19       -15      1972
                                             1919


SUNRISE AND SUNSET
DECEMBER  4 2016......SUNRISE   805 AM MST   SUNSET   448 PM MST
DECEMBER  5 2016......SUNRISE   806 AM MST   SUNSET   448 PM MST


-  INDICATES NEGATIVE NUMBERS.
R  INDICATES RECORD WAS SET OR TIED.
MM INDICATES DATA IS MISSING.
T  INDICATES TRACE AMOUNT.




$$
