000
CDUS45 KMSO 312231
CLIMSO


CLIMATE REPORT
NATIONAL WEATHER SERVICE MISSOULA, MT
430 PM MDT THU JUL 31 2014


...................................

...THE MISSOULA MT CLIMATE SUMMARY FOR JULY 31 2014...
VALID TODAY AS OF 0400 PM LOCAL TIME.

CLIMATE NORMAL PERIOD 1981 TO 2010
CLIMATE RECORD PERIOD 1893 TO 2014


WEATHER ITEM   OBSERVED TIME   RECORD YEAR NORMAL DEPARTURE LAST
                VALUE   (LST)  VALUE       VALUE  FROM      YEAR
                                                  NORMAL
..................................................................
TEMPERATURE (F)
 TODAY
  MAXIMUM         96    229 PM 101    1908  88      8       93
  MINIMUM         54    505 AM  38    1995  52      2       51
                                      1911
  AVERAGE         75                        70      5       72

PRECIPITATION (IN)
  TODAY            0.00          0.78 1946   0.03  -0.03     0.00
  MONTH TO DATE    0.24                      0.99  -0.75     0.09
  SINCE OCT 1     10.79                     11.77  -0.98    10.69
  SINCE JAN 1      9.08                      8.84   0.24     5.90

SNOWFALL (IN)
  TODAY            0.0
  MONTH TO DATE    0.0
  SINCE JAN 1     51.9
  SINCE JUL 1      0.0
  SNOW DEPTH       0

DEGREE DAYS
 HEATING
  TODAY            0                         1     -1        0
  MONTH TO DATE    6                        42    -36        0
  SINCE JUN 1    183                       198    -15      141
  SINCE JUL 1      6                        38    -32        0

 COOLING
  TODAY           10                         6      4        7
  MONTH TO DATE  232                       151     81      254
  SINCE JUN 1    240                       188     52      297
  SINCE JAN 1    240                       194     46      301
..................................................................


WIND (MPH)
  HIGHEST WIND SPEED    17   HIGHEST WIND DIRECTION     N (10)
  HIGHEST GUST SPEED    22   HIGHEST GUST DIRECTION     N (10)
  AVERAGE WIND SPEED     2.4


SKY COVER
  POSSIBLE SUNSHINE  MM
  AVERAGE SKY COVER 0.0


WEATHER CONDITIONS
 THE FOLLOWING WEATHER WAS RECORDED TODAY.
  NO SIGNIFICANT WEATHER WAS OBSERVED.


RELATIVE HUMIDITY (PERCENT)
 HIGHEST    62           600 AM
 LOWEST     13           300 PM
 AVERAGE    38

..........................................................


THE MISSOULA MT CLIMATE NORMALS FOR TOMORROW
                         NORMAL    RECORD    YEAR
 MAXIMUM TEMPERATURE (F)   88       101      1971
                                             1893
 MINIMUM TEMPERATURE (F)   52        30      1901


SUNRISE AND SUNSET
JULY 31 2014..........SUNRISE   615 AM MDT   SUNSET   910 PM MDT
AUGUST  1 2014........SUNRISE   616 AM MDT   SUNSET   908 PM MDT


-  INDICATES NEGATIVE NUMBERS.
R  INDICATES RECORD WAS SET OR TIED.
MM INDICATES DATA IS MISSING.
T  INDICATES TRACE AMOUNT.




$$
