000
CDUS45 KMSO 060811
CLIMSO


CLIMATE REPORT
NATIONAL WEATHER SERVICE MISSOULA, MT
111 AM MST FRI MAR 6 2015


...................................

...THE MISSOULA MT CLIMATE SUMMARY FOR MARCH 5 2015...

CLIMATE NORMAL PERIOD 1981 TO 2010
CLIMATE RECORD PERIOD 1893 TO 2015


WEATHER ITEM   OBSERVED TIME   RECORD YEAR NORMAL DEPARTURE LAST
                VALUE   (LST)  VALUE       VALUE  FROM      YEAR
                                                  NORMAL
..................................................................
TEMPERATURE (F)
 YESTERDAY
  MAXIMUM         50    455 PM  61    1905  46      4       48
  MINIMUM         17    724 AM -13    1955  25     -8       34
  AVERAGE         34                        35     -1       41

PRECIPITATION (IN)
  YESTERDAY        0.00          0.31 1919   0.03  -0.03     0.05
  MONTH TO DATE    0.02                      0.14  -0.12     0.30
  SINCE OCT 1      7.54                      4.62   2.92     5.36
  SINCE JAN 1      2.23                      1.69   0.54     3.65

SNOWFALL (IN)
  YESTERDAY        0.0
  MONTH TO DATE    T
  SINCE JAN 1     12.7
  SINCE JUL 1     33.3
  SNOW DEPTH       0

DEGREE DAYS
 HEATING
  YESTERDAY       31                        30      1       24
  MONTH TO DATE  195                       152     43      206
  SINCE MAR 1    195                       152     43      206
  SINCE JUL 1   5187                      5521   -334     5716

 COOLING
  YESTERDAY        0                         0      0        0
  MONTH TO DATE    0                         0      0        0
  SINCE MAR 1      0                         0      0        0
  SINCE JAN 1      0                         0      0        0
..................................................................


WIND (MPH)
  HIGHEST WIND SPEED     9   HIGHEST WIND DIRECTION    NW (300)
  HIGHEST GUST SPEED    10   HIGHEST GUST DIRECTION    NW (300)
  AVERAGE WIND SPEED     1.7


SKY COVER
  POSSIBLE SUNSHINE  MM
  AVERAGE SKY COVER 0.1


WEATHER CONDITIONS
 THE FOLLOWING WEATHER WAS RECORDED YESTERDAY.
  NO SIGNIFICANT WEATHER WAS OBSERVED.


RELATIVE HUMIDITY (PERCENT)
 HIGHEST    80           700 AM
 LOWEST     21           400 PM
 AVERAGE    51

..........................................................


THE MISSOULA MT CLIMATE NORMALS FOR TODAY
                         NORMAL    RECORD    YEAR
 MAXIMUM TEMPERATURE (F)   46        61      2007
 MINIMUM TEMPERATURE (F)   25        -3      1943


SUNRISE AND SUNSET
MARCH  6 2015.........SUNRISE   707 AM MST   SUNSET   629 PM MST
MARCH  7 2015.........SUNRISE   705 AM MST   SUNSET   630 PM MST


-  INDICATES NEGATIVE NUMBERS.
R  INDICATES RECORD WAS SET OR TIED.
MM INDICATES DATA IS MISSING.
T  INDICATES TRACE AMOUNT.




$$
