000
CDUS43 KMPX 300637
CLIMSP


CLIMATE REPORT
NATIONAL WEATHER SERVICE CHANHASSEN MN
137 AM CDT SAT AUG 30 2014


...................................

...THE TWIN CITIES MN CLIMATE SUMMARY FOR AUGUST 29 2014...

CLIMATE NORMAL PERIOD 1981 TO 2010
CLIMATE RECORD PERIOD 1871 TO 2014


WEATHER ITEM   OBSERVED TIME   RECORD YEAR NORMAL DEPARTURE LAST
                VALUE   (LST)  VALUE       VALUE  FROM      YEAR
                                                  NORMAL
..................................................................
TEMPERATURE (F)
 YESTERDAY
  MAXIMUM         80    218 PM  96    1969  78      2       95
  MINIMUM         66    154 AM  45    1946  60      6       75
                                      1911
  AVERAGE         73                        69      4       85

PRECIPITATION (IN)
  YESTERDAY        0.68          2.05 1964   0.12   0.56     0.03
  MONTH TO DATE    2.13                      4.06  -1.93     2.01
  SINCE JUN 1     15.76                     12.35   3.41    10.69
  SINCE JAN 1     30.23                     21.93   8.30    26.38

SNOWFALL (IN)
  YESTERDAY        0.0           0.0    MM   0.0    0.0      0.0
  MONTH TO DATE    0.0                       0.0    0.0       T
  SINCE JUN 1      0.0                       0.0    0.0       T
  SINCE JUL 1      0.0                       0.0    0.0       T
  SNOW DEPTH       0

DEGREE DAYS
 HEATING
  YESTERDAY        0                         1     -1        0
  MONTH TO DATE    0                         8     -8        0
  SINCE JUN 1     28                        57    -29       50
  SINCE JUL 1      7                        13     -6        8

 COOLING
  YESTERDAY        8                         5      3       20
  MONTH TO DATE  250                       195     55      283
  SINCE JUN 1    629                       629      0      769
  SINCE JAN 1    681                       671     10      822
..................................................................


WIND (MPH)
  HIGHEST WIND SPEED    28   HIGHEST WIND DIRECTION    NW (300)
  HIGHEST GUST SPEED    32   HIGHEST GUST DIRECTION    NW (300)
  AVERAGE WIND SPEED     7.0


SKY COVER
  POSSIBLE SUNSHINE  MM
  AVERAGE SKY COVER 0.9


WEATHER CONDITIONS
 THE FOLLOWING WEATHER WAS RECORDED YESTERDAY.
  THUNDERSTORM
  HEAVY RAIN
  LIGHT RAIN
  FOG


RELATIVE HUMIDITY (PERCENT)
 HIGHEST    97           500 AM
 LOWEST     71           100 PM
 AVERAGE    84

..........................................................


THE TWIN CITIES MN CLIMATE NORMALS FOR TODAY
                         NORMAL    RECORD    YEAR
 MAXIMUM TEMPERATURE (F)   78        96      1941
 MINIMUM TEMPERATURE (F)   59        45      1974
                                             1935


SUNRISE AND SUNSET
AUGUST 30 2014........SUNRISE   633 AM CDT   SUNSET   753 PM CDT
AUGUST 31 2014........SUNRISE   634 AM CDT   SUNSET   752 PM CDT


-  INDICATES NEGATIVE NUMBERS.
R  INDICATES RECORD WAS SET OR TIED.
MM INDICATES DATA IS MISSING.
T  INDICATES TRACE AMOUNT.




$$
