000
CDUS43 KMPX 300635
CLIMSP


CLIMATE REPORT
NATIONAL WEATHER SERVICE CHANHASSEN MN
135 AM CDT THU MAR 30 2017


...................................

...THE TWIN CITIES MN CLIMATE SUMMARY FOR MARCH 29 2017...

CLIMATE NORMAL PERIOD 1981 TO 2010
CLIMATE RECORD PERIOD 1871 TO 2017


WEATHER ITEM   OBSERVED TIME   RECORD YEAR NORMAL DEPARTURE LAST
                VALUE   (LST)  VALUE       VALUE  FROM      YEAR
                                                  NORMAL
..................................................................
TEMPERATURE (F)
 YESTERDAY
  MAXIMUM         51    930 AM  83    1986  48      3       64
  MINIMUM         42   1159 PM  -5    1969  29     13       40
  AVERAGE         47                        39      8       52

PRECIPITATION (IN)
  YESTERDAY        T             0.79 1998   0.07  -0.07     0.19
  MONTH TO DATE    0.66                      1.74  -1.08     1.73
  SINCE MAR 1      0.66                      1.74  -1.08     1.73
  SINCE JAN 1      2.28                      3.41  -1.13     3.13

SNOWFALL (IN)
  YESTERDAY        0.0          11.0  1924   0.1   -0.1      0.0
  MONTH TO DATE    4.7                       9.9   -5.2      5.4
  SINCE MAR 1      4.7                       9.9   -5.2      5.4
  SINCE JUL 1     31.5                      51.6  -20.1     36.2
  SNOW DEPTH       0

DEGREE DAYS
 HEATING
  YESTERDAY       18                        26     -8       13
  MONTH TO DATE  914                       948    -34      691
  SINCE MAR 1    914                       948    -34      691
  SINCE JUL 1   5615                      6738  -1123     5556

 COOLING
  YESTERDAY        0                         0      0        0
  MONTH TO DATE    0                         0      0        0
  SINCE MAR 1      0                         0      0        0
  SINCE JAN 1      0                         0      0        0
..................................................................


WIND (MPH)
  HIGHEST WIND SPEED    20   HIGHEST WIND DIRECTION     E (110)
  HIGHEST GUST SPEED    27   HIGHEST GUST DIRECTION     E (100)
  AVERAGE WIND SPEED     9.3


SKY COVER
  POSSIBLE SUNSHINE  MM
  AVERAGE SKY COVER 1.0


WEATHER CONDITIONS
 THE FOLLOWING WEATHER WAS RECORDED YESTERDAY.
  LIGHT RAIN


RELATIVE HUMIDITY (PERCENT)
 HIGHEST    83           700 PM
 LOWEST     50          1000 AM
 AVERAGE    67

..........................................................


THE TWIN CITIES MN CLIMATE NORMALS FOR TODAY
                         NORMAL    RECORD    YEAR
 MAXIMUM TEMPERATURE (F)   49        83      1968
 MINIMUM TEMPERATURE (F)   30        -3      1923


SUNRISE AND SUNSET
MARCH 30 2017.........SUNRISE   657 AM CDT   SUNSET   738 PM CDT
MARCH 31 2017.........SUNRISE   655 AM CDT   SUNSET   740 PM CDT


-  INDICATES NEGATIVE NUMBERS.
R  INDICATES RECORD WAS SET OR TIED.
MM INDICATES DATA IS MISSING.
T  INDICATES TRACE AMOUNT.




$$
