000
CDUS41 KBTV 280705
CLIMSS


CLIMATE REPORT
NATIONAL WEATHER SERVICE BURLINGTON VT
303 AM EDT FRI APR 28 2017


...................................

...THE MASSENA NY CLIMATE SUMMARY FOR APRIL 27 2017...

CLIMATE NORMAL PERIOD 1981 TO 2010
CLIMATE RECORD PERIOD 1948 TO 2017


WEATHER ITEM   OBSERVED TIME   RECORD YEAR NORMAL DEPARTURE LAST
                VALUE   (LST)  VALUE       VALUE  FROM      YEAR
                                                  NORMAL
..................................................................
TEMPERATURE (F)
 YESTERDAY
  MAXIMUM         81    439 PM  89    1990  60     21       49
  MINIMUM         52    805 AM  21    1972  37     15       25
  AVERAGE         67                        49     18       37

PRECIPITATION (IN)
  YESTERDAY        0.00          1.39        0.10  -0.10     0.00
  MONTH TO DATE    3.44                      2.53   0.91     1.66
  SINCE MAR 1      5.56                      4.62   0.94     3.89
  SINCE JAN 1      8.99                      8.57   0.42     8.55

DEGREE DAYS
 HEATING
  YESTERDAY        0                        16    -16       28
  MONTH TO DATE  479                       603   -124      687
  SINCE MAR 1   1735                      1747    -12     1693
  SINCE JUL 1   6661                      7734  -1073     6739

 COOLING
  YESTERDAY        2                         0      2        0
  MONTH TO DATE    2                         0      2        0
  SINCE MAR 1      2                         0      2        0
  SINCE JAN 1      2                         0      2        0
..................................................................


WIND (MPH)
  HIGHEST WIND SPEED    21   HIGHEST WIND DIRECTION    NE (60)
  HIGHEST GUST SPEED    25   HIGHEST GUST DIRECTION    NE (50)
  AVERAGE WIND SPEED    10.0


SKY COVER
  AVERAGE SKY COVER 0.4


WEATHER CONDITIONS
 THE FOLLOWING WEATHER WAS RECORDED YESTERDAY.
  FOG
  FOG W/VISIBILITY <= 1/4 MILE


RELATIVE HUMIDITY (PERCENT)
 HIGHEST   100          1200 AM
 LOWEST     45           400 PM
 AVERAGE    73

..........................................................


THE MASSENA NY CLIMATE NORMALS FOR TODAY
                         NORMAL    RECORD    YEAR
 MAXIMUM TEMPERATURE (F)   61        83      1962
 MINIMUM TEMPERATURE (F)   38        25      1975


SUNRISE AND SUNSET
APRIL 28 2017.........SUNRISE   553 AM EDT   SUNSET   801 PM EDT
APRIL 29 2017.........SUNRISE   552 AM EDT   SUNSET   803 PM EDT


-  INDICATES NEGATIVE NUMBERS.
R  INDICATES RECORD WAS SET OR TIED.
MM INDICATES DATA IS MISSING.
T  INDICATES TRACE AMOUNT.




$$
