000
CDUS41 KBTV 260548
CLIMSS


CLIMATE REPORT
NATIONAL WEATHER SERVICE BURLINGTON VT
144 AM EDT TUE JUL 26 2016


...................................

...THE MASSENA NY CLIMATE SUMMARY FOR JULY 25 2016...

CLIMATE NORMAL PERIOD 1981 TO 2010
CLIMATE RECORD PERIOD 1948 TO 2016


WEATHER ITEM   OBSERVED TIME   RECORD YEAR NORMAL DEPARTURE LAST
                VALUE   (LST)  VALUE       VALUE  FROM      YEAR
                                                  NORMAL
..................................................................
TEMPERATURE (F)
 YESTERDAY
  MAXIMUM         81    208 PM  92    1989  80      1       81
  MINIMUM         57    350 AM  43    1953  58     -1       54
  AVERAGE         69                        69      0       68

PRECIPITATION (IN)
  YESTERDAY        0.88          2.04        0.12   0.76     0.07
  MONTH TO DATE    2.97                      2.86   0.11     3.09
  SINCE JUN 1      7.66                      6.38   1.28     8.21
  SINCE JAN 1     17.00                     18.31  -1.31    14.20

DEGREE DAYS
 HEATING
  YESTERDAY        0                         1     -1        0
  MONTH TO DATE    9                        25    -16       22
  SINCE JUN 1     74                       121    -47      123
  SINCE JUL 1      9                        25    -16       22

 COOLING
  YESTERDAY        4                         5     -1        3
  MONTH TO DATE  126                       122      4       99
  SINCE JUN 1    193                       197     -4      146
  SINCE JAN 1    239                       211     28      191
..................................................................


WIND (MPH)
  HIGHEST WIND SPEED    31   HIGHEST WIND DIRECTION    NW (300)
  HIGHEST GUST SPEED    42   HIGHEST GUST DIRECTION    NW (310)
  AVERAGE WIND SPEED     7.8


SKY COVER
  AVERAGE SKY COVER 0.4


WEATHER CONDITIONS
 THE FOLLOWING WEATHER WAS RECORDED YESTERDAY.
  THUNDERSTORM
  HEAVY RAIN
  RAIN
  LIGHT RAIN
  FOG


RELATIVE HUMIDITY (PERCENT)
 HIGHEST   100           400 AM
 LOWEST     67          1200 PM
 AVERAGE    84

..........................................................


THE MASSENA NY CLIMATE NORMALS FOR TODAY
                         NORMAL    RECORD    YEAR
 MAXIMUM TEMPERATURE (F)   80        92      1989
 MINIMUM TEMPERATURE (F)   58        44      2013


SUNRISE AND SUNSET
JULY 26 2016..........SUNRISE   539 AM EDT   SUNSET   832 PM EDT
JULY 27 2016..........SUNRISE   540 AM EDT   SUNSET   831 PM EDT


-  INDICATES NEGATIVE NUMBERS.
R  INDICATES RECORD WAS SET OR TIED.
MM INDICATES DATA IS MISSING.
T  INDICATES TRACE AMOUNT.




$$
