000
CDUS41 KBTV 130607
CLIMSS

CLIMATE REPORT
NATIONAL WEATHER SERVICE BURLINGTON VT
1258 AM EST WED DEC 13 2017

...................................

...THE MASSENA NY CLIMATE SUMMARY FOR DECEMBER 12 2017...

CLIMATE NORMAL PERIOD 1981 TO 2010
CLIMATE RECORD PERIOD 1948 TO 2017


WEATHER ITEM   OBSERVED TIME   RECORD YEAR NORMAL DEPARTURE LAST
                VALUE   (LST)  VALUE       VALUE  FROM      YEAR
                                                  NORMAL
..................................................................
TEMPERATURE (F)
 YESTERDAY
  MAXIMUM         20   1031 PM  60    1979  32    -12       36
  MINIMUM         16    624 AM -19    1977  16      0       25
  AVERAGE         18                        24     -6       31

PRECIPITATION (IN)
  YESTERDAY        0.09          1.24        0.09   0.00     0.10
  MONTH TO DATE    0.30                      1.04  -0.74     0.75
  SINCE DEC 1      0.30                      1.04  -0.74     0.75
  SINCE JAN 1     38.35                     33.57   4.78    28.63

DEGREE DAYS
 HEATING
  YESTERDAY       47                        41      6       34
  MONTH TO DATE  392                       466    -74      412
  SINCE DEC 1    392                       466    -74      412
  SINCE JUL 1   1791                      2235   -444     1818

 COOLING
  YESTERDAY        0                         0      0        0
  MONTH TO DATE    0                         0      0        0
  SINCE DEC 1      0                         0      0        0
  SINCE JAN 1    399                       363     36      527
..................................................................


WIND (MPH)
  HIGHEST WIND SPEED    22   HIGHEST WIND DIRECTION    NE (60)
  HIGHEST GUST SPEED    26   HIGHEST GUST DIRECTION    NE (60)
  AVERAGE WIND SPEED    10.0


SKY COVER
  AVERAGE SKY COVER 1.0


WEATHER CONDITIONS
 THE FOLLOWING WEATHER WAS RECORDED YESTERDAY.
  SNOW
  LIGHT SNOW
  FOG


RELATIVE HUMIDITY (PERCENT)
 HIGHEST    92           400 AM
 LOWEST     84           200 AM
 AVERAGE    88

..........................................................


THE MASSENA NY CLIMATE NORMALS FOR TODAY
                         NORMAL    RECORD    YEAR
 MAXIMUM TEMPERATURE (F)   31        57      1991
 MINIMUM TEMPERATURE (F)   15       -21      2000


SUNRISE AND SUNSET
DECEMBER 13 2017......SUNRISE   729 AM EST   SUNSET   418 PM EST
DECEMBER 14 2017......SUNRISE   730 AM EST   SUNSET   418 PM EST


-  INDICATES NEGATIVE NUMBERS.
R  INDICATES RECORD WAS SET OR TIED.
MM INDICATES DATA IS MISSING.
T  INDICATES TRACE AMOUNT.

$$
