000
CDUS41 KBTV 190538
CLIMSS


CLIMATE REPORT
NATIONAL WEATHER SERVICE BURLINGTON VT
1236 AM EST SUN FEB 19 2017


...................................

...THE MASSENA NY CLIMATE SUMMARY FOR FEBRUARY 18 2017...

CLIMATE NORMAL PERIOD 1981 TO 2010
CLIMATE RECORD PERIOD 1948 TO 2017


WEATHER ITEM   OBSERVED TIME   RECORD YEAR NORMAL DEPARTURE LAST
                VALUE   (LST)  VALUE       VALUE  FROM      YEAR
                                                  NORMAL
..................................................................
TEMPERATURE (F)
 YESTERDAY
  MAXIMUM         53    331 PM  56    1981  29     24       16
  MINIMUM         17    737 AM -23    1979   8      9       -4
  AVERAGE         35                        18     17        6

PRECIPITATION (IN)
  YESTERDAY        0.00          0.22        0.07  -0.07     0.00
  MONTH TO DATE    1.30                      1.09   0.21     2.08
  SINCE DEC 1      5.20                      5.70  -0.50     5.26
  SINCE JAN 1      2.87                      3.27  -0.40     2.61

DEGREE DAYS
 HEATING
  YESTERDAY       30                        47    -17       59
  MONTH TO DATE  790                       874    -84      828
  SINCE DEC 1   3233                      3768   -535     3113
  SINCE JUL 1   4639                      5537   -898     4587

 COOLING
  YESTERDAY        0                         0      0        0
  MONTH TO DATE    0                         0      0        0
  SINCE DEC 1      0                         0      0        0
  SINCE JAN 1      0                         0      0        0
..................................................................


WIND (MPH)
  HIGHEST WIND SPEED    29   HIGHEST WIND DIRECTION    SW (230)
  HIGHEST GUST SPEED    39   HIGHEST GUST DIRECTION    SW (230)
  AVERAGE WIND SPEED    10.1


SKY COVER
  AVERAGE SKY COVER 0.2


WEATHER CONDITIONS
 THE FOLLOWING WEATHER WAS RECORDED YESTERDAY.
  NO SIGNIFICANT WEATHER WAS OBSERVED.


RELATIVE HUMIDITY (PERCENT)
 HIGHEST    84           400 AM
 LOWEST     46           300 PM
 AVERAGE    65

..........................................................


THE MASSENA NY CLIMATE NORMALS FOR TODAY
                         NORMAL    RECORD    YEAR
 MAXIMUM TEMPERATURE (F)   29        57      1994
 MINIMUM TEMPERATURE (F)    8       -19      1967


SUNRISE AND SUNSET
FEBRUARY 19 2017......SUNRISE   654 AM EST   SUNSET   533 PM EST
FEBRUARY 20 2017......SUNRISE   652 AM EST   SUNSET   535 PM EST


-  INDICATES NEGATIVE NUMBERS.
R  INDICATES RECORD WAS SET OR TIED.
MM INDICATES DATA IS MISSING.
T  INDICATES TRACE AMOUNT.




$$
