000
CDUS41 KBTV 240534
CLIMSS


CLIMATE REPORT
NATIONAL WEATHER SERVICE BURLINGTON VT
131 AM EDT THU APR 24 2014


...................................

...THE MASSENA NY CLIMATE SUMMARY FOR APRIL 23 2014...

CLIMATE NORMAL PERIOD 1981 TO 2010
CLIMATE RECORD PERIOD 1948 TO 2014


WEATHER ITEM   OBSERVED TIME   RECORD YEAR NORMAL DEPARTURE LAST
                VALUE   (LST)  VALUE       VALUE  FROM      YEAR
                                                  NORMAL
..................................................................
TEMPERATURE (F)
 YESTERDAY
  MAXIMUM         50   1110 AM  80    2007  58     -8       61
  MINIMUM         36    825 PM  25    1956  36      0       28
  AVERAGE         43                        47     -4       45

PRECIPITATION (IN)
  YESTERDAY        0.05          0.83        0.09  -0.04     0.00
  MONTH TO DATE    2.72                      2.15   0.57     1.47
  SINCE MAR 1      3.63                      4.24  -0.61     1.94
  SINCE JAN 1      6.37                      8.19  -1.82     4.19

DEGREE DAYS
 HEATING
  YESTERDAY       22                        18      4       20
  MONTH TO DATE  561                       535     26      559
  SINCE MAR 1   1989                      1679    310     1641
  SINCE JUL 1   8158                      7666    492     7091

 COOLING
  YESTERDAY        0                         0      0        0
  MONTH TO DATE    0                         0      0        0
  SINCE MAR 1      0                         0      0        0
  SINCE JAN 1      0                         0      0        0
..................................................................


WIND (MPH)
  HIGHEST WIND SPEED    22   HIGHEST WIND DIRECTION     W (280)
  HIGHEST GUST SPEED    29   HIGHEST GUST DIRECTION    NW (310)
  AVERAGE WIND SPEED    11.9


SKY COVER
  AVERAGE SKY COVER 0.9


WEATHER CONDITIONS
 THE FOLLOWING WEATHER WAS RECORDED YESTERDAY.
  LIGHT RAIN
  FOG


RELATIVE HUMIDITY (PERCENT)
 HIGHEST   100           300 AM
 LOWEST     38          1000 PM
 AVERAGE    69

..........................................................


THE MASSENA NY CLIMATE NORMALS FOR TODAY
                         NORMAL    RECORD    YEAR
 MAXIMUM TEMPERATURE (F)   59        80      1958
 MINIMUM TEMPERATURE (F)   36        25      1986


SUNRISE AND SUNSET
APRIL 24 2014.........SUNRISE   600 AM EDT   SUNSET   756 PM EDT
APRIL 25 2014.........SUNRISE   558 AM EDT   SUNSET   757 PM EDT


-  INDICATES NEGATIVE NUMBERS.
R  INDICATES RECORD WAS SET OR TIED.
MM INDICATES DATA IS MISSING.
T  INDICATES TRACE AMOUNT.




$$
