000
CDUS41 KBTV 160533
CLIMSS


CLIMATE REPORT
NATIONAL WEATHER SERVICE BURLINGTON VT
131 AM EDT MON OCT 16 2017


...................................

...THE MASSENA NY CLIMATE SUMMARY FOR OCTOBER 15 2017...

CLIMATE NORMAL PERIOD 1981 TO 2010
CLIMATE RECORD PERIOD 1948 TO 2017


WEATHER ITEM   OBSERVED TIME   RECORD YEAR NORMAL DEPARTURE LAST
                VALUE   (LST)  VALUE       VALUE  FROM      YEAR
                                                  NORMAL
..................................................................
TEMPERATURE (F)
 YESTERDAY
  MAXIMUM         76    356 PM  80    1956  57     19       69
  MINIMUM         48   1159 PM  21    1980  37     11       30
  AVERAGE         62                        46     16       50

PRECIPITATION (IN)
  YESTERDAY        0.49          1.80        0.10   0.39     0.00
  MONTH TO DATE    2.74                      1.65   1.09     0.68
  SINCE SEP 1      3.53                      5.30  -1.77     2.06
  SINCE JAN 1     32.90                     27.84   5.06    23.17

DEGREE DAYS
 HEATING
  YESTERDAY        3                        19    -16       15
  MONTH TO DATE  110                       239   -129      175
  SINCE SEP 1    235                       464   -229      314
  SINCE JUL 1    287                       539   -252      325

 COOLING
  YESTERDAY        0                         0      0        0
  MONTH TO DATE    4                         0      4        0
  SINCE SEP 1     73                        25     48       47
  SINCE JAN 1    399                       361     38      527
..................................................................


WIND (MPH)
  HIGHEST WIND SPEED    28   HIGHEST WIND DIRECTION     W (290)
  HIGHEST GUST SPEED    39   HIGHEST GUST DIRECTION     W (270)
  AVERAGE WIND SPEED    13.6


SKY COVER
  AVERAGE SKY COVER 0.9


WEATHER CONDITIONS
 THE FOLLOWING WEATHER WAS RECORDED YESTERDAY.
  HEAVY RAIN
  RAIN
  LIGHT RAIN
  FOG


RELATIVE HUMIDITY (PERCENT)
 HIGHEST   100          1200 AM
 LOWEST     69           200 PM
 AVERAGE    85

..........................................................


THE MASSENA NY CLIMATE NORMALS FOR TODAY
                         NORMAL    RECORD    YEAR
 MAXIMUM TEMPERATURE (F)   56        78      1989
 MINIMUM TEMPERATURE (F)   36        21      1978


SUNRISE AND SUNSET
OCTOBER 16 2017.......SUNRISE   717 AM EDT   SUNSET   612 PM EDT
OCTOBER 17 2017.......SUNRISE   718 AM EDT   SUNSET   611 PM EDT


-  INDICATES NEGATIVE NUMBERS.
R  INDICATES RECORD WAS SET OR TIED.
MM INDICATES DATA IS MISSING.
T  INDICATES TRACE AMOUNT.




$$
