000
CDUS41 KBTV 170540
CLIMSS


CLIMATE REPORT
NATIONAL WEATHER SERVICE BURLINGTON VT
137 AM EDT THU AUG 17 2017


...................................

...THE MASSENA NY CLIMATE SUMMARY FOR AUGUST 16 2017...

CLIMATE NORMAL PERIOD 1981 TO 2010
CLIMATE RECORD PERIOD 1948 TO 2017


WEATHER ITEM   OBSERVED TIME   RECORD YEAR NORMAL DEPARTURE LAST
                VALUE   (LST)  VALUE       VALUE  FROM      YEAR
                                                  NORMAL
..................................................................
TEMPERATURE (F)
 YESTERDAY
  MAXIMUM         74    252 PM  90    1987  78     -4       73
  MINIMUM         53   1102 PM  40    1971  56     -3       60
  AVERAGE         64                        67     -3       67

PRECIPITATION (IN)
  YESTERDAY        0.00          3.18        0.12  -0.12     0.71
  MONTH TO DATE    2.08                      1.90   0.18     1.51
  SINCE JUN 1     13.42                      8.99   4.43     9.17
  SINCE JAN 1     28.07                     20.92   7.15    18.51

DEGREE DAYS
 HEATING
  YESTERDAY        1                         1      0        0
  MONTH TO DATE    4                        16    -12        0
  SINCE JUN 1    109                       135    -26       74
  SINCE JUL 1     15                        39    -24        9

 COOLING
  YESTERDAY        0                         3     -3        2
  MONTH TO DATE   68                        62      6      122
  SINCE JUN 1    271                       282    -11      350
  SINCE JAN 1    287                       296     -9      396
..................................................................


WIND (MPH)
  HIGHEST WIND SPEED    14   HIGHEST WIND DIRECTION     N (340)
  HIGHEST GUST SPEED    20   HIGHEST GUST DIRECTION     W (280)
  AVERAGE WIND SPEED     5.1


SKY COVER
  AVERAGE SKY COVER 0.3


WEATHER CONDITIONS
 THE FOLLOWING WEATHER WAS RECORDED YESTERDAY.
  NO SIGNIFICANT WEATHER WAS OBSERVED.


RELATIVE HUMIDITY (PERCENT)
 HIGHEST   100          1200 AM
 LOWEST     41           500 PM
 AVERAGE    71

..........................................................


THE MASSENA NY CLIMATE NORMALS FOR TODAY
                         NORMAL    RECORD    YEAR
 MAXIMUM TEMPERATURE (F)   78        92      1987
 MINIMUM TEMPERATURE (F)   56        41      1979


SUNRISE AND SUNSET
AUGUST 17 2017........SUNRISE   604 AM EDT   SUNSET   802 PM EDT
AUGUST 18 2017........SUNRISE   605 AM EDT   SUNSET   800 PM EDT


-  INDICATES NEGATIVE NUMBERS.
R  INDICATES RECORD WAS SET OR TIED.
MM INDICATES DATA IS MISSING.
T  INDICATES TRACE AMOUNT.




$$
