000
CDUS41 KBTV 260643
CLIMSS

CLIMATE REPORT
NATIONAL WEATHER SERVICE BURLINGTON VT
238 AM EDT THU MAY 26 2016

...................................

...THE MASSENA NY CLIMATE SUMMARY FOR MAY 25 2016...

CLIMATE NORMAL PERIOD 1981 TO 2010
CLIMATE RECORD PERIOD 1948 TO 2016


WEATHER ITEM   OBSERVED TIME   RECORD YEAR NORMAL DEPARTURE LAST
                VALUE   (LST)  VALUE       VALUE  FROM      YEAR
                                                  NORMAL
..................................................................
TEMPERATURE (F)
 YESTERDAY
  MAXIMUM         82    416 PM  89    2010  69     13       67
  MINIMUM         57    431 AM  28    2002  47     10       60
  AVERAGE         70                        58     12       64

PRECIPITATION (IN)
  YESTERDAY        0.00          0.90        0.10  -0.10     0.35
  MONTH TO DATE    0.79                      2.46  -1.67     0.89
  SINCE MAR 1      4.68                      7.37  -2.69     3.91
  SINCE JAN 1      9.34                     11.32  -1.98     5.33

DEGREE DAYS
 HEATING
  YESTERDAY        0                         8     -8        1
  MONTH TO DATE  286                       278      8      160
  SINCE MAR 1   2052                      2073    -21     2095
  SINCE JUL 1   7098                      8060   -962     8261

 COOLING
  YESTERDAY        5                         1      4        0
  MONTH TO DATE    5                         6     -1       22
  SINCE MAR 1      5                         7     -2       22
  SINCE JAN 1      5                         7     -2       22
..................................................................


WIND (MPH)
  HIGHEST WIND SPEED    18   HIGHEST WIND DIRECTION     W (270)
  HIGHEST GUST SPEED    23   HIGHEST GUST DIRECTION     W (270)
  AVERAGE WIND SPEED     8.1


SKY COVER
  AVERAGE SKY COVER 0.2


WEATHER CONDITIONS
 THE FOLLOWING WEATHER WAS RECORDED YESTERDAY.
  HAZE


RELATIVE HUMIDITY (PERCENT)
 HIGHEST    67          1100 PM
 LOWEST     33           100 PM
 AVERAGE    50

..........................................................


THE MASSENA NY CLIMATE NORMALS FOR TODAY
                         NORMAL    RECORD    YEAR
 MAXIMUM TEMPERATURE (F)   70        96      2010
 MINIMUM TEMPERATURE (F)   47        32      1972


SUNRISE AND SUNSET
MAY 26 2016...........SUNRISE   520 AM EDT   SUNSET   834 PM EDT
MAY 27 2016...........SUNRISE   519 AM EDT   SUNSET   835 PM EDT


-  INDICATES NEGATIVE NUMBERS.
R  INDICATES RECORD WAS SET OR TIED.
MM INDICATES DATA IS MISSING.
T  INDICATES TRACE AMOUNT.

$$
