000
CDUS41 KBTV 280606
CLIMSS


CLIMATE REPORT
NATIONAL WEATHER SERVICE BURLINGTON VT
104 AM EST FRI NOV 28 2014


...................................

...THE MASSENA NY CLIMATE SUMMARY FOR NOVEMBER 27 2014...

CLIMATE NORMAL PERIOD 1981 TO 2010
CLIMATE RECORD PERIOD 1948 TO 2014


WEATHER ITEM   OBSERVED TIME   RECORD YEAR NORMAL DEPARTURE LAST
                VALUE   (LST)  VALUE       VALUE  FROM      YEAR
                                                  NORMAL
..................................................................
TEMPERATURE (F)
 YESTERDAY
  MAXIMUM         31    122 PM  65    1990  38     -7       34
  MINIMUM         25   1159 PM  -8    1949  23      2       22
  AVERAGE         28                        31     -3       28

PRECIPITATION (IN)
  YESTERDAY        T             0.82        0.09  -0.09     0.75
  MONTH TO DATE    1.44                      2.75  -1.31     2.66
  SINCE SEP 1      4.69                      9.71  -5.02    10.76
  SINCE JAN 1     30.15                     32.25  -2.10    33.88

DEGREE DAYS
 HEATING
  YESTERDAY       37                        34      3       37
  MONTH TO DATE  761                       783    -22      809
  SINCE SEP 1   1390                      1589   -199     1534
  SINCE JUL 1   1450                      1664   -214     1590

 COOLING
  YESTERDAY        0                         0      0        0
  MONTH TO DATE    0                         0      0        0
  SINCE SEP 1     48                        27     21       31
  SINCE JAN 1    336                       363    -27      418
..................................................................


WIND (MPH)
  HIGHEST WIND SPEED    13   HIGHEST WIND DIRECTION     N (20)
  HIGHEST GUST SPEED    15   HIGHEST GUST DIRECTION     N (20)
  AVERAGE WIND SPEED     5.5


SKY COVER
  AVERAGE SKY COVER 1.0


WEATHER CONDITIONS
 THE FOLLOWING WEATHER WAS RECORDED YESTERDAY.
  LIGHT SNOW


RELATIVE HUMIDITY (PERCENT)
 HIGHEST    75           400 AM
 LOWEST     58          1200 PM
 AVERAGE    67

..........................................................


THE MASSENA NY CLIMATE NORMALS FOR TODAY
                         NORMAL    RECORD    YEAR
 MAXIMUM TEMPERATURE (F)   38        73      1990
 MINIMUM TEMPERATURE (F)   23        -5      1951


SUNRISE AND SUNSET
NOVEMBER 28 2014......SUNRISE   714 AM EST   SUNSET   421 PM EST
NOVEMBER 29 2014......SUNRISE   715 AM EST   SUNSET   420 PM EST


-  INDICATES NEGATIVE NUMBERS.
R  INDICATES RECORD WAS SET OR TIED.
MM INDICATES DATA IS MISSING.
T  INDICATES TRACE AMOUNT.




$$
