000
CDUS41 KBTV 190536
CLIMSS


CLIMATE REPORT
NATIONAL WEATHER SERVICE BURLINGTON VT
134 AM EDT SAT APR 19 2014


...................................

...THE MASSENA NY CLIMATE SUMMARY FOR APRIL 18 2014...

CLIMATE NORMAL PERIOD 1981 TO 2010
CLIMATE RECORD PERIOD 1948 TO 2014


WEATHER ITEM   OBSERVED TIME   RECORD YEAR NORMAL DEPARTURE LAST
                VALUE   (LST)  VALUE       VALUE  FROM      YEAR
                                                  NORMAL
..................................................................
TEMPERATURE (F)
 YESTERDAY
  MAXIMUM         55   1038 AM  82    1976  56     -1       73
  MINIMUM         32    439 AM  25    1985  34     -2       36
  AVERAGE         44                        45     -1       55

PRECIPITATION (IN)
  YESTERDAY        0.11          0.86        0.10   0.01     0.02
  MONTH TO DATE    2.41                      1.69   0.72     1.31
  SINCE MAR 1      3.32                      3.78  -0.46     1.78
  SINCE JAN 1      6.06                      7.73  -1.67     4.03

DEGREE DAYS
 HEATING
  YESTERDAY       21                        20      1       10
  MONTH TO DATE  467                       441     26      456
  SINCE MAR 1   1895                      1585    310     1538
  SINCE JUL 1   8064                      7572    492     6988

 COOLING
  YESTERDAY        0                         0      0        0
  MONTH TO DATE    0                         0      0        0
  SINCE MAR 1      0                         0      0        0
  SINCE JAN 1      0                         0      0        0
..................................................................


WIND (MPH)
  HIGHEST WIND SPEED    14   HIGHEST WIND DIRECTION     W (290)
  HIGHEST GUST SPEED    18   HIGHEST GUST DIRECTION     W (290)
  AVERAGE WIND SPEED     5.9


SKY COVER
  AVERAGE SKY COVER 0.3


WEATHER CONDITIONS
 THE FOLLOWING WEATHER WAS RECORDED YESTERDAY.
  LIGHT RAIN
  FOG


RELATIVE HUMIDITY (PERCENT)
 HIGHEST   100          1000 PM
 LOWEST     35          1100 AM
 AVERAGE    68

..........................................................


THE MASSENA NY CLIMATE NORMALS FOR TODAY
                         NORMAL    RECORD    YEAR
 MAXIMUM TEMPERATURE (F)   56        81      1987
 MINIMUM TEMPERATURE (F)   35        19      1970


SUNRISE AND SUNSET
APRIL 19 2014.........SUNRISE   608 AM EDT   SUNSET   750 PM EDT
APRIL 20 2014.........SUNRISE   606 AM EDT   SUNSET   751 PM EDT


-  INDICATES NEGATIVE NUMBERS.
R  INDICATES RECORD WAS SET OR TIED.
MM INDICATES DATA IS MISSING.
T  INDICATES TRACE AMOUNT.




$$
