000
CDUS42 KKEY 260533
CLIMTH

CLIMATE REPORT
NATIONAL WEATHER SERVICE KEY WEST, FL
129 AM EDT TUE JUL 26 2016

...................................

...THE MARATHON CLIMATE SUMMARY FOR JULY 25 2016...

CLIMATE NORMAL PERIOD 1981 TO 2010

WEATHER ITEM   OBSERVED TIME   NORMAL DEPARTURE LAST
                VALUE   (LST)  VALUE  FROM      YEAR
                                      NORMAL
......................................................
TEMPERATURE (F)
 YESTERDAY
  MAXIMUM         91   1207 PM  91      0       89
  MINIMUM         81    508 AM  80      1       75
  AVERAGE         86            85      1       82

PRECIPITATION (IN)
  YESTERDAY        0.01          0.13  -0.12     0.68
  MONTH TO DATE    3.93          3.35   0.58     1.27
  SINCE JUN 1      6.98          8.96  -1.98     3.78
  SINCE JAN 1     19.78         20.90  -1.12    10.74

SNOWFALL (IN)
  YESTERDAY        0.0
  MONTH TO DATE    0.0
  SINCE JUN 1      0.0
  SINCE JUL 1      0.0
  SNOW DEPTH       0

DEGREE DAYS
 HEATING
  YESTERDAY        0             0      0        0
  MONTH TO DATE    0             0      0        0
  SINCE JUN 1      0             0      0        0
  SINCE JUL 1      0             0      0        0

 COOLING
  YESTERDAY       21            20      1       17
  MONTH TO DATE  536           500     36      553
  SINCE JUN 1   1128          1094     34     1146
  SINCE JAN 1   2743          2637    106     3002
......................................................


WIND (MPH)
  HIGHEST WIND SPEED    12   HIGHEST WIND DIRECTION     E (80)
  HIGHEST GUST SPEED    16   HIGHEST GUST DIRECTION    SE (130)
  AVERAGE WIND SPEED     6.4


SKY COVER
  POSSIBLE SUNSHINE  MM
  AVERAGE SKY COVER 0.2


WEATHER CONDITIONS
 THE FOLLOWING WEATHER WAS RECORDED YESTERDAY.
  FOG


RELATIVE HUMIDITY (PERCENT)
 HIGHEST    91
 LOWEST     68
 AVERAGE    80

..........................................................


THE MARATHON CLIMATE NORMALS FOR TODAY
                         NORMAL
 MAXIMUM TEMPERATURE (F)   91
 MINIMUM TEMPERATURE (F)   80


SUNRISE AND SUNSET
JULY 26 2016..........SUNRISE   650 AM EDT   SUNSET   812 PM EDT
JULY 27 2016..........SUNRISE   650 AM EDT   SUNSET   811 PM EDT


-  INDICATES NEGATIVE NUMBERS.
R  INDICATES RECORD WAS SET OR TIED.
MM INDICATES DATA IS MISSING.
T  INDICATES TRACE AMOUNT.

$$
