000
CDUS45 KGJT 280736
CLIMTJ


CLIMATE REPORT
NATIONAL WEATHER SERVICE GRAND JUNCTION CO
133 AM MDT THU AUG 28 2014


...................................

...THE MONTROSE CO CLIMATE SUMMARY FOR AUGUST 27 2014...

CLIMATE NORMAL PERIOD 1981 TO 2010
CLIMATE RECORD PERIOD 9999 TO 9999


WEATHER ITEM   OBSERVED TIME   RECORD YEAR NORMAL DEPARTURE LAST
                VALUE   (LST)  VALUE       VALUE  FROM      YEAR
                                                  NORMAL
..................................................................
TEMPERATURE (F)
 YESTERDAY
  MAXIMUM         73    116 PM  MM      MM  84    -11       85
  MINIMUM         53   1130 PM  MM      MM  54     -1       56
  AVERAGE         63                        68     -5       71

PRECIPITATION (IN)
  YESTERDAY        0.04         MM      MM   0.05  -0.01     0.00
  MONTH TO DATE    1.43                      1.08   0.35     1.29
  SINCE JUN 1      2.26                      2.85  -0.59     3.37
  SINCE JAN 1      5.53                      7.15  -1.62     6.02

SNOWFALL (IN)
  YESTERDAY       MM            MM      MM  MM     MM       MM
  MONTH TO DATE   MM                        MM     MM       MM
  SINCE JUN 1     MM                        MM     MM       MM
  SINCE JUL 1     MM                        MM     MM       MM
  SNOW DEPTH      MM

DEGREE DAYS
 HEATING
  YESTERDAY        2                         0      2        0
  MONTH TO DATE    6                         0      6        2
  SINCE JUN 1     24                        39    -15       11
  SINCE JUL 1      6                         0      6        2

 COOLING
  YESTERDAY        0                         4     -4        6
  MONTH TO DATE  166                       169     -3      145
  SINCE JUN 1    647                       574     73      736
  SINCE JAN 1    688                       591     97      761
..................................................................


WIND (MPH)
  HIGHEST WIND SPEED    20   HIGHEST WIND DIRECTION    NW (310)
  HIGHEST GUST SPEED    27   HIGHEST GUST DIRECTION     W (280)
  AVERAGE WIND SPEED     6.4


SKY COVER
  POSSIBLE SUNSHINE  MM
  AVERAGE SKY COVER 0.7


WEATHER CONDITIONS
 THE FOLLOWING WEATHER WAS RECORDED YESTERDAY.
  THUNDERSTORM
  LIGHT RAIN
  FOG


RELATIVE HUMIDITY (PERCENT)
 HIGHEST   100           200 AM
 LOWEST     41           100 PM
 AVERAGE    71

..........................................................


THE MONTROSE CO CLIMATE NORMALS FOR TODAY
                         NORMAL    RECORD    YEAR
 MAXIMUM TEMPERATURE (F)   83        MM        MM
 MINIMUM TEMPERATURE (F)   53        MM        MM


SUNRISE AND SUNSET
AUGUST 28 2014........SUNRISE   637 AM MDT   SUNSET   747 PM MDT
AUGUST 29 2014........SUNRISE   638 AM MDT   SUNSET   746 PM MDT


-  INDICATES NEGATIVE NUMBERS.
R  INDICATES RECORD WAS SET OR TIED.
MM INDICATES DATA IS MISSING.
T  INDICATES TRACE AMOUNT.




$$
