000
CDUS45 KGJT 240729
CLIMTJ


CLIMATE REPORT
NATIONAL WEATHER SERVICE GRAND JUNCTION CO
127 AM MDT SAT SEP 24 2016


...................................

...THE MONTROSE CO CLIMATE SUMMARY FOR SEPTEMBER 23 2016...

CLIMATE NORMAL PERIOD 1981 TO 2010
CLIMATE RECORD PERIOD 9999 TO 9999


WEATHER ITEM   OBSERVED TIME   RECORD YEAR NORMAL DEPARTURE LAST
                VALUE   (LST)  VALUE       VALUE  FROM      YEAR
                                                  NORMAL
..................................................................
TEMPERATURE (F)
 YESTERDAY
  MAXIMUM         69    206 AM  MM      MM  75     -6       83
  MINIMUM         42   1159 PM  MM      MM  44     -2       55
  AVERAGE         56                        59     -3       69

PRECIPITATION (IN)
  YESTERDAY        0.32         MM      MM   0.04   0.28     0.00
  MONTH TO DATE    0.87                      0.99  -0.12     0.60
  SINCE SEP 1      0.87                      0.99  -0.12     0.60
  SINCE JAN 1      6.62                      8.32  -1.70     7.27

SNOWFALL (IN)
  YESTERDAY       MM            MM      MM  MM     MM       MM
  MONTH TO DATE   MM                        MM     MM       MM
  SINCE SEP 1     MM                        MM     MM       MM
  SINCE JUL 1     MM                        MM     MM       MM
  SNOW DEPTH      MM

DEGREE DAYS
 HEATING
  YESTERDAY        9                         6      3        0
  MONTH TO DATE   30                        69    -39       13
  SINCE SEP 1     30                        69    -39       13
  SINCE JUL 1     40                        74    -34       14

 COOLING
  YESTERDAY        0                         0      0        4
  MONTH TO DATE   40                        37      3       45
  SINCE SEP 1     40                        37      3       45
  SINCE JAN 1    721                       642     79      706
..................................................................


WIND (MPH)
  HIGHEST WIND SPEED    36   HIGHEST WIND DIRECTION    SW (230)
  HIGHEST GUST SPEED    49   HIGHEST GUST DIRECTION    SW (210)
  AVERAGE WIND SPEED    11.0


SKY COVER
  POSSIBLE SUNSHINE  MM
  AVERAGE SKY COVER 0.5


WEATHER CONDITIONS
 THE FOLLOWING WEATHER WAS RECORDED YESTERDAY.
  RAIN
  LIGHT RAIN
  FOG
  HAZE


RELATIVE HUMIDITY (PERCENT)
 HIGHEST    89          1000 PM
 LOWEST     23           400 PM
 AVERAGE    56

..........................................................


THE MONTROSE CO CLIMATE NORMALS FOR TODAY
                         NORMAL    RECORD    YEAR
 MAXIMUM TEMPERATURE (F)   74        MM        MM
 MINIMUM TEMPERATURE (F)   44        MM        MM


SUNRISE AND SUNSET
SEPTEMBER 24 2016.....SUNRISE   702 AM MDT   SUNSET   704 PM MDT
SEPTEMBER 25 2016.....SUNRISE   702 AM MDT   SUNSET   703 PM MDT


-  INDICATES NEGATIVE NUMBERS.
R  INDICATES RECORD WAS SET OR TIED.
MM INDICATES DATA IS MISSING.
T  INDICATES TRACE AMOUNT.




$$
