000
CDUS45 KGJT 242329
CLIMTJ


CLIMATE REPORT
NATIONAL WEATHER SERVICE GRAND JUNCTION CO
525 PM MDT SUN MAY 24 2015


...................................

...THE MONTROSE CO CLIMATE SUMMARY FOR MAY 24 2015...
VALID TODAY AS OF 0500 PM LOCAL TIME.

CLIMATE NORMAL PERIOD 1981 TO 2010
CLIMATE RECORD PERIOD 9999 TO 9999


WEATHER ITEM   OBSERVED TIME   RECORD YEAR NORMAL DEPARTURE LAST
                VALUE   (LST)  VALUE       VALUE  FROM      YEAR
                                                  NORMAL
..................................................................
TEMPERATURE (F)
 TODAY
  MAXIMUM         59    155 PM  MM      MM  77    -18       68
  MINIMUM         39    532 AM  MM      MM  45     -6       42
  AVERAGE         49                        61    -12       55

PRECIPITATION (IN)
  TODAY            0.03         MM      MM   0.02   0.01     0.12
  MONTH TO DATE    1.61                      0.94   0.67     0.47
  SINCE MAR 1      2.95                      2.93   0.02     1.55
  SINCE JAN 1      4.20                      4.16   0.04     2.60

SNOWFALL (IN)
  TODAY           MM            MM      MM  MM     MM       MM
  MONTH TO DATE   MM                        MM     MM       MM
  SINCE MAR 1     MM                        MM     MM       MM
  SINCE JUL 1     MM                        MM     MM       MM
  SNOW DEPTH      MM

DEGREE DAYS
 HEATING
  TODAY           16                         5     11       10
  MONTH TO DATE  252                       197     55      205
  SINCE MAR 1   1266                      1420   -154     1369
  SINCE JUL 1   5354                      6135   -781     6101

 COOLING
  TODAY            0                         1     -1        0
  MONTH TO DATE    0                         6     -6       18
  SINCE MAR 1      0                         6     -6       18
  SINCE JAN 1      0                         6     -6       18
..................................................................


WIND (MPH)
  HIGHEST WIND SPEED    22   HIGHEST WIND DIRECTION    NW (310)
  HIGHEST GUST SPEED    27   HIGHEST GUST DIRECTION    NW (310)
  AVERAGE WIND SPEED     5.2


SKY COVER
  POSSIBLE SUNSHINE  MM
  AVERAGE SKY COVER 0.7


WEATHER CONDITIONS
 THE FOLLOWING WEATHER WAS RECORDED TODAY.
  LIGHT RAIN
  FOG
  FOG W/VISIBILITY <= 1/4 MILE


RELATIVE HUMIDITY (PERCENT)
 HIGHEST   100          1200 AM
 LOWEST     40           200 PM
 AVERAGE    70

..........................................................


THE MONTROSE CO CLIMATE NORMALS FOR TOMORROW
                         NORMAL    RECORD    YEAR
 MAXIMUM TEMPERATURE (F)   77        MM        MM
 MINIMUM TEMPERATURE (F)   46        MM        MM


SUNRISE AND SUNSET
MAY 24 2015...........SUNRISE   553 AM MDT   SUNSET   824 PM MDT
MAY 25 2015...........SUNRISE   553 AM MDT   SUNSET   825 PM MDT


-  INDICATES NEGATIVE NUMBERS.
R  INDICATES RECORD WAS SET OR TIED.
MM INDICATES DATA IS MISSING.
T  INDICATES TRACE AMOUNT.




$$
