000
CDUS45 KGJT 240809
CLIMTJ


CLIMATE REPORT
NATIONAL WEATHER SERVICE GRAND JUNCTION CO
208 AM MDT WED MAY 24 2017


...................................

...THE MONTROSE CO CLIMATE SUMMARY FOR MAY 23 2017...

CLIMATE NORMAL PERIOD 1981 TO 2010
CLIMATE RECORD PERIOD 9999 TO 9999


WEATHER ITEM   OBSERVED TIME   RECORD YEAR NORMAL DEPARTURE LAST
                VALUE   (LST)  VALUE       VALUE  FROM      YEAR
                                                  NORMAL
..................................................................
TEMPERATURE (F)
 YESTERDAY
  MAXIMUM         68    554 PM  MM      MM  76     -8       73
  MINIMUM         45    522 AM  MM      MM  45      0       38
  AVERAGE         57                        61     -4       56

PRECIPITATION (IN)
  YESTERDAY        T            MM      MM   0.02  -0.02     0.00
  MONTH TO DATE    0.98                      0.92   0.06     0.95
  SINCE MAR 1      1.91                      2.91  -1.00     2.32
  SINCE JAN 1      3.39                      4.14  -0.75     2.92

SNOWFALL (IN)
  YESTERDAY       MM            MM      MM  MM     MM       MM
  MONTH TO DATE   MM                        MM     MM       MM
  SINCE MAR 1     MM                        MM     MM       MM
  SINCE JUL 1     MM                        MM     MM       MM
  SNOW DEPTH      MM

DEGREE DAYS
 HEATING
  YESTERDAY        8                         5      3        9
  MONTH TO DATE  227                       192     35      201
  SINCE MAR 1   1241                      1415   -174     1368
  SINCE JUL 1   5163                      6130   -967     5858

 COOLING
  YESTERDAY        0                         1     -1        0
  MONTH TO DATE    2                         5     -3        2
  SINCE MAR 1      2                         5     -3        2
  SINCE JAN 1      2                         5     -3        2
..................................................................


WIND (MPH)
  HIGHEST WIND SPEED    15   HIGHEST WIND DIRECTION    NW (310)
  HIGHEST GUST SPEED    19   HIGHEST GUST DIRECTION    NW (320)
  AVERAGE WIND SPEED     5.9


SKY COVER
  POSSIBLE SUNSHINE  MM
  AVERAGE SKY COVER 0.2


WEATHER CONDITIONS
 THE FOLLOWING WEATHER WAS RECORDED YESTERDAY.
  LIGHT RAIN


RELATIVE HUMIDITY (PERCENT)
 HIGHEST    93           200 AM
 LOWEST     15           400 PM
 AVERAGE    54

..........................................................


THE MONTROSE CO CLIMATE NORMALS FOR TODAY
                         NORMAL    RECORD    YEAR
 MAXIMUM TEMPERATURE (F)   77        MM        MM
 MINIMUM TEMPERATURE (F)   45        MM        MM


SUNRISE AND SUNSET
MAY 24 2017...........SUNRISE   553 AM MDT   SUNSET   824 PM MDT
MAY 25 2017...........SUNRISE   552 AM MDT   SUNSET   825 PM MDT


-  INDICATES NEGATIVE NUMBERS.
R  INDICATES RECORD WAS SET OR TIED.
MM INDICATES DATA IS MISSING.
T  INDICATES TRACE AMOUNT.




$$
