000
CDUS43 KILX 240635
CLIMTO


CLIMATE REPORT
NATIONAL WEATHER SERVICE LINCOLN IL
135 AM CDT MON APR 24 2017


...................................

...THE MATTOON IL AIRPORT CLIMATE SUMMARY FOR APRIL 23 2017...

CLIMATE NORMAL PERIOD 1981 TO 2010
CLIMATE RECORD PERIOD 9999 TO 9999


WEATHER ITEM   OBSERVED TIME   RECORD YEAR NORMAL DEPARTURE LAST
                VALUE   (LST)  VALUE       VALUE  FROM      YEAR
                                                  NORMAL
..................................................................
TEMPERATURE (F)
 YESTERDAY
  MAXIMUM         71    418 PM  MM      MM  66      5       66
  MINIMUM         34    431 AM  MM      MM  46    -12       42
  AVERAGE         53                        56     -3       54

PRECIPITATION (IN)
  YESTERDAY        0.00         MM      MM   0.14  -0.14     0.00
  MONTH TO DATE    1.50                      2.38  -0.88     2.85
  SINCE MAR 1      2.91                      4.95  -2.04     6.66
  SINCE JAN 1      4.74                      8.93  -4.19     7.39

DEGREE DAYS
 HEATING
  YESTERDAY       12                         9      3       11
  MONTH TO DATE  196                       304   -108      318
  SINCE MAR 1    844                      1003   -159      826
  SINCE JUL 1   4225                      5207   -982     4348

 COOLING
  YESTERDAY        0                         1     -1        0
  MONTH TO DATE   17                         4     13        1
  SINCE MAR 1     17                         5     12        1
  SINCE JAN 1     17                         5     12        1
..................................................................


WIND (MPH)
  HIGHEST WIND SPEED    22   HIGHEST WIND DIRECTION     N (20)
  HIGHEST GUST SPEED    29   HIGHEST GUST DIRECTION    NE (50)
  AVERAGE WIND SPEED    10.7


SKY COVER
  POSSIBLE SUNSHINE  MM
  AVERAGE SKY COVER 0.0


WEATHER CONDITIONS
 THE FOLLOWING WEATHER WAS RECORDED YESTERDAY.
  NO SIGNIFICANT WEATHER WAS OBSERVED.


RELATIVE HUMIDITY (PERCENT)
 HIGHEST    89           400 AM
 LOWEST     18           500 PM
 AVERAGE    54

..........................................................


THE MATTOON IL AIRPORT CLIMATE NORMALS FOR TODAY
                         NORMAL    RECORD    YEAR
 MAXIMUM TEMPERATURE (F)   67        MM        MM
 MINIMUM TEMPERATURE (F)   47        MM        MM


SUNRISE AND SUNSET
APRIL 24 2017.........SUNRISE   603 AM CDT   SUNSET   740 PM CDT
APRIL 25 2017.........SUNRISE   602 AM CDT   SUNSET   741 PM CDT


-  INDICATES NEGATIVE NUMBERS.
R  INDICATES RECORD WAS SET OR TIED.
MM INDICATES DATA IS MISSING.
T  INDICATES TRACE AMOUNT.




$$
