000
CDUS43 KILX 290638
CLIMTO


CLIMATE REPORT
NATIONAL WEATHER SERVICE LINCOLN IL
137 AM CDT SUN MAY 29 2016


...................................

...THE MATTOON IL AIRPORT CLIMATE SUMMARY FOR MAY 28 2016...

CLIMATE NORMAL PERIOD 1981 TO 2010
CLIMATE RECORD PERIOD 9999 TO 9999


WEATHER ITEM   OBSERVED TIME   RECORD YEAR NORMAL DEPARTURE LAST
                VALUE   (LST)  VALUE       VALUE  FROM      YEAR
                                                  NORMAL
..................................................................
TEMPERATURE (F)
 YESTERDAY
  MAXIMUM         80    503 PM  MM      MM  77      3       84
  MINIMUM         68   1219 AM  MM      MM  56     12       57
  AVERAGE         74                        67      7       71

PRECIPITATION (IN)
  YESTERDAY        T            MM      MM   0.12  -0.12     0.00
  MONTH TO DATE    2.46                      4.04  -1.58     1.94
  SINCE MAR 1     10.94                     10.04   0.90     8.25
  SINCE JAN 1     11.67                     14.02  -2.35     9.60

DEGREE DAYS
 HEATING
  YESTERDAY        0                         2     -2        0
  MONTH TO DATE  156                       123     33       80
  SINCE MAR 1   1012                      1181   -169     1200
  SINCE JUL 1   4534                      5385   -851     5893

 COOLING
  YESTERDAY        9                         4      5        6
  MONTH TO DATE   41                        63    -22      115
  SINCE MAR 1     48                        77    -29      117
  SINCE JAN 1     48                        77    -29      117
..................................................................


WIND (MPH)
  HIGHEST WIND SPEED    18   HIGHEST WIND DIRECTION     S (190)
  HIGHEST GUST SPEED    26   HIGHEST GUST DIRECTION     S (170)
  AVERAGE WIND SPEED    11.0


SKY COVER
  POSSIBLE SUNSHINE  MM
  AVERAGE SKY COVER 0.3


WEATHER CONDITIONS
 THE FOLLOWING WEATHER WAS RECORDED YESTERDAY.
  LIGHT RAIN


RELATIVE HUMIDITY (PERCENT)
 HIGHEST    84          1200 AM
 LOWEST     60           200 PM
 AVERAGE    72

..........................................................


THE MATTOON IL AIRPORT CLIMATE NORMALS FOR TODAY
                         NORMAL    RECORD    YEAR
 MAXIMUM TEMPERATURE (F)   77        MM        MM
 MINIMUM TEMPERATURE (F)   57        MM        MM


SUNRISE AND SUNSET
MAY 29 2016...........SUNRISE   529 AM CDT   SUNSET   813 PM CDT
MAY 30 2016...........SUNRISE   529 AM CDT   SUNSET   813 PM CDT


-  INDICATES NEGATIVE NUMBERS.
R  INDICATES RECORD WAS SET OR TIED.
MM INDICATES DATA IS MISSING.
T  INDICATES TRACE AMOUNT.




$$
