000
CDUS43 KILX 300628
CLIMTO


CLIMATE REPORT
NATIONAL WEATHER SERVICE LINCOLN IL
127 AM CDT TUE JUN 30 2015


...................................

...THE MATTOON IL AIRPORT CLIMATE SUMMARY FOR JUNE 29 2015...

CLIMATE NORMAL PERIOD 1981 TO 2010
CLIMATE RECORD PERIOD 9999 TO 9999


WEATHER ITEM   OBSERVED TIME   RECORD YEAR NORMAL DEPARTURE LAST
                VALUE   (LST)  VALUE       VALUE  FROM      YEAR
                                                  NORMAL
..................................................................
TEMPERATURE (F)
 YESTERDAY
  MAXIMUM         79    317 PM  MM      MM  85     -6       80
  MINIMUM         65   1216 AM  MM      MM  65      0       72
  AVERAGE         72                        75     -3       76

PRECIPITATION (IN)
  YESTERDAY        T            MM      MM   0.14  -0.14    MM
  MONTH TO DATE    8.73                      4.11   4.62     5.44
  SINCE JUN 1      8.73                      4.11   4.62     5.44
  SINCE JAN 1     19.28                     18.46   0.82    15.61

DEGREE DAYS
 HEATING
  YESTERDAY        0                         0      0        0
  MONTH TO DATE    8                        14     -6        3
  SINCE JUN 1      8                        14     -6        3
  SINCE JUL 1   5912                      5404    508     6198

 COOLING
  YESTERDAY        7                        10     -3       11
  MONTH TO DATE  229                       212     17      250
  SINCE JUN 1    229                       212     17      250
  SINCE JAN 1    356                       300     56      380
..................................................................


WIND (MPH)
  HIGHEST WIND SPEED    16   HIGHEST WIND DIRECTION     W (290)
  HIGHEST GUST SPEED    21   HIGHEST GUST DIRECTION     W (280)
  AVERAGE WIND SPEED     8.4


SKY COVER
  POSSIBLE SUNSHINE  MM
  AVERAGE SKY COVER 0.6


WEATHER CONDITIONS
 THE FOLLOWING WEATHER WAS RECORDED YESTERDAY.
  LIGHT RAIN
  FOG


RELATIVE HUMIDITY (PERCENT)
 HIGHEST    93           200 AM
 LOWEST     62           300 PM
 AVERAGE    78

..........................................................


THE MATTOON IL AIRPORT CLIMATE NORMALS FOR TODAY
                         NORMAL    RECORD    YEAR
 MAXIMUM TEMPERATURE (F)   85        MM        MM
 MINIMUM TEMPERATURE (F)   65        MM        MM


SUNRISE AND SUNSET
JUNE 30 2015..........SUNRISE   529 AM CDT   SUNSET   824 PM CDT
JULY  1 2015..........SUNRISE   530 AM CDT   SUNSET   824 PM CDT


-  INDICATES NEGATIVE NUMBERS.
R  INDICATES RECORD WAS SET OR TIED.
MM INDICATES DATA IS MISSING.
T  INDICATES TRACE AMOUNT.




$$
