000
CDUS43 KILX 240659
CLIMTO


CLIMATE REPORT
NATIONAL WEATHER SERVICE LINCOLN IL
145 AM CDT THU APR 24 2014


...................................

...THE MATTOON IL AIRPORT CLIMATE SUMMARY FOR APRIL 23 2014...

CLIMATE NORMAL PERIOD 1981 TO 2010
CLIMATE RECORD PERIOD 9999 TO 9999


WEATHER ITEM   OBSERVED TIME   RECORD YEAR NORMAL DEPARTURE LAST
                VALUE   (LST)  VALUE       VALUE  FROM      YEAR
                                                  NORMAL
..................................................................
TEMPERATURE (F)
 YESTERDAY
  MAXIMUM         61    354 PM  MM      MM  66     -5       60
  MINIMUM         35    533 AM  MM      MM  46    -11       41
  AVERAGE         48                        56     -8       51

PRECIPITATION (IN)
  YESTERDAY        0.00         MM      MM   0.14  -0.14     0.90
  MONTH TO DATE    2.33                      2.38  -0.05     6.70
  SINCE MAR 1      3.33                      4.95  -1.62     7.64
  SINCE JAN 1      5.26                      8.93  -3.67    14.09

DEGREE DAYS
 HEATING
  YESTERDAY       17                         9      8       14
  MONTH TO DATE  291                       304    -13      321
  SINCE MAR 1   1180                      1003    177     1217
  SINCE JUL 1   6027                      5207    820     5180

 COOLING
  YESTERDAY        0                         1     -1        0
  MONTH TO DATE    1                         4     -3        2
  SINCE MAR 1      1                         5     -4        2
  SINCE JAN 1      1                         5     -4        2
..................................................................


WIND (MPH)
  HIGHEST WIND SPEED    18   HIGHEST WIND DIRECTION    NE (60)
  HIGHEST GUST SPEED    22   HIGHEST GUST DIRECTION    NE (50)
  AVERAGE WIND SPEED     7.3


SKY COVER
  POSSIBLE SUNSHINE  MM
  AVERAGE SKY COVER 0.1


WEATHER CONDITIONS
 THE FOLLOWING WEATHER WAS RECORDED YESTERDAY.
  NO SIGNIFICANT WEATHER WAS OBSERVED.


RELATIVE HUMIDITY (PERCENT)
 HIGHEST    70          1200 AM
 LOWEST     27           300 PM
 AVERAGE    49

..........................................................


THE MATTOON IL AIRPORT CLIMATE NORMALS FOR TODAY
                         NORMAL    RECORD    YEAR
 MAXIMUM TEMPERATURE (F)   67        MM        MM
 MINIMUM TEMPERATURE (F)   47        MM        MM


SUNRISE AND SUNSET
APRIL 24 2014.........SUNRISE   603 AM CDT   SUNSET   740 PM CDT
APRIL 25 2014.........SUNRISE   602 AM CDT   SUNSET   741 PM CDT


-  INDICATES NEGATIVE NUMBERS.
R  INDICATES RECORD WAS SET OR TIED.
MM INDICATES DATA IS MISSING.
T  INDICATES TRACE AMOUNT.




$$
