000
CDUS43 KILX 302136
CLIMTO


CLIMATE REPORT
NATIONAL WEATHER SERVICE LINCOLN IL
436 PM CDT THU OCT 30 2014


...................................

...THE MATTOON IL AIRPORT CLIMATE SUMMARY FOR OCTOBER 30 2014...
VALID TODAY AS OF 0400 PM LOCAL TIME.

CLIMATE NORMAL PERIOD 1981 TO 2010
CLIMATE RECORD PERIOD 9999 TO 9999


WEATHER ITEM   OBSERVED TIME   RECORD YEAR NORMAL DEPARTURE LAST
                VALUE   (LST)  VALUE       VALUE  FROM      YEAR
                                                  NORMAL
..................................................................
TEMPERATURE (F)
 TODAY
  MAXIMUM         54   1234 PM  MM      MM  60     -6       66
  MINIMUM         32    521 AM  MM      MM  40     -8       52
  AVERAGE         43                        50     -7       59

PRECIPITATION (IN)
  TODAY            T            MM      MM   0.08  -0.08     0.06
  MONTH TO DATE    4.62                      2.75   1.87     1.22
  SINCE SEP 1      8.39                      5.82   2.57     1.70
  SINCE JAN 1     29.83                     31.72  -1.89    39.95

DEGREE DAYS
 HEATING
  TODAY           22                        15      7        6
  MONTH TO DATE  296                       319    -23      302
  SINCE SEP 1    392                       385      7      332
  SINCE JUL 1    397                       390      7      342

 COOLING
  TODAY            0                         0      0        0
  MONTH TO DATE   14                        15     -1       31
  SINCE SEP 1     98                       133    -35      203
  SINCE JAN 1    932                      1053   -121     1007
..................................................................


WIND (MPH)
  HIGHEST WIND SPEED    12   HIGHEST WIND DIRECTION     S (160)
  HIGHEST GUST SPEED    16   HIGHEST GUST DIRECTION     S (180)
  AVERAGE WIND SPEED     4.3


SKY COVER
  POSSIBLE SUNSHINE  MM
  AVERAGE SKY COVER 0.2


WEATHER CONDITIONS
 THE FOLLOWING WEATHER WAS RECORDED TODAY.
  NO SIGNIFICANT WEATHER WAS OBSERVED.


RELATIVE HUMIDITY (PERCENT)
 HIGHEST    96           500 AM
 LOWEST     50           100 PM
 AVERAGE    73

..........................................................


THE MATTOON IL AIRPORT CLIMATE NORMALS FOR TOMORROW
                         NORMAL    RECORD    YEAR
 MAXIMUM TEMPERATURE (F)   59        MM        MM
 MINIMUM TEMPERATURE (F)   40        MM        MM


SUNRISE AND SUNSET
OCTOBER 30 2014.......SUNRISE   719 AM CDT   SUNSET   554 PM CDT
OCTOBER 31 2014.......SUNRISE   720 AM CDT   SUNSET   553 PM CDT


-  INDICATES NEGATIVE NUMBERS.
R  INDICATES RECORD WAS SET OR TIED.
MM INDICATES DATA IS MISSING.
T  INDICATES TRACE AMOUNT.




$$
