000
CDUS41 KBTV 270526
CLIMVL


CLIMATE REPORT
NATIONAL WEATHER SERVICE BURLINGTON VT
125 AM EDT WED MAY 27 2015


...................................

...THE MORRISVILLE VT CLIMATE SUMMARY FOR MAY 26 2015...

CLIMATE NORMAL PERIOD 1981 TO 2010
CLIMATE RECORD PERIOD 9999 TO 9999


WEATHER ITEM   OBSERVED TIME   NORMAL DEPARTURE LAST
                VALUE   (LST)  VALUE  FROM      YEAR
                                      NORMAL
......................................................
TEMPERATURE (F)
 YESTERDAY
  MAXIMUM         87    356 PM  70     17       72
  MINIMUM         62   1159 PM  44     18       55
  AVERAGE         75            57     18       64

PRECIPITATION (IN)
  YESTERDAY        T             0.12  -0.12     0.37
  MONTH TO DATE    1.49          2.61  -1.12     3.25
  SINCE MAR 1      2.99          6.68  -3.69     8.70
  SINCE JAN 1      4.11         10.96  -6.85    13.30

DEGREE DAYS
 HEATING
  YESTERDAY        0             9     -9        1
  MONTH TO DATE  172           313   -141      251
  SINCE MAR 1   2188          2133     55     2410
  SINCE JUL 1   7870          8093   -223     8464

 COOLING
  YESTERDAY       10             0     10        0
  MONTH TO DATE   28             0     28        5
  SINCE MAR 1     28             1     27        5
  SINCE JAN 1     28             1     27        5
......................................................


WIND (MPH)
  HIGHEST WIND SPEED    14   HIGHEST WIND DIRECTION     W (260)
  HIGHEST GUST SPEED    22   HIGHEST GUST DIRECTION     W (260)
  AVERAGE WIND SPEED     4.7


SKY COVER
  AVERAGE SKY COVER 0.4


WEATHER CONDITIONS
 THE FOLLOWING WEATHER WAS RECORDED YESTERDAY.
  LIGHT RAIN


RELATIVE HUMIDITY (PERCENT)
 HIGHEST    87           200 AM
 LOWEST     35           500 PM
 AVERAGE    61

..........................................................


THE MORRISVILLE VT CLIMATE NORMALS FOR TODAY
                         NORMAL    RECORD    YEAR
 MAXIMUM TEMPERATURE (F)   70        79      2010
 MINIMUM TEMPERATURE (F)   44        29      1997


SUNRISE AND SUNSET
MAY 27 2015...........SUNRISE   512 AM EDT   SUNSET   824 PM EDT
MAY 28 2015...........SUNRISE   511 AM EDT   SUNSET   825 PM EDT


-  INDICATES NEGATIVE NUMBERS.
R  INDICATES RECORD WAS SET OR TIED.
MM INDICATES DATA IS MISSING.
T  INDICATES TRACE AMOUNT.




$$
