000
CDUS41 KBTV 180649
CLIMVL


CLIMATE REPORT
NATIONAL WEATHER SERVICE BURLINGTON VT
249 AM EDT THU SEP 18 2014


...................................

...THE MORRISVILLE VT CLIMATE SUMMARY FOR SEPTEMBER 17 2014...

CLIMATE NORMAL PERIOD 1981 TO 2010
CLIMATE RECORD PERIOD 9999 TO 9999


WEATHER ITEM   OBSERVED TIME   NORMAL DEPARTURE LAST
                VALUE   (LST)  VALUE  FROM      YEAR
                                      NORMAL
......................................................
TEMPERATURE (F)
 YESTERDAY
  MAXIMUM         66    311 PM  70     -4       62
  MINIMUM         40    611 AM  45     -5       31
  AVERAGE         53            57     -4       47

PRECIPITATION (IN)
  YESTERDAY        0.00          0.12  -0.12     0.00
  MONTH TO DATE    2.19          1.77   0.42     2.19
  SINCE SEP 1      2.19          1.77   0.42     2.19
  SINCE JAN 1     28.60         25.53   3.07    32.45

DEGREE DAYS
 HEATING
  YESTERDAY       12             8      4       18
  MONTH TO DATE  119            97     22      128
  SINCE SEP 1    119            97     22      128
  SINCE JUL 1    190           192     -2      197

 COOLING
  YESTERDAY        0             0      0        0
  MONTH TO DATE   29            13     16       38
  SINCE SEP 1     29            13     16       38
  SINCE JAN 1    243           260    -17      401
......................................................


WIND (MPH)
  HIGHEST WIND SPEED     9   HIGHEST WIND DIRECTION     S (190)
  HIGHEST GUST SPEED    15   HIGHEST GUST DIRECTION     S (200)
  AVERAGE WIND SPEED     1.6


SKY COVER
  AVERAGE SKY COVER 0.7


WEATHER CONDITIONS
 THE FOLLOWING WEATHER WAS RECORDED YESTERDAY.
  FOG
  FOG W/VISIBILITY <= 1/4 MILE


RELATIVE HUMIDITY (PERCENT)
 HIGHEST   100          1200 AM
 LOWEST     37           300 PM
 AVERAGE    69

..........................................................


THE MORRISVILLE VT CLIMATE NORMALS FOR TODAY
                         NORMAL    RECORD    YEAR
 MAXIMUM TEMPERATURE (F)   69        MM        MM
 MINIMUM TEMPERATURE (F)   45        MM        MM


SUNRISE AND SUNSET
SEPTEMBER 18 2014.....SUNRISE   633 AM EDT   SUNSET   656 PM EDT
SEPTEMBER 19 2014.....SUNRISE   634 AM EDT   SUNSET   654 PM EDT


-  INDICATES NEGATIVE NUMBERS.
R  INDICATES RECORD WAS SET OR TIED.
MM INDICATES DATA IS MISSING.
T  INDICATES TRACE AMOUNT.




$$
