000
CDUS41 KBTV 210604
CLIMVL


CLIMATE REPORT
NATIONAL WEATHER SERVICE BURLINGTON VT
202 AM EDT MON APR 21 2014


...................................

...THE MORRISVILLE VT CLIMATE SUMMARY FOR APRIL 20 2014...

CLIMATE NORMAL PERIOD 1981 TO 2010
CLIMATE RECORD PERIOD 9999 TO 9999


WEATHER ITEM   OBSERVED TIME   NORMAL DEPARTURE LAST
                VALUE   (LST)  VALUE  FROM      YEAR
                                      NORMAL
......................................................
TEMPERATURE (F)
 YESTERDAY
  MAXIMUM         61    413 PM  56      5       51
  MINIMUM         20    456 AM  32    -12       34
  AVERAGE         41            44     -3       43

PRECIPITATION (IN)
  YESTERDAY        0.00          0.08  -0.08     0.01
  MONTH TO DATE    1.95          1.65   0.30     2.48
  SINCE MAR 1      4.62          3.32   1.30     4.25
  SINCE JAN 1      9.22          7.60   1.62     6.96

DEGREE DAYS
 HEATING
  YESTERDAY       24            21      3       22
  MONTH TO DATE  518           508     10      509
  SINCE MAR 1   1970          1635    335     1547
  SINCE JUL 1   8024          7595    429     7079

 COOLING
  YESTERDAY        0             0      0        0
  MONTH TO DATE    0             0      0        0
  SINCE MAR 1      0             0      0        0
  SINCE JAN 1      0             0      0        0
......................................................


WIND (MPH)
  HIGHEST WIND SPEED    10   HIGHEST WIND DIRECTION    SW (220)
  HIGHEST GUST SPEED    13   HIGHEST GUST DIRECTION    SW (210)
  AVERAGE WIND SPEED     2.4


SKY COVER
  AVERAGE SKY COVER 0.0


WEATHER CONDITIONS
 THE FOLLOWING WEATHER WAS RECORDED YESTERDAY.
  HAZE


RELATIVE HUMIDITY (PERCENT)
 HIGHEST    91           500 AM
 LOWEST     13           200 PM
 AVERAGE    52

..........................................................


THE MORRISVILLE VT CLIMATE NORMALS FOR TODAY
                         NORMAL    RECORD    YEAR
 MAXIMUM TEMPERATURE (F)   57        MM        MM
 MINIMUM TEMPERATURE (F)   32        MM        MM


SUNRISE AND SUNSET
APRIL 21 2014.........SUNRISE   557 AM EDT   SUNSET   743 PM EDT
APRIL 22 2014.........SUNRISE   555 AM EDT   SUNSET   744 PM EDT


-  INDICATES NEGATIVE NUMBERS.
R  INDICATES RECORD WAS SET OR TIED.
MM INDICATES DATA IS MISSING.
T  INDICATES TRACE AMOUNT.




$$
