000
CDUS41 KBTV 230602
CLIMVL


CLIMATE REPORT
NATIONAL WEATHER SERVICE BURLINGTON VT
159 AM EDT SAT JUL 23 2016


...................................

...THE MORRISVILLE VT CLIMATE SUMMARY FOR JULY 22 2016...

CLIMATE NORMAL PERIOD 1981 TO 2010
CLIMATE RECORD PERIOD 9999 TO 9999


WEATHER ITEM   OBSERVED TIME   NORMAL DEPARTURE LAST
                VALUE   (LST)  VALUE  FROM      YEAR
                                      NORMAL
......................................................
TEMPERATURE (F)
 YESTERDAY
  MAXIMUM         88    302 PM  80      8       75
  MINIMUM         63   1241 AM  56      7       58
  AVERAGE         76            68      8       67

PRECIPITATION (IN)
  YESTERDAY        0.67          0.13   0.54     0.02
  MONTH TO DATE    2.77          3.06  -0.29     2.30
  SINCE JUN 1      4.66          7.04  -2.38     9.21
  SINCE JAN 1     11.71         18.66  -6.95    14.46

DEGREE DAYS
 HEATING
  YESTERDAY        0             1     -1        0
  MONTH TO DATE   31            23      8       23
  SINCE JUN 1    162           146     16      128
  SINCE JUL 1     31            23      8       23

 COOLING
  YESTERDAY       11             4      7        2
  MONTH TO DATE   76            81     -5       92
  SINCE JUN 1    109           129    -20      132
  SINCE JAN 1    138           137      1      185
......................................................


WIND (MPH)
  HIGHEST WIND SPEED    36   HIGHEST WIND DIRECTION     N (20)
  HIGHEST GUST SPEED    47   HIGHEST GUST DIRECTION     N (20)
  AVERAGE WIND SPEED     5.0


SKY COVER
  AVERAGE SKY COVER 0.3


WEATHER CONDITIONS
 THE FOLLOWING WEATHER WAS RECORDED YESTERDAY.
  HEAVY RAIN
  RAIN
  LIGHT RAIN
  FOG


RELATIVE HUMIDITY (PERCENT)
 HIGHEST   100          1100 PM
 LOWEST     40           200 PM
 AVERAGE    70

..........................................................


THE MORRISVILLE VT CLIMATE NORMALS FOR TODAY
                         NORMAL    RECORD    YEAR
 MAXIMUM TEMPERATURE (F)   80        91      2001
 MINIMUM TEMPERATURE (F)   56        42      1997


SUNRISE AND SUNSET
JULY 23 2016..........SUNRISE   528 AM EDT   SUNSET   825 PM EDT
JULY 24 2016..........SUNRISE   529 AM EDT   SUNSET   824 PM EDT


-  INDICATES NEGATIVE NUMBERS.
R  INDICATES RECORD WAS SET OR TIED.
MM INDICATES DATA IS MISSING.
T  INDICATES TRACE AMOUNT.




$$
