000
CDUS41 KBTV 070521
CLIMVL


CLIMATE REPORT
NATIONAL WEATHER SERVICE BURLINGTON VT
120 AM EDT TUE JUL 7 2015


...................................

...THE MORRISVILLE VT CLIMATE SUMMARY FOR JULY 6 2015...

CLIMATE NORMAL PERIOD 1981 TO 2010
CLIMATE RECORD PERIOD 9999 TO 9999


WEATHER ITEM   OBSERVED TIME   NORMAL DEPARTURE LAST
                VALUE   (LST)  VALUE  FROM      YEAR
                                      NORMAL
......................................................
TEMPERATURE (F)
 YESTERDAY
  MAXIMUM         84    408 PM  79      5       81
  MINIMUM         55    438 AM  55      0       58
  AVERAGE         70            67      3       70

PRECIPITATION (IN)
  YESTERDAY        0.00          0.15  -0.15     0.00
  MONTH TO DATE    0.69          0.88  -0.19     2.29
  SINCE JUN 1      7.60          4.86   2.74     6.18
  SINCE JAN 1     12.85         16.48  -3.63    19.78

DEGREE DAYS
 HEATING
  YESTERDAY        0             1     -1        0
  MONTH TO DATE    9             7      2        3
  SINCE JUN 1    114           130    -16       75
  SINCE JUL 1      9             7      2        3

 COOLING
  YESTERDAY        5             3      2        5
  MONTH TO DATE   12            18     -6       45
  SINCE JUN 1     52            66    -14       85
  SINCE JAN 1    105            74     31       90
......................................................


WIND (MPH)
  HIGHEST WIND SPEED     7   HIGHEST WIND DIRECTION     S (200)
  HIGHEST GUST SPEED    12   HIGHEST GUST DIRECTION    SE (150)
  AVERAGE WIND SPEED     1.3


SKY COVER
  AVERAGE SKY COVER 0.3


WEATHER CONDITIONS
 THE FOLLOWING WEATHER WAS RECORDED YESTERDAY.
  FOG
  FOG W/VISIBILITY <= 1/4 MILE


RELATIVE HUMIDITY (PERCENT)
 HIGHEST    93           200 AM
 LOWEST     40           400 PM
 AVERAGE    67

..........................................................


THE MORRISVILLE VT CLIMATE NORMALS FOR TODAY
                         NORMAL    RECORD    YEAR
 MAXIMUM TEMPERATURE (F)   80        93      2010
 MINIMUM TEMPERATURE (F)   56        46      2004


SUNRISE AND SUNSET
JULY  7 2015..........SUNRISE   513 AM EDT   SUNSET   837 PM EDT
JULY  8 2015..........SUNRISE   514 AM EDT   SUNSET   837 PM EDT


-  INDICATES NEGATIVE NUMBERS.
R  INDICATES RECORD WAS SET OR TIED.
MM INDICATES DATA IS MISSING.
T  INDICATES TRACE AMOUNT.




$$
