000
CDUS41 KBTV 020525
CLIMVL


CLIMATE REPORT
NATIONAL WEATHER SERVICE BURLINGTON VT
1223 AM EST FRI DEC 2 2016


...................................

...THE MORRISVILLE VT CLIMATE SUMMARY FOR DECEMBER 1 2016...

CLIMATE NORMAL PERIOD 1981 TO 2010
CLIMATE RECORD PERIOD 9999 TO 9999


WEATHER ITEM   OBSERVED TIME   NORMAL DEPARTURE LAST
                VALUE   (LST)  VALUE  FROM      YEAR
                                      NORMAL
......................................................
TEMPERATURE (F)
 YESTERDAY
  MAXIMUM         50   1236 PM  37     13       37
  MINIMUM         37   1159 PM  20     17       14
  AVERAGE         44            29     15       26

PRECIPITATION (IN)
  YESTERDAY        0.47          0.09   0.38     0.27
  MONTH TO DATE    0.47          0.09   0.38     0.27
  SINCE DEC 1      0.47          0.09   0.38     0.27
  SINCE JAN 1     18.90         33.45 -14.55    20.77

DEGREE DAYS
 HEATING
  YESTERDAY       21            36    -15       39
  MONTH TO DATE   21            36    -15       39
  SINCE DEC 1     21            36    -15       39
  SINCE JUL 1   1612          1864   -252     1454

 COOLING
  YESTERDAY        0             0      0        0
  MONTH TO DATE    0             0      0        0
  SINCE DEC 1      0             0      0        0
  SINCE JAN 1    322           265     57      503
......................................................


WIND (MPH)
  HIGHEST WIND SPEED    15   HIGHEST WIND DIRECTION    SE (150)
  HIGHEST GUST SPEED    23   HIGHEST GUST DIRECTION    SW (230)
  AVERAGE WIND SPEED     6.2


SKY COVER
  AVERAGE SKY COVER 1.0


WEATHER CONDITIONS
 THE FOLLOWING WEATHER WAS RECORDED YESTERDAY.
  RAIN
  LIGHT RAIN
  FOG


RELATIVE HUMIDITY (PERCENT)
 HIGHEST    93           600 AM
 LOWEST     58           200 PM
 AVERAGE    76

..........................................................


THE MORRISVILLE VT CLIMATE NORMALS FOR TODAY
                         NORMAL    RECORD    YEAR
 MAXIMUM TEMPERATURE (F)   37        56      2008
 MINIMUM TEMPERATURE (F)   20       -16      1989


SUNRISE AND SUNSET
DECEMBER  2 2016......SUNRISE   708 AM EST   SUNSET   411 PM EST
DECEMBER  3 2016......SUNRISE   710 AM EST   SUNSET   411 PM EST


-  INDICATES NEGATIVE NUMBERS.
R  INDICATES RECORD WAS SET OR TIED.
MM INDICATES DATA IS MISSING.
T  INDICATES TRACE AMOUNT.




$$
