000
CDUS41 KBTV 250535
CLIMVL


CLIMATE REPORT
NATIONAL WEATHER SERVICE BURLINGTON VT
131 AM EDT SAT MAR 25 2017


...................................

...THE MORRISVILLE VT CLIMATE SUMMARY FOR MARCH 24 2017...

CLIMATE NORMAL PERIOD 1981 TO 2010
CLIMATE RECORD PERIOD 9999 TO 9999


WEATHER ITEM   OBSERVED TIME   NORMAL DEPARTURE LAST
                VALUE   (LST)  VALUE  FROM      YEAR
                                      NORMAL
......................................................
TEMPERATURE (F)
 YESTERDAY
  MAXIMUM         29   1234 PM  42    -13       36
  MINIMUM         15    211 AM  21     -6       23
  AVERAGE         22            32    -10       30

PRECIPITATION (IN)
  YESTERDAY        T             0.07  -0.07     0.03
  MONTH TO DATE    0.55          1.22  -0.67     0.80
  SINCE MAR 1      0.55          1.22  -0.67     0.80
  SINCE JAN 1      3.62          5.50  -1.88     3.95

DEGREE DAYS
 HEATING
  YESTERDAY       43            33     10       35
  MONTH TO DATE 1075           905    170      778
  SINCE MAR 1   1075           905    170      778
  SINCE JUL 1   6298          6865   -567     5351

 COOLING
  YESTERDAY        0             0      0        0
  MONTH TO DATE    0             0      0        0
  SINCE MAR 1      0             0      0        0
  SINCE JAN 1      0             0      0        0
......................................................


WIND (MPH)
  HIGHEST WIND SPEED    10   HIGHEST WIND DIRECTION    SW (220)
  HIGHEST GUST SPEED    12   HIGHEST GUST DIRECTION    SW (220)
  AVERAGE WIND SPEED     2.7


SKY COVER
  AVERAGE SKY COVER 1.0


WEATHER CONDITIONS
 THE FOLLOWING WEATHER WAS RECORDED YESTERDAY.
  HEAVY SNOW
  SNOW
  LIGHT SNOW
  FOG
  FOG W/VISIBILITY <= 1/4 MILE


RELATIVE HUMIDITY (PERCENT)
 HIGHEST   100          1100 PM
 LOWEST     46           700 AM
 AVERAGE    73

..........................................................


THE MORRISVILLE VT CLIMATE NORMALS FOR TODAY
                         NORMAL    RECORD    YEAR
 MAXIMUM TEMPERATURE (F)   43        60      2003
 MINIMUM TEMPERATURE (F)   22       -11      2014


SUNRISE AND SUNSET
MARCH 25 2017.........SUNRISE   644 AM EDT   SUNSET   709 PM EDT
MARCH 26 2017.........SUNRISE   642 AM EDT   SUNSET   711 PM EDT


-  INDICATES NEGATIVE NUMBERS.
R  INDICATES RECORD WAS SET OR TIED.
MM INDICATES DATA IS MISSING.
T  INDICATES TRACE AMOUNT.




$$
