000
CDUS41 KBTV 050642
CLIMVL


CLIMATE REPORT
NATIONAL WEATHER SERVICE BURLINGTON VT
241 AM EDT WED AUG 5 2015


...................................

...THE MORRISVILLE VT CLIMATE SUMMARY FOR AUGUST 4 2015...

CLIMATE NORMAL PERIOD 1981 TO 2010
CLIMATE RECORD PERIOD 9999 TO 9999


WEATHER ITEM   OBSERVED TIME   NORMAL DEPARTURE LAST
                VALUE   (LST)  VALUE  FROM      YEAR
                                      NORMAL
......................................................
TEMPERATURE (F)
 YESTERDAY
  MAXIMUM         79   1021 AM  79      0       81
  MINIMUM         58   1153 PM  55      3       61
  AVERAGE         69            67      2       71

PRECIPITATION (IN)
  YESTERDAY        0.04          0.16  -0.12     0.44
  MONTH TO DATE    0.04          0.61  -0.57     0.46
  SINCE JUN 1      9.57          8.72   0.85    10.51
  SINCE JAN 1     14.82         20.34  -5.52    24.11

DEGREE DAYS
 HEATING
  YESTERDAY        0             1     -1        0
  MONTH TO DATE    0             4     -4        0
  SINCE JUN 1    128           157    -29      101
  SINCE JUL 1     23            34    -11       29

 COOLING
  YESTERDAY        4             3      1        6
  MONTH TO DATE   13            12      1       17
  SINCE JUN 1    210           172     38      166
  SINCE JAN 1    263           180     83      171
......................................................


WIND (MPH)
  HIGHEST WIND SPEED     9   HIGHEST WIND DIRECTION    NW (300)
  HIGHEST GUST SPEED    17   HIGHEST GUST DIRECTION     W (290)
  AVERAGE WIND SPEED     2.0


SKY COVER
  AVERAGE SKY COVER 0.6


WEATHER CONDITIONS
 THE FOLLOWING WEATHER WAS RECORDED YESTERDAY.
  HEAVY RAIN
  LIGHT RAIN
  FOG
  FOG W/VISIBILITY <= 1/4 MILE


RELATIVE HUMIDITY (PERCENT)
 HIGHEST    93           100 AM
 LOWEST     46           500 PM
 AVERAGE    70

..........................................................


THE MORRISVILLE VT CLIMATE NORMALS FOR TODAY
                         NORMAL    RECORD    YEAR
 MAXIMUM TEMPERATURE (F)   79        93      1988
 MINIMUM TEMPERATURE (F)   55        45      2007


SUNRISE AND SUNSET
AUGUST  5 2015........SUNRISE   541 AM EDT   SUNSET   811 PM EDT
AUGUST  6 2015........SUNRISE   542 AM EDT   SUNSET   810 PM EDT


-  INDICATES NEGATIVE NUMBERS.
R  INDICATES RECORD WAS SET OR TIED.
MM INDICATES DATA IS MISSING.
T  INDICATES TRACE AMOUNT.




$$
