000
CDUS41 KBTV 170540
CLIMVL


CLIMATE REPORT
NATIONAL WEATHER SERVICE BURLINGTON VT
137 AM EDT THU AUG 17 2017


...................................

...THE MORRISVILLE VT CLIMATE SUMMARY FOR AUGUST 16 2017...

CLIMATE NORMAL PERIOD 1981 TO 2010
CLIMATE RECORD PERIOD 9999 TO 9999


WEATHER ITEM   OBSERVED TIME   NORMAL DEPARTURE LAST
                VALUE   (LST)  VALUE  FROM      YEAR
                                      NORMAL
......................................................
TEMPERATURE (F)
 YESTERDAY
  MAXIMUM         70    345 PM  78     -8       73
  MINIMUM         46   1159 PM  54     -8       53
  AVERAGE         58            66     -8       63

PRECIPITATION (IN)
  YESTERDAY        T             0.15  -0.15     0.29
  MONTH TO DATE    2.42          2.21   0.21     2.19
  SINCE JUN 1     13.31         10.32   2.99     7.77
  SINCE JAN 1     26.06         21.94   4.12    14.82

DEGREE DAYS
 HEATING
  YESTERDAY        7             2      5        2
  MONTH TO DATE   23            27     -4        8
  SINCE JUN 1    228           180     48      172
  SINCE JUL 1     77            57     20       41

 COOLING
  YESTERDAY        0             3     -3        0
  MONTH TO DATE   23            48    -25       73
  SINCE JUN 1    122           208    -86      213
  SINCE JAN 1    131           216    -85      242
......................................................


WIND (MPH)
  HIGHEST WIND SPEED    18   HIGHEST WIND DIRECTION     N (10)
  HIGHEST GUST SPEED    25   HIGHEST GUST DIRECTION     N (10)
  AVERAGE WIND SPEED     5.2


SKY COVER
  AVERAGE SKY COVER 0.3


WEATHER CONDITIONS
 THE FOLLOWING WEATHER WAS RECORDED YESTERDAY.
  LIGHT RAIN
  FOG
  FOG W/VISIBILITY <= 1/4 MILE


RELATIVE HUMIDITY (PERCENT)
 HIGHEST   100          1200 AM
 LOWEST     39           300 PM
 AVERAGE    70

..........................................................


THE MORRISVILLE VT CLIMATE NORMALS FOR TODAY
                         NORMAL    RECORD    YEAR
 MAXIMUM TEMPERATURE (F)   78        91      1987
 MINIMUM TEMPERATURE (F)   53        47      2000


SUNRISE AND SUNSET
AUGUST 17 2017........SUNRISE   556 AM EDT   SUNSET   752 PM EDT
AUGUST 18 2017........SUNRISE   557 AM EDT   SUNSET   751 PM EDT


-  INDICATES NEGATIVE NUMBERS.
R  INDICATES RECORD WAS SET OR TIED.
MM INDICATES DATA IS MISSING.
T  INDICATES TRACE AMOUNT.




$$
