000
CDUS41 KBTV 280606
CLIMVL


CLIMATE REPORT
NATIONAL WEATHER SERVICE BURLINGTON VT
104 AM EST FRI NOV 28 2014


...................................

...THE MORRISVILLE VT CLIMATE SUMMARY FOR NOVEMBER 27 2014...

CLIMATE NORMAL PERIOD 1981 TO 2010
CLIMATE RECORD PERIOD 9999 TO 9999


WEATHER ITEM   OBSERVED TIME   NORMAL DEPARTURE LAST
                VALUE   (LST)  VALUE  FROM      YEAR
                                      NORMAL
......................................................
TEMPERATURE (F)
 YESTERDAY
  MAXIMUM         29    244 AM  39    -10       35
  MINIMUM         23   1121 PM  22      1       28
  AVERAGE         26            30     -4       32

PRECIPITATION (IN)
  YESTERDAY        T             0.10  -0.10     1.00
  MONTH TO DATE    0.32          2.79  -2.47     3.22
  SINCE SEP 1      7.08          9.27  -2.19     8.51
  SINCE JAN 1     33.49         33.03   0.46    38.77

DEGREE DAYS
 HEATING
  YESTERDAY       39            35      4       33
  MONTH TO DATE  475           792   -317      814
  SINCE SEP 1   1153          1628   -475     1562
  SINCE JUL 1   1224          1723   -499     1631

 COOLING
  YESTERDAY        0             0      0        0
  MONTH TO DATE    0             0      0        0
  SINCE SEP 1     35            18     17       38
  SINCE JAN 1    249           265    -16      401
......................................................


WIND (MPH)
  HIGHEST WIND SPEED    12   HIGHEST WIND DIRECTION    NW (330)
  HIGHEST GUST SPEED    15   HIGHEST GUST DIRECTION     N (340)
  AVERAGE WIND SPEED     5.2


SKY COVER
  AVERAGE SKY COVER 1.0


WEATHER CONDITIONS
 THE FOLLOWING WEATHER WAS RECORDED YESTERDAY.
  LIGHT SNOW
  FOG


RELATIVE HUMIDITY (PERCENT)
 HIGHEST    92          1200 AM
 LOWEST     74           800 PM
 AVERAGE    83

..........................................................


THE MORRISVILLE VT CLIMATE NORMALS FOR TODAY
                         NORMAL    RECORD    YEAR
 MAXIMUM TEMPERATURE (F)   39        MM        MM
 MINIMUM TEMPERATURE (F)   21        MM        MM


SUNRISE AND SUNSET
NOVEMBER 28 2014......SUNRISE   703 AM EST   SUNSET   413 PM EST
NOVEMBER 29 2014......SUNRISE   704 AM EST   SUNSET   413 PM EST


-  INDICATES NEGATIVE NUMBERS.
R  INDICATES RECORD WAS SET OR TIED.
MM INDICATES DATA IS MISSING.
T  INDICATES TRACE AMOUNT.




$$
