000
CDUS46 KOTX 300822
CLIMWH


CLIMATE REPORT
NATIONAL WEATHER SERVICE SPOKANE, WA
1222 AM PST FRI JAN 30 2015


...................................

...THE MOSES LAKE WA AIRPORT CLIMATE SUMMARY FOR JANUARY 29 2015...

CLIMATE NORMAL PERIOD 1981 TO 2010
CLIMATE RECORD PERIOD 9999 TO 9999


WEATHER ITEM   OBSERVED TIME   RECORD YEAR NORMAL DEPARTURE LAST
                VALUE   (LST)  VALUE       VALUE  FROM      YEAR
                                                  NORMAL
..................................................................
TEMPERATURE (F)
 YESTERDAY
  MAXIMUM         39    217 PM  MM      MM  39      0       32
  MINIMUM         35    748 AM  MM      MM  25     10       27
  AVERAGE         37                        32      5       30

PRECIPITATION (IN)
  YESTERDAY        0.00         MM      MM   0.02  -0.02     0.28
  MONTH TO DATE    0.79                      1.10  -0.31     0.40
  SINCE OCT 1      3.45                      4.39  -0.94     1.04
  SINCE JAN 1      0.79                      1.10  -0.31     0.40

SNOWFALL (IN)
  YESTERDAY       MM

DEGREE DAYS
 HEATING
  YESTERDAY       28                        33     -5       35
  MONTH TO DATE  928                      1021    -93      925
  SINCE DEC 1   1858                      2147   -289     2174
  SINCE JUL 1   3060                      3608   -548     3609

 COOLING
  YESTERDAY        0                         0      0        0
  MONTH TO DATE    0                         0      0        0
  SINCE DEC 1      0                         0      0        0
  SINCE JAN 1      0                         0      0        0
..................................................................


WIND (MPH)
  HIGHEST WIND SPEED    12   HIGHEST WIND DIRECTION     N (10)
  HIGHEST GUST SPEED    14   HIGHEST GUST DIRECTION     N (10)
  AVERAGE WIND SPEED     5.2


SKY COVER
  POSSIBLE SUNSHINE  MM
  AVERAGE SKY COVER 1.0


WEATHER CONDITIONS
 THE FOLLOWING WEATHER WAS RECORDED YESTERDAY.
  NO SIGNIFICANT WEATHER WAS OBSERVED.


RELATIVE HUMIDITY (PERCENT)
 HIGHEST    92           100 AM
 LOWEST     82          1200 PM
 AVERAGE    87

..........................................................


THE MOSES LAKE WA AIRPORT CLIMATE NORMALS FOR TODAY
                         NORMAL    RECORD    YEAR
 MAXIMUM TEMPERATURE (F)   39        MM        MM
 MINIMUM TEMPERATURE (F)   25        MM        MM


SUNRISE AND SUNSET
JANUARY 30 2015.......SUNRISE   725 AM PST   SUNSET   456 PM PST
JANUARY 31 2015.......SUNRISE   724 AM PST   SUNSET   458 PM PST


-  INDICATES NEGATIVE NUMBERS.
R  INDICATES RECORD WAS SET OR TIED.
MM INDICATES DATA IS MISSING.
T  INDICATES TRACE AMOUNT.




$$
