000
CDUS45 KBOI 110934
CLIMYL


CLIMATE REPORT
NATIONAL WEATHER SERVICE BOISE ID
233 AM MST MON DEC 11 2017


...................................

...THE MCCALL ID CLIMATE SUMMARY FOR DECEMBER 10 2017...

CLIMATE NORMAL PERIOD 1981 TO 2010
CLIMATE RECORD PERIOD 1930 TO 2017


WEATHER ITEM   OBSERVED TIME   RECORD YEAR NORMAL DEPARTURE LAST
                VALUE   (LST)  VALUE       VALUE  FROM      YEAR
                                                  NORMAL
..................................................................
TEMPERATURE (F)
 YESTERDAY
  MAXIMUM         26    425 PM  48    1981  27     -1       36
  MINIMUM          3    735 AM -17    1972  10     -7       11
  AVERAGE         15                        19     -4       24

PRECIPITATION (IN)
  YESTERDAY        0.00          0.91 1996   0.06  -0.06     0.09
  MONTH TO DATE    0.42                      0.57  -0.15     1.11
  SINCE OCT 1      5.72                      4.69   1.03     5.84
  SINCE JAN 1     28.51                     18.61   9.90    21.55

DEGREE DAYS
 HEATING
  YESTERDAY       50                        46      4       41
  MONTH TO DATE  449                       449      0      473
  SINCE DEC 1    449                       449      0      473
  SINCE JUL 1   2575                      3087   -512     2510

 COOLING
  YESTERDAY        0                         0      0        0
  MONTH TO DATE    0                         0      0        0
  SINCE DEC 1      0                         0      0        0
  SINCE JAN 1    229                        25    204      108
..................................................................


WIND (MPH)
  HIGHEST WIND SPEED     5   HIGHEST WIND DIRECTION     S (170)
  HIGHEST GUST SPEED     5   HIGHEST GUST DIRECTION     S (180)
  AVERAGE WIND SPEED     0.6


SKY COVER
  AVERAGE SKY COVER 0.4


WEATHER CONDITIONS
 THE FOLLOWING WEATHER WAS RECORDED YESTERDAY.
  FOG
  FOG W/VISIBILITY <= 1/4 MILE
  HAZE


RELATIVE HUMIDITY (PERCENT)
 HIGHEST   100           400 AM
 LOWEST     68           500 PM
 AVERAGE    84

..........................................................


THE MCCALL ID CLIMATE NORMALS FOR TODAY
                         NORMAL    RECORD    YEAR
 MAXIMUM TEMPERATURE (F)   27        55      1939
 MINIMUM TEMPERATURE (F)   10       -12      1961


SUNRISE AND SUNSET
DECEMBER 11 2017......SUNRISE   812 AM MST   SUNSET   503 PM MST
DECEMBER 12 2017......SUNRISE   813 AM MST   SUNSET   503 PM MST


-  INDICATES NEGATIVE NUMBERS.
R  INDICATES RECORD WAS SET OR TIED.
MM INDICATES DATA IS MISSING.
T  INDICATES TRACE AMOUNT.




$$
