000
CDUS45 KBOI 300931
CLIMYL


CLIMATE REPORT
NATIONAL WEATHER SERVICE BOISE ID
331 AM MDT SUN AUG 30 2015


...................................

...THE MCCALL ID CLIMATE SUMMARY FOR AUGUST 29 2015...

CLIMATE NORMAL PERIOD 1981 TO 2010
CLIMATE RECORD PERIOD 1930 TO 2015


WEATHER ITEM   OBSERVED TIME   RECORD YEAR NORMAL DEPARTURE LAST
                VALUE   (LST)  VALUE       VALUE  FROM      YEAR
                                                  NORMAL
..................................................................
TEMPERATURE (F)
 YESTERDAY
  MAXIMUM         77    147 PM  90    1972  74      3       82
  MINIMUM         54    528 AM  28    1975  39     15       46
  AVERAGE         66                        56     10       64

PRECIPITATION (IN)
  YESTERDAY        0.03          0.63 1934   0.03   0.00      T
  MONTH TO DATE    0.31                      0.63  -0.32     1.16
  SINCE OCT 1     20.90                     19.17   1.73    20.65
  SINCE JAN 1     12.14                     12.99  -0.85    16.58

DEGREE DAYS
 HEATING
  YESTERDAY        0                         9     -9        1
  MONTH TO DATE   57                       161   -104       80
  SINCE JUN 1    237                       678   -441      412
  SINCE JUL 1    128                       311   -183       98

 COOLING
  YESTERDAY        1                         0      1        0
  MONTH TO DATE   56                         7     49       54
  SINCE JUN 1    169                        23    146      185
  SINCE JAN 1    169                        23    146      185
..................................................................


WIND (MPH)
  HIGHEST WIND SPEED    29   HIGHEST WIND DIRECTION     S (180)
  HIGHEST GUST SPEED    34   HIGHEST GUST DIRECTION     S (180)
  AVERAGE WIND SPEED     7.5


SKY COVER
  AVERAGE SKY COVER 0.6


WEATHER CONDITIONS
 THE FOLLOWING WEATHER WAS RECORDED YESTERDAY.
  LIGHT RAIN


RELATIVE HUMIDITY (PERCENT)
 HIGHEST    80          1100 PM
 LOWEST     25          1100 AM
 AVERAGE    53

..........................................................


THE MCCALL ID CLIMATE NORMALS FOR TODAY
                         NORMAL    RECORD    YEAR
 MAXIMUM TEMPERATURE (F)   74        90      1955
 MINIMUM TEMPERATURE (F)   39        25      1956


SUNRISE AND SUNSET
AUGUST 30 2015........SUNRISE   704 AM MDT   SUNSET   825 PM MDT
AUGUST 31 2015........SUNRISE   705 AM MDT   SUNSET   823 PM MDT


-  INDICATES NEGATIVE NUMBERS.
R  INDICATES RECORD WAS SET OR TIED.
MM INDICATES DATA IS MISSING.
T  INDICATES TRACE AMOUNT.




$$
