000
CDUS45 KBOI 250935
CLIMYL


CLIMATE REPORT
NATIONAL WEATHER SERVICE BOISE ID
234 AM MST THU DEC 25 2014


...................................

...THE MCCALL ID CLIMATE SUMMARY FOR DECEMBER 24 2014...

CLIMATE NORMAL PERIOD 1981 TO 2010
CLIMATE RECORD PERIOD 1930 TO 2014


WEATHER ITEM   OBSERVED TIME   RECORD YEAR NORMAL DEPARTURE LAST
                VALUE   (LST)  VALUE       VALUE  FROM      YEAR
                                                  NORMAL
..................................................................
TEMPERATURE (F)
 YESTERDAY
  MAXIMUM         32    322 PM  44    1989  27      5       30
  MINIMUM         26   1159 PM -23    1990   9     17        5
  AVERAGE         29                        18     11       18

PRECIPITATION (IN)
  YESTERDAY        0.29          1.05 1959   0.09   0.20     0.00
  MONTH TO DATE    3.07                      1.56   1.51     1.67
  SINCE OCT 1      8.16                      5.68   2.48     4.01
  SINCE JAN 1     25.57                     19.60   5.97    19.62

DEGREE DAYS
 HEATING
  YESTERDAY       36                        47    -11       47
  MONTH TO DATE  817                      1106   -289     1129
  SINCE DEC 1    817                      1106   -289     1129
  SINCE JUL 1   2881                      3744   -863     3219

 COOLING
  YESTERDAY        0                         0      0        0
  MONTH TO DATE    0                         0      0        0
  SINCE DEC 1      0                         0      0        0
  SINCE JAN 1    185                        25    160      186
..................................................................


WIND (MPH)
  HIGHEST WIND SPEED    22   HIGHEST WIND DIRECTION     N (360)
  HIGHEST GUST SPEED    35   HIGHEST GUST DIRECTION     N (350)
  AVERAGE WIND SPEED     4.6


SKY COVER
  AVERAGE SKY COVER 1.0


WEATHER CONDITIONS
 THE FOLLOWING WEATHER WAS RECORDED YESTERDAY.
  HEAVY SNOW
  SNOW
  LIGHT SNOW
  FOG
  FOG W/VISIBILITY <= 1/4 MILE


RELATIVE HUMIDITY (PERCENT)
 HIGHEST   100           300 PM
 LOWEST     75           800 PM
 AVERAGE    88

..........................................................


THE MCCALL ID CLIMATE NORMALS FOR TODAY
                         NORMAL    RECORD    YEAR
 MAXIMUM TEMPERATURE (F)   27        42      1950
 MINIMUM TEMPERATURE (F)    9       -17      1948


SUNRISE AND SUNSET
DECEMBER 25 2014......SUNRISE   821 AM MST   SUNSET   508 PM MST
DECEMBER 26 2014......SUNRISE   821 AM MST   SUNSET   509 PM MST


-  INDICATES NEGATIVE NUMBERS.
R  INDICATES RECORD WAS SET OR TIED.
MM INDICATES DATA IS MISSING.
T  INDICATES TRACE AMOUNT.




$$
