000
CDUS45 KBOI 240932
CLIMYL


CLIMATE REPORT
NATIONAL WEATHER SERVICE BOISE ID
231 AM MST TUE JAN 24 2017


...................................

...THE MCCALL ID CLIMATE SUMMARY FOR JANUARY 23 2017...

CLIMATE NORMAL PERIOD 1981 TO 2010
CLIMATE RECORD PERIOD 1930 TO 2017


WEATHER ITEM   OBSERVED TIME   RECORD YEAR NORMAL DEPARTURE LAST
                VALUE   (LST)  VALUE       VALUE  FROM      YEAR
                                                  NORMAL
..................................................................
TEMPERATURE (F)
 YESTERDAY
  MAXIMUM         27    340 PM  45    1994  29     -2       36
  MINIMUM          5    148 AM -29    1930  11     -6       31
  AVERAGE         16                        20     -4       34

PRECIPITATION (IN)
  YESTERDAY        0.00          1.58 1982   0.05  -0.05     0.19
  MONTH TO DATE    3.15                      1.31   1.84     2.12
  SINCE OCT 1     11.64                      7.49   4.15    12.69
  SINCE JAN 1      3.15                      1.31   1.84     2.12

DEGREE DAYS
 HEATING
  YESTERDAY       49                        45      4       31
  MONTH TO DATE 1172                      1044    128      987
  SINCE DEC 1   2735                      2480    255     2328
  SINCE JUL 1   4772                      5118   -346     4429

 COOLING
  YESTERDAY        0                         0      0        0
  MONTH TO DATE    0                         0      0        0
  SINCE DEC 1      0                         0      0        0
  SINCE JAN 1      0                         0      0        0
..................................................................


WIND (MPH)
  HIGHEST WIND SPEED     9   HIGHEST WIND DIRECTION    NW (300)
  HIGHEST GUST SPEED    13   HIGHEST GUST DIRECTION    NW (300)
  AVERAGE WIND SPEED     3.3


SKY COVER
  AVERAGE SKY COVER 0.6


WEATHER CONDITIONS
 THE FOLLOWING WEATHER WAS RECORDED YESTERDAY.
  FOG
  FOG W/VISIBILITY <= 1/4 MILE
  HAZE


RELATIVE HUMIDITY (PERCENT)
 HIGHEST   100           100 PM
 LOWEST     74           800 PM
 AVERAGE    87

..........................................................


THE MCCALL ID CLIMATE NORMALS FOR TODAY
                         NORMAL    RECORD    YEAR
 MAXIMUM TEMPERATURE (F)   30        47      1935
 MINIMUM TEMPERATURE (F)   11       -27      1949


SUNRISE AND SUNSET
JANUARY 24 2017.......SUNRISE   812 AM MST   SUNSET   542 PM MST
JANUARY 25 2017.......SUNRISE   811 AM MST   SUNSET   543 PM MST


-  INDICATES NEGATIVE NUMBERS.
R  INDICATES RECORD WAS SET OR TIED.
MM INDICATES DATA IS MISSING.
T  INDICATES TRACE AMOUNT.




$$
