000
CDUS45 KBOI 270931
CLIMYL


CLIMATE REPORT
NATIONAL WEATHER SERVICE BOISE ID
231 AM MST MON FEB 27 2017


...................................

...THE MCCALL ID CLIMATE SUMMARY FOR FEBRUARY 26 2017...

CLIMATE NORMAL PERIOD 1981 TO 2010
CLIMATE RECORD PERIOD 1930 TO 2017


WEATHER ITEM   OBSERVED TIME   RECORD YEAR NORMAL DEPARTURE LAST
                VALUE   (LST)  VALUE       VALUE  FROM      YEAR
                                                  NORMAL
..................................................................
TEMPERATURE (F)
 YESTERDAY
  MAXIMUM         24    242 PM  56    1995  36    -12       47
  MINIMUM         18    124 AM -16    2011  13      5       12
  AVERAGE         21                        24     -3       30

PRECIPITATION (IN)
  YESTERDAY        0.17          0.78 1940   0.06   0.11     0.00
  MONTH TO DATE    5.16                      1.62   3.54     1.78
  SINCE OCT 1     16.85                      9.53   7.32    15.23
  SINCE JAN 1      8.36                      3.35   5.01     4.66

DEGREE DAYS
 HEATING
  YESTERDAY       44                        41      3       35
  MONTH TO DATE  939                      1119   -180      993
  SINCE DEC 1   4082                      3955    127     3673
  SINCE JUL 1   6119                      6593   -474     5774

 COOLING
  YESTERDAY        0                         0      0        0
  MONTH TO DATE    0                         0      0        0
  SINCE DEC 1      0                         0      0        0
  SINCE JAN 1      0                         0      0        0
..................................................................


WIND (MPH)
  HIGHEST WIND SPEED    16   HIGHEST WIND DIRECTION     S (170)
  HIGHEST GUST SPEED    22   HIGHEST GUST DIRECTION    SE (150)
  AVERAGE WIND SPEED     7.0


SKY COVER
  AVERAGE SKY COVER 1.0


WEATHER CONDITIONS
 THE FOLLOWING WEATHER WAS RECORDED YESTERDAY.
  SNOW
  LIGHT SNOW
  FOG


RELATIVE HUMIDITY (PERCENT)
 HIGHEST    92           800 PM
 LOWEST     67          1200 AM
 AVERAGE    80

..........................................................


THE MCCALL ID CLIMATE NORMALS FOR TODAY
                         NORMAL    RECORD    YEAR
 MAXIMUM TEMPERATURE (F)   36        55      1992
 MINIMUM TEMPERATURE (F)   13       -22      1962


SUNRISE AND SUNSET
FEBRUARY 27 2017......SUNRISE   725 AM MST   SUNSET   630 PM MST
FEBRUARY 28 2017......SUNRISE   723 AM MST   SUNSET   631 PM MST


-  INDICATES NEGATIVE NUMBERS.
R  INDICATES RECORD WAS SET OR TIED.
MM INDICATES DATA IS MISSING.
T  INDICATES TRACE AMOUNT.




$$
