000
CDUS45 KBOI 260932
CLIMYL


CLIMATE REPORT
NATIONAL WEATHER SERVICE BOISE ID
332 AM MDT THU MAR 26 2015


...................................

...THE MCCALL ID CLIMATE SUMMARY FOR MARCH 25 2015...

CLIMATE NORMAL PERIOD 1981 TO 2010
CLIMATE RECORD PERIOD 1930 TO 2015


WEATHER ITEM   OBSERVED TIME   RECORD YEAR NORMAL DEPARTURE LAST
                VALUE   (LST)  VALUE       VALUE  FROM      YEAR
                                                  NORMAL
..................................................................
TEMPERATURE (F)
 YESTERDAY
  MAXIMUM         39    549 PM  60    1992  42     -3       53
  MINIMUM         21    630 AM   3    1965  21      0       23
  AVERAGE         30                        31     -1       38

PRECIPITATION (IN)
  YESTERDAY        0.02          1.00 1948   0.08  -0.06      T
  MONTH TO DATE    1.67                      1.68  -0.01     4.19
  SINCE OCT 1     14.62                     11.33   3.29    13.07
  SINCE JAN 1      5.86                      5.15   0.71     9.00

DEGREE DAYS
 HEATING
  YESTERDAY       35                        34      1       27
  MONTH TO DATE  692                       918   -226      817
  SINCE MAR 1    692                       918   -226      817
  SINCE JUL 1   6063                      7593  -1530     6811

 COOLING
  YESTERDAY        0                         0      0        0
  MONTH TO DATE    0                         0      0        0
  SINCE MAR 1      0                         0      0        0
  SINCE JAN 1      0                         0      0        0
..................................................................


WIND (MPH)
  HIGHEST WIND SPEED     7   HIGHEST WIND DIRECTION     N (340)
  HIGHEST GUST SPEED     9   HIGHEST GUST DIRECTION     S (160)
  AVERAGE WIND SPEED     1.8


SKY COVER
  AVERAGE SKY COVER 0.7


WEATHER CONDITIONS
 THE FOLLOWING WEATHER WAS RECORDED YESTERDAY.
  LIGHT SNOW
  FOG
  FOG W/VISIBILITY <= 1/4 MILE


RELATIVE HUMIDITY (PERCENT)
 HIGHEST   100           700 AM
 LOWEST     75          1200 PM
 AVERAGE    88

..........................................................


THE MCCALL ID CLIMATE NORMALS FOR TODAY
                         NORMAL    RECORD    YEAR
 MAXIMUM TEMPERATURE (F)   42        60      1992
 MINIMUM TEMPERATURE (F)   21        -4      1955


SUNRISE AND SUNSET
MARCH 26 2015.........SUNRISE   737 AM MDT   SUNSET   804 PM MDT
MARCH 27 2015.........SUNRISE   735 AM MDT   SUNSET   806 PM MDT


-  INDICATES NEGATIVE NUMBERS.
R  INDICATES RECORD WAS SET OR TIED.
MM INDICATES DATA IS MISSING.
T  INDICATES TRACE AMOUNT.




$$
