000
CDUS45 KBOI 220930
CLIMYL


CLIMATE REPORT
NATIONAL WEATHER SERVICE BOISE ID
230 AM MST THU FEB 22 2018


...................................

...THE MCCALL ID CLIMATE SUMMARY FOR FEBRUARY 21 2018...

CLIMATE NORMAL PERIOD 1981 TO 2010
CLIMATE RECORD PERIOD 1930 TO 2018


WEATHER ITEM   OBSERVED TIME   RECORD YEAR NORMAL DEPARTURE LAST
                VALUE   (LST)  VALUE       VALUE  FROM      YEAR
                                                  NORMAL
..................................................................
TEMPERATURE (F)
 YESTERDAY
  MAXIMUM         19    552 PM  53    1930  35    -16       38
  MINIMUM          6    300 AM -17    1975  11     -5       30
  AVERAGE         13                        23    -10       34

PRECIPITATION (IN)
  YESTERDAY        0.12          1.10 1956   0.05   0.07     0.66
                                      1927
  MONTH TO DATE    1.47                      1.31   0.16     4.96
  SINCE OCT 1     11.69                      9.22   2.47    16.65
  SINCE JAN 1      4.84                      3.04   1.80     8.16

DEGREE DAYS
 HEATING
  YESTERDAY       52                        42     10       31
  MONTH TO DATE  838                       912    -74      722
  SINCE DEC 1   3364                      3748   -384     3865
  SINCE JUL 1   5490                      6386   -896     5902

 COOLING
  YESTERDAY        0                         0      0        0
  MONTH TO DATE    0                         0      0        0
  SINCE DEC 1      0                         0      0        0
  SINCE JAN 1      0                         0      0        0
..................................................................


WIND (MPH)
  HIGHEST WIND SPEED     6   HIGHEST WIND DIRECTION     S (190)
  HIGHEST GUST SPEED     7   HIGHEST GUST DIRECTION     S (190)
  AVERAGE WIND SPEED     0.9


SKY COVER
  AVERAGE SKY COVER 1.0


WEATHER CONDITIONS
 THE FOLLOWING WEATHER WAS RECORDED YESTERDAY.
  LIGHT SNOW
  FOG
  HAZE


RELATIVE HUMIDITY (PERCENT)
 HIGHEST    88           100 AM
 LOWEST     74           300 PM
 AVERAGE    81

..........................................................


THE MCCALL ID CLIMATE NORMALS FOR TODAY
                         NORMAL    RECORD    YEAR
 MAXIMUM TEMPERATURE (F)   35        55      1995
 MINIMUM TEMPERATURE (F)   12       -11      1975
                                             1922


SUNRISE AND SUNSET
FEBRUARY 22 2018......SUNRISE   734 AM MST   SUNSET   623 PM MST
FEBRUARY 23 2018......SUNRISE   732 AM MST   SUNSET   624 PM MST


-  INDICATES NEGATIVE NUMBERS.
R  INDICATES RECORD WAS SET OR TIED.
MM INDICATES DATA IS MISSING.
T  INDICATES TRACE AMOUNT.




$$
