000
CDUS44 KLIX 192235
CLINEW


CLIMATE REPORT
NATIONAL WEATHER SERVICE NEW ORLEANS
NATIONAL WEATHER SERVICE NEW ORL
435 PM CST FRI JAN 19 2018


...................................

...THE NEW ORLEANS CLIMATE SUMMARY FOR JANUARY 19 2018...
VALID TODAY AS OF 0400 PM LOCAL TIME.

CLIMATE NORMAL PERIOD 1981 TO 2010
CLIMATE RECORD PERIOD 1946 TO 2018


WEATHER ITEM   OBSERVED TIME   RECORD YEAR NORMAL DEPARTURE LAST
                VALUE   (LST)  VALUE       VALUE  FROM      YEAR
                                                  NORMAL
..................................................................
TEMPERATURE (F)
 TODAY
  MAXIMUM         59    254 PM  80    1982  62     -3       76
                                      1952
  MINIMUM         28    434 AM  19    1977  45    -17       62
  AVERAGE         44                        53     -9       69

PRECIPITATION (IN)
  TODAY            0.00          2.79 1963   0.17  -0.17     0.23
  MONTH TO DATE    2.31                      3.12  -0.81     3.73
  SINCE DEC 1      7.47                      8.36  -0.89    11.59
  SINCE JAN 1      2.31                      3.12  -0.81     3.73

SNOWFALL (IN)
  TODAY            0.0
  MONTH TO DATE    T
  SINCE DEC 1      T
  SINCE JUL 1      T
  SNOW DEPTH       0

DEGREE DAYS
 HEATING
  TODAY           21                        12      9        0
  MONTH TO DATE  394                       228    166      119
  SINCE DEC 1    710                       545    165      338
  SINCE JUL 1    842                       709    133      409

 COOLING
  TODAY            0                         0      0        4
  MONTH TO DATE    4                        12     -8       42
  SINCE DEC 1     34                        39     -5       97
  SINCE JAN 1      4                        12     -8       42
..................................................................


WIND (MPH)
  HIGHEST WIND SPEED    13   HIGHEST WIND DIRECTION    SE (130)
  HIGHEST GUST SPEED    16   HIGHEST GUST DIRECTION     E (110)
  AVERAGE WIND SPEED     2.9


SKY COVER
  POSSIBLE SUNSHINE  MM
  AVERAGE SKY COVER 0.4


WEATHER CONDITIONS
 THE FOLLOWING WEATHER WAS RECORDED TODAY.
  NO SIGNIFICANT WEATHER WAS OBSERVED.


RELATIVE HUMIDITY (PERCENT)
 HIGHEST    89           800 AM
 LOWEST     33           300 PM
 AVERAGE    61

..........................................................


THE NEW ORLEANS CLIMATE NORMALS FOR TOMORROW
                         NORMAL    RECORD    YEAR
 MAXIMUM TEMPERATURE (F)   62        82      1982
 MINIMUM TEMPERATURE (F)   45        15      1985


SUNRISE AND SUNSET
JANUARY 19 2018.......SUNRISE   657 AM CST   SUNSET   527 PM CST
JANUARY 20 2018.......SUNRISE   656 AM CST   SUNSET   528 PM CST


-  INDICATES NEGATIVE NUMBERS.
R  INDICATES RECORD WAS SET OR TIED.
MM INDICATES DATA IS MISSING.
T  INDICATES TRACE AMOUNT.




$$
