000
CDUS44 KLIX 290701
CLINEW


CLIMATE REPORT
NATIONAL WEATHER SERVICE NEW ORLEANS
201 AM CDT SAT AUG 29 2015


...................................

...THE NEW ORLEANS CLIMATE SUMMARY FOR AUGUST 28 2015...

CLIMATE NORMAL PERIOD 1981 TO 2010
CLIMATE RECORD PERIOD 1946 TO 2015


WEATHER ITEM   OBSERVED TIME   RECORD YEAR NORMAL DEPARTURE LAST
                VALUE   (LST)  VALUE       VALUE  FROM      YEAR
                                                  NORMAL
..................................................................
TEMPERATURE (F)
 YESTERDAY
  MAXIMUM         91    237 PM  99    1998  91      0       93
  MINIMUM         69    250 AM  67    1971  75     -6       79
  AVERAGE         80                        83     -3       86

PRECIPITATION (IN)
  YESTERDAY        0.00          2.72 1996   0.19  -0.19     0.00
  MONTH TO DATE    3.28                      5.39  -2.11     3.94
  SINCE JUN 1     11.20                     19.38  -8.18    16.46
  SINCE JAN 1     46.37                     43.62   2.75    41.40

SNOWFALL (IN)
  YESTERDAY        0.0
  MONTH TO DATE    0.0
  SINCE JUN 1      0.0
  SINCE JUL 1      0.0
  SNOW DEPTH       0

DEGREE DAYS
 HEATING
  YESTERDAY        0                         0      0        0
  MONTH TO DATE    0                         0      0        0
  SINCE JUN 1      0                         0      0        0
  SINCE JUL 1      0                         0      0        0

 COOLING
  YESTERDAY       15                        18     -3       21
  MONTH TO DATE  571                       504     67      556
  SINCE JUN 1   1746                      1565    181     1610
  SINCE JAN 1   2575                      2184    391     2133
..................................................................


WIND (MPH)
  HIGHEST WIND SPEED    14   HIGHEST WIND DIRECTION    NE (40)
  HIGHEST GUST SPEED    17   HIGHEST GUST DIRECTION     W (260)
  AVERAGE WIND SPEED     6.3


SKY COVER
  POSSIBLE SUNSHINE  MM
  AVERAGE SKY COVER 0.2


WEATHER CONDITIONS
 THE FOLLOWING WEATHER WAS RECORDED YESTERDAY.
  NO SIGNIFICANT WEATHER WAS OBSERVED.


RELATIVE HUMIDITY (PERCENT)
 HIGHEST    79           400 AM
 LOWEST     41           200 PM
 AVERAGE    60

..........................................................


THE NEW ORLEANS CLIMATE NORMALS FOR TODAY
                         NORMAL    RECORD    YEAR
 MAXIMUM TEMPERATURE (F)   91        97      2011
 MINIMUM TEMPERATURE (F)   75        63      1992


SUNRISE AND SUNSET
AUGUST 29 2015........SUNRISE   636 AM CDT   SUNSET   727 PM CDT
AUGUST 30 2015........SUNRISE   637 AM CDT   SUNSET   726 PM CDT


-  INDICATES NEGATIVE NUMBERS.
R  INDICATES RECORD WAS SET OR TIED.
MM INDICATES DATA IS MISSING.
T  INDICATES TRACE AMOUNT.




$$
