000
CDUS44 KLIX 242219
CLINEW


CLIMATE REPORT
NATIONAL WEATHER SERVICE NEW ORLEANS
419 PM CST FRI FEB 24 2017


...................................

...THE NEW ORLEANS CLIMATE SUMMARY FOR FEBRUARY 24 2017...
VALID TODAY AS OF 0400 PM LOCAL TIME.

CLIMATE NORMAL PERIOD 1981 TO 2010
CLIMATE RECORD PERIOD 1946 TO 2017


WEATHER ITEM   OBSERVED TIME   RECORD YEAR NORMAL DEPARTURE LAST
                VALUE   (LST)  VALUE       VALUE  FROM      YEAR
                                                  NORMAL
..................................................................
TEMPERATURE (F)
 TODAY
  MAXIMUM         78    259 PM  83    2011  67     11       61
  MINIMUM         60    525 AM  28    1989  50     10       48
  AVERAGE         69                        59     10       55

PRECIPITATION (IN)
  TODAY            0.00          3.15 1985   0.18  -0.18     0.00
  MONTH TO DATE    2.69                      4.64  -1.95     3.72
  SINCE DEC 1     15.45                     15.03   0.42    14.59
  SINCE JAN 1      7.59                      9.79  -2.20     8.13

SNOWFALL (IN)
  TODAY            0.0
  MONTH TO DATE    0.0
  SINCE DEC 1      0.0
  SINCE JUL 1      0.0
  SNOW DEPTH       0

DEGREE DAYS
 HEATING
  TODAY            0                         7     -7       10
  MONTH TO DATE   66                       225   -159      158
  SINCE DEC 1    481                       917   -436      614
  SINCE JUL 1    552                      1081   -529      672

 COOLING
  TODAY            4                         1      3        0
  MONTH TO DATE   51                        24     27       32
  SINCE DEC 1    158                        67     91      147
  SINCE JAN 1    103                        40     63       36
..................................................................


WIND (MPH)
  HIGHEST WIND SPEED    17   HIGHEST WIND DIRECTION    SW (210)
  HIGHEST GUST SPEED    22   HIGHEST GUST DIRECTION    SW (220)
  AVERAGE WIND SPEED     9.3


SKY COVER
  POSSIBLE SUNSHINE  MM
  AVERAGE SKY COVER 0.7


WEATHER CONDITIONS
 THE FOLLOWING WEATHER WAS RECORDED TODAY.
  FOG
  FOG W/VISIBILITY <= 1/4 MILE


RELATIVE HUMIDITY (PERCENT)
 HIGHEST   100           500 AM
 LOWEST     54           300 PM
 AVERAGE    77

..........................................................


THE NEW ORLEANS CLIMATE NORMALS FOR TOMORROW
                         NORMAL    RECORD    YEAR
 MAXIMUM TEMPERATURE (F)   68        82      1972
 MINIMUM TEMPERATURE (F)   50        30      1968
                                             1965


SUNRISE AND SUNSET
FEBRUARY 24 2017......SUNRISE   632 AM CST   SUNSET   557 PM CST
FEBRUARY 25 2017......SUNRISE   631 AM CST   SUNSET   557 PM CST


-  INDICATES NEGATIVE NUMBERS.
R  INDICATES RECORD WAS SET OR TIED.
MM INDICATES DATA IS MISSING.
T  INDICATES TRACE AMOUNT.




$$
