000
CDUS44 KLIX 240701
CLINEW


CLIMATE REPORT
NATIONAL WEATHER SERVICE NEW ORLEANS
200 AM CDT WED MAY 24 2017


...................................

...THE NEW ORLEANS CLIMATE SUMMARY FOR MAY 23 2017...

CLIMATE NORMAL PERIOD 1981 TO 2010
CLIMATE RECORD PERIOD 1946 TO 2017


WEATHER ITEM   OBSERVED TIME   RECORD YEAR NORMAL DEPARTURE LAST
                VALUE   (LST)  VALUE       VALUE  FROM      YEAR
                                                  NORMAL
..................................................................
TEMPERATURE (F)
 YESTERDAY
  MAXIMUM         83    511 PM  93    2005  87     -4       86
                                      2000
                                      1996
  MINIMUM         72   1159 PM  50    1993  70      2       72
  AVERAGE         78                        78      0       79

PRECIPITATION (IN)
  YESTERDAY        T             2.26 2007   0.15  -0.15     0.00
  MONTH TO DATE    7.32                      3.24   4.08     4.10
  SINCE MAR 1     15.65                     12.40   3.25    20.35
  SINCE JAN 1     23.29                     22.85   0.44    28.48

SNOWFALL (IN)
  YESTERDAY        0.0
  MONTH TO DATE    0.0
  SINCE MAR 1      0.0
  SINCE JUL 1      0.0
  SNOW DEPTH       0

DEGREE DAYS
 HEATING
  YESTERDAY        0                         0      0        0
  MONTH TO DATE    5                         0      5        0
  SINCE MAR 1     74                       170    -96       41
  SINCE JUL 1    635                      1279   -644      755

 COOLING
  YESTERDAY       13                        13      0       14
  MONTH TO DATE  199                       248    -49      265
  SINCE MAR 1    546                       468     78      613
  SINCE JAN 1    666                       505    161      649
..................................................................


WIND (MPH)
  HIGHEST WIND SPEED    18   HIGHEST WIND DIRECTION    SW (210)
  HIGHEST GUST SPEED    24   HIGHEST GUST DIRECTION    SW (220)
  AVERAGE WIND SPEED     8.1


SKY COVER
  POSSIBLE SUNSHINE  MM
  AVERAGE SKY COVER 0.7


WEATHER CONDITIONS
 THE FOLLOWING WEATHER WAS RECORDED YESTERDAY.
  LIGHT RAIN
  FOG


RELATIVE HUMIDITY (PERCENT)
 HIGHEST    93           100 AM
 LOWEST     58           500 PM
 AVERAGE    76

..........................................................


THE NEW ORLEANS CLIMATE NORMALS FOR TODAY
                         NORMAL    RECORD    YEAR
 MAXIMUM TEMPERATURE (F)   87        94      2005
 MINIMUM TEMPERATURE (F)   70        56      1967


SUNRISE AND SUNSET
MAY 24 2017...........SUNRISE   603 AM CDT   SUNSET   753 PM CDT
MAY 25 2017...........SUNRISE   602 AM CDT   SUNSET   754 PM CDT


-  INDICATES NEGATIVE NUMBERS.
R  INDICATES RECORD WAS SET OR TIED.
MM INDICATES DATA IS MISSING.
T  INDICATES TRACE AMOUNT.




$$
