000
CDUS44 KLIX 210702
CLINEW


CLIMATE REPORT
NATIONAL WEATHER SERVICE NEW ORLEANS
202 AM CDT SUN SEP 21 2014


...................................

...THE NEW ORLEANS CLIMATE SUMMARY FOR SEPTEMBER 20 2014...

CLIMATE NORMAL PERIOD 1981 TO 2010
CLIMATE RECORD PERIOD 1946 TO 2014


WEATHER ITEM   OBSERVED TIME   RECORD YEAR NORMAL DEPARTURE LAST
                VALUE   (LST)  VALUE       VALUE  FROM      YEAR
                                                  NORMAL
..................................................................
TEMPERATURE (F)
 YESTERDAY
  MAXIMUM         89    203 PM  96    2005  87      2       91
  MINIMUM         77   1159 PM  52    1981  71      6       78
  AVERAGE         83                        79      4       85

PRECIPITATION (IN)
  YESTERDAY        0.00          2.78 2008   0.16  -0.16     0.12
  MONTH TO DATE    2.69                      3.59  -0.90     4.61
  SINCE SEP 1      2.69                      3.59  -0.90     4.61
  SINCE JAN 1     45.65                     47.80  -2.15    54.92

SNOWFALL (IN)
  YESTERDAY        0.0
  MONTH TO DATE    0.0
  SINCE SEP 1      0.0
  SINCE JUL 1      0.0
  SNOW DEPTH       0

DEGREE DAYS
 HEATING
  YESTERDAY        0                         0      0        0
  MONTH TO DATE    0                         0      0        0
  SINCE SEP 1      0                         0      0        0
  SINCE JUL 1      0                         0      0        0

 COOLING
  YESTERDAY       18                        14      4       20
  MONTH TO DATE  368                       318     50      366
  SINCE SEP 1    368                       318     50      366
  SINCE JAN 1   2552                      2564    -12     2502
..................................................................


WIND (MPH)
  HIGHEST WIND SPEED    20   HIGHEST WIND DIRECTION    NE (50)
  HIGHEST GUST SPEED    26   HIGHEST GUST DIRECTION    NE (40)
  AVERAGE WIND SPEED     9.1


SKY COVER
  POSSIBLE SUNSHINE  MM
  AVERAGE SKY COVER 0.2


WEATHER CONDITIONS
 THE FOLLOWING WEATHER WAS RECORDED YESTERDAY.
  NO SIGNIFICANT WEATHER WAS OBSERVED.


RELATIVE HUMIDITY (PERCENT)
 HIGHEST    79           400 AM
 LOWEST     46           200 PM
 AVERAGE    63

..........................................................


THE NEW ORLEANS CLIMATE NORMALS FOR TODAY
                         NORMAL    RECORD    YEAR
 MAXIMUM TEMPERATURE (F)   86        95      2005
                                             1980
 MINIMUM TEMPERATURE (F)   71        59      1983
                                             1981


SUNRISE AND SUNSET
SEPTEMBER 21 2014.....SUNRISE   649 AM CDT   SUNSET   659 PM CDT
SEPTEMBER 22 2014.....SUNRISE   649 AM CDT   SUNSET   657 PM CDT


-  INDICATES NEGATIVE NUMBERS.
R  INDICATES RECORD WAS SET OR TIED.
MM INDICATES DATA IS MISSING.
T  INDICATES TRACE AMOUNT.




$$
