119
CDUS44 KLIX 302123
CLINEW


CLIMATE REPORT
NATIONAL WEATHER SERVICE NEW ORLEANS
422 PM CDT THU MAR 30 2017


...................................

...THE NEW ORLEANS CLIMATE SUMMARY FOR MARCH 30 2017...
VALID TODAY AS OF 0400 PM LOCAL TIME.

CLIMATE NORMAL PERIOD 1981 TO 2010
CLIMATE RECORD PERIOD 1946 TO 2017


WEATHER ITEM   OBSERVED TIME   RECORD YEAR NORMAL DEPARTURE LAST
                VALUE   (LST)  VALUE       VALUE  FROM      YEAR
                                                  NORMAL
..................................................................
TEMPERATURE (F)
 TODAY
  MAXIMUM         74    246 AM  86    1974  75     -1       79
  MINIMUM         61    835 AM  36    1964  56      5       69
  AVERAGE         68                        65      3       74

PRECIPITATION (IN)
  TODAY            0.93          2.25 1999   0.15   0.78      T
  MONTH TO DATE    2.88                      4.40  -1.52     6.36
  SINCE MAR 1      2.88                      4.40  -1.52     6.36
  SINCE JAN 1     10.52                     14.85  -4.33    14.49

SNOWFALL (IN)
  TODAY            0.0
  MONTH TO DATE    0.0
  SINCE MAR 1      0.0
  SINCE JUL 1      0.0
  SNOW DEPTH       0

DEGREE DAYS
 HEATING
  TODAY            0                         3     -3        0
  MONTH TO DATE   59                       134    -75       38
  SINCE MAR 1     59                       134    -75       38
  SINCE JUL 1    620                      1243   -623      752

 COOLING
  TODAY            3                         3      0        9
  MONTH TO DATE  136                        60     76      131
  SINCE MAR 1    136                        60     76      131
  SINCE JAN 1    256                        97    159      167
..................................................................


WIND (MPH)
  HIGHEST WIND SPEED    25   HIGHEST WIND DIRECTION     W (290)
  HIGHEST GUST SPEED    32   HIGHEST GUST DIRECTION    NW (300)
  AVERAGE WIND SPEED     9.0


SKY COVER
  POSSIBLE SUNSHINE  MM
  AVERAGE SKY COVER 0.9


WEATHER CONDITIONS
 THE FOLLOWING WEATHER WAS RECORDED TODAY.
  THUNDERSTORM
  HEAVY RAIN
  RAIN
  LIGHT RAIN
  FOG


RELATIVE HUMIDITY (PERCENT)
 HIGHEST    93           500 AM
 LOWEST     81           200 PM
 AVERAGE    87

..........................................................


THE NEW ORLEANS CLIMATE NORMALS FOR TOMORROW
                         NORMAL    RECORD    YEAR
 MAXIMUM TEMPERATURE (F)   75        86      1974
                                             1954
 MINIMUM TEMPERATURE (F)   56        34      1987
                                             1971


SUNRISE AND SUNSET
MARCH 30 2017.........SUNRISE   652 AM CDT   SUNSET   719 PM CDT
MARCH 31 2017.........SUNRISE   651 AM CDT   SUNSET   719 PM CDT


-  INDICATES NEGATIVE NUMBERS.
R  INDICATES RECORD WAS SET OR TIED.
MM INDICATES DATA IS MISSING.
T  INDICATES TRACE AMOUNT.




$$
