000
CDUS44 KLIX 220723
CLINEW


CLIMATE REPORT
NATIONAL WEATHER SERVICE NEW ORLEANS
213 AM CDT TUE JUL 22 2014


...................................

...THE NEW ORLEANS CLIMATE SUMMARY FOR JULY 21 2014...

CLIMATE NORMAL PERIOD 1981 TO 2010
CLIMATE RECORD PERIOD 1946 TO 2014


WEATHER ITEM   OBSERVED TIME   RECORD YEAR NORMAL DEPARTURE LAST
                VALUE   (LST)  VALUE       VALUE  FROM      YEAR
                                                  NORMAL
..................................................................
TEMPERATURE (F)
 YESTERDAY
  MAXIMUM         90    358 PM  97    2008  91     -1       82
                                      2000
                                      1981
  MINIMUM         76    542 AM  68    1984  75      1       73
  AVERAGE         83                        83      0       78

PRECIPITATION (IN)
  YESTERDAY        0.00          0.91 1982   0.17  -0.17     0.37
  MONTH TO DATE    4.38                      4.17   0.21     3.90
  SINCE JUN 1     12.41                     12.23   0.18     8.29
  SINCE JAN 1     37.35                     36.47   0.88    43.02

SNOWFALL (IN)
  YESTERDAY        0.0
  MONTH TO DATE    0.0
  SINCE JUN 1      0.0
  SINCE JUL 1      0.0
  SNOW DEPTH       0

DEGREE DAYS
 HEATING
  YESTERDAY        0                         0      0        0
  MONTH TO DATE    0                         0      0        0
  SINCE JUN 1      0                         0      0        0
  SINCE JUL 1      0                         0      0        0

 COOLING
  YESTERDAY       18                        18      0       13
  MONTH TO DATE  366                       378    -12      352
  SINCE JUN 1    870                       873     -3      893
  SINCE JAN 1   1393                      1492    -99     1386
..................................................................


WIND (MPH)
  HIGHEST WIND SPEED    14   HIGHEST WIND DIRECTION    NW (330)
  HIGHEST GUST SPEED    18   HIGHEST GUST DIRECTION     N (10)
  AVERAGE WIND SPEED     5.5


SKY COVER
  POSSIBLE SUNSHINE  MM
  AVERAGE SKY COVER 0.4


WEATHER CONDITIONS
 THE FOLLOWING WEATHER WAS RECORDED YESTERDAY.
  FOG
  FOG W/VISIBILITY <= 1/4 MILE
  HAZE


RELATIVE HUMIDITY (PERCENT)
 HIGHEST   100           300 AM
 LOWEST     52           300 PM
 AVERAGE    76

..........................................................


THE NEW ORLEANS CLIMATE NORMALS FOR TODAY
                         NORMAL    RECORD    YEAR
 MAXIMUM TEMPERATURE (F)   91        99      1981
 MINIMUM TEMPERATURE (F)   75        68      1972


SUNRISE AND SUNSET
JULY 22 2014..........SUNRISE   614 AM CDT   SUNSET   800 PM CDT
JULY 23 2014..........SUNRISE   615 AM CDT   SUNSET   800 PM CDT


-  INDICATES NEGATIVE NUMBERS.
R  INDICATES RECORD WAS SET OR TIED.
MM INDICATES DATA IS MISSING.
T  INDICATES TRACE AMOUNT.




$$
