000
CDUS44 KLIX 230759
CLINEW


CLIMATE REPORT
NATIONAL WEATHER SERVICE NEW ORLEANS
249 AM CDT WED APR 23 2014


...................................

...THE NEW ORLEANS CLIMATE SUMMARY FOR APRIL 22 2014...

CLIMATE NORMAL PERIOD 1981 TO 2010
CLIMATE RECORD PERIOD 1946 TO 2014


WEATHER ITEM   OBSERVED TIME   RECORD YEAR NORMAL DEPARTURE LAST
                VALUE   (LST)  VALUE       VALUE  FROM      YEAR
                                                  NORMAL
..................................................................
TEMPERATURE (F)
 YESTERDAY
  MAXIMUM         78    319 PM  89    1955  80     -2       77
  MINIMUM         61    543 AM  46    1993  62     -1       53
  AVERAGE         70                        71     -1       65

PRECIPITATION (IN)
  YESTERDAY        T             5.31 1983   0.14  -0.14     0.00
  MONTH TO DATE    2.17                      3.34  -1.17     6.76
  SINCE MAR 1      7.42                      7.89  -0.47     7.84
  SINCE JAN 1     16.45                     18.34  -1.89    21.64

SNOWFALL (IN)
  YESTERDAY        0.0
  MONTH TO DATE    0.0
  SINCE MAR 1      0.0
  SINCE JUL 1      T
  SNOW DEPTH       0

DEGREE DAYS
 HEATING
  YESTERDAY        0                         1     -1        0
  MONTH TO DATE   41                        32      9       32
  SINCE MAR 1    228                       168     60      241
  SINCE JUL 1   1581                      1277    304     1130

 COOLING
  YESTERDAY        5                         6     -1        0
  MONTH TO DATE   72                       100    -28       90
  SINCE MAR 1     93                       163    -70      126
  SINCE JAN 1    117                       200    -83      158
..................................................................


WIND (MPH)
  HIGHEST WIND SPEED    17   HIGHEST WIND DIRECTION    NW (310)
  HIGHEST GUST SPEED    20   HIGHEST GUST DIRECTION    NW (310)
  AVERAGE WIND SPEED     6.7


SKY COVER
  POSSIBLE SUNSHINE  MM
  AVERAGE SKY COVER 0.5


WEATHER CONDITIONS
 THE FOLLOWING WEATHER WAS RECORDED YESTERDAY.
  FOG


RELATIVE HUMIDITY (PERCENT)
 HIGHEST    93           100 AM
 LOWEST     68           700 PM
 AVERAGE    81

..........................................................


THE NEW ORLEANS CLIMATE NORMALS FOR TODAY
                         NORMAL    RECORD    YEAR
 MAXIMUM TEMPERATURE (F)   80        88      1971
                                             1967
 MINIMUM TEMPERATURE (F)   62        46      1993


SUNRISE AND SUNSET
APRIL 23 2014.........SUNRISE   626 AM CDT   SUNSET   733 PM CDT
APRIL 24 2014.........SUNRISE   625 AM CDT   SUNSET   734 PM CDT


-  INDICATES NEGATIVE NUMBERS.
R  INDICATES RECORD WAS SET OR TIED.
MM INDICATES DATA IS MISSING.
T  INDICATES TRACE AMOUNT.




$$
