000
CDUS44 KLIX 282122
CLINEW


CLIMATE REPORT
NATIONAL WEATHER SERVICE NEW ORLEANS
422 PM CDT WED JUN 28 2017


...................................

...THE NEW ORLEANS CLIMATE SUMMARY FOR JUNE 28 2017...
VALID TODAY AS OF 0400 PM LOCAL TIME.

CLIMATE NORMAL PERIOD 1981 TO 2010
CLIMATE RECORD PERIOD 1946 TO 2017


WEATHER ITEM   OBSERVED TIME   RECORD YEAR NORMAL DEPARTURE LAST
                VALUE   (LST)  VALUE       VALUE  FROM      YEAR
                                                  NORMAL
..................................................................
TEMPERATURE (F)
 TODAY
  MAXIMUM         85    106 PM  97    2009  91     -6       94
  MINIMUM         75    259 AM  58    1974  75      0       77
  AVERAGE         80                        83     -3       86

PRECIPITATION (IN)
  TODAY            T             3.98 1953   0.26  -0.26      T
  MONTH TO DATE   15.04                      7.55   7.49     9.00
  SINCE JUN 1     15.04                      7.55   7.49     9.00
  SINCE JAN 1     40.94                     31.79   9.15    38.33

SNOWFALL (IN)
  TODAY            0.0
  MONTH TO DATE    0.0
  SINCE JUN 1      0.0
  SINCE JUL 1      0.0
  SNOW DEPTH       0

DEGREE DAYS
 HEATING
  TODAY            0                         0      0        0
  MONTH TO DATE    0                         0      0        0
  SINCE JUN 1      0                         0      0        0
  SINCE JUL 1    635                      1280   -645      755

 COOLING
  TODAY           15                        18     -3       21
  MONTH TO DATE  426                       459    -33      545
  SINCE JUN 1    426                       459    -33      545
  SINCE JAN 1   1181                      1078    103     1325
..................................................................


WIND (MPH)
  HIGHEST WIND SPEED    24   HIGHEST WIND DIRECTION     S (160)
  HIGHEST GUST SPEED    33   HIGHEST GUST DIRECTION     S (160)
  AVERAGE WIND SPEED     7.6


SKY COVER
  POSSIBLE SUNSHINE  MM
  AVERAGE SKY COVER 0.9


WEATHER CONDITIONS
 THE FOLLOWING WEATHER WAS RECORDED TODAY.
  LIGHT RAIN


RELATIVE HUMIDITY (PERCENT)
 HIGHEST    82           100 AM
 LOWEST     61          1100 AM
 AVERAGE    72

..........................................................


THE NEW ORLEANS CLIMATE NORMALS FOR TOMORROW
                         NORMAL    RECORD    YEAR
 MAXIMUM TEMPERATURE (F)   91        97      2009
 MINIMUM TEMPERATURE (F)   75        62      1974


SUNRISE AND SUNSET
JUNE 28 2017..........SUNRISE   603 AM CDT   SUNSET   806 PM CDT
JUNE 29 2017..........SUNRISE   603 AM CDT   SUNSET   806 PM CDT


-  INDICATES NEGATIVE NUMBERS.
R  INDICATES RECORD WAS SET OR TIED.
MM INDICATES DATA IS MISSING.
T  INDICATES TRACE AMOUNT.




$$
