000
CDUS41 KOKX 242031
CLINYC


CLIMATE REPORT
NATIONAL WEATHER SERVICE NEW YORK NY
431 PM EDT THU APR 24 2014


...................................

...THE CENTRAL PARK NY CLIMATE SUMMARY FOR APRIL 24 2014...
VALID TODAY AS OF 0400 PM LOCAL TIME.

CLIMATE NORMAL PERIOD 1981 TO 2010
CLIMATE RECORD PERIOD 1869 TO 2014


WEATHER ITEM   OBSERVED TIME   RECORD YEAR NORMAL DEPARTURE LAST
                VALUE   (LST)  VALUE       VALUE  FROM      YEAR
                                                  NORMAL
..................................................................
TEMPERATURE (F)
 TODAY
  MAXIMUM         62    259 PM  87    2001  64     -2       69
  MINIMUM         42    547 AM  31    1930  48     -6       44
  AVERAGE         52                        56     -4       57

PRECIPITATION (IN)
  TODAY            0.00          2.17 1968   0.14  -0.14     0.00
  MONTH TO DATE    1.91                      3.66  -1.75     1.27
  SINCE MAR 1      5.58                      8.02  -2.44     4.17
  SINCE JAN 1     13.85                     14.76  -0.91    11.18

SNOWFALL (IN)
  TODAY            0.0           0.5  1883   0.0    0.0      0.0
  MONTH TO DATE    T                         0.6   -0.6      0.0
  SINCE OCT 1     57.4                      25.8   31.6     26.1
  SINCE JUL 1     57.4                      25.8   31.6     26.1
  SNOW DEPTH       0

DEGREE DAYS
 HEATING
  TODAY           13                        10      3        8
  MONTH TO DATE  302                       319    -17      314
  SINCE MAR 1   1144                      1019    125     1077
  SINCE JUL 1   4814                      4541    273     4450

 COOLING
  TODAY            0                         1     -1        0
  MONTH TO DATE    4                         3      1        2
  SINCE MAR 1      4                         4      0        2
  SINCE JAN 1      4                         4      0        2
..................................................................


WIND (MPH)
  HIGHEST WIND SPEED    18   HIGHEST WIND DIRECTION    NW (310)
  HIGHEST GUST SPEED    31   HIGHEST GUST DIRECTION    NW (310)
  AVERAGE WIND SPEED     8.9


SKY COVER
  AVERAGE SKY COVER 0.0


WEATHER CONDITIONS
 THE FOLLOWING WEATHER WAS RECORDED TODAY.
  NO SIGNIFICANT WEATHER WAS OBSERVED.


RELATIVE HUMIDITY (PERCENT)
 HIGHEST    53          1200 AM
 LOWEST     12           300 PM
 AVERAGE    33

..........................................................


THE CENTRAL PARK NY CLIMATE NORMALS FOR TOMORROW
                         NORMAL    RECORD    YEAR
 MAXIMUM TEMPERATURE (F)   65        91      1915
 MINIMUM TEMPERATURE (F)   48        29      1919


SUNRISE AND SUNSET
APRIL 24 2014.........SUNRISE   604 AM EDT   SUNSET   745 PM EDT
APRIL 25 2014.........SUNRISE   602 AM EDT   SUNSET   746 PM EDT


-  INDICATES NEGATIVE NUMBERS.
R  INDICATES RECORD WAS SET OR TIED.
MM INDICATES DATA IS MISSING.
T  INDICATES TRACE AMOUNT.




$$
