000
CDUS41 KOKX 200621
CLINYC


CLIMATE REPORT
NATIONAL WEATHER SERVICE NEW YORK NY
120 AM EST FRI JAN 20 2017


...................................

...THE CENTRAL PARK NY CLIMATE SUMMARY FOR JANUARY 19 2017...

CLIMATE NORMAL PERIOD 1981 TO 2010
CLIMATE RECORD PERIOD 1869 TO 2017


WEATHER ITEM   OBSERVED TIME   RECORD YEAR NORMAL DEPARTURE LAST
                VALUE   (LST)  VALUE       VALUE  FROM      YEAR
                                                  NORMAL
..................................................................
TEMPERATURE (F)
 YESTERDAY
  MAXIMUM         49   1249 PM  64    1951  38     11       28
  MINIMUM         39    430 AM  -3    1875  27     12       16
  AVERAGE         44                        32     12       22

PRECIPITATION (IN)
  YESTERDAY        0.00          2.39 1936   0.12  -0.12     0.00
  MONTH TO DATE    2.26                      2.30  -0.04     2.09
  SINCE DEC 1      5.15                      6.30  -1.15     6.81
  SINCE JAN 1      2.26                      2.30  -0.04     2.09

SNOWFALL (IN)
  YESTERDAY        0.0           9.0  1936   0.2   -0.2      0.0
  MONTH TO DATE    6.9                       4.1    2.8      0.4
  SINCE OCT 1     10.1                       9.2    0.9      0.4
  SINCE JUL 1     10.1                       9.2    0.9      0.4
  SNOW DEPTH       0

DEGREE DAYS
 HEATING
  YESTERDAY       21                        33    -12       43
  MONTH TO DATE  534                       618    -84      574
  SINCE DEC 1   1353                      1470   -117     1008
  SINCE JUL 1   2040                      2303   -263     1596

 COOLING
  YESTERDAY        0                         0      0        0
  MONTH TO DATE    0                         0      0        0
  SINCE DEC 1      0                         0      0        3
  SINCE JAN 1      0                         0      0        0
..................................................................


WIND (MPH)
  HIGHEST WIND SPEED    12   HIGHEST WIND DIRECTION    NW (320)
  HIGHEST GUST SPEED    19   HIGHEST GUST DIRECTION    NW (310)
  AVERAGE WIND SPEED     3.6


SKY COVER
  AVERAGE SKY COVER 0.7


WEATHER CONDITIONS
 THE FOLLOWING WEATHER WAS RECORDED YESTERDAY.
  NO SIGNIFICANT WEATHER WAS OBSERVED.


RELATIVE HUMIDITY (PERCENT)
 HIGHEST    85          1200 AM
 LOWEST     56           100 PM
 AVERAGE    71

..........................................................


THE CENTRAL PARK NY CLIMATE NORMALS FOR TODAY
                         NORMAL    RECORD    YEAR
 MAXIMUM TEMPERATURE (F)   38        61      2006
                                             1951
 MINIMUM TEMPERATURE (F)   27         0      1994


SUNRISE AND SUNSET
JANUARY 20 2017.......SUNRISE   715 AM EST   SUNSET   459 PM EST
JANUARY 21 2017.......SUNRISE   715 AM EST   SUNSET   500 PM EST


-  INDICATES NEGATIVE NUMBERS.
R  INDICATES RECORD WAS SET OR TIED.
MM INDICATES DATA IS MISSING.
T  INDICATES TRACE AMOUNT.




$$
