000
CDUS41 KOKX 302044
CLINYC


CLIMATE REPORT
NATIONAL WEATHER SERVICE NEW YORK NY
441 PM EDT SAT APR 30 2016


...................................

...THE CENTRAL PARK NY CLIMATE SUMMARY FOR APRIL 30 2016...
VALID TODAY AS OF 0400 PM LOCAL TIME.

CLIMATE NORMAL PERIOD 1981 TO 2010
CLIMATE RECORD PERIOD 1869 TO 2016


WEATHER ITEM   OBSERVED TIME   RECORD YEAR NORMAL DEPARTURE LAST
                VALUE   (LST)  VALUE       VALUE  FROM      YEAR
                                                  NORMAL
..................................................................
TEMPERATURE (F)
 TODAY
  MAXIMUM         65    159 PM  91    1942  66     -1       67
  MINIMUM         46   1212 AM  30    1875  49     -3       48
  AVERAGE         56                        58     -2       58

PRECIPITATION (IN)
  TODAY            0.00          4.97 2014   0.13  -0.13     0.00
  MONTH TO DATE    1.61                      4.50  -2.89     2.08
  SINCE MAR 1      2.78                      8.86  -6.08     6.80
  SINCE JAN 1     11.59                     15.60  -4.01    14.07

SNOWFALL (IN)
  TODAY            0.0          MM      MM   0.0    0.0      0.0
  MONTH TO DATE    T                         0.6   -0.6      0.0
  SINCE OCT 1     32.1                      25.8    6.3     50.3
  SINCE JUL 1     32.1                      25.8    6.3     50.3
  SNOW DEPTH       0

DEGREE DAYS
 HEATING
  TODAY            9                         8      1        7
  MONTH TO DATE  355                       370    -15      319
  SINCE MAR 1    853                      1071   -218     1145
  SINCE JUL 1   3600                      4593   -993     4904

 COOLING
  TODAY            0                         1     -1        0
  MONTH TO DATE   13                        11      2        5
  SINCE MAR 1     19                        12      7        5
  SINCE JAN 1     19                        12      7        5
..................................................................


WIND (MPH)
  HIGHEST WIND SPEED    12   HIGHEST WIND DIRECTION     W (270)
  HIGHEST GUST SPEED    15   HIGHEST GUST DIRECTION     W (250)
  AVERAGE WIND SPEED     5.3


SKY COVER
  AVERAGE SKY COVER 0.7


WEATHER CONDITIONS
 THE FOLLOWING WEATHER WAS RECORDED TODAY.
  NO SIGNIFICANT WEATHER WAS OBSERVED.


RELATIVE HUMIDITY (PERCENT)
 HIGHEST    71           100 AM
 LOWEST     28           300 PM
 AVERAGE    50

..........................................................


THE CENTRAL PARK NY CLIMATE NORMALS FOR TOMORROW
                         NORMAL    RECORD    YEAR
 MAXIMUM TEMPERATURE (F)   67        87      2001
 MINIMUM TEMPERATURE (F)   50        35      1880


SUNRISE AND SUNSET
APRIL 30 2016.........SUNRISE   555 AM EDT   SUNSET   752 PM EDT
MAY  1 2016...........SUNRISE   554 AM EDT   SUNSET   753 PM EDT


-  INDICATES NEGATIVE NUMBERS.
R  INDICATES RECORD WAS SET OR TIED.
MM INDICATES DATA IS MISSING.
T  INDICATES TRACE AMOUNT.




$$
