000
CDUS41 KOKX 210616
CLINYC


CLIMATE REPORT
NATIONAL WEATHER SERVICE NEW YORK NY
216 AM EDT THU SEP 21 2017


...................................

...THE CENTRAL PARK NY CLIMATE SUMMARY FOR SEPTEMBER 20 2017...

CLIMATE NORMAL PERIOD 1981 TO 2010
CLIMATE RECORD PERIOD 1869 TO 2017


WEATHER ITEM   OBSERVED TIME   RECORD YEAR NORMAL DEPARTURE LAST
                VALUE   (LST)  VALUE       VALUE  FROM      YEAR
                                                  NORMAL
..................................................................
TEMPERATURE (F)
 YESTERDAY
  MAXIMUM         79    325 PM  93    1983  74      5       82
                                      1895
  MINIMUM         71    615 AM  44    1993  59     12       68
  AVERAGE         75                        66      9       75

PRECIPITATION (IN)
  YESTERDAY        0.00          2.32 1989   0.15  -0.15     0.00
  MONTH TO DATE    2.00                      2.77  -0.77     1.96
  SINCE SEP 1      2.00                      2.77  -0.77     1.96
  SINCE JAN 1     37.07                     36.01   1.06    28.89

SNOWFALL (IN)
  YESTERDAY        0.0           0.0  2002   0.0    0.0      0.0
                                      2001
  MONTH TO DATE    0.0                       0.0    0.0      0.0
  SINCE OCT 1     30.2                      25.8    4.4     32.8
  SINCE JUL 1      0.0                       0.0    0.0      0.0
  SNOW DEPTH       0

DEGREE DAYS
 HEATING
  YESTERDAY        0                         2     -2        0
  MONTH TO DATE    9                        13     -4        0
  SINCE SEP 1      9                        13     -4        0
  SINCE JUL 1      9                        15     -6        0

 COOLING
  YESTERDAY       10                         3      7       10
  MONTH TO DATE  100                       110    -10      191
  SINCE SEP 1    100                       110    -10      191
  SINCE JAN 1   1094                      1064     30     1423
..................................................................


WIND (MPH)
  HIGHEST WIND SPEED    15   HIGHEST WIND DIRECTION     N (10)
  HIGHEST GUST SPEED    25   HIGHEST GUST DIRECTION    NE (30)
  AVERAGE WIND SPEED     6.3


SKY COVER
  AVERAGE SKY COVER 0.5


WEATHER CONDITIONS
 THE FOLLOWING WEATHER WAS RECORDED YESTERDAY.
  NO SIGNIFICANT WEATHER WAS OBSERVED.


RELATIVE HUMIDITY (PERCENT)
 HIGHEST    79           100 AM
 LOWEST     60           700 PM
 AVERAGE    70

..........................................................


THE CENTRAL PARK NY CLIMATE NORMALS FOR TODAY
                         NORMAL    RECORD    YEAR
 MAXIMUM TEMPERATURE (F)   73        95      1895
 MINIMUM TEMPERATURE (F)   59        40      1871


SUNRISE AND SUNSET
SEPTEMBER 21 2017.....SUNRISE   643 AM EDT   SUNSET   654 PM EDT
SEPTEMBER 22 2017.....SUNRISE   644 AM EDT   SUNSET   653 PM EDT


-  INDICATES NEGATIVE NUMBERS.
R  INDICATES RECORD WAS SET OR TIED.
MM INDICATES DATA IS MISSING.
T  INDICATES TRACE AMOUNT.




$$
