022
CDUS41 KOKX 240617
CLINYC


CLIMATE REPORT
NATIONAL WEATHER SERVICE NEW YORK NY
217 AM EDT FRI MAR 24 2017


...................................

...THE CENTRAL PARK NY CLIMATE SUMMARY FOR MARCH 23 2017...

CLIMATE NORMAL PERIOD 1981 TO 2010
CLIMATE RECORD PERIOD 1869 TO 2017


WEATHER ITEM   OBSERVED TIME   RECORD YEAR NORMAL DEPARTURE LAST
                VALUE   (LST)  VALUE       VALUE  FROM      YEAR
                                                  NORMAL
..................................................................
TEMPERATURE (F)
 YESTERDAY
  MAXIMUM         42    538 PM  76    2012  52    -10       71
                                      1923
  MINIMUM         23    701 AM  12    1875  37    -14       48
  AVERAGE         33                        45    -12       60

PRECIPITATION (IN)
  YESTERDAY        0.00          1.60 1929   0.16  -0.16     0.00
  MONTH TO DATE    2.60                      3.14  -0.54     0.75
  SINCE MAR 1      2.60                      3.14  -0.54     0.75
  SINCE JAN 1      9.91                      9.88   0.03     9.56

SNOWFALL (IN)
  YESTERDAY        0.0           4.5  1896   0.1   -0.1      0.0
  MONTH TO DATE    9.7                       3.4    6.3      0.9
  SINCE OCT 1     30.2                      24.7    5.5     32.8
  SINCE JUL 1     30.2                      24.7    5.5     32.8
  SNOW DEPTH       0

DEGREE DAYS
 HEATING
  YESTERDAY       32                        20     12        5
  MONTH TO DATE  637                       548     89      389
  SINCE MAR 1    637                       548     89      389
  SINCE JUL 1   3620                      4070   -450     3136

 COOLING
  YESTERDAY        0                         0      0        0
  MONTH TO DATE    0                         0      0        6
  SINCE MAR 1      0                         0      0        6
  SINCE JAN 1      0                         0      0        6
..................................................................


WIND (MPH)
  HIGHEST WIND SPEED    13   HIGHEST WIND DIRECTION    NW (310)
  HIGHEST GUST SPEED    17   HIGHEST GUST DIRECTION    NW (310)
  AVERAGE WIND SPEED     4.8


SKY COVER
  AVERAGE SKY COVER 0.0


WEATHER CONDITIONS
 THE FOLLOWING WEATHER WAS RECORDED YESTERDAY.
  NO SIGNIFICANT WEATHER WAS OBSERVED.


RELATIVE HUMIDITY (PERCENT)
 HIGHEST    50           400 AM
 LOWEST     15           400 PM
 AVERAGE    33

..........................................................


THE CENTRAL PARK NY CLIMATE NORMALS FOR TODAY
                         NORMAL    RECORD    YEAR
 MAXIMUM TEMPERATURE (F)   52        76      1988
 MINIMUM TEMPERATURE (F)   37        12      1888


SUNRISE AND SUNSET
MARCH 24 2017.........SUNRISE   652 AM EDT   SUNSET   712 PM EDT
MARCH 25 2017.........SUNRISE   651 AM EDT   SUNSET   714 PM EDT


-  INDICATES NEGATIVE NUMBERS.
R  INDICATES RECORD WAS SET OR TIED.
MM INDICATES DATA IS MISSING.
T  INDICATES TRACE AMOUNT.




$$
