000
CDUS41 KOKX 010635
CLINYC


CLIMATE REPORT
NATIONAL WEATHER SERVICE NEW YORK NY
235 AM EDT SAT OCT 1 2016


...................................

...THE CENTRAL PARK NY CLIMATE SUMMARY FOR SEPTEMBER 30 2016...

CLIMATE NORMAL PERIOD 1981 TO 2010
CLIMATE RECORD PERIOD 1869 TO 2016


WEATHER ITEM   OBSERVED TIME   RECORD YEAR NORMAL DEPARTURE LAST
                VALUE   (LST)  VALUE       VALUE  FROM      YEAR
                                                  NORMAL
..................................................................
TEMPERATURE (F)
 YESTERDAY
  MAXIMUM         59    429 PM  89    1986  70    -11       79
  MINIMUM         56   1159 PM  39    1912  55      1       59
  AVERAGE         58                        62     -4       69

PRECIPITATION (IN)
  YESTERDAY        0.40          2.64 1983   0.16   0.24     1.26
  MONTH TO DATE    2.79                      4.28  -1.49     3.28
  SINCE SEP 1      2.79                      4.28  -1.49     3.28
  SINCE JAN 1     29.72                     37.52  -7.80    30.33

SNOWFALL (IN)
  YESTERDAY        0.0           0.0  2002   0.0    0.0      0.0
                                      2001
  MONTH TO DATE    0.0                       0.0    0.0      0.0
  SINCE OCT 1     32.8                      25.8    7.0     50.3
  SINCE JUL 1      0.0                       0.0    0.0      0.0
  SNOW DEPTH       0

DEGREE DAYS
 HEATING
  YESTERDAY        7                         4      3        0
  MONTH TO DATE   17                        42    -25        1
  SINCE SEP 1     17                        43    -26        1
  SINCE JUL 1     17                        45    -28        1

 COOLING
  YESTERDAY        0                         2     -2        4
  MONTH TO DATE  228                       133     95      293
  SINCE SEP 1    228                       133     95      293
  SINCE JAN 1   1460                      1087    373     1558
..................................................................


WIND (MPH)
  HIGHEST WIND SPEED    16   HIGHEST WIND DIRECTION     E (80)
  HIGHEST GUST SPEED    28   HIGHEST GUST DIRECTION    NE (60)
  AVERAGE WIND SPEED     9.6


SKY COVER
  AVERAGE SKY COVER 1.0


WEATHER CONDITIONS
 THE FOLLOWING WEATHER WAS RECORDED YESTERDAY.
  LIGHT RAIN
  FOG
  HAZE


RELATIVE HUMIDITY (PERCENT)
 HIGHEST    93           200 PM
 LOWEST     72           200 AM
 AVERAGE    83

..........................................................


THE CENTRAL PARK NY CLIMATE NORMALS FOR TODAY
                         NORMAL    RECORD    YEAR
 MAXIMUM TEMPERATURE (F)   69        88      1927
 MINIMUM TEMPERATURE (F)   55        36      1947


SUNRISE AND SUNSET
OCTOBER  1 2016.......SUNRISE   653 AM EDT   SUNSET   637 PM EDT
OCTOBER  2 2016.......SUNRISE   654 AM EDT   SUNSET   635 PM EDT


-  INDICATES NEGATIVE NUMBERS.
R  INDICATES RECORD WAS SET OR TIED.
MM INDICATES DATA IS MISSING.
T  INDICATES TRACE AMOUNT.




$$
