000
CDUS41 KOKX 200617
CLINYC


CLIMATE REPORT
NATIONAL WEATHER SERVICE NEW YORK NY
117 AM EST SAT JAN 20 2018


...................................

...THE CENTRAL PARK NY CLIMATE SUMMARY FOR JANUARY 19 2018...

CLIMATE NORMAL PERIOD 1981 TO 2010
CLIMATE RECORD PERIOD 1869 TO 2018


WEATHER ITEM   OBSERVED TIME   RECORD YEAR NORMAL DEPARTURE LAST
                VALUE   (LST)  VALUE       VALUE  FROM      YEAR
                                                  NORMAL
..................................................................
TEMPERATURE (F)
 YESTERDAY
  MAXIMUM         41   1124 PM  64    1951  38      3       49
  MINIMUM         24    243 AM  -3    1875  27     -3       39
  AVERAGE         33                        32      1       44

PRECIPITATION (IN)
  YESTERDAY        0.00          2.39 1936   0.12  -0.12     0.00
  MONTH TO DATE    1.55                      2.30  -0.75     2.26
  SINCE DEC 1      3.76                      6.30  -2.54     5.15
  SINCE JAN 1      1.55                      2.30  -0.75     2.26

SNOWFALL (IN)
  YESTERDAY        0.0           9.0  1936   0.2   -0.2      0.0
  MONTH TO DATE   10.2                       4.1    6.1      6.9
  SINCE OCT 1     17.9                       9.2    8.7     10.1
  SINCE JUL 1     17.9                       9.2    8.7     10.1
  SNOW DEPTH       T

DEGREE DAYS
 HEATING
  YESTERDAY       32                        33     -1       21
  MONTH TO DATE  721                       618    103      534
  SINCE DEC 1   1641                      1470    171     1353
  SINCE JUL 1   2303                      2303      0     2040

 COOLING
  YESTERDAY        0                         0      0        0
  MONTH TO DATE    0                         0      0        0
  SINCE DEC 1      0                         0      0        0
  SINCE JAN 1      0                         0      0        0
..................................................................


WIND (MPH)
  HIGHEST WIND SPEED    13   HIGHEST WIND DIRECTION     W (250)
  HIGHEST GUST SPEED    23   HIGHEST GUST DIRECTION     W (260)
  AVERAGE WIND SPEED     5.4


SKY COVER
  AVERAGE SKY COVER 0.0


WEATHER CONDITIONS
 THE FOLLOWING WEATHER WAS RECORDED YESTERDAY.
  NO SIGNIFICANT WEATHER WAS OBSERVED.


RELATIVE HUMIDITY (PERCENT)
 HIGHEST    60           100 AM
 LOWEST     38          1100 PM
 AVERAGE    49

..........................................................


THE CENTRAL PARK NY CLIMATE NORMALS FOR TODAY
                         NORMAL    RECORD    YEAR
 MAXIMUM TEMPERATURE (F)   38        61      2006
                                             1951
 MINIMUM TEMPERATURE (F)   27         0      1994


SUNRISE AND SUNSET
JANUARY 20 2018.......SUNRISE   715 AM EST   SUNSET   459 PM EST
JANUARY 21 2018.......SUNRISE   715 AM EST   SUNSET   500 PM EST


-  INDICATES NEGATIVE NUMBERS.
R  INDICATES RECORD WAS SET OR TIED.
MM INDICATES DATA IS MISSING.
T  INDICATES TRACE AMOUNT.




$$
