000
CDUS41 KOKX 260616
CLINYC


CLIMATE REPORT
NATIONAL WEATHER SERVICE NEW YORK NY
216 AM EDT FRI MAY 26 2017


...................................

...THE CENTRAL PARK NY CLIMATE SUMMARY FOR MAY 25 2017...

CLIMATE NORMAL PERIOD 1981 TO 2010
CLIMATE RECORD PERIOD 1869 TO 2017


WEATHER ITEM   OBSERVED TIME   RECORD YEAR NORMAL DEPARTURE LAST
                VALUE   (LST)  VALUE       VALUE  FROM      YEAR
                                                  NORMAL
..................................................................
TEMPERATURE (F)
 YESTERDAY
  MAXIMUM         59    111 AM  95    1880  73    -14       88
  MINIMUM         56   1113 PM  41    1925  57     -1       61
  AVERAGE         58                        65     -7       75

PRECIPITATION (IN)
  YESTERDAY        0.58          0.86 1927   0.15   0.43     0.00
  MONTH TO DATE    6.06                      3.30   2.76     2.10
  SINCE MAR 1     15.15                     12.16   2.99     4.88
  SINCE JAN 1     22.46                     18.90   3.56    13.69

SNOWFALL (IN)
  YESTERDAY        0.0           0.0  2002   0.0    0.0      0.0
                                      2001
  MONTH TO DATE    0.0                       0.0    0.0      0.0
  SINCE OCT 1     30.2                      25.8    4.4     32.8
  SINCE JUL 1     30.2                      25.8    4.4     32.8
  SNOW DEPTH       0

DEGREE DAYS
 HEATING
  YESTERDAY        7                         3      4        0
  MONTH TO DATE  152                       124     28      161
  SINCE MAR 1   1206                      1195     11     1014
  SINCE JUL 1   4189                      4717   -528     3761

 COOLING
  YESTERDAY        0                         3     -3       10
  MONTH TO DATE   53                        38     15       16
  SINCE MAR 1     87                        50     37       35
  SINCE JAN 1     87                        50     37       35
..................................................................


WIND (MPH)
  HIGHEST WIND SPEED    16   HIGHEST WIND DIRECTION    NE (50)
  HIGHEST GUST SPEED    27   HIGHEST GUST DIRECTION    NE (50)
  AVERAGE WIND SPEED     8.1


SKY COVER
  AVERAGE SKY COVER 1.0


WEATHER CONDITIONS
 THE FOLLOWING WEATHER WAS RECORDED YESTERDAY.
  RAIN
  LIGHT RAIN
  FOG


RELATIVE HUMIDITY (PERCENT)
 HIGHEST   100           600 AM
 LOWEST     75          1200 AM
 AVERAGE    88

..........................................................


THE CENTRAL PARK NY CLIMATE NORMALS FOR TODAY
                         NORMAL    RECORD    YEAR
 MAXIMUM TEMPERATURE (F)   74        95      1880
 MINIMUM TEMPERATURE (F)   57        42      1967


SUNRISE AND SUNSET
MAY 26 2017...........SUNRISE   530 AM EDT   SUNSET   817 PM EDT
MAY 27 2017...........SUNRISE   529 AM EDT   SUNSET   817 PM EDT


-  INDICATES NEGATIVE NUMBERS.
R  INDICATES RECORD WAS SET OR TIED.
MM INDICATES DATA IS MISSING.
T  INDICATES TRACE AMOUNT.




$$
