295
CDUS45 KPSR 060840 RRA
CLINYL

CLIMATE REPORT
NATIONAL WEATHER SERVICE PHOENIX AZ
139 AM MST SAT FEB 6 2016


...................................

...THE YUMA AZ CLIMATE SUMMARY FOR FEBRUARY 5 2016...

CLIMATE NORMAL PERIOD 1981 TO 2010
CLIMATE RECORD PERIOD 1876 TO 2016


WEATHER ITEM   OBSERVED TIME   RECORD YEAR NORMAL DEPARTURE LAST
                VALUE   (LST)  VALUE       VALUE  FROM      YEAR
                                                  NORMAL
..................................................................
TEMPERATURE (F)
 YESTERDAY
  MAXIMUM         73    435 PM  90    1963  72      1       85
  MINIMUM         49   1202 AM  33    1956  49      0       53
  AVERAGE         61                        60      1       69

PRECIPITATION (IN)
  YESTERDAY        0.00          0.26 1890   0.01  -0.01     0.00
  MONTH TO DATE    0.00                      0.06  -0.06     0.00
  SINCE OCT 1      0.63                      1.37  -0.74     0.63
  SINCE JAN 1      0.49                      0.43   0.06     0.19

DEGREE DAYS
 HEATING
  YESTERDAY        4                         5     -1        0
  MONTH TO DATE   51                        25     26        0
  SINCE DEC 1    503                       465     38       39
  SINCE JUL 1    573                       533     40       54

 COOLING
  YESTERDAY        0                         1     -1        4
  MONTH TO DATE    0                         4     -4       11
  SINCE DEC 1      4                        12     -8       13
  SINCE JAN 1      2                        10     -8       13
..................................................................


WIND (MPH)
  HIGHEST WIND SPEED    22   HIGHEST WIND DIRECTION     N (20)
  HIGHEST GUST SPEED    28   HIGHEST GUST DIRECTION     N (360)
  AVERAGE WIND SPEED    10.4


SKY COVER
  AVERAGE SKY COVER 0.0


WEATHER CONDITIONS
 THE FOLLOWING WEATHER WAS RECORDED YESTERDAY.
  NO SIGNIFICANT WEATHER WAS OBSERVED.


RELATIVE HUMIDITY (PERCENT)
 HIGHEST    31
 LOWEST     14
 AVERAGE    23

..........................................................


THE YUMA AZ CLIMATE NORMALS FOR TODAY
                         NORMAL    RECORD    YEAR
 MAXIMUM TEMPERATURE (F)   72        91      1963
 MINIMUM TEMPERATURE (F)   49        32      1936
                                             1899


SUNRISE AND SUNSET
FEBRUARY  6 2016......SUNRISE   730 AM MST   SUNSET   616 PM MST
FEBRUARY  7 2016......SUNRISE   729 AM MST   SUNSET   617 PM MST


-  INDICATES NEGATIVE NUMBERS.
R  INDICATES RECORD WAS SET OR TIED.
MM INDICATES DATA IS MISSING.
T  INDICATES TRACE AMOUNT.

$$
