000
CDUS45 KPSR 220815
CLINYL

CLIMATE REPORT
NATIONAL WEATHER SERVICE PHOENIX AZ
114 AM MST WED OCT 22 2014


...................................

...THE YUMA AZ CLIMATE SUMMARY FOR OCTOBER 21 2014...

CLIMATE NORMAL PERIOD 1981 TO 2010
CLIMATE RECORD PERIOD 1876 TO 2014


WEATHER ITEM   OBSERVED TIME   RECORD YEAR NORMAL DEPARTURE LAST
                VALUE   (LST)  VALUE       VALUE  FROM      YEAR
                                                  NORMAL
..................................................................
TEMPERATURE (F)
 YESTERDAY
  MAXIMUM         94    350 PM 104    2003  88      6       91
  MINIMUM         71    641 AM  42    1920  63      8       61
  AVERAGE         83                        76      7       76

PRECIPITATION (IN)
  YESTERDAY        0.00          0.34 1978   0.00   0.00     0.00
  MONTH TO DATE    0.05                      0.15  -0.10      T
  SINCE OCT 1      0.05                      0.15  -0.10      T
  SINCE JAN 1      2.33                      2.77  -0.44     2.31

DEGREE DAYS
 HEATING
  YESTERDAY        0                         0      0        0
  MONTH TO DATE    0                         0      0        0
  SINCE SEP 1      0                         0      0        0
  SINCE JUL 1      0                         0      0        0

 COOLING
  YESTERDAY       18                        11      7       11
  MONTH TO DATE  371                       302     69      234
  SINCE SEP 1   1188                      1023    165      919
  SINCE JAN 1   5024                      4476    548     4617
..................................................................


WIND (MPH)
  HIGHEST WIND SPEED    12   HIGHEST WIND DIRECTION     S (200)
  HIGHEST GUST SPEED    13   HIGHEST GUST DIRECTION     W (260)
  AVERAGE WIND SPEED     2.6


SKY COVER
  AVERAGE SKY COVER 0.2


WEATHER CONDITIONS
 THE FOLLOWING WEATHER WAS RECORDED YESTERDAY.
  HAZE


RELATIVE HUMIDITY (PERCENT)
 HIGHEST    64
 LOWEST     22
 AVERAGE    43

..........................................................


THE YUMA AZ CLIMATE NORMALS FOR TODAY
                         NORMAL    RECORD    YEAR
 MAXIMUM TEMPERATURE (F)   88       103      2003
 MINIMUM TEMPERATURE (F)   63        41      1906


SUNRISE AND SUNSET
OCTOBER 22 2014.......SUNRISE   648 AM MST   SUNSET   558 PM MST
OCTOBER 23 2014.......SUNRISE   649 AM MST   SUNSET   556 PM MST


-  INDICATES NEGATIVE NUMBERS.
R  INDICATES RECORD WAS SET OR TIED.
MM INDICATES DATA IS MISSING.
T  INDICATES TRACE AMOUNT.

$$
