408
CDUS45 KPSR 220019
CLINYL

CLIMATE REPORT
NATIONAL WEATHER SERVICE PHOENIX AZ
517 PM MST SAT JAN 21 2017


...................................

...THE YUMA AZ CLIMATE SUMMARY FOR JANUARY 21 2017...
VALID TODAY AS OF 0500 PM LOCAL TIME.

CLIMATE NORMAL PERIOD 1981 TO 2010
CLIMATE RECORD PERIOD 1876 TO 2017


WEATHER ITEM   OBSERVED TIME   RECORD YEAR NORMAL DEPARTURE LAST
                VALUE   (LST)  VALUE       VALUE  FROM      YEAR
                                                  NORMAL
..................................................................
TEMPERATURE (F)
 TODAY
  MAXIMUM         65    321 PM  82    1997  70     -5       MM
  MINIMUM         49    803 AM  25    1883  48      1       MM
  AVERAGE         57                        59     -2       MM

PRECIPITATION (IN)
  TODAY            0.00          1.95 2010   0.01  -0.01     0.00
  MONTH TO DATE    0.31                      0.27   0.04     0.49
  SINCE OCT 1      1.26                      1.21   0.05     0.63
  SINCE JAN 1      0.31                      0.27   0.04     0.49

DEGREE DAYS
 HEATING
  TODAY            8                         6      2       MM
  MONTH TO DATE  137                       146     -9      164
  SINCE DEC 1    322                       382    -60      421
  SINCE JUL 1    368                       450    -82      491

 COOLING
  TODAY            0                         0      0       MM
  MONTH TO DATE    0                         0      0        0
  SINCE DEC 1      9                         2      7        2
  SINCE JAN 1      0                         0      0        0
..................................................................


WIND (MPH)
  HIGHEST WIND SPEED    26   HIGHEST WIND DIRECTION     W (280)
  HIGHEST GUST SPEED    31   HIGHEST GUST DIRECTION     W (280)
  AVERAGE WIND SPEED    12.5


SKY COVER
  AVERAGE SKY COVER 0.1


WEATHER CONDITIONS
 THE FOLLOWING WEATHER WAS RECORDED TODAY.
  NO SIGNIFICANT WEATHER WAS OBSERVED.


RELATIVE HUMIDITY (PERCENT)
 HIGHEST    80
 LOWEST     37
 AVERAGE    59

..........................................................


THE YUMA AZ CLIMATE NORMALS FOR TOMORROW
                         NORMAL    RECORD    YEAR
 MAXIMUM TEMPERATURE (F)   70        82      2014
 MINIMUM TEMPERATURE (F)   48        25      1937


SUNRISE AND SUNSET
JANUARY 21 2017.......SUNRISE   739 AM MST   SUNSET   601 PM MST
JANUARY 22 2017.......SUNRISE   738 AM MST   SUNSET   602 PM MST


-  INDICATES NEGATIVE NUMBERS.
R  INDICATES RECORD WAS SET OR TIED.
MM INDICATES DATA IS MISSING.
T  INDICATES TRACE AMOUNT.

$$
