000
CDUS45 KPSR 180904
CLINYL

CLIMATE REPORT
NATIONAL WEATHER SERVICE PHOENIX AZ
202 AM MST FRI APR 18 2014


...................................

...THE YUMA AZ CLIMATE SUMMARY FOR APRIL 17 2014...

CLIMATE NORMAL PERIOD 1981 TO 2010
CLIMATE RECORD PERIOD 1876 TO 2014


WEATHER ITEM   OBSERVED TIME   RECORD YEAR NORMAL DEPARTURE LAST
                VALUE   (LST)  VALUE       VALUE  FROM      YEAR
                                                  NORMAL
..................................................................
TEMPERATURE (F)
 YESTERDAY
  MAXIMUM         91    334 PM 105    1954  87      4       77
  MINIMUM         67    657 AM  43    1924  60      7       54
  AVERAGE         79                        73      6       66

PRECIPITATION (IN)
  YESTERDAY        0.00          0.14 1917   0.00   0.00     0.00
  MONTH TO DATE    0.00                      0.11  -0.11      T
  SINCE OCT 1      1.18                      2.14  -0.96     1.74
  SINCE JAN 1      0.07                      1.20  -1.13     1.11

DEGREE DAYS
 HEATING
  YESTERDAY        0                         0      0        0
  MONTH TO DATE    5                        12     -7        0
  SINCE MAR 1      9                        62    -53       16
  SINCE JUL 1    370                       685   -315      705

 COOLING
  YESTERDAY       14                         9      5        1
  MONTH TO DATE  158                       117     41      141
  SINCE MAR 1    343                       234    109      339
  SINCE JAN 1    457                       270    187      350
..................................................................


WIND (MPH)
  HIGHEST WIND SPEED    18   HIGHEST WIND DIRECTION     S (160)
  HIGHEST GUST SPEED    24   HIGHEST GUST DIRECTION     S (170)
  AVERAGE WIND SPEED     9.7


SKY COVER
  AVERAGE SKY COVER 0.4


WEATHER CONDITIONS
 THE FOLLOWING WEATHER WAS RECORDED YESTERDAY.
  NO SIGNIFICANT WEATHER WAS OBSERVED.


RELATIVE HUMIDITY (PERCENT)
 HIGHEST    45
 LOWEST     12
 AVERAGE    29

..........................................................


THE YUMA AZ CLIMATE NORMALS FOR TODAY
                         NORMAL    RECORD    YEAR
 MAXIMUM TEMPERATURE (F)   87       107      1954
 MINIMUM TEMPERATURE (F)   60        40      1878


SUNRISE AND SUNSET
APRIL 18 2014.........SUNRISE   605 AM MST   SUNSET   711 PM MST
APRIL 19 2014.........SUNRISE   604 AM MST   SUNSET   711 PM MST


-  INDICATES NEGATIVE NUMBERS.
R  INDICATES RECORD WAS SET OR TIED.
MM INDICATES DATA IS MISSING.
T  INDICATES TRACE AMOUNT.

$$
