000
CDUS45 KPSR 230821
CLINYL

CLIMATE REPORT
NATIONAL WEATHER SERVICE PHOENIX AZ
119 AM MST SAT MAY 23 2015


...................................

...THE YUMA AZ CLIMATE SUMMARY FOR MAY 22 2015...

CLIMATE NORMAL PERIOD 1981 TO 2010
CLIMATE RECORD PERIOD 1876 TO 2015


WEATHER ITEM   OBSERVED TIME   RECORD YEAR NORMAL DEPARTURE LAST
                VALUE   (LST)  VALUE       VALUE  FROM      YEAR
                                                  NORMAL
..................................................................
TEMPERATURE (F)
 YESTERDAY
  MAXIMUM         81    443 PM 110    2005  97    -16       90
  MINIMUM         62    550 AM  51    1902  69     -7       64
  AVERAGE         72                        83    -11       77

PRECIPITATION (IN)
  YESTERDAY        0.00          0.10 1992   0.00   0.00     0.00
  MONTH TO DATE    0.31                      0.06   0.25     0.00
  SINCE OCT 1      1.26                      2.24  -0.98     1.18
  SINCE JAN 1      0.82                      1.30  -0.48     0.07

DEGREE DAYS
 HEATING
  YESTERDAY        0                         0      0        0
  MONTH TO DATE    3                         0      3        0
  SINCE MAR 1     26                        63    -37        9
  SINCE JUL 1     86                       686   -600      370

 COOLING
  YESTERDAY        7                        18    -11       12
  MONTH TO DATE  236                       334    -98      340
  SINCE MAR 1    815                       704    111      838
  SINCE JAN 1    926                       740    186      952
..................................................................


WIND (MPH)
  HIGHEST WIND SPEED    25   HIGHEST WIND DIRECTION     W (280)
  HIGHEST GUST SPEED    32   HIGHEST GUST DIRECTION     W (280)
  AVERAGE WIND SPEED    14.4


SKY COVER
  AVERAGE SKY COVER 0.0


WEATHER CONDITIONS
 THE FOLLOWING WEATHER WAS RECORDED YESTERDAY.
  NO SIGNIFICANT WEATHER WAS OBSERVED.


RELATIVE HUMIDITY (PERCENT)
 HIGHEST    48
 LOWEST     23
 AVERAGE    36

..........................................................


THE YUMA AZ CLIMATE NORMALS FOR TODAY
                         NORMAL    RECORD    YEAR
 MAXIMUM TEMPERATURE (F)   97       111      2001
 MINIMUM TEMPERATURE (F)   69        52      1912


SUNRISE AND SUNSET
MAY 23 2015...........SUNRISE   535 AM MST   SUNSET   736 PM MST
MAY 24 2015...........SUNRISE   535 AM MST   SUNSET   736 PM MST


-  INDICATES NEGATIVE NUMBERS.
R  INDICATES RECORD WAS SET OR TIED.
MM INDICATES DATA IS MISSING.
T  INDICATES TRACE AMOUNT.

$$
