000
CDUS45 KPSR 210802
CLINYL

CLIMATE REPORT
NATIONAL WEATHER SERVICE PHOENIX AZ
101 AM MST WED FEB 21 2018

...................................

...THE YUMA AZ CLIMATE SUMMARY FOR FEBRUARY 20 2018...

CLIMATE NORMAL PERIOD 1981 TO 2010
CLIMATE RECORD PERIOD 1876 TO 2018


WEATHER ITEM   OBSERVED TIME   RECORD YEAR NORMAL DEPARTURE LAST
                VALUE   (LST)  VALUE       VALUE  FROM      YEAR
                                                  NORMAL
..................................................................
TEMPERATURE (F)
 YESTERDAY
  MAXIMUM         62    512 PM  91    1995  75    -13       72
  MINIMUM         40    624 AM  31    1955  51    -11       53
  AVERAGE         51                        63    -12       63

PRECIPITATION (IN)
  YESTERDAY        0.00          1.23 1958   0.02  -0.02     0.00
  MONTH TO DATE    T                         0.28  -0.28     0.86
  SINCE OCT 1      0.24                      1.59  -1.35     2.12
  SINCE JAN 1      0.17                      0.65  -0.48     1.17

DEGREE DAYS
 HEATING
  YESTERDAY       14                         4     10        2
  MONTH TO DATE   38                        90    -52       26
  SINCE DEC 1    261                       530   -269      431
  SINCE JUL 1    262                       598   -336      477

 COOLING
  YESTERDAY        0                         1     -1        0
  MONTH TO DATE   21                        19      2       36
  SINCE DEC 1     65                        27     38       45
  SINCE JAN 1     52                        25     27       36
..................................................................


WIND (MPH)
  HIGHEST WIND SPEED    16   HIGHEST WIND DIRECTION     N (10)
  HIGHEST GUST SPEED    24   HIGHEST GUST DIRECTION     N (10)
  AVERAGE WIND SPEED     6.1


SKY COVER
  AVERAGE SKY COVER 0.0


WEATHER CONDITIONS
 THE FOLLOWING WEATHER WAS RECORDED YESTERDAY.
  NO SIGNIFICANT WEATHER WAS OBSERVED.


RELATIVE HUMIDITY (PERCENT)
 HIGHEST    62
 LOWEST      9
 AVERAGE    36

..........................................................


THE YUMA AZ CLIMATE NORMALS FOR TODAY
                         NORMAL    RECORD    YEAR
 MAXIMUM TEMPERATURE (F)   75        89      1982
 MINIMUM TEMPERATURE (F)   51        32      1953


SUNRISE AND SUNSET
FEBRUARY 21 2018......SUNRISE   715 AM MST   SUNSET   629 PM MST
FEBRUARY 22 2018......SUNRISE   714 AM MST   SUNSET   630 PM MST


-  INDICATES NEGATIVE NUMBERS.
R  INDICATES RECORD WAS SET OR TIED.
MM INDICATES DATA IS MISSING.
T  INDICATES TRACE AMOUNT.

$$
