000
CDUS46 KMTR 200825
CLIOAK


CLIMATE REPORT
NATIONAL WEATHER SERVICE SAN FRANCISCO BAY AREA
1225 AM PST MON FEB 20 2017


...................................

...THE OAKLAND AIRPORT CLIMATE SUMMARY FOR FEBRUARY 19 2017...

CLIMATE NORMAL PERIOD 1981 TO 2010
CLIMATE RECORD PERIOD 1948 TO 2017


WEATHER ITEM   OBSERVED TIME   RECORD YEAR NORMAL DEPARTURE LAST
                VALUE   (LST)  VALUE       VALUE  FROM      YEAR
                                                  NORMAL
..................................................................
TEMPERATURE (F)
 YESTERDAY
  MAXIMUM         57   1034 PM  72    1964  60     -3       63
  MINIMUM         51    821 AM  35    1955  45      6       49
  AVERAGE         54                        52      2       56

PRECIPITATION (IN)
  YESTERDAY        0.08          0.97 1980   0.15  -0.07      T
  MONTH TO DATE    4.86                      2.50   2.36     0.30
  SINCE OCT 1     20.82                     13.80   7.02    10.74
  SINCE JAN 1     12.39                      6.49   5.90     5.52

SNOWFALL (IN)
  YESTERDAY        0.0                                      MM
  MONTH TO DATE    0.0                                       0.0
  SINCE DEC 1      0.0                                       0.0
  SINCE JUL 1      0.0                                       0.0

DEGREE DAYS
 HEATING
  YESTERDAY       11                        12     -1        9
  MONTH TO DATE  152                       254   -102      151
  SINCE DEC 1   1030                      1238   -208     1001
  SINCE JUL 1   1400                      1913   -513     1398

 COOLING
  YESTERDAY        0                         0      0        0
  MONTH TO DATE    0                         0      0        1
  SINCE DEC 1      0                         0      0        1
  SINCE JAN 1      0                         0      0        1
..................................................................


WIND (MPH)
  RESULTANT WIND SPEED  15   RESULTANT WIND DIRECTION  SE (150)
  HIGHEST WIND SPEED    31   HIGHEST WIND DIRECTION    SE (150)
  HIGHEST GUST SPEED    37   HIGHEST GUST DIRECTION     S (160)
  AVERAGE WIND SPEED    16.6


SKY COVER
  POSSIBLE SUNSHINE  MM
  AVERAGE SKY COVER 1.0


WEATHER CONDITIONS
 THE FOLLOWING WEATHER WAS RECORDED YESTERDAY.
  LIGHT RAIN


RELATIVE HUMIDITY (PERCENT)
 HIGHEST    86           600 PM
 LOWEST     66          1200 AM
 AVERAGE    76

..........................................................


THE OAKLAND AIRPORT CLIMATE NORMALS FOR TODAY
                         NORMAL    RECORD    YEAR
 MAXIMUM TEMPERATURE (F)   60        70      1964
 MINIMUM TEMPERATURE (F)   45        34      2006


SUNRISE AND SUNSET
FEBRUARY 20 2017......SUNRISE   652 AM PST   SUNSET   554 PM PST
FEBRUARY 21 2017......SUNRISE   651 AM PST   SUNSET   555 PM PST


-  INDICATES NEGATIVE NUMBERS.
R  INDICATES RECORD WAS SET OR TIED.
MM INDICATES DATA IS MISSING.
T  INDICATES TRACE AMOUNT.




$$
