000
CDUS46 KMTR 010826
CLIOAK


CLIMATE REPORT
NATIONAL WEATHER SERVICE SAN FRANCISCO BAY AREA
126 AM PDT SAT OCT 1 2016


...................................

...THE OAKLAND AIRPORT CLIMATE SUMMARY FOR SEPTEMBER 30 2016...

CLIMATE NORMAL PERIOD 1981 TO 2010
CLIMATE RECORD PERIOD 1948 TO 2016


WEATHER ITEM   OBSERVED TIME   RECORD YEAR NORMAL DEPARTURE LAST
                VALUE   (LST)  VALUE       VALUE  FROM      YEAR
                                                  NORMAL
..................................................................
TEMPERATURE (F)
 YESTERDAY
  MAXIMUM         67    109 PM  93    1980  73     -6       65
  MINIMUM         55    425 AM  41    1950  53      2       57
  AVERAGE         61                        63     -2       61

PRECIPITATION (IN)
  YESTERDAY        0.00          0.45 1983   0.02  -0.02      T
  MONTH TO DATE    0.00                      0.22  -0.22      T
  SINCE OCT 1     16.56                     20.81  -4.25    14.58
  SINCE JAN 1     11.34                     13.50  -2.16     3.36

SNOWFALL (IN)
  YESTERDAY        0.0                                       0.0
  MONTH TO DATE    0.0                                       0.0
  SINCE SEP 1      0.0                                       0.0
  SINCE JUL 1      0.0                                       0.0

DEGREE DAYS
 HEATING
  YESTERDAY        4                         3      1        4
  MONTH TO DATE   37                        64    -27       13
  SINCE SEP 1     37                        60    -23       13
  SINCE JUL 1     93                       200   -107       15

 COOLING
  YESTERDAY        0                         1     -1        0
  MONTH TO DATE   56                        45     11       98
  SINCE SEP 1     56                        45     11       98
  SINCE JAN 1    154                       125     29      320
..................................................................


WIND (MPH)
  RESULTANT WIND SPEED  15   RESULTANT WIND DIRECTION   W (270)
  HIGHEST WIND SPEED    26   HIGHEST WIND DIRECTION     W (280)
  HIGHEST GUST SPEED    29   HIGHEST GUST DIRECTION     W (280)
  AVERAGE WIND SPEED    15.1


SKY COVER
  POSSIBLE SUNSHINE  MM
  AVERAGE SKY COVER 0.5


WEATHER CONDITIONS
 THE FOLLOWING WEATHER WAS RECORDED YESTERDAY.
  NO SIGNIFICANT WEATHER WAS OBSERVED.


RELATIVE HUMIDITY (PERCENT)
 HIGHEST    86          1200 AM
 LOWEST     52          1100 AM
 AVERAGE    69

..........................................................


THE OAKLAND AIRPORT CLIMATE NORMALS FOR TODAY
                         NORMAL    RECORD    YEAR
 MAXIMUM TEMPERATURE (F)   73        94      1952
 MINIMUM TEMPERATURE (F)   53        42      1950


SUNRISE AND SUNSET
OCTOBER  1 2016.......SUNRISE   705 AM PDT   SUNSET   651 PM PDT
OCTOBER  2 2016.......SUNRISE   706 AM PDT   SUNSET   649 PM PDT


-  INDICATES NEGATIVE NUMBERS.
R  INDICATES RECORD WAS SET OR TIED.
MM INDICATES DATA IS MISSING.
T  INDICATES TRACE AMOUNT.




$$
