000
CDUS43 KOAX 262126
CLIOAX


CLIMATE REPORT
NATIONAL WEATHER SERVICE OMAHA NEBRASKA
425 PM CDT SUN MAR 26 2017


...................................

...THE VALLEY  NWS, NEBRASKA CLIMATE SUMMARY FOR MARCH 26 2017...
VALID TODAY AS OF 0400 PM LOCAL TIME.

CLIMATE NORMAL PERIOD 1981 TO 2010
CLIMATE RECORD PERIOD 1997 TO 2017


WEATHER ITEM   OBSERVED TIME   NORMAL DEPARTURE LAST
                VALUE   (LST)  VALUE  FROM      YEAR
                                      NORMAL
......................................................
TEMPERATURE (F)
 TODAY
  MAXIMUM         48    305 PM  54     -6       47
  MINIMUM         40    702 AM  32      8       32
  AVERAGE         44            43      1       40

PRECIPITATION (IN)
  TODAY            T             0.08  -0.08     0.57
  MONTH TO DATE    1.54          1.55  -0.01     1.03
  SINCE MAR 1      1.54          1.55  -0.01     1.03
  SINCE JAN 1      3.25          3.26  -0.01     2.77

SNOWFALL (IN)
  TODAY            0.0                            T
  MONTH TO DATE    0.5                           0.2
  SINCE JUL 1     11.8                          28.7
  SNOW DEPTH       0

DEGREE DAYS
 HEATING
  TODAY           21            22     -1       25
  MONTH TO DATE  581           722   -141      479
  SINCE MAR 1    581           722   -141      479
  SINCE JUL 1   4458          5553  -1095     4467

 COOLING
  TODAY            0             0      0        0
  MONTH TO DATE    0             0      0        0
  SINCE MAR 1      0             0      0        0
  SINCE JAN 1      0             0      0        0
......................................................


WIND (MPH)
  HIGHEST WIND SPEED    MM   HIGHEST WIND DIRECTION    MM
  HIGHEST GUST SPEED    13   HIGHEST GUST DIRECTION    MM



WEATHER CONDITIONS
 THE FOLLOWING WEATHER WAS RECORDED TODAY.
  LIGHT RAIN
  FOG


..........................................................


THE VALLEY  NWS, NEBRASKA CLIMATE NORMALS FOR TOMORROW
                         NORMAL
 MAXIMUM TEMPERATURE (F)   54
 MINIMUM TEMPERATURE (F)   32


SUNRISE AND SUNSET
MARCH 26 2017.........SUNRISE   718 AM CDT   SUNSET   744 PM CDT
MARCH 27 2017.........SUNRISE   717 AM CDT   SUNSET   746 PM CDT


-  INDICATES NEGATIVE NUMBERS.
R  INDICATES RECORD WAS SET OR TIED.
MM INDICATES DATA IS MISSING.
T  INDICATES TRACE AMOUNT.




$$
