034
CDUS43 KOAX 110702
CLIOAX


CLIMATE REPORT
NATIONAL WEATHER SERVICE OMAHA NEBRASKA
101 AM CST THU FEB 11 2016


...................................

...THE VALLEY  NWS, NEBRASKA CLIMATE SUMMARY FOR FEBRUARY 10 2016...

CLIMATE NORMAL PERIOD 1981 TO 2010
CLIMATE RECORD PERIOD 1997 TO 2016


WEATHER ITEM   OBSERVED TIME   NORMAL DEPARTURE LAST
                VALUE   (LST)  VALUE  FROM      YEAR
                                      NORMAL
......................................................
TEMPERATURE (F)
 YESTERDAY
  MAXIMUM         37    409 PM  35      2       38
  MINIMUM         19   1159 PM  16      3       32
  AVERAGE         28            26      2       35

PRECIPITATION (IN)
  YESTERDAY        T             0.03  -0.03      T
  MONTH TO DATE    0.92          0.32   0.60     0.76
  SINCE DEC 1      6.78          2.22   4.56     3.38
  SINCE JAN 1      1.67          1.11   0.56     1.48

SNOWFALL (IN)
  YESTERDAY        T                             0.0
  MONTH TO DATE    8.9                           9.0
  SINCE JUL 1     27.7                          18.6
  SNOW DEPTH       3

DEGREE DAYS
 HEATING
  YESTERDAY       37            39     -2       30
  MONTH TO DATE  382           400    -18      403
  SINCE DEC 1   2588          2904   -316     2593
  SINCE JUL 1   3473          4174   -701     3910

 COOLING
  YESTERDAY        0             0      0        0
  MONTH TO DATE    0             0      0        0
  SINCE DEC 1      0             0      0        0
  SINCE JAN 1      0             0      0        0
......................................................


WIND (MPH)
  HIGHEST WIND SPEED    MM   HIGHEST WIND DIRECTION    MM
  HIGHEST GUST SPEED    20   HIGHEST GUST DIRECTION    MM


SKY COVER
  POSSIBLE SUNSHINE  MM


WEATHER CONDITIONS
 THE FOLLOWING WEATHER WAS RECORDED YESTERDAY.
  LIGHT SNOW


..........................................................


THE VALLEY  NWS, NEBRASKA CLIMATE NORMALS FOR TODAY
                         NORMAL
 MAXIMUM TEMPERATURE (F)   36
 MINIMUM TEMPERATURE (F)   17


SUNRISE AND SUNSET
FEBRUARY 11 2016......SUNRISE   726 AM CST   SUNSET   554 PM CST
FEBRUARY 12 2016......SUNRISE   725 AM CST   SUNSET   555 PM CST


-  INDICATES NEGATIVE NUMBERS.
R  INDICATES RECORD WAS SET OR TIED.
MM INDICATES DATA IS MISSING.
T  INDICATES TRACE AMOUNT.




$$
