000
CDUS43 KOAX 240655
CLIOAX


CLIMATE REPORT
NATIONAL WEATHER SERVICE OMAHA NEBRASKA
1254 AM CST FRI FEB 24 2017


...................................

...THE VALLEY  NWS, NEBRASKA CLIMATE SUMMARY FOR FEBRUARY 23 2017...

CLIMATE NORMAL PERIOD 1981 TO 2010
CLIMATE RECORD PERIOD 1997 TO 2017


WEATHER ITEM   OBSERVED TIME   NORMAL DEPARTURE LAST
                VALUE   (LST)  VALUE  FROM      YEAR
                                      NORMAL
......................................................
TEMPERATURE (F)
 YESTERDAY
  MAXIMUM         46   1200 AM  39      7       49
  MINIMUM         32   1143 PM  20     12       29
  AVERAGE         39            30      9       39

PRECIPITATION (IN)
  YESTERDAY        0.36          0.03   0.33      T
  MONTH TO DATE    0.66          0.74  -0.08     0.94
  SINCE DEC 1      2.92          2.64   0.28     6.80
  SINCE JAN 1      1.61          1.53   0.08     1.69

SNOWFALL (IN)
  YESTERDAY        1.0                           0.0
  MONTH TO DATE    5.0                           9.1
  SINCE JUL 1     10.0                          27.9
  SNOW DEPTH       0

DEGREE DAYS
 HEATING
  YESTERDAY       26            35     -9       26
  MONTH TO DATE  599           884   -285      755
  SINCE DEC 1   2933          3388   -455     2961
  SINCE JUL 1   3722          4658   -936     3846

 COOLING
  YESTERDAY        0             0      0        0
  MONTH TO DATE    0             0      0        0
  SINCE DEC 1      0             0      0        0
  SINCE JAN 1      0             0      0        0
......................................................


WIND (MPH)
  HIGHEST WIND SPEED    MM   HIGHEST WIND DIRECTION    MM
  HIGHEST GUST SPEED    33   HIGHEST GUST DIRECTION    MM


SKY COVER
  POSSIBLE SUNSHINE  MM


WEATHER CONDITIONS
 THE FOLLOWING WEATHER WAS RECORDED YESTERDAY.
  LIGHT RAIN
  SNOW
  LIGHT SNOW
  SLEET
  FOG


..........................................................


THE VALLEY  NWS, NEBRASKA CLIMATE NORMALS FOR TODAY
                         NORMAL
 MAXIMUM TEMPERATURE (F)   39
 MINIMUM TEMPERATURE (F)   20


SUNRISE AND SUNSET
FEBRUARY 24 2017......SUNRISE   707 AM CST   SUNSET   611 PM CST
FEBRUARY 25 2017......SUNRISE   706 AM CST   SUNSET   612 PM CST


-  INDICATES NEGATIVE NUMBERS.
R  INDICATES RECORD WAS SET OR TIED.
MM INDICATES DATA IS MISSING.
T  INDICATES TRACE AMOUNT.




$$
