000
CDUS43 KOAX 280746
CLIOAX


CLIMATE REPORT
NATIONAL WEATHER SERVICE OMAHA NEBRASKA
143 AM CST SAT FEB 28 2015


...................................

...THE VALLEY  NWS, NEBRASKA CLIMATE SUMMARY FOR FEBRUARY 27 2015...

CLIMATE NORMAL PERIOD 1981 TO 2010
CLIMATE RECORD PERIOD 1997 TO 2015


WEATHER ITEM   OBSERVED TIME   NORMAL DEPARTURE LAST
                VALUE   (LST)  VALUE  FROM      YEAR
                                      NORMAL
......................................................
TEMPERATURE (F)
 YESTERDAY
  MAXIMUM         19    156 PM  41    -22       22
  MINIMUM         -2    700 AM  22    -24        4
  AVERAGE          9            31    -22       13

PRECIPITATION (IN)
  YESTERDAY        0.00          0.04  -0.04     0.00
  MONTH TO DATE    0.85          0.89  -0.04     0.83
  SINCE DEC 1      3.47          2.79   0.68     1.18
  SINCE JAN 1      1.57          1.68  -0.11     1.00

SNOWFALL (IN)
  YESTERDAY        0.0                           0.0
  MONTH TO DATE    9.3                           8.5
  SINCE JUL 1     18.9                          14.8
  SNOW DEPTH       T

DEGREE DAYS
 HEATING
  YESTERDAY       56            34     22       52
  MONTH TO DATE 1173          1022    151     1152
  SINCE DEC 1   3363          3526   -163     3802
  SINCE JUL 1   4680          4796   -116     5021

 COOLING
  YESTERDAY        0             0      0        0
  MONTH TO DATE    0             0      0        0
  SINCE DEC 1      0             0      0        0
  SINCE JAN 1      0             0      0        0
......................................................


WIND (MPH)
  HIGHEST WIND SPEED    MM   HIGHEST WIND DIRECTION    MM
  HIGHEST GUST SPEED    16   HIGHEST GUST DIRECTION    MM


SKY COVER
  POSSIBLE SUNSHINE  MM


WEATHER CONDITIONS
 THE FOLLOWING WEATHER WAS RECORDED YESTERDAY.
  NO SIGNIFICANT WEATHER WAS OBSERVED.


..........................................................


THE VALLEY  NWS, NEBRASKA CLIMATE NORMALS FOR TODAY
                         NORMAL
 MAXIMUM TEMPERATURE (F)   41
 MINIMUM TEMPERATURE (F)   22


SUNRISE AND SUNSET
FEBRUARY 28 2015......SUNRISE   702 AM CST   SUNSET   615 PM CST
MARCH  1 2015.........SUNRISE   700 AM CST   SUNSET   616 PM CST


-  INDICATES NEGATIVE NUMBERS.
R  INDICATES RECORD WAS SET OR TIED.
MM INDICATES DATA IS MISSING.
T  INDICATES TRACE AMOUNT.




$$
