000
CDUS43 KOAX 250632
CLIOAX


CLIMATE REPORT
NATIONAL WEATHER SERVICE OMAHA NEBRASKA
130 AM CDT MON SEP 25 2017


...................................

...THE VALLEY  NWS, NEBRASKA CLIMATE SUMMARY FOR SEPTEMBER 24 2017...

CLIMATE NORMAL PERIOD 1981 TO 2010
CLIMATE RECORD PERIOD 1997 TO 2017


WEATHER ITEM   OBSERVED TIME   NORMAL DEPARTURE LAST
                VALUE   (LST)  VALUE  FROM      YEAR
                                      NORMAL
......................................................
TEMPERATURE (F)
 YESTERDAY
  MAXIMUM         88   1257 PM  74     14       80
  MINIMUM         62   1140 PM  51     11       69
  AVERAGE         75            62     13       75

PRECIPITATION (IN)
  YESTERDAY        1.40          0.09   1.31     0.10
  MONTH TO DATE    2.85          2.34   0.51     2.29
  SINCE SEP 1      2.85          2.34   0.51     2.29
  SINCE JAN 1     28.07         27.26   0.81    39.73

SNOWFALL (IN)
  YESTERDAY        0.0                           0.0
  MONTH TO DATE    0.0                           0.0
  SINCE JUL 1      0.0                           0.0
  SNOW DEPTH       0

DEGREE DAYS
 HEATING
  YESTERDAY        0             5     -5        0
  MONTH TO DATE   17            56    -39       10
  SINCE SEP 1     17            56    -39       10
  SINCE JUL 1     17            62    -45       12

 COOLING
  YESTERDAY       10             2      8       10
  MONTH TO DATE  184            98     86      174
  SINCE SEP 1    184            98     86      174
  SINCE JAN 1   1189          1049    140     1271
......................................................


WIND (MPH)
  HIGHEST WIND SPEED    MM   HIGHEST WIND DIRECTION    MM
  HIGHEST GUST SPEED    51   HIGHEST GUST DIRECTION    MM


SKY COVER
  POSSIBLE SUNSHINE  MM


WEATHER CONDITIONS
 THE FOLLOWING WEATHER WAS RECORDED YESTERDAY.
  THUNDERSTORM
  HEAVY RAIN
  RAIN
  LIGHT RAIN


..........................................................


THE VALLEY  NWS, NEBRASKA CLIMATE NORMALS FOR TODAY
                         NORMAL
 MAXIMUM TEMPERATURE (F)   74
 MINIMUM TEMPERATURE (F)   50


SUNRISE AND SUNSET
SEPTEMBER 25 2017.....SUNRISE   716 AM CDT   SUNSET   717 PM CDT
SEPTEMBER 26 2017.....SUNRISE   717 AM CDT   SUNSET   715 PM CDT


-  INDICATES NEGATIVE NUMBERS.
R  INDICATES RECORD WAS SET OR TIED.
MM INDICATES DATA IS MISSING.
T  INDICATES TRACE AMOUNT.




$$
