000
CDUS43 KOAX 290639
CLIOAX


CLIMATE REPORT
NATIONAL WEATHER SERVICE OMAHA NEBRASKA
139 AM CDT TUE JUL 29 2014


...................................

...THE VALLEY  NWS, NEBRASKA CLIMATE SUMMARY FOR JULY 28 2014...

CLIMATE NORMAL PERIOD 1981 TO 2010
CLIMATE RECORD PERIOD 1997 TO 2014


WEATHER ITEM   OBSERVED TIME   NORMAL DEPARTURE LAST
                VALUE   (LST)  VALUE  FROM      YEAR
                                      NORMAL
......................................................
TEMPERATURE (F)
 YESTERDAY
  MAXIMUM         79    317 PM  86     -7       77
  MINIMUM         56    504 AM  67    -11       49
  AVERAGE         68            76     -8       63

PRECIPITATION (IN)
  YESTERDAY        0.00          0.14  -0.14     0.00
  MONTH TO DATE    0.88          4.03  -3.15     0.22
  SINCE JUN 1     12.55          9.12   3.43     4.64
  SINCE JAN 1     21.46         20.44   1.02    18.80

SNOWFALL (IN)
  YESTERDAY        0.0                           0.0
  MONTH TO DATE    0.0                           0.0
  SINCE JUL 1      0.0                           0.0
  SNOW DEPTH       0

DEGREE DAYS
 HEATING
  YESTERDAY        0             0      0        2
  MONTH TO DATE    1             0      1        3
  SINCE JUN 1      5            16    -11       20
  SINCE JUL 1      1             0      1        3

 COOLING
  YESTERDAY        3            12     -9        0
  MONTH TO DATE  234           328    -94      338
  SINCE JUN 1    474           562    -88      560
  SINCE JAN 1    604           634    -30      646
......................................................


WIND (MPH)
  HIGHEST WIND SPEED    MM   HIGHEST WIND DIRECTION    MM
  HIGHEST GUST SPEED    21   HIGHEST GUST DIRECTION    MM


SKY COVER
  POSSIBLE SUNSHINE  MM


WEATHER CONDITIONS
 THE FOLLOWING WEATHER WAS RECORDED YESTERDAY.
  NO SIGNIFICANT WEATHER WAS OBSERVED.


..........................................................


THE VALLEY  NWS, NEBRASKA CLIMATE NORMALS FOR TODAY
                         NORMAL
 MAXIMUM TEMPERATURE (F)   86
 MINIMUM TEMPERATURE (F)   67


SUNRISE AND SUNSET
JULY 29 2014..........SUNRISE   618 AM CDT   SUNSET   845 PM CDT
JULY 30 2014..........SUNRISE   619 AM CDT   SUNSET   844 PM CDT


-  INDICATES NEGATIVE NUMBERS.
R  INDICATES RECORD WAS SET OR TIED.
MM INDICATES DATA IS MISSING.
T  INDICATES TRACE AMOUNT.




$$
