000
CDUS43 KOAX 290632
CLIOAX


CLIMATE REPORT
NATIONAL WEATHER SERVICE OMAHA NEBRASKA
1231 AM CST THU JAN 29 2015


...................................

...THE VALLEY  NWS, NEBRASKA CLIMATE SUMMARY FOR JANUARY 28 2015...

CLIMATE NORMAL PERIOD 1981 TO 2010
CLIMATE RECORD PERIOD 1997 TO 2015


WEATHER ITEM   OBSERVED TIME   NORMAL DEPARTURE LAST
                VALUE   (LST)  VALUE  FROM      YEAR
                                      NORMAL
......................................................
TEMPERATURE (F)
 YESTERDAY
  MAXIMUM         57    409 PM  33     24       20
  MINIMUM         34    724 AM  14     20       -6
  AVERAGE         46            24     22        7

PRECIPITATION (IN)
  YESTERDAY        0.00          0.03  -0.03     0.00
  MONTH TO DATE    0.09          0.69  -0.60     0.14
  SINCE DEC 1      1.99          1.80   0.19     0.32
  SINCE JAN 1      0.09          0.69  -0.60     0.14

SNOWFALL (IN)
  YESTERDAY        0.0                           0.0
  MONTH TO DATE    1.9                           1.8
  SINCE JUL 1      6.2                           5.9
  SNOW DEPTH       0

DEGREE DAYS
 HEATING
  YESTERDAY       19            41    -22       58
  MONTH TO DATE 1045          1171   -126     1217
  SINCE DEC 1   2093          2381   -288     2529
  SINCE JUL 1   3410          3651   -241     3748

 COOLING
  YESTERDAY        0             0      0        0
  MONTH TO DATE    0             0      0        0
  SINCE DEC 1      0             0      0        0
  SINCE JAN 1      0             0      0        0
......................................................


WIND (MPH)
  HIGHEST WIND SPEED    MM   HIGHEST WIND DIRECTION    MM
  HIGHEST GUST SPEED    49   HIGHEST GUST DIRECTION    MM


SKY COVER
  POSSIBLE SUNSHINE  MM


WEATHER CONDITIONS
 THE FOLLOWING WEATHER WAS RECORDED YESTERDAY.
  NO SIGNIFICANT WEATHER WAS OBSERVED.


..........................................................


THE VALLEY  NWS, NEBRASKA CLIMATE NORMALS FOR TODAY
                         NORMAL
 MAXIMUM TEMPERATURE (F)   34
 MINIMUM TEMPERATURE (F)   14


SUNRISE AND SUNSET
JANUARY 29 2015.......SUNRISE   740 AM CST   SUNSET   538 PM CST
JANUARY 30 2015.......SUNRISE   739 AM CST   SUNSET   539 PM CST


-  INDICATES NEGATIVE NUMBERS.
R  INDICATES RECORD WAS SET OR TIED.
MM INDICATES DATA IS MISSING.
T  INDICATES TRACE AMOUNT.




$$
