000
CDUS43 KOAX 040653
CLIOAX


CLIMATE REPORT
NATIONAL WEATHER SERVICE OMAHA NEBRASKA
1252 AM CST SUN DEC 4 2016


...................................

...THE VALLEY  NWS, NEBRASKA CLIMATE SUMMARY FOR DECEMBER 3 2016...

CLIMATE NORMAL PERIOD 1981 TO 2010
CLIMATE RECORD PERIOD 1997 TO 2016


WEATHER ITEM   OBSERVED TIME   NORMAL DEPARTURE LAST
                VALUE   (LST)  VALUE  FROM      YEAR
                                      NORMAL
......................................................
TEMPERATURE (F)
 YESTERDAY
  MAXIMUM         33    216 PM  39     -6       46
  MINIMUM         25    536 AM  21      4       21
  AVERAGE         29            30     -1       34

PRECIPITATION (IN)
  YESTERDAY        0.26          0.04   0.22     0.00
  MONTH TO DATE    0.26          0.13   0.13      T
  SINCE DEC 1      0.26          0.13   0.13      T
  SINCE JAN 1     43.01         31.66  11.35    34.83

SNOWFALL (IN)
  YESTERDAY        1.1                           0.0
  MONTH TO DATE    1.1                           0.1
  SINCE JUL 1      1.1                           3.5
  SNOW DEPTH       0

DEGREE DAYS
 HEATING
  YESTERDAY       36            35      1       31
  MONTH TO DATE   96           104     -8      101
  SINCE DEC 1     96           104     -8      101
  SINCE JUL 1    885          1374   -489      986

 COOLING
  YESTERDAY        0             0      0        0
  MONTH TO DATE    0             0      0        0
  SINCE DEC 1      0             0      0        0
  SINCE JAN 1   1284          1075    209     1079
......................................................


WIND (MPH)
  HIGHEST WIND SPEED    MM   HIGHEST WIND DIRECTION    MM
  HIGHEST GUST SPEED    13   HIGHEST GUST DIRECTION    MM


SKY COVER
  POSSIBLE SUNSHINE  MM


WEATHER CONDITIONS
 THE FOLLOWING WEATHER WAS RECORDED YESTERDAY.
  LIGHT SNOW
  FOG


..........................................................


THE VALLEY  NWS, NEBRASKA CLIMATE NORMALS FOR TODAY
                         NORMAL
 MAXIMUM TEMPERATURE (F)   39
 MINIMUM TEMPERATURE (F)   20


SUNRISE AND SUNSET
DECEMBER  4 2016......SUNRISE   735 AM CST   SUNSET   456 PM CST
DECEMBER  5 2016......SUNRISE   736 AM CST   SUNSET   456 PM CST


-  INDICATES NEGATIVE NUMBERS.
R  INDICATES RECORD WAS SET OR TIED.
MM INDICATES DATA IS MISSING.
T  INDICATES TRACE AMOUNT.




$$
