000
CDUS43 KOAX 282225
CLIOAX


CLIMATE REPORT
NATIONAL WEATHER SERVICE OMAHA NEBRASKA
424 PM CST FRI NOV 28 2014


...................................

...THE VALLEY  NWS, NEBRASKA CLIMATE SUMMARY FOR NOVEMBER 28 2014...
VALID TODAY AS OF 0400 PM LOCAL TIME.

CLIMATE NORMAL PERIOD 1981 TO 2010
CLIMATE RECORD PERIOD 1997 TO 2014


WEATHER ITEM   OBSERVED TIME   NORMAL DEPARTURE LAST
                VALUE   (LST)  VALUE  FROM      YEAR
                                      NORMAL
......................................................
TEMPERATURE (F)
 TODAY
  MAXIMUM         54    341 PM  42     12       36
  MINIMUM         23   1209 AM  23      0       18
  AVERAGE         39            32      7       27

PRECIPITATION (IN)
  TODAY            0.00          0.04  -0.04     0.00
  MONTH TO DATE    0.33          1.38  -1.05     1.51
  SINCE SEP 1      6.43          6.52  -0.09     7.87
  SINCE JAN 1     36.48         31.44   5.04    28.91

SNOWFALL (IN)
  TODAY            0.0                           0.0
  MONTH TO DATE    3.0                           0.7
  SINCE JUL 1      3.0                           0.7
  SNOW DEPTH       2

DEGREE DAYS
 HEATING
  TODAY           26            33     -7       38
  MONTH TO DATE  879           721    158      752
  SINCE SEP 1   1256          1196     60     1158
  SINCE JUL 1   1257          1202     55     1163

 COOLING
  TODAY            0             0      0        0
  MONTH TO DATE    0             0      0        0
  SINCE SEP 1    114           124    -10      225
  SINCE JAN 1   1039          1075    -36     1237
......................................................


WIND (MPH)
  HIGHEST WIND SPEED    MM   HIGHEST WIND DIRECTION    MM
  HIGHEST GUST SPEED    21   HIGHEST GUST DIRECTION    MM



WEATHER CONDITIONS
 THE FOLLOWING WEATHER WAS RECORDED TODAY.
  NO SIGNIFICANT WEATHER WAS OBSERVED.


..........................................................


THE VALLEY  NWS, NEBRASKA CLIMATE NORMALS FOR TOMORROW
                         NORMAL
 MAXIMUM TEMPERATURE (F)   41
 MINIMUM TEMPERATURE (F)   23


SUNRISE AND SUNSET
NOVEMBER 28 2014......SUNRISE   729 AM CST   SUNSET   458 PM CST
NOVEMBER 29 2014......SUNRISE   730 AM CST   SUNSET   458 PM CST


-  INDICATES NEGATIVE NUMBERS.
R  INDICATES RECORD WAS SET OR TIED.
MM INDICATES DATA IS MISSING.
T  INDICATES TRACE AMOUNT.




$$
