000
CDUS43 KOAX 080626
CLIOAX


CLIMATE REPORT
NATIONAL WEATHER SERVICE OMAHA NEBRASKA
125 AM CDT WED JUL 8 2015


...................................

...THE VALLEY  NWS, NEBRASKA CLIMATE SUMMARY FOR JULY 7 2015...

CLIMATE NORMAL PERIOD 1981 TO 2010
CLIMATE RECORD PERIOD 1997 TO 2015


WEATHER ITEM   OBSERVED TIME   NORMAL DEPARTURE LAST
                VALUE   (LST)  VALUE  FROM      YEAR
                                      NORMAL
......................................................
TEMPERATURE (F)
 YESTERDAY
  MAXIMUM         73    338 PM  86    -13       88
  MINIMUM         56    556 AM  67    -11       68
  AVERAGE         65            76    -11       78

PRECIPITATION (IN)
  YESTERDAY        0.00          0.15  -0.15     0.11
  MONTH TO DATE    0.69          1.09  -0.40     0.73
  SINCE JUN 1      5.99          6.18  -0.19    12.40
  SINCE JAN 1     17.84         17.50   0.34    21.31

SNOWFALL (IN)
  YESTERDAY        0.0                           0.0
  MONTH TO DATE    0.0                           0.0
  SINCE JUL 1      0.0                           0.0
  SNOW DEPTH       0

DEGREE DAYS
 HEATING
  YESTERDAY        0             0      0        0
  MONTH TO DATE    0             0      0        0
  SINCE JUN 1      1            16    -15        4
  SINCE JUL 1      0             0      0        0

 COOLING
  YESTERDAY        0            11    -11       13
  MONTH TO DATE   42            77    -35       54
  SINCE JUN 1    276           311    -35      294
  SINCE JAN 1    307           383    -76      424
......................................................


WIND (MPH)
  HIGHEST WIND SPEED    MM   HIGHEST WIND DIRECTION    MM
  HIGHEST GUST SPEED    24   HIGHEST GUST DIRECTION    MM


SKY COVER
  POSSIBLE SUNSHINE  MM


WEATHER CONDITIONS
 THE FOLLOWING WEATHER WAS RECORDED YESTERDAY.
  HAZE


..........................................................


THE VALLEY  NWS, NEBRASKA CLIMATE NORMALS FOR TODAY
                         NORMAL
 MAXIMUM TEMPERATURE (F)   86
 MINIMUM TEMPERATURE (F)   67


SUNRISE AND SUNSET
JULY  8 2015..........SUNRISE   600 AM CDT   SUNSET   901 PM CDT
JULY  9 2015..........SUNRISE   601 AM CDT   SUNSET   900 PM CDT


-  INDICATES NEGATIVE NUMBERS.
R  INDICATES RECORD WAS SET OR TIED.
MM INDICATES DATA IS MISSING.
T  INDICATES TRACE AMOUNT.




$$
