000
CDUS43 KGID 192327
CLIODX


CLIMATE REPORT
NATIONAL WEATHER SERVICE HASTINGS NE
526 PM CST THU JAN 19 2017


...................................

...THE ORD NE CLIMATE SUMMARY FOR JANUARY 19 2017...
VALID TODAY AS OF 0500 PM LOCAL TIME.

CLIMATE NORMAL PERIOD 1981 TO 2010
CLIMATE RECORD PERIOD 1895 TO 2017


WEATHER ITEM   OBSERVED TIME   NORMAL DEPARTURE LAST
                VALUE   (LST)  VALUE  FROM      YEAR
                                      NORMAL
......................................................
TEMPERATURE (F)
 TODAY
  MAXIMUM         42    235 PM  37      5       25
  MINIMUM         31    211 AM  12     19       19
  AVERAGE         37            25     12       22

PRECIPITATION (IN)
  TODAY            0.00          0.02  -0.02     0.20
  MONTH TO DATE    0.67          0.20   0.47     0.23
  SINCE DEC 1      1.08          0.79   0.29     0.92
  SINCE JAN 1      0.67          0.20   0.47     0.23

DEGREE DAYS
 HEATING
  TODAY           28            40    -12       43
  MONTH TO DATE  864           773     91      800
  SINCE DEC 1   2144          2016    128     1911
  SINCE JUL 1   3260          3497   -237     3050

 COOLING
  TODAY            0             0      0        0
  MONTH TO DATE    0             0      0        0
  SINCE DEC 1      0             0      0        0
  SINCE JAN 1      0             0      0        0
......................................................


WIND (MPH)
  HIGHEST WIND SPEED    13   HIGHEST WIND DIRECTION    SW (210)
  HIGHEST GUST SPEED    15   HIGHEST GUST DIRECTION    SW (220)
  AVERAGE WIND SPEED     5.6


SKY COVER
  AVERAGE SKY COVER 0.8


WEATHER CONDITIONS
 THE FOLLOWING WEATHER WAS RECORDED TODAY.
  FOG
  FOG W/VISIBILITY <= 1/4 MILE


RELATIVE HUMIDITY (PERCENT)
 HIGHEST   100           500 AM
 LOWEST     89           100 AM
 AVERAGE    95

..........................................................


THE ORD NE CLIMATE NORMALS FOR TOMORROW
                         NORMAL
 MAXIMUM TEMPERATURE (F)   37
 MINIMUM TEMPERATURE (F)   13


SUNRISE AND SUNSET
JANUARY 19 2017.......SUNRISE   758 AM CST   SUNSET   536 PM CST
JANUARY 20 2017.......SUNRISE   757 AM CST   SUNSET   537 PM CST


-  INDICATES NEGATIVE NUMBERS.
R  INDICATES RECORD WAS SET OR TIED.
MM INDICATES DATA IS MISSING.
T  INDICATES TRACE AMOUNT.




$$
