000
CDUS43 KGID 242229
CLIODX


CLIMATE REPORT
NATIONAL WEATHER SERVICE HASTINGS NE
528 PM CDT SAT JUN 24 2017


...................................

...THE ORD NE CLIMATE SUMMARY FOR JUNE 24 2017...
VALID TODAY AS OF 0500 PM LOCAL TIME.

CLIMATE NORMAL PERIOD 1981 TO 2010
CLIMATE RECORD PERIOD 1895 TO 2017


WEATHER ITEM   OBSERVED TIME   NORMAL DEPARTURE LAST
                VALUE   (LST)  VALUE  FROM      YEAR
                                      NORMAL
......................................................
TEMPERATURE (F)
 TODAY
  MAXIMUM         80    219 PM  84     -4       92
  MINIMUM         41    429 AM  59    -18       64
  AVERAGE         61            72    -11       78

PRECIPITATION (IN)
  TODAY            0.00          0.10  -0.10     0.00
  MONTH TO DATE    0.41          3.59  -3.18     3.26
  SINCE JUN 1      0.41          3.59  -3.18     3.26
  SINCE JAN 1     11.53         12.25  -0.72    19.80

DEGREE DAYS
 HEATING
  TODAY            4             1      3        0
  MONTH TO DATE    7            36    -29        2
  SINCE JUN 1      7            36    -29        2
  SINCE JUL 1   5955          6606   -651     5689

 COOLING
  TODAY            0             7     -7       13
  MONTH TO DATE  190           115     75      221
  SINCE JUN 1    190           115     75      221
  SINCE JAN 1    204           156     48      243
......................................................


WIND (MPH)
  HIGHEST WIND SPEED    24   HIGHEST WIND DIRECTION    NW (320)
  HIGHEST GUST SPEED    34   HIGHEST GUST DIRECTION     W (280)
  AVERAGE WIND SPEED     9.6


SKY COVER
  AVERAGE SKY COVER 0.1


WEATHER CONDITIONS
 THE FOLLOWING WEATHER WAS RECORDED TODAY.
  NO SIGNIFICANT WEATHER WAS OBSERVED.


RELATIVE HUMIDITY (PERCENT)
 HIGHEST    89           500 AM
 LOWEST     19          1200 PM
 AVERAGE    54

..........................................................


THE ORD NE CLIMATE NORMALS FOR TOMORROW
                         NORMAL
 MAXIMUM TEMPERATURE (F)   84
 MINIMUM TEMPERATURE (F)   60


SUNRISE AND SUNSET
JUNE 24 2017..........SUNRISE   603 AM CDT   SUNSET   914 PM CDT
JUNE 25 2017..........SUNRISE   603 AM CDT   SUNSET   914 PM CDT


-  INDICATES NEGATIVE NUMBERS.
R  INDICATES RECORD WAS SET OR TIED.
MM INDICATES DATA IS MISSING.
T  INDICATES TRACE AMOUNT.




$$
