000
CDUS43 KGID 300631
CLIODX


CLIMATE REPORT
NATIONAL WEATHER SERVICE HASTINGS NE
130 AM CDT SUN APR 30 2017


...................................

...THE ORD NE CLIMATE SUMMARY FOR APRIL 29 2017...

CLIMATE NORMAL PERIOD 1981 TO 2010
CLIMATE RECORD PERIOD 1895 TO 2017


WEATHER ITEM   OBSERVED TIME   NORMAL DEPARTURE LAST
                VALUE   (LST)  VALUE  FROM      YEAR
                                      NORMAL
......................................................
TEMPERATURE (F)
 YESTERDAY
  MAXIMUM         47        MM  66    -19       47
  MINIMUM         38        MM  41     -3       40
  AVERAGE         43            53    -10       44

PRECIPITATION (IN)
  YESTERDAY        T             0.11  -0.11     0.05
  MONTH TO DATE    2.52          2.48   0.04     7.42
  SINCE MAR 1      4.35          3.93   0.42     8.77
  SINCE JAN 1      6.29          4.74   1.55     9.92

DEGREE DAYS
 HEATING
  YESTERDAY       22            12     10       21
  MONTH TO DATE  421           477    -56      415
  SINCE MAR 1   1150          1323   -173     1096
  SINCE JUL 1   5661          6340   -679     5445

 COOLING
  YESTERDAY        0             0      0        0
  MONTH TO DATE    0             0      0        0
  SINCE MAR 1      0             0      0        0
  SINCE JAN 1      0             0      0        0
......................................................


WIND (MPH)
  HIGHEST WIND SPEED    22   HIGHEST WIND DIRECTION     N (20)
  HIGHEST GUST SPEED    31   HIGHEST GUST DIRECTION    NE (30)
  AVERAGE WIND SPEED    14.5


SKY COVER
  AVERAGE SKY COVER 1.0


WEATHER CONDITIONS
 THE FOLLOWING WEATHER WAS RECORDED YESTERDAY.
  LIGHT RAIN


RELATIVE HUMIDITY (PERCENT)
 HIGHEST    79          1200 AM
 LOWEST     40           800 PM
 AVERAGE    60

..........................................................


THE ORD NE CLIMATE NORMALS FOR TODAY
                         NORMAL
 MAXIMUM TEMPERATURE (F)   66
 MINIMUM TEMPERATURE (F)   41


SUNRISE AND SUNSET
APRIL 30 2017.........SUNRISE   634 AM CDT   SUNSET   833 PM CDT
MAY  1 2017...........SUNRISE   632 AM CDT   SUNSET   834 PM CDT


-  INDICATES NEGATIVE NUMBERS.
R  INDICATES RECORD WAS SET OR TIED.
MM INDICATES DATA IS MISSING.
T  INDICATES TRACE AMOUNT.




$$
