000
CDUS43 KGID 132332
CLIODX


CLIMATE REPORT
NATIONAL WEATHER SERVICE HASTINGS NE
531 PM CST SAT FEB 13 2016


...................................

...THE ORD NE CLIMATE SUMMARY FOR FEBRUARY 13 2016...
VALID TODAY AS OF 0500 PM LOCAL TIME.

CLIMATE NORMAL PERIOD 1981 TO 2010
CLIMATE RECORD PERIOD 1895 TO 2016


WEATHER ITEM   OBSERVED TIME   NORMAL DEPARTURE LAST
                VALUE   (LST)  VALUE  FROM      YEAR
                                      NORMAL
......................................................
TEMPERATURE (F)
 TODAY
  MAXIMUM         23    407 PM  39    -16       59
  MINIMUM         15    820 AM  15      0       17
  AVERAGE         19            27     -8       38

PRECIPITATION (IN)
  TODAY            0.00          0.01  -0.01     0.00
  MONTH TO DATE    0.85          0.23   0.62     0.49
  SINCE DEC 1      1.84          1.19   0.65     2.22
  SINCE JAN 1      1.15          0.60   0.55     0.66

DEGREE DAYS
 HEATING
  TODAY           46            38      8       27
  MONTH TO DATE  495           503     -8      473
  SINCE DEC 1   2809          2998   -189     2860
  SINCE JUL 1   3948          4479   -531     4446

 COOLING
  TODAY            0             0      0        0
  MONTH TO DATE    0             0      0        0
  SINCE DEC 1      0             0      0        0
  SINCE JAN 1      0             0      0        0
......................................................


WIND (MPH)
  HIGHEST WIND SPEED    22   HIGHEST WIND DIRECTION     S (170)
  HIGHEST GUST SPEED    27   HIGHEST GUST DIRECTION     S (170)
  AVERAGE WIND SPEED    12.7


SKY COVER
  AVERAGE SKY COVER 1.0


WEATHER CONDITIONS
 THE FOLLOWING WEATHER WAS RECORDED TODAY.
  NO SIGNIFICANT WEATHER WAS OBSERVED.


RELATIVE HUMIDITY (PERCENT)
 HIGHEST    80          1200 AM
 LOWEST     51          1100 AM
 AVERAGE    66

..........................................................


THE ORD NE CLIMATE NORMALS FOR TOMORROW
                         NORMAL
 MAXIMUM TEMPERATURE (F)   40
 MINIMUM TEMPERATURE (F)   15


SUNRISE AND SUNSET
FEBRUARY 13 2016......SUNRISE   734 AM CST   SUNSET   606 PM CST
FEBRUARY 14 2016......SUNRISE   733 AM CST   SUNSET   607 PM CST


-  INDICATES NEGATIVE NUMBERS.
R  INDICATES RECORD WAS SET OR TIED.
MM INDICATES DATA IS MISSING.
T  INDICATES TRACE AMOUNT.




$$
