000
CDUS43 KGID 021227 AAA
CLIODX

CLIMATE REPORT...UPDATED
NATIONAL WEATHER SERVICE HASTINGS NE
727 AM CDT THU JUL 2 2015

UPDATED MAINLY TO INCLUDE TIME OF MAX/MIN TEMP
...................................

...THE ORD NE CLIMATE SUMMARY FOR JULY 1 2015...

CLIMATE NORMAL PERIOD 1981 TO 2010
CLIMATE RECORD PERIOD 1895 TO 2015


WEATHER ITEM   OBSERVED TIME   NORMAL DEPARTURE LAST
                VALUE   (LST)  VALUE  FROM      YEAR
                                      NORMAL
......................................................
TEMPERATURE (F)
 YESTERDAY
  MAXIMUM         86    343 PM  86      0       74
  MINIMUM         59    448 AM  60     -1       53
  AVERAGE         73            73      0       64

PRECIPITATION (IN)
  YESTERDAY        0.00          0.11  -0.11     0.00
  MONTH TO DATE    0.00          0.11  -0.11     0.00
  SINCE JUN 1      3.27          4.23  -0.96     8.08
  SINCE JAN 1      9.73         12.89  -3.16    10.30

DEGREE DAYS
 HEATING
  YESTERDAY        0             0      0        1
  MONTH TO DATE    0             0      0        1
  SINCE JUN 1      6            37    -31       33
  SINCE JUL 1      0             0      0        1

 COOLING
  YESTERDAY        8             8      0        0
  MONTH TO DATE    8             8      0        0
  SINCE JUN 1    168           170     -2      146
  SINCE JAN 1    177           211    -34      215
......................................................


WIND (MPH)
  HIGHEST WIND SPEED    13   HIGHEST WIND DIRECTION     N (350)
  HIGHEST GUST SPEED    18   HIGHEST GUST DIRECTION     E (110)
  AVERAGE WIND SPEED     5.4


SKY COVER
  AVERAGE SKY COVER 0.3


WEATHER CONDITIONS
 THE FOLLOWING WEATHER WAS RECORDED YESTERDAY.
  FOG
  HAZE


RELATIVE HUMIDITY (PERCENT)
 HIGHEST    93           400 AM
 LOWEST     55           400 PM
 AVERAGE    74

..........................................................


THE ORD NE CLIMATE NORMALS FOR TODAY
                         NORMAL
 MAXIMUM TEMPERATURE (F)   86
 MINIMUM TEMPERATURE (F)   61


SUNRISE AND SUNSET
JULY  2 2015..........SUNRISE   606 AM CDT   SUNSET   914 PM CDT
JULY  3 2015..........SUNRISE   606 AM CDT   SUNSET   914 PM CDT


-  INDICATES NEGATIVE NUMBERS.
R  INDICATES RECORD WAS SET OR TIED.
MM INDICATES DATA IS MISSING.
T  INDICATES TRACE AMOUNT.

$$

PFANNKUCH
