000
CDUS43 KGID 282223
CLIODX


CLIMATE REPORT
NATIONAL WEATHER SERVICE HASTINGS NE
523 PM CDT SUN AUG 28 2016


...................................

...THE ORD NE CLIMATE SUMMARY FOR AUGUST 28 2016...
VALID TODAY AS OF 0500 PM LOCAL TIME.

CLIMATE NORMAL PERIOD 1981 TO 2010
CLIMATE RECORD PERIOD 1895 TO 2016


WEATHER ITEM   OBSERVED TIME   NORMAL DEPARTURE LAST
                VALUE   (LST)  VALUE  FROM      YEAR
                                      NORMAL
......................................................
TEMPERATURE (F)
 TODAY
  MAXIMUM         89    325 PM  84      5       77
  MINIMUM         61    647 AM  58      3       56
  AVERAGE         75            71      4       67

PRECIPITATION (IN)
  TODAY            0.00          0.09  -0.09     0.00
  MONTH TO DATE    0.44          2.91  -2.47     2.13
  SINCE JUN 1     10.62         10.00   0.62     8.08
  SINCE JAN 1     27.16         18.66   8.50    14.54

DEGREE DAYS
 HEATING
  TODAY            0             1     -1        0
  MONTH TO DATE    6             1      5       18
  SINCE JUN 1     16            43    -27       29
  SINCE JUL 1     14             6      8       23

 COOLING
  TODAY           10             6      4        2
  MONTH TO DATE  211           240    -29      171
  SINCE JUN 1    765           699     66      631
  SINCE JAN 1    787           740     47      640
......................................................


WIND (MPH)
  HIGHEST WIND SPEED    18   HIGHEST WIND DIRECTION    SE (150)
  HIGHEST GUST SPEED    24   HIGHEST GUST DIRECTION     S (170)
  AVERAGE WIND SPEED     7.9


SKY COVER
  AVERAGE SKY COVER 0.0


WEATHER CONDITIONS
 THE FOLLOWING WEATHER WAS RECORDED TODAY.
  FOG


RELATIVE HUMIDITY (PERCENT)
 HIGHEST    93           500 AM
 LOWEST     39           400 PM
 AVERAGE    66

..........................................................


THE ORD NE CLIMATE NORMALS FOR TOMORROW
                         NORMAL
 MAXIMUM TEMPERATURE (F)   84
 MINIMUM TEMPERATURE (F)   57


SUNRISE AND SUNSET
AUGUST 28 2016........SUNRISE   658 AM CDT   SUNSET   815 PM CDT
AUGUST 29 2016........SUNRISE   659 AM CDT   SUNSET   813 PM CDT


-  INDICATES NEGATIVE NUMBERS.
R  INDICATES RECORD WAS SET OR TIED.
MM INDICATES DATA IS MISSING.
T  INDICATES TRACE AMOUNT.




$$
