000
CDUS43 KGID 172227
CLIODX


CLIMATE REPORT
NATIONAL WEATHER SERVICE HASTINGS NE
526 PM CDT TUE OCT 17 2017


...................................

...THE ORD NE CLIMATE SUMMARY FOR OCTOBER 17 2017...
VALID TODAY AS OF 0500 PM LOCAL TIME.

CLIMATE NORMAL PERIOD 1981 TO 2010
CLIMATE RECORD PERIOD 1895 TO 2017


WEATHER ITEM   OBSERVED TIME   NORMAL DEPARTURE LAST
                VALUE   (LST)  VALUE  FROM      YEAR
                                      NORMAL
......................................................
TEMPERATURE (F)
 TODAY
  MAXIMUM         78    214 PM  62     16       82
  MINIMUM         35    704 AM  36     -1       39
  AVERAGE         57            49      8       61

PRECIPITATION (IN)
  TODAY            0.00          0.07  -0.07     0.00
  MONTH TO DATE    5.32          1.17   4.15     0.08
  SINCE SEP 1      8.21          3.61   4.60     1.78
  SINCE JAN 1     28.38         22.52   5.86    28.94

DEGREE DAYS
 HEATING
  TODAY            8            16     -8        4
  MONTH TO DATE  187           220    -33      180
  SINCE SEP 1    287           343    -56      272
  SINCE JUL 1    295           357    -62      286

 COOLING
  TODAY            0             0      0        0
  MONTH TO DATE    1             6     -5        2
  SINCE SEP 1     96            87      9       79
  SINCE JAN 1    840           844     -4      885
......................................................


WIND (MPH)
  HIGHEST WIND SPEED    12   HIGHEST WIND DIRECTION     S (200)
  HIGHEST GUST SPEED    15   HIGHEST GUST DIRECTION    SW (210)
  AVERAGE WIND SPEED     4.5


SKY COVER
  AVERAGE SKY COVER 0.0


WEATHER CONDITIONS
 THE FOLLOWING WEATHER WAS RECORDED TODAY.
  NO SIGNIFICANT WEATHER WAS OBSERVED.


RELATIVE HUMIDITY (PERCENT)
 HIGHEST    89           700 AM
 LOWEST     19           300 PM
 AVERAGE    54

..........................................................


THE ORD NE CLIMATE NORMALS FOR TOMORROW
                         NORMAL
 MAXIMUM TEMPERATURE (F)   62
 MINIMUM TEMPERATURE (F)   36


SUNRISE AND SUNSET
OCTOBER 17 2017.......SUNRISE   750 AM CDT   SUNSET   651 PM CDT
OCTOBER 18 2017.......SUNRISE   752 AM CDT   SUNSET   650 PM CDT


-  INDICATES NEGATIVE NUMBERS.
R  INDICATES RECORD WAS SET OR TIED.
MM INDICATES DATA IS MISSING.
T  INDICATES TRACE AMOUNT.




$$
